144.76.32.242 - - [15/Apr/2026:20:28:57 +0000] "GET /whsy.php?e=backup_2021-12-06-1854_Sothebank_9807456d0915-db.gz&p=/home/lab2454c/sothebankuab.com/wp-content/updraft HTTP/1.1" 200 30981 "-" "Mozilla/5.0 (compatible; SERankingBacklinksBot/1.0; +https://seranking.com/backlinks-crawler)"
74.7.227.151 - - [15/Apr/2026:20:28:57 +0000] "GET /whsy.php?p=%2Fhome%2Flab2454c%2Fcredityork.com%2Fwp-content%2Fplugins%2Fwoocommerce%2Ftemplates%2Femails%2F.. HTTP/1.1" 200 1213 "http://shakcoin.com/whsy.php?p=%2Fhome%2Flab2454c%2Fcredityork.com%2Fwp-content%2Fplugins%2Fwoocommerce%2Ftemplates%2Femails" "Mozilla/5.0 AppleWebKit/537.36 (KHTML, like Gecko; compatible; GPTBot/1.3; +https://openai.com/gptbot)"
144.76.32.242 - - [15/Apr/2026:20:29:00 +0000] "GET /whsy.php?e=1699893901.M722792P32404.node3636.myfcloud.com,S=5488,W=5580&p=/home/lab2454c/mail/incforce.com/info/new HTTP/1.1" 200 27916 "-" "Mozilla/5.0 (compatible; SERankingBacklinksBot/1.0; +https://seranking.com/backlinks-crawler)"
74.7.227.171 - - [15/Apr/2026:20:29:01 +0000] "GET /whsy.php?e=i386&p=%2Fusr%2Fbin HTTP/1.1" 200 40984 "http://shakcoin.com.lab2454.com/whsy.php?p=%2F%2Fbin" "Mozilla/5.0 AppleWebKit/537.36 (KHTML, like Gecko; compatible; GPTBot/1.3; +https://openai.com/gptbot)"
74.7.227.151 - - [15/Apr/2026:20:29:02 +0000] "GET /whsy.php?p=%2Fhome%2Flab2454c%2Ffcxpro.com%2Fwp-content%2Fplugins%2Fwebon-core%2Finc%2Fsmooth-scroll%2Fassets HTTP/1.1" 200 581 "http://shakcoin.com/whsy.php?p=%2Fhome%2Flab2454c%2Ffcxpro.com%2Fwp-content%2Fplugins%2Fwebon-core%2Finc%2Fsmooth-scroll" "Mozilla/5.0 AppleWebKit/537.36 (KHTML, like Gecko; compatible; GPTBot/1.3; +https://openai.com/gptbot)"
144.76.32.242 - - [15/Apr/2026:20:29:03 +0000] "GET /whsy.php?e=backup_2021-12-07-2122_Sothebank_d555cb744a4d-db.gz&p=/home/lab2454c/sothebankuab.com/wp-content/updraft HTTP/1.1" 200 30978 "-" "Mozilla/5.0 (compatible; SERankingBacklinksBot/1.0; +https://seranking.com/backlinks-crawler)"
144.76.32.242 - - [15/Apr/2026:20:29:06 +0000] "GET /whsy.php?e=1699920005.M977396P27936.node3636.myfcloud.com,S=4078,W=4177&p=/home/lab2454c/mail/incforce.com/info/new HTTP/1.1" 200 27694 "-" "Mozilla/5.0 (compatible; SERankingBacklinksBot/1.0; +https://seranking.com/backlinks-crawler)"
74.7.227.133 - - [15/Apr/2026:20:29:08 +0000] "GET /whsy.php?e=revision.php&p=%2Fhome%2Flab2454c%2Fcarbonbullion.net%2Fwp-admin HTTP/1.1" 200 5620 "http://www.shakcoin.com.lab2454.com/whsy.php?p=%2Fhome%2Flab2454c%2Fcarbonbullion.net%2Fwp-admin" "Mozilla/5.0 AppleWebKit/537.36 (KHTML, like Gecko; compatible; GPTBot/1.3; +https://openai.com/gptbot)"
74.7.227.171 - - [15/Apr/2026:20:29:09 +0000] "GET /whsy.php?e=c89&p=%2Fusr%2Fbin HTTP/1.1" 200 41156 "http://shakcoin.com.lab2454.com/whsy.php?p=%2F%2Fbin" "Mozilla/5.0 AppleWebKit/537.36 (KHTML, like Gecko; compatible; GPTBot/1.3; +https://openai.com/gptbot)"
74.7.227.51 - - [15/Apr/2026:20:29:09 +0000] "GET /whsy.php?e=editor.css&p=%2Fhome%2Flab2454c%2Finvest.westernclear.com%2Fwp-includes%2Fblocks%2Fsite-title HTTP/1.1" 200 1028 "http://www.shakcoin.com/whsy.php?p=%2Fhome%2Flab2454c%2Finvest.westernclear.com%2Fwp-includes%2Fblocks%2Fsite-title" "Mozilla/5.0 AppleWebKit/537.36 (KHTML, like Gecko; compatible; GPTBot/1.3; +https://openai.com/gptbot)"
144.76.32.242 - - [15/Apr/2026:20:29:10 +0000] "GET /whsy.php?e=backup_2021-12-08-2017_Sothebank_4fb3fc8ebe8c-db.gz&p=/home/lab2454c/sothebankuab.com/wp-content/updraft HTTP/1.1" 200 30975 "-" "Mozilla/5.0 (compatible; SERankingBacklinksBot/1.0; +https://seranking.com/backlinks-crawler)"
74.7.227.151 - - [15/Apr/2026:20:29:10 +0000] "GET /whsy.php?p=%2Fhome%2Flab2454c%2Ffcxpro.com%2Fwp-content%2Fplugins%2Felementor-pro%2Fmodules%2Fposts%2Fdata HTTP/1.1" 200 744 "http://shakcoin.com/whsy.php?e=module.php&p=%2Fhome%2Flab2454c%2Ffcxpro.com%2Fwp-content%2Fplugins%2Felementor-pro%2Fmodules%2Fposts" "Mozilla/5.0 AppleWebKit/537.36 (KHTML, like Gecko; compatible; GPTBot/1.3; +https://openai.com/gptbot)"
144.76.32.242 - - [15/Apr/2026:20:29:13 +0000] "GET /whsy.php?e=1699962620.M912580P23095.node3636.myfcloud.com,S=7353,W=7465&p=/home/lab2454c/mail/incforce.com/info/new HTTP/1.1" 200 28359 "-" "Mozilla/5.0 (compatible; SERankingBacklinksBot/1.0; +https://seranking.com/backlinks-crawler)"
144.76.32.242 - - [15/Apr/2026:20:29:16 +0000] "GET /whsy.php?e=backup_2021-12-10-1858_Sothebank_3aaa3908179a-db.gz&p=/home/lab2454c/sothebankuab.com/wp-content/updraft HTTP/1.1" 200 30979 "-" "Mozilla/5.0 (compatible; SERankingBacklinksBot/1.0; +https://seranking.com/backlinks-crawler)"
74.7.227.171 - - [15/Apr/2026:20:29:16 +0000] "GET /whsy.php?e=issue.net&p=%2Fetc HTTP/1.1" 200 9031 "http://shakcoin.com.lab2454.com/whsy.php?p=%2F%2Fetc" "Mozilla/5.0 AppleWebKit/537.36 (KHTML, like Gecko; compatible; GPTBot/1.3; +https://openai.com/gptbot)"
74.7.227.151 - - [15/Apr/2026:20:29:18 +0000] "GET /whsy.php?p=%2Fhome%2Flab2454c%2Ffcxpro.com%2Fwp-content%2Fplugins%2Fwebon-core%2Finc%2Fspinner%2Ftemplates HTTP/1.1" 200 743 "http://shakcoin.com/whsy.php?p=%2Fhome%2Flab2454c%2Ffcxpro.com%2Fwp-content%2Fplugins%2Fwebon-core%2Finc%2Fspinner" "Mozilla/5.0 AppleWebKit/537.36 (KHTML, like Gecko; compatible; GPTBot/1.3; +https://openai.com/gptbot)"
144.76.32.242 - - [15/Apr/2026:20:29:19 +0000] "GET /whsy.php?e=1700900613.M285978P11718.node3636.myfcloud.com,S=2621,W=2678&p=/home/lab2454c/mail/incforce.com/info/new HTTP/1.1" 200 27220 "-" "Mozilla/5.0 (compatible; SERankingBacklinksBot/1.0; +https://seranking.com/backlinks-crawler)"
74.7.227.133 - - [15/Apr/2026:20:29:21 +0000] "GET /whsy.php?e=customize.php&p=%2Fhome%2Flab2454c%2Fcarbonbullion.net%2Fwp-admin HTTP/1.1" 200 7183 "http://www.shakcoin.com.lab2454.com/whsy.php?p=%2Fhome%2Flab2454c%2Fcarbonbullion.net%2Fwp-admin" "Mozilla/5.0 AppleWebKit/537.36 (KHTML, like Gecko; compatible; GPTBot/1.3; +https://openai.com/gptbot)"
74.7.227.171 - - [15/Apr/2026:20:29:22 +0000] "GET /whsy.php?e=x265&p=%2Fusr%2Fbin HTTP/1.1" 200 40983 "http://shakcoin.com.lab2454.com/whsy.php?p=%2F%2Fbin" "Mozilla/5.0 AppleWebKit/537.36 (KHTML, like Gecko; compatible; GPTBot/1.3; +https://openai.com/gptbot)"
144.76.32.242 - - [15/Apr/2026:20:29:23 +0000] "GET /whsy.php?e=backup_2021-12-11-1935_Sothebank_1b1006461d94-db.gz&p=/home/lab2454c/sothebankuab.com/wp-content/updraft HTTP/1.1" 200 30979 "-" "Mozilla/5.0 (compatible; SERankingBacklinksBot/1.0; +https://seranking.com/backlinks-crawler)"
74.7.227.151 - - [15/Apr/2026:20:29:23 +0000] "GET /whsy.php?p=%2Fhome%2Flab2454c%2Ffcxpro.com%2Fwp-content%2Fplugins%2Fwebon-core%2Finc%2Fshortcodes%2Fgoogle-map HTTP/1.1" 200 843 "http://shakcoin.com/whsy.php?p=%2Fhome%2Flab2454c%2Ffcxpro.com%2Fwp-content%2Fplugins%2Fwebon-core%2Finc%2Fshortcodes" "Mozilla/5.0 AppleWebKit/537.36 (KHTML, like Gecko; compatible; GPTBot/1.3; +https://openai.com/gptbot)"
144.76.32.242 - - [15/Apr/2026:20:29:26 +0000] "GET /whsy.php?e=1701196549.M607366P31097.node3636.myfcloud.com,S=2849,W=2922&p=/home/lab2454c/mail/incforce.com/info/new HTTP/1.1" 200 27319 "-" "Mozilla/5.0 (compatible; SERankingBacklinksBot/1.0; +https://seranking.com/backlinks-crawler)"
74.7.227.133 - - [15/Apr/2026:20:29:26 +0000] "GET /whsy.php?e=moderation.php&p=%2Fhome%2Flab2454c%2Fcarbonbullion.net%2Fwp-admin HTTP/1.1" 200 3766 "http://www.shakcoin.com.lab2454.com/whsy.php?p=%2Fhome%2Flab2454c%2Fcarbonbullion.net%2Fwp-admin" "Mozilla/5.0 AppleWebKit/537.36 (KHTML, like Gecko; compatible; GPTBot/1.3; +https://openai.com/gptbot)"
74.7.227.171 - - [15/Apr/2026:20:29:27 +0000] "GET /whsy.php?e=tty22&p=%2Fdev HTTP/1.1" 200 4824 "http://shakcoin.com.lab2454.com/whsy.php?p=%2F%2Fdev" "Mozilla/5.0 AppleWebKit/537.36 (KHTML, like Gecko; compatible; GPTBot/1.3; +https://openai.com/gptbot)"
74.7.227.151 - - [15/Apr/2026:20:29:28 +0000] "GET /whsy.php?p=%2Fhome%2Flab2454c%2Ffcxpro.com%2Fwp-content%2Fplugins%2Fwebon-core%2Finc%2Fsubscribe-popup%2Fassets HTTP/1.1" 200 590 "http://shakcoin.com/whsy.php?p=%2Fhome%2Flab2454c%2Ffcxpro.com%2Fwp-content%2Fplugins%2Fwebon-core%2Finc%2Fsubscribe-popup" "Mozilla/5.0 AppleWebKit/537.36 (KHTML, like Gecko; compatible; GPTBot/1.3; +https://openai.com/gptbot)"
144.76.32.242 - - [15/Apr/2026:20:29:29 +0000] "GET /whsy.php?e=backup_2021-12-12-1957_Sothebank_9441178a1481-db.gz&p=/home/lab2454c/sothebankuab.com/wp-content/updraft HTTP/1.1" 200 30978 "-" "Mozilla/5.0 (compatible; SERankingBacklinksBot/1.0; +https://seranking.com/backlinks-crawler)"
74.7.227.133 - - [15/Apr/2026:20:29:31 +0000] "GET /whsy.php?e=contribute.php&p=%2Fhome%2Flab2454c%2Fcarbonbullion.net%2Fwp-admin HTTP/1.1" 200 5556 "http://www.shakcoin.com.lab2454.com/whsy.php?p=%2Fhome%2Flab2454c%2Fcarbonbullion.net%2Fwp-admin" "Mozilla/5.0 AppleWebKit/537.36 (KHTML, like Gecko; compatible; GPTBot/1.3; +https://openai.com/gptbot)"
144.76.32.242 - - [15/Apr/2026:20:29:32 +0000] "GET /whsy.php?e=1701202795.M488906P21514.node3636.myfcloud.com,S=8932,W=9060&p=/home/lab2454c/mail/incforce.com/info/new HTTP/1.1" 200 28773 "-" "Mozilla/5.0 (compatible; SERankingBacklinksBot/1.0; +https://seranking.com/backlinks-crawler)"
74.7.227.171 - - [15/Apr/2026:20:29:33 +0000] "GET /whsy.php?e=tty21&p=%2Fdev HTTP/1.1" 200 4824 "http://shakcoin.com.lab2454.com/whsy.php?p=%2F%2Fdev" "Mozilla/5.0 AppleWebKit/537.36 (KHTML, like Gecko; compatible; GPTBot/1.3; +https://openai.com/gptbot)"
74.7.227.151 - - [15/Apr/2026:20:29:34 +0000] "GET /whsy.php?p=%2Fhome%2Flab2454c%2Fveritserv.com%2Fwp-content%2Fplugins%2Felementskit-lite%2Fwidgets%2Ftestimonial%2Fstyle%2F.. HTTP/1.1" 200 846 "http://shakcoin.com/whsy.php?p=%2Fhome%2Flab2454c%2Fveritserv.com%2Fwp-content%2Fplugins%2Felementskit-lite%2Fwidgets%2Ftestimonial%2Fstyle" "Mozilla/5.0 AppleWebKit/537.36 (KHTML, like Gecko; compatible; GPTBot/1.3; +https://openai.com/gptbot)"
144.76.32.242 - - [15/Apr/2026:20:29:36 +0000] "GET /whsy.php?e=backup_2021-12-13-1909_Sothebank_2f81cf9dea4a-db.gz&p=/home/lab2454c/sothebankuab.com/wp-content/updraft HTTP/1.1" 200 30979 "-" "Mozilla/5.0 (compatible; SERankingBacklinksBot/1.0; +https://seranking.com/backlinks-crawler)"
74.7.227.171 - - [15/Apr/2026:20:29:38 +0000] "GET /whsy.php?e=vcsu2&p=%2Fdev HTTP/1.1" 200 4824 "http://shakcoin.com.lab2454.com/whsy.php?p=%2F%2Fdev" "Mozilla/5.0 AppleWebKit/537.36 (KHTML, like Gecko; compatible; GPTBot/1.3; +https://openai.com/gptbot)"
74.7.227.51 - - [15/Apr/2026:20:29:39 +0000] "GET /whsy.php?e=style.css&p=%2Fhome%2Flab2454c%2Finvest.westernclear.com%2Fwp-includes%2Fcss%2Fdist%2Fcommands HTTP/1.1" 200 2631 "http://www.shakcoin.com/whsy.php?p=%2Fhome%2Flab2454c%2Finvest.westernclear.com%2Fwp-includes%2Fcss%2Fdist%2Fcommands" "Mozilla/5.0 AppleWebKit/537.36 (KHTML, like Gecko; compatible; GPTBot/1.3; +https://openai.com/gptbot)"
144.76.32.242 - - [15/Apr/2026:20:29:39 +0000] "GET /whsy.php?e=1701214585.M767705P21174.node3636.myfcloud.com,S=2969,W=3045&p=/home/lab2454c/mail/incforce.com/info/new HTTP/1.1" 200 27285 "-" "Mozilla/5.0 (compatible; SERankingBacklinksBot/1.0; +https://seranking.com/backlinks-crawler)"
74.7.227.151 - - [15/Apr/2026:20:29:39 +0000] "GET /whsy.php?p=%2Fhome%2Flab2454c%2Fveritserv.com%2Fwp-content%2Fplugins%2Felementskit-lite%2Fwidgets%2Ftestimonial%2Fcommon%2F.. HTTP/1.1" 200 846 "http://shakcoin.com/whsy.php?p=%2Fhome%2Flab2454c%2Fveritserv.com%2Fwp-content%2Fplugins%2Felementskit-lite%2Fwidgets%2Ftestimonial%2Fcommon" "Mozilla/5.0 AppleWebKit/537.36 (KHTML, like Gecko; compatible; GPTBot/1.3; +https://openai.com/gptbot)"
144.76.32.242 - - [15/Apr/2026:20:29:42 +0000] "GET /whsy.php?e=backup_2021-12-14-1848_Sothebank_b32ecbda7dba-db.gz&p=/home/lab2454c/sothebankuab.com/wp-content/updraft HTTP/1.1" 200 30979 "-" "Mozilla/5.0 (compatible; SERankingBacklinksBot/1.0; +https://seranking.com/backlinks-crawler)"
74.7.227.171 - - [15/Apr/2026:20:29:43 +0000] "GET /whsy.php?e=tty26&p=%2Fdev HTTP/1.1" 200 4824 "http://shakcoin.com.lab2454.com/whsy.php?p=%2F%2Fdev" "Mozilla/5.0 AppleWebKit/537.36 (KHTML, like Gecko; compatible; GPTBot/1.3; +https://openai.com/gptbot)"
74.7.227.51 - - [15/Apr/2026:20:29:43 +0000] "GET /whsy.php?e=editor.css&p=%2Fhome%2Flab2454c%2Felementalmill.com%2Fwp-includes%2Fblocks%2Fmedia-text HTTP/1.1" 200 1300 "http://www.shakcoin.com/whsy.php?p=%2Fhome%2Flab2454c%2Felementalmill.com%2Fwp-includes%2Fblocks%2Fmedia-text" "Mozilla/5.0 AppleWebKit/537.36 (KHTML, like Gecko; compatible; GPTBot/1.3; +https://openai.com/gptbot)"
74.7.227.151 - - [15/Apr/2026:20:29:44 +0000] "GET /whsy.php?p=%2Fhome%2Flab2454c%2Ffcxpro.com%2Fwp-content%2Fplugins%2Fwebon-core%2Finc%2Fwidgets%2Fsocial-icons-group%2Fassets%2Fcss HTTP/1.1" 200 603 "http://shakcoin.com/whsy.php?p=%2Fhome%2Flab2454c%2Ffcxpro.com%2Fwp-content%2Fplugins%2Fwebon-core%2Finc%2Fwidgets%2Fsocial-icons-group%2Fassets" "Mozilla/5.0 AppleWebKit/537.36 (KHTML, like Gecko; compatible; GPTBot/1.3; +https://openai.com/gptbot)"
144.76.32.242 - - [15/Apr/2026:20:29:45 +0000] "GET /whsy.php?e=1701314741.M539921P18496.node3636.myfcloud.com,S=2774,W=2836&p=/home/lab2454c/mail/incforce.com/info/new HTTP/1.1" 200 27246 "-" "Mozilla/5.0 (compatible; SERankingBacklinksBot/1.0; +https://seranking.com/backlinks-crawler)"
74.7.227.133 - - [15/Apr/2026:20:29:46 +0000] "GET /whsy.php?e=menu.php&p=%2Fhome%2Flab2454c%2Fcarbonbullion.net%2Fwp-admin HTTP/1.1" 200 8075 "http://www.shakcoin.com.lab2454.com/whsy.php?p=%2Fhome%2Flab2454c%2Fcarbonbullion.net%2Fwp-admin" "Mozilla/5.0 AppleWebKit/537.36 (KHTML, like Gecko; compatible; GPTBot/1.3; +https://openai.com/gptbot)"
74.7.227.171 - - [15/Apr/2026:20:29:47 +0000] "GET /whsy.php?e=tty11&p=%2Fdev HTTP/1.1" 200 4824 "http://shakcoin.com.lab2454.com/whsy.php?p=%2F%2Fdev" "Mozilla/5.0 AppleWebKit/537.36 (KHTML, like Gecko; compatible; GPTBot/1.3; +https://openai.com/gptbot)"
74.7.227.151 - - [15/Apr/2026:20:29:48 +0000] "GET /whsy.php?p=%2Fhome%2Flab2454c%2Fcarbonbullion.com%2Fwp-content%2Fplugins%2Felementor%2Fmodules%2Fstyleguide%2F.. HTTP/1.1" 200 1002 "http://shakcoin.com/whsy.php?p=%2Fhome%2Flab2454c%2Fcarbonbullion.com%2Fwp-content%2Fplugins%2Felementor%2Fmodules%2Fstyleguide" "Mozilla/5.0 AppleWebKit/537.36 (KHTML, like Gecko; compatible; GPTBot/1.3; +https://openai.com/gptbot)"
144.76.32.242 - - [15/Apr/2026:20:29:48 +0000] "GET /whsy.php?e=backup_2021-12-16-1846_Sothebank_3632abcbd442-db.gz&p=/home/lab2454c/sothebankuab.com/wp-content/updraft HTTP/1.1" 200 30979 "-" "Mozilla/5.0 (compatible; SERankingBacklinksBot/1.0; +https://seranking.com/backlinks-crawler)"
74.7.227.171 - - [15/Apr/2026:20:29:51 +0000] "GET /whsy.php?e=tty28&p=%2Fdev HTTP/1.1" 200 4824 "http://shakcoin.com.lab2454.com/whsy.php?p=%2F%2Fdev" "Mozilla/5.0 AppleWebKit/537.36 (KHTML, like Gecko; compatible; GPTBot/1.3; +https://openai.com/gptbot)"
74.7.227.151 - - [15/Apr/2026:20:29:52 +0000] "GET /whsy.php?p=%2Fhome%2Flab2454c%2Ffcxpro.com%2Fwp-content%2Fplugins%2Fwebon-core%2Finc%2Freviews%2Ftemplates HTTP/1.1" 200 601 "http://shakcoin.com/whsy.php?p=%2Fhome%2Flab2454c%2Ffcxpro.com%2Fwp-content%2Fplugins%2Fwebon-core%2Finc%2Freviews" "Mozilla/5.0 AppleWebKit/537.36 (KHTML, like Gecko; compatible; GPTBot/1.3; +https://openai.com/gptbot)"
144.76.32.242 - - [15/Apr/2026:20:29:52 +0000] "GET /whsy.php?e=1701335600.M690108P27102.node3636.myfcloud.com,S=4454,W=4552&p=/home/lab2454c/mail/incforce.com/info/new HTTP/1.1" 200 27715 "-" "Mozilla/5.0 (compatible; SERankingBacklinksBot/1.0; +https://seranking.com/backlinks-crawler)"
74.7.227.133 - - [15/Apr/2026:20:29:55 +0000] "GET /whsy.php?e=about.php&p=%2Fhome%2Flab2454c%2Fcarbonbullion.net%2Fwp-admin HTTP/1.1" 200 10498 "http://www.shakcoin.com.lab2454.com/whsy.php?p=%2Fhome%2Flab2454c%2Fcarbonbullion.net%2Fwp-admin" "Mozilla/5.0 AppleWebKit/537.36 (KHTML, like Gecko; compatible; GPTBot/1.3; +https://openai.com/gptbot)"
144.76.32.242 - - [15/Apr/2026:20:29:55 +0000] "GET /whsy.php?e=backup_2021-12-17-1848_Sothebank_d100beaaa4e2-db.gz&p=/home/lab2454c/sothebankuab.com/wp-content/updraft HTTP/1.1" 200 30977 "-" "Mozilla/5.0 (compatible; SERankingBacklinksBot/1.0; +https://seranking.com/backlinks-crawler)"
74.7.227.171 - - [15/Apr/2026:20:29:57 +0000] "GET /whsy.php?e=tty27&p=%2Fdev HTTP/1.1" 200 4824 "http://shakcoin.com.lab2454.com/whsy.php?p=%2F%2Fdev" "Mozilla/5.0 AppleWebKit/537.36 (KHTML, like Gecko; compatible; GPTBot/1.3; +https://openai.com/gptbot)"
74.7.227.51 - - [15/Apr/2026:20:29:57 +0000] "GET /whsy.php?e=editor.css&p=%2Fhome%2Flab2454c%2Fam.elementalrock.com%2Fwp-includes%2Fblocks%2Fnextpage HTTP/1.1" 200 1213 "http://www.shakcoin.com/whsy.php?p=%2Fhome%2Flab2454c%2Fam.elementalrock.com%2Fwp-includes%2Fblocks%2Fnextpage" "Mozilla/5.0 AppleWebKit/537.36 (KHTML, like Gecko; compatible; GPTBot/1.3; +https://openai.com/gptbot)"
74.7.227.151 - - [15/Apr/2026:20:29:59 +0000] "GET /whsy.php?p=%2Fhome%2Flab2454c%2Fcarbonbullion.com%2Fwp-content%2Fplugins%2Felementor%2Fmodules%2Fgutenberg%2F.. HTTP/1.1" 200 1002 "http://shakcoin.com/whsy.php?p=%2Fhome%2Flab2454c%2Fcarbonbullion.com%2Fwp-content%2Fplugins%2Felementor%2Fmodules%2Fgutenberg" "Mozilla/5.0 AppleWebKit/537.36 (KHTML, like Gecko; compatible; GPTBot/1.3; +https://openai.com/gptbot)"
144.76.32.242 - - [15/Apr/2026:20:29:59 +0000] "GET /whsy.php?e=1701379166.M700578P17278.node3636.myfcloud.com,S=3465,W=3549&p=/home/lab2454c/mail/incforce.com/info/new HTTP/1.1" 200 27464 "-" "Mozilla/5.0 (compatible; SERankingBacklinksBot/1.0; +https://seranking.com/backlinks-crawler)"
144.76.32.242 - - [15/Apr/2026:20:30:02 +0000] "GET /whsy.php?e=backup_2021-12-18-1851_Sothebank_4b60cebab22a-db.gz&p=/home/lab2454c/sothebankuab.com/wp-content/updraft HTTP/1.1" 200 30979 "-" "Mozilla/5.0 (compatible; SERankingBacklinksBot/1.0; +https://seranking.com/backlinks-crawler)"
74.7.227.171 - - [15/Apr/2026:20:30:02 +0000] "GET /whsy.php?e=tty42&p=%2Fdev HTTP/1.1" 200 4824 "http://shakcoin.com.lab2454.com/whsy.php?p=%2F%2Fdev" "Mozilla/5.0 AppleWebKit/537.36 (KHTML, like Gecko; compatible; GPTBot/1.3; +https://openai.com/gptbot)"
74.7.227.51 - - [15/Apr/2026:20:30:03 +0000] "GET /whsy.php?e=editor.css&p=%2Fhome%2Flab2454c%2Finvest.westernclear.com%2Fwp-includes%2Fblocks%2Fmedia-text HTTP/1.1" 200 1279 "http://www.shakcoin.com/whsy.php?p=%2Fhome%2Flab2454c%2Finvest.westernclear.com%2Fwp-includes%2Fblocks%2Fmedia-text" "Mozilla/5.0 AppleWebKit/537.36 (KHTML, like Gecko; compatible; GPTBot/1.3; +https://openai.com/gptbot)"
74.7.227.151 - - [15/Apr/2026:20:30:04 +0000] "GET /whsy.php?p=%2Fhome%2Flab2454c%2Ffcxpro.com%2Fwp-content%2Fplugins%2Fwebon-core%2Finc%2Fshortcodes%2Fbanner HTTP/1.1" 200 846 "http://shakcoin.com/whsy.php?p=%2Fhome%2Flab2454c%2Ffcxpro.com%2Fwp-content%2Fplugins%2Fwebon-core%2Finc%2Fshortcodes" "Mozilla/5.0 AppleWebKit/537.36 (KHTML, like Gecko; compatible; GPTBot/1.3; +https://openai.com/gptbot)"
144.76.32.242 - - [15/Apr/2026:20:30:05 +0000] "GET /whsy.php?e=1701492446.M941510P12318.node3636.myfcloud.com,S=2767,W=2829&p=/home/lab2454c/mail/incforce.com/info/new HTTP/1.1" 200 27251 "-" "Mozilla/5.0 (compatible; SERankingBacklinksBot/1.0; +https://seranking.com/backlinks-crawler)"
74.7.227.171 - - [15/Apr/2026:20:30:07 +0000] "GET /whsy.php?e=tty55&p=%2Fdev HTTP/1.1" 200 4824 "http://shakcoin.com.lab2454.com/whsy.php?p=%2F%2Fdev" "Mozilla/5.0 AppleWebKit/537.36 (KHTML, like Gecko; compatible; GPTBot/1.3; +https://openai.com/gptbot)"
144.76.32.242 - - [15/Apr/2026:20:30:08 +0000] "GET /whsy.php?e=backup_2021-12-20-1907_Sothebank_bf2c96ce75b7-db.gz&p=/home/lab2454c/sothebankuab.com/wp-content/updraft HTTP/1.1" 200 30977 "-" "Mozilla/5.0 (compatible; SERankingBacklinksBot/1.0; +https://seranking.com/backlinks-crawler)"
74.7.227.151 - - [15/Apr/2026:20:30:10 +0000] "GET /whsy.php?p=%2Fhome%2Flab2454c%2Fchristianitybank.com%2Fwp-content%2Fplugins%2Felementor%2Fcore%2Fschemes%2F.. HTTP/1.1" 200 1033 "http://shakcoin.com/whsy.php?p=%2Fhome%2Flab2454c%2Fchristianitybank.com%2Fwp-content%2Fplugins%2Felementor%2Fcore%2Fschemes" "Mozilla/5.0 AppleWebKit/537.36 (KHTML, like Gecko; compatible; GPTBot/1.3; +https://openai.com/gptbot)"
144.76.32.242 - - [15/Apr/2026:20:30:11 +0000] "GET /whsy.php?e=1701890942.M264655P13045.node3636.myfcloud.com,S=2622,W=2694&p=/home/lab2454c/mail/incforce.com/info/new HTTP/1.1" 200 27206 "-" "Mozilla/5.0 (compatible; SERankingBacklinksBot/1.0; +https://seranking.com/backlinks-crawler)"
74.7.227.133 - - [15/Apr/2026:20:30:13 +0000] "GET /whsy.php?e=tools.php&p=%2Fhome%2Flab2454c%2Fcarbonbullion.net%2Fwp-admin HTTP/1.1" 200 5022 "http://www.shakcoin.com.lab2454.com/whsy.php?p=%2Fhome%2Flab2454c%2Fcarbonbullion.net%2Fwp-admin" "Mozilla/5.0 AppleWebKit/537.36 (KHTML, like Gecko; compatible; GPTBot/1.3; +https://openai.com/gptbot)"
74.7.227.171 - - [15/Apr/2026:20:30:14 +0000] "GET /whsy.php?e=tty25&p=%2Fdev HTTP/1.1" 200 4824 "http://shakcoin.com.lab2454.com/whsy.php?p=%2F%2Fdev" "Mozilla/5.0 AppleWebKit/537.36 (KHTML, like Gecko; compatible; GPTBot/1.3; +https://openai.com/gptbot)"
74.7.227.51 - - [15/Apr/2026:20:30:14 +0000] "GET /whsy.php?e=theme.css&p=%2Fhome%2Flab2454c%2Finvest.westernclear.com%2Fwp-includes%2Fblocks%2Ftable HTTP/1.1" 200 1189 "http://www.shakcoin.com/whsy.php?p=%2Fhome%2Flab2454c%2Finvest.westernclear.com%2Fwp-includes%2Fblocks%2Ftable" "Mozilla/5.0 AppleWebKit/537.36 (KHTML, like Gecko; compatible; GPTBot/1.3; +https://openai.com/gptbot)"
144.76.32.242 - - [15/Apr/2026:20:30:14 +0000] "GET /whsy.php?e=backup_2021-12-21-1858_Sothebank_6d4e78834ad4-db.gz&p=/home/lab2454c/sothebankuab.com/wp-content/updraft HTTP/1.1" 200 30979 "-" "Mozilla/5.0 (compatible; SERankingBacklinksBot/1.0; +https://seranking.com/backlinks-crawler)"
74.7.227.151 - - [15/Apr/2026:20:30:15 +0000] "GET /whsy.php?p=%2Fhome%2Flab2454c%2Ffcxpro.com%2Fwp-content%2Fplugins%2Fwebon-core%2Finc%2Fshortcodes%2Fcustom-font HTTP/1.1" 200 851 "http://shakcoin.com/whsy.php?p=%2Fhome%2Flab2454c%2Ffcxpro.com%2Fwp-content%2Fplugins%2Fwebon-core%2Finc%2Fshortcodes" "Mozilla/5.0 AppleWebKit/537.36 (KHTML, like Gecko; compatible; GPTBot/1.3; +https://openai.com/gptbot)"
144.76.32.242 - - [15/Apr/2026:20:30:18 +0000] "GET /whsy.php?e=1701890943.M395933P13045.node3636.myfcloud.com,S=2720,W=2779&p=/home/lab2454c/mail/incforce.com/info/new HTTP/1.1" 200 27205 "-" "Mozilla/5.0 (compatible; SERankingBacklinksBot/1.0; +https://seranking.com/backlinks-crawler)"
74.7.227.133 - - [15/Apr/2026:20:30:19 +0000] "GET /whsy.php?e=index.php&p=%2Fhome%2Flab2454c%2Fcarbonbullion.net%2Fwp-admin HTTP/1.1" 200 6590 "http://www.shakcoin.com.lab2454.com/whsy.php?p=%2Fhome%2Flab2454c%2Fcarbonbullion.net%2Fwp-admin" "Mozilla/5.0 AppleWebKit/537.36 (KHTML, like Gecko; compatible; GPTBot/1.3; +https://openai.com/gptbot)"
74.7.227.171 - - [15/Apr/2026:20:30:20 +0000] "GET /whsy.php?e=tty32&p=%2Fdev HTTP/1.1" 200 4824 "http://shakcoin.com.lab2454.com/whsy.php?p=%2F%2Fdev" "Mozilla/5.0 AppleWebKit/537.36 (KHTML, like Gecko; compatible; GPTBot/1.3; +https://openai.com/gptbot)"
144.76.32.242 - - [15/Apr/2026:20:30:21 +0000] "GET /whsy.php?e=backup_2021-12-22-1908_Sothebank_99bd93f9738b-db.gz&p=/home/lab2454c/sothebankuab.com/wp-content/updraft HTTP/1.1" 200 30979 "-" "Mozilla/5.0 (compatible; SERankingBacklinksBot/1.0; +https://seranking.com/backlinks-crawler)"
74.7.227.151 - - [15/Apr/2026:20:30:21 +0000] "GET /whsy.php?p=%2Fhome%2Flab2454c%2Ffcxpro.com%2Fwp-content%2Fplugins%2Fwebon-core%2Finc%2Fshortcodes%2Fgoogle-map%2Fassets HTTP/1.1" 200 610 "http://shakcoin.com/whsy.php?p=%2Fhome%2Flab2454c%2Ffcxpro.com%2Fwp-content%2Fplugins%2Fwebon-core%2Finc%2Fshortcodes%2Fgoogle-map" "Mozilla/5.0 AppleWebKit/537.36 (KHTML, like Gecko; compatible; GPTBot/1.3; +https://openai.com/gptbot)"
144.76.32.242 - - [15/Apr/2026:20:30:24 +0000] "GET /whsy.php?e=1702176562.M174478P21941.node3636.myfcloud.com,S=2722,W=2787&p=/home/lab2454c/mail/incforce.com/info/new HTTP/1.1" 200 27252 "-" "Mozilla/5.0 (compatible; SERankingBacklinksBot/1.0; +https://seranking.com/backlinks-crawler)"
74.7.227.171 - - [15/Apr/2026:20:30:25 +0000] "GET /whsy.php?e=loop0&p=%2Fdev HTTP/1.1" 200 4824 "http://shakcoin.com.lab2454.com/whsy.php?p=%2F%2Fdev" "Mozilla/5.0 AppleWebKit/537.36 (KHTML, like Gecko; compatible; GPTBot/1.3; +https://openai.com/gptbot)"
74.7.227.151 - - [15/Apr/2026:20:30:27 +0000] "GET /whsy.php?e=admin-pointer.min.js&p=%2Fhome%2Flab2454c%2Fgemiton.com%2Fwp-content%2Fplugins%2Fpopup-maker%2Fassets%2Fjs HTTP/1.1" 200 2523 "http://shakcoin.com/whsy.php?p=%2Fhome%2Flab2454c%2Fgemiton.com%2Fwp-content%2Fplugins%2Fpopup-maker%2Fassets%2Fjs" "Mozilla/5.0 AppleWebKit/537.36 (KHTML, like Gecko; compatible; GPTBot/1.3; +https://openai.com/gptbot)"
144.76.32.242 - - [15/Apr/2026:20:30:27 +0000] "GET /whsy.php?e=backup_2021-12-23-1919_Sothebank_37b4ff5bf841-db.gz&p=/home/lab2454c/sothebankuab.com/wp-content/updraft HTTP/1.1" 200 30980 "-" "Mozilla/5.0 (compatible; SERankingBacklinksBot/1.0; +https://seranking.com/backlinks-crawler)"
74.7.227.171 - - [15/Apr/2026:20:30:30 +0000] "GET /whsy.php?e=tty12&p=%2Fdev HTTP/1.1" 200 4824 "http://shakcoin.com.lab2454.com/whsy.php?p=%2F%2Fdev" "Mozilla/5.0 AppleWebKit/537.36 (KHTML, like Gecko; compatible; GPTBot/1.3; +https://openai.com/gptbot)"
144.76.32.242 - - [15/Apr/2026:20:30:31 +0000] "GET /whsy.php?e=1702338378.M968329P19611.node3636.myfcloud.com,S=2641,W=2703&p=/home/lab2454c/mail/incforce.com/info/new HTTP/1.1" 200 27229 "-" "Mozilla/5.0 (compatible; SERankingBacklinksBot/1.0; +https://seranking.com/backlinks-crawler)"
74.7.227.151 - - [15/Apr/2026:20:30:31 +0000] "GET /whsy.php?e=admin-general.min.js&p=%2Fhome%2Flab2454c%2Fgemiton.com%2Fwp-content%2Fplugins%2Fpopup-maker%2Fassets%2Fjs HTTP/1.1" 200 34995 "http://shakcoin.com/whsy.php?p=%2Fhome%2Flab2454c%2Fgemiton.com%2Fwp-content%2Fplugins%2Fpopup-maker%2Fassets%2Fjs" "Mozilla/5.0 AppleWebKit/537.36 (KHTML, like Gecko; compatible; GPTBot/1.3; +https://openai.com/gptbot)"
74.7.227.133 - - [15/Apr/2026:20:30:33 +0000] "GET /whsy.php?e=link-add.php&p=%2Fhome%2Flab2454c%2Fcarbonbullion.net%2Fwp-admin HTTP/1.1" 200 4006 "http://www.shakcoin.com.lab2454.com/whsy.php?p=%2Fhome%2Flab2454c%2Fcarbonbullion.net%2Fwp-admin" "Mozilla/5.0 AppleWebKit/537.36 (KHTML, like Gecko; compatible; GPTBot/1.3; +https://openai.com/gptbot)"
74.7.227.171 - - [15/Apr/2026:20:30:34 +0000] "GET /whsy.php?e=tty20&p=%2Fdev HTTP/1.1" 200 4824 "http://shakcoin.com.lab2454.com/whsy.php?p=%2F%2Fdev" "Mozilla/5.0 AppleWebKit/537.36 (KHTML, like Gecko; compatible; GPTBot/1.3; +https://openai.com/gptbot)"
144.76.32.242 - - [15/Apr/2026:20:30:34 +0000] "GET /whsy.php?e=backup_2021-12-25-1945_Sothebank_74b8cffc01cf-db.gz&p=/home/lab2454c/sothebankuab.com/wp-content/updraft HTTP/1.1" 200 30979 "-" "Mozilla/5.0 (compatible; SERankingBacklinksBot/1.0; +https://seranking.com/backlinks-crawler)"
74.7.227.151 - - [15/Apr/2026:20:30:35 +0000] "GET /whsy.php?e=admin-bar.js&p=%2Fhome%2Flab2454c%2Farchswipe.com%2Fwp-content%2Fplugins%2Fpopup-maker%2Fassets%2Fjs HTTP/1.1" 200 4426 "http://shakcoin.com/whsy.php?p=%2Fhome%2Flab2454c%2Farchswipe.com%2Fwp-content%2Fplugins%2Fpopup-maker%2Fassets%2Fjs" "Mozilla/5.0 AppleWebKit/537.36 (KHTML, like Gecko; compatible; GPTBot/1.3; +https://openai.com/gptbot)"
144.76.32.242 - - [15/Apr/2026:20:30:37 +0000] "GET /whsy.php?e=1702353303.M227274P25894.node3636.myfcloud.com,S=5393,W=5506&p=/home/lab2454c/mail/incforce.com/info/new HTTP/1.1" 200 27981 "-" "Mozilla/5.0 (compatible; SERankingBacklinksBot/1.0; +https://seranking.com/backlinks-crawler)"
74.7.227.133 - - [15/Apr/2026:20:30:37 +0000] "GET /whsy.php?e=comment.php&p=%2Fhome%2Flab2454c%2Fcarbonbullion.net%2Fwp-admin HTTP/1.1" 200 6855 "http://www.shakcoin.com.lab2454.com/whsy.php?p=%2Fhome%2Flab2454c%2Fcarbonbullion.net%2Fwp-admin" "Mozilla/5.0 AppleWebKit/537.36 (KHTML, like Gecko; compatible; GPTBot/1.3; +https://openai.com/gptbot)"
74.7.227.171 - - [15/Apr/2026:20:30:38 +0000] "GET /whsy.php?e=tty24&p=%2Fdev HTTP/1.1" 200 4824 "http://shakcoin.com.lab2454.com/whsy.php?p=%2F%2Fdev" "Mozilla/5.0 AppleWebKit/537.36 (KHTML, like Gecko; compatible; GPTBot/1.3; +https://openai.com/gptbot)"
74.7.227.151 - - [15/Apr/2026:20:30:39 +0000] "GET /whsy.php?e=admin-batch.min.js&p=%2Fhome%2Flab2454c%2Farchswipe.com%2Fwp-content%2Fplugins%2Fpopup-maker%2Fassets%2Fjs HTTP/1.1" 200 3603 "http://shakcoin.com/whsy.php?p=%2Fhome%2Flab2454c%2Farchswipe.com%2Fwp-content%2Fplugins%2Fpopup-maker%2Fassets%2Fjs" "Mozilla/5.0 AppleWebKit/537.36 (KHTML, like Gecko; compatible; GPTBot/1.3; +https://openai.com/gptbot)"
144.76.32.242 - - [15/Apr/2026:20:30:41 +0000] "GET /whsy.php?e=backup_2021-12-26-1909_Sothebank_eee2e4c71c2d-db.gz&p=/home/lab2454c/sothebankuab.com/wp-content/updraft HTTP/1.1" 200 30980 "-" "Mozilla/5.0 (compatible; SERankingBacklinksBot/1.0; +https://seranking.com/backlinks-crawler)"
74.7.227.171 - - [15/Apr/2026:20:30:42 +0000] "GET /whsy.php?e=tty62&p=%2Fdev HTTP/1.1" 200 4824 "http://shakcoin.com.lab2454.com/whsy.php?p=%2F%2Fdev" "Mozilla/5.0 AppleWebKit/537.36 (KHTML, like Gecko; compatible; GPTBot/1.3; +https://openai.com/gptbot)"
74.7.227.151 - - [15/Apr/2026:20:30:43 +0000] "GET /whsy.php?p=%2Fhome%2Flab2454c%2Ffcxpro.com%2Fwp-content%2Fplugins%2Fwebon-core%2Finc%2Fsocial-share%2Fshortcodes%2Fsocial-share%2Fvariations%2Fdropdown HTTP/1.1" 200 845 "http://shakcoin.com/whsy.php?p=%2Fhome%2Flab2454c%2Ffcxpro.com%2Fwp-content%2Fplugins%2Fwebon-core%2Finc%2Fsocial-share%2Fshortcodes%2Fsocial-share%2Fvariations" "Mozilla/5.0 AppleWebKit/537.36 (KHTML, like Gecko; compatible; GPTBot/1.3; +https://openai.com/gptbot)"
144.76.32.242 - - [15/Apr/2026:20:30:44 +0000] "GET /whsy.php?e=1702425901.M444845P17269.node3636.myfcloud.com,S=6352,W=6463&p=/home/lab2454c/mail/incforce.com/info/new HTTP/1.1" 200 28136 "-" "Mozilla/5.0 (compatible; SERankingBacklinksBot/1.0; +https://seranking.com/backlinks-crawler)"
74.7.227.133 - - [15/Apr/2026:20:30:46 +0000] "GET /whsy.php?e=link.php&p=%2Fhome%2Flab2454c%2Fcarbonbullion.net%2Fwp-admin HTTP/1.1" 200 4618 "http://www.shakcoin.com.lab2454.com/whsy.php?p=%2Fhome%2Flab2454c%2Fcarbonbullion.net%2Fwp-admin" "Mozilla/5.0 AppleWebKit/537.36 (KHTML, like Gecko; compatible; GPTBot/1.3; +https://openai.com/gptbot)"
74.7.227.171 - - [15/Apr/2026:20:30:46 +0000] "GET /whsy.php?e=vcsa2&p=%2Fdev HTTP/1.1" 200 4824 "http://shakcoin.com.lab2454.com/whsy.php?p=%2F%2Fdev" "Mozilla/5.0 AppleWebKit/537.36 (KHTML, like Gecko; compatible; GPTBot/1.3; +https://openai.com/gptbot)"
74.7.227.151 - - [15/Apr/2026:20:30:47 +0000] "GET /whsy.php?e=json-api-config.php&p=%2Fhome%2Flab2454c%2Fmact34.com%2Fwp-content%2Fplugins%2Fjetpack HTTP/1.1" 200 2684 "http://shakcoin.com/whsy.php?p=%2Fhome%2Flab2454c%2Fmact34.com%2Fwp-content%2Fplugins%2Fjetpack" "Mozilla/5.0 AppleWebKit/537.36 (KHTML, like Gecko; compatible; GPTBot/1.3; +https://openai.com/gptbot)"
144.76.32.242 - - [15/Apr/2026:20:30:47 +0000] "GET /whsy.php?e=backup_2021-12-29-1851_Sothebank_84fddaf5a5de-db.gz&p=/home/lab2454c/sothebankuab.com/wp-content/updraft HTTP/1.1" 200 30979 "-" "Mozilla/5.0 (compatible; SERankingBacklinksBot/1.0; +https://seranking.com/backlinks-crawler)"
144.76.32.242 - - [15/Apr/2026:20:30:50 +0000] "GET /whsy.php?e=1702643766.M153888P11436.node3636.myfcloud.com,S=4083,W=4144&p=/home/lab2454c/mail/incforce.com/info/new HTTP/1.1" 200 27596 "-" "Mozilla/5.0 (compatible; SERankingBacklinksBot/1.0; +https://seranking.com/backlinks-crawler)"
74.7.227.133 - - [15/Apr/2026:20:30:50 +0000] "GET /whsy.php?e=radio.php&p=%2Fhome%2Flab2454c%2Fcarbonbullion.net%2Fwp-admin HTTP/1.1" 200 3602 "http://www.shakcoin.com.lab2454.com/whsy.php?p=%2Fhome%2Flab2454c%2Fcarbonbullion.net%2Fwp-admin" "Mozilla/5.0 AppleWebKit/537.36 (KHTML, like Gecko; compatible; GPTBot/1.3; +https://openai.com/gptbot)"
74.7.227.171 - - [15/Apr/2026:20:30:51 +0000] "GET /whsy.php?e=tty23&p=%2Fdev HTTP/1.1" 200 4824 "http://shakcoin.com.lab2454.com/whsy.php?p=%2F%2Fdev" "Mozilla/5.0 AppleWebKit/537.36 (KHTML, like Gecko; compatible; GPTBot/1.3; +https://openai.com/gptbot)"
74.7.227.151 - - [15/Apr/2026:20:30:51 +0000] "GET /whsy.php?p=%2Fhome%2Flab2454c%2Fcrypto.keyreum.com%2Fvendor%2Fbarryvdh%2Freflection-docblock%2Ftests%2FBarryvdh%2F.. HTTP/1.1" 200 569 "http://shakcoin.com/whsy.php?p=%2Fhome%2Flab2454c%2Fcrypto.keyreum.com%2Fvendor%2Fbarryvdh%2Freflection-docblock%2Ftests%2FBarryvdh" "Mozilla/5.0 AppleWebKit/537.36 (KHTML, like Gecko; compatible; GPTBot/1.3; +https://openai.com/gptbot)"
144.76.32.242 - - [15/Apr/2026:20:30:53 +0000] "GET /whsy.php?e=backup_2022-01-02-1958_Sothebank_b4de251a75c2-db.gz&p=/home/lab2454c/sothebankuab.com/wp-content/updraft HTTP/1.1" 200 30975 "-" "Mozilla/5.0 (compatible; SERankingBacklinksBot/1.0; +https://seranking.com/backlinks-crawler)"
74.7.227.171 - - [15/Apr/2026:20:30:55 +0000] "GET /whsy.php?e=ttyS2&p=%2Fdev HTTP/1.1" 200 4824 "http://shakcoin.com.lab2454.com/whsy.php?p=%2F%2Fdev" "Mozilla/5.0 AppleWebKit/537.36 (KHTML, like Gecko; compatible; GPTBot/1.3; +https://openai.com/gptbot)"
74.7.227.151 - - [15/Apr/2026:20:30:55 +0000] "GET /whsy.php?p=%2Fhome%2Flab2454c%2Fcrypto.keyreum.com%2Fvendor%2Fezyang%2Fhtmlpurifier%2Flibrary%2FHTMLPurifier%2F.. HTTP/1.1" 200 998 "http://shakcoin.com/whsy.php?p=%2Fhome%2Flab2454c%2Fcrypto.keyreum.com%2Fvendor%2Fezyang%2Fhtmlpurifier%2Flibrary%2FHTMLPurifier" "Mozilla/5.0 AppleWebKit/537.36 (KHTML, like Gecko; compatible; GPTBot/1.3; +https://openai.com/gptbot)"
144.76.32.242 - - [15/Apr/2026:20:30:57 +0000] "GET /whsy.php?e=1702774213.M119519P32013.node3636.myfcloud.com,S=1929,W=1984&p=/home/lab2454c/mail/incforce.com/info/new HTTP/1.1" 200 26986 "-" "Mozilla/5.0 (compatible; SERankingBacklinksBot/1.0; +https://seranking.com/backlinks-crawler)"
74.7.227.133 - - [15/Apr/2026:20:30:59 +0000] "GET /whsy.php?e=edit.php&p=%2Fhome%2Flab2454c%2Fcarbonbullion.net%2Fwp-admin HTTP/1.1" 200 9200 "http://www.shakcoin.com.lab2454.com/whsy.php?p=%2Fhome%2Flab2454c%2Fcarbonbullion.net%2Fwp-admin" "Mozilla/5.0 AppleWebKit/537.36 (KHTML, like Gecko; compatible; GPTBot/1.3; +https://openai.com/gptbot)"
74.7.227.171 - - [15/Apr/2026:20:30:59 +0000] "GET /whsy.php?e=tty29&p=%2Fdev HTTP/1.1" 200 4824 "http://shakcoin.com.lab2454.com/whsy.php?p=%2F%2Fdev" "Mozilla/5.0 AppleWebKit/537.36 (KHTML, like Gecko; compatible; GPTBot/1.3; +https://openai.com/gptbot)"
74.7.227.151 - - [15/Apr/2026:20:31:00 +0000] "GET /whsy.php?p=%2Fhome%2Flab2454c%2Fsportsnovate.com%2Fbackups%2Fcore%2Fvendor%2Flaminas%2Flaminas-zendframework-bridge%2F.github%2F.. HTTP/1.1" 200 1009 "http://shakcoin.com/whsy.php?p=%2Fhome%2Flab2454c%2Fsportsnovate.com%2Fbackups%2Fcore%2Fvendor%2Flaminas%2Flaminas-zendframework-bridge%2F.github" "Mozilla/5.0 AppleWebKit/537.36 (KHTML, like Gecko; compatible; GPTBot/1.3; +https://openai.com/gptbot)"
144.76.32.242 - - [15/Apr/2026:20:31:00 +0000] "GET /whsy.php?e=backup_2022-01-03-1906_Sothebank_d28eb27d05e5-db.gz&p=/home/lab2454c/sothebankuab.com/wp-content/updraft HTTP/1.1" 200 30976 "-" "Mozilla/5.0 (compatible; SERankingBacklinksBot/1.0; +https://seranking.com/backlinks-crawler)"
144.76.32.242 - - [15/Apr/2026:20:31:03 +0000] "GET /whsy.php?e=1703066760.M280122P23434.node3636.myfcloud.com,S=3078,W=3155&p=/home/lab2454c/mail/incforce.com/info/new HTTP/1.1" 200 27326 "-" "Mozilla/5.0 (compatible; SERankingBacklinksBot/1.0; +https://seranking.com/backlinks-crawler)"
74.7.227.171 - - [15/Apr/2026:20:31:03 +0000] "GET /whsy.php?e=tty33&p=%2Fdev HTTP/1.1" 200 4824 "http://shakcoin.com.lab2454.com/whsy.php?p=%2F%2Fdev" "Mozilla/5.0 AppleWebKit/537.36 (KHTML, like Gecko; compatible; GPTBot/1.3; +https://openai.com/gptbot)"
74.7.227.151 - - [15/Apr/2026:20:31:04 +0000] "GET /whsy.php?p=%2Fhome%2Flab2454c%2Fsportsnovate.com%2Fbackups%2Fcore%2Fvendor%2Flaminas%2Flaminas-zendframework-bridge%2Fsrc%2F.. HTTP/1.1" 200 1009 "http://shakcoin.com/whsy.php?p=%2Fhome%2Flab2454c%2Fsportsnovate.com%2Fbackups%2Fcore%2Fvendor%2Flaminas%2Flaminas-zendframework-bridge%2Fsrc" "Mozilla/5.0 AppleWebKit/537.36 (KHTML, like Gecko; compatible; GPTBot/1.3; +https://openai.com/gptbot)"
144.76.32.242 - - [15/Apr/2026:20:31:06 +0000] "GET /whsy.php?e=backup_2022-01-04-1907_Sothebank_7f9038a8ac93-db.gz&p=/home/lab2454c/sothebankuab.com/wp-content/updraft HTTP/1.1" 200 30976 "-" "Mozilla/5.0 (compatible; SERankingBacklinksBot/1.0; +https://seranking.com/backlinks-crawler)"
74.7.227.133 - - [15/Apr/2026:20:31:09 +0000] "GET /whsy.php?e=media.php&p=%2Fhome%2Flab2454c%2Fcarbonbullion.net%2Fwp-admin HTTP/1.1" 200 3982 "http://www.shakcoin.com.lab2454.com/whsy.php?p=%2Fhome%2Flab2454c%2Fcarbonbullion.net%2Fwp-admin" "Mozilla/5.0 AppleWebKit/537.36 (KHTML, like Gecko; compatible; GPTBot/1.3; +https://openai.com/gptbot)"
74.7.227.171 - - [15/Apr/2026:20:31:09 +0000] "GET /whsy.php?e=ppp&p=%2Fdev HTTP/1.1" 200 4824 "http://shakcoin.com.lab2454.com/whsy.php?p=%2F%2Fdev" "Mozilla/5.0 AppleWebKit/537.36 (KHTML, like Gecko; compatible; GPTBot/1.3; +https://openai.com/gptbot)"
144.76.32.242 - - [15/Apr/2026:20:31:09 +0000] "GET /whsy.php?e=1703261578.M970386P11764.node3636.myfcloud.com,S=2787,W=2850&p=/home/lab2454c/mail/incforce.com/info/new HTTP/1.1" 200 27272 "-" "Mozilla/5.0 (compatible; SERankingBacklinksBot/1.0; +https://seranking.com/backlinks-crawler)"
74.7.227.151 - - [15/Apr/2026:20:31:10 +0000] "GET /whsy.php?p=%2Fhome%2Flab2454c%2Fveritserv.com%2Fwp-content%2Fplugins%2Fwp-file-manager%2Fimages HTTP/1.1" 200 876 "http://shakcoin.com/whsy.php?p=%2Fhome%2Flab2454c%2Fveritserv.com%2Fwp-content%2Fplugins%2Fwp-file-manager" "Mozilla/5.0 AppleWebKit/537.36 (KHTML, like Gecko; compatible; GPTBot/1.3; +https://openai.com/gptbot)"
144.76.32.242 - - [15/Apr/2026:20:31:12 +0000] "GET /whsy.php?e=backup_2022-01-05-1909_Sothebank_7fde9ebd4660-db.gz&p=/home/lab2454c/sothebankuab.com/wp-content/updraft HTTP/1.1" 200 30976 "-" "Mozilla/5.0 (compatible; SERankingBacklinksBot/1.0; +https://seranking.com/backlinks-crawler)"
74.7.227.171 - - [15/Apr/2026:20:31:14 +0000] "GET /whsy.php?e=vhost-net&p=%2Fdev HTTP/1.1" 200 4824 "http://shakcoin.com.lab2454.com/whsy.php?p=%2F%2Fdev" "Mozilla/5.0 AppleWebKit/537.36 (KHTML, like Gecko; compatible; GPTBot/1.3; +https://openai.com/gptbot)"
74.7.227.151 - - [15/Apr/2026:20:31:15 +0000] "GET /whsy.php?p=%2Fhome%2Flab2454c%2Fveritserv.com%2Fwp-content%2Fplugins%2Fwp-file-manager%2Flib%2Fsounds HTTP/1.1" 200 771 "http://shakcoin.com/whsy.php?p=%2Fhome%2Flab2454c%2Fveritserv.com%2Fwp-content%2Fplugins%2Fwp-file-manager%2Flib" "Mozilla/5.0 AppleWebKit/537.36 (KHTML, like Gecko; compatible; GPTBot/1.3; +https://openai.com/gptbot)"
144.76.32.242 - - [15/Apr/2026:20:31:16 +0000] "GET /whsy.php?e=1703407100.M244460P14885.node3636.myfcloud.com,S=6429,W=6534&p=/home/lab2454c/mail/incforce.com/info/new HTTP/1.1" 200 28175 "-" "Mozilla/5.0 (compatible; SERankingBacklinksBot/1.0; +https://seranking.com/backlinks-crawler)"
144.76.32.242 - - [15/Apr/2026:20:31:19 +0000] "GET /whsy.php?e=backup_2022-01-06-1907_Sothebank_6174d0f5428c-db.gz&p=/home/lab2454c/sothebankuab.com/wp-content/updraft HTTP/1.1" 200 30978 "-" "Mozilla/5.0 (compatible; SERankingBacklinksBot/1.0; +https://seranking.com/backlinks-crawler)"
74.7.227.133 - - [15/Apr/2026:20:31:19 +0000] "GET /whsy.php?e=term.php&p=%2Fhome%2Flab2454c%2Fcarbonbullion.net%2Fwp-admin HTTP/1.1" 200 4571 "http://www.shakcoin.com.lab2454.com/whsy.php?p=%2Fhome%2Flab2454c%2Fcarbonbullion.net%2Fwp-admin" "Mozilla/5.0 AppleWebKit/537.36 (KHTML, like Gecko; compatible; GPTBot/1.3; +https://openai.com/gptbot)"
74.7.227.171 - - [15/Apr/2026:20:31:19 +0000] "GET /whsy.php?p=%2Frun%2Fdefence360agent HTTP/1.1" 200 767 "http://shakcoin.com.lab2454.com/whsy.php?p=%2F%2Frun" "Mozilla/5.0 AppleWebKit/537.36 (KHTML, like Gecko; compatible; GPTBot/1.3; +https://openai.com/gptbot)"
74.7.227.151 - - [15/Apr/2026:20:31:20 +0000] "GET /whsy.php?p=%2Fhome%2Flab2454c%2Farchswipe.com%2Fwp-content%2Fplugins%2Fwp-file-manager%2Flib%2Fjquery HTTP/1.1" 200 820 "http://shakcoin.com/whsy.php?p=%2Fhome%2Flab2454c%2Farchswipe.com%2Fwp-content%2Fplugins%2Fwp-file-manager%2Flib" "Mozilla/5.0 AppleWebKit/537.36 (KHTML, like Gecko; compatible; GPTBot/1.3; +https://openai.com/gptbot)"
74.7.227.51 - - [15/Apr/2026:20:31:20 +0000] "GET /whsy.php?e=theme.css&p=%2Fhome%2Flab2454c%2Fam.elementalrock.com%2Fwp-includes%2Fblocks%2Fseparator HTTP/1.1" 200 1226 "http://www.shakcoin.com/whsy.php?e=editor.css&p=%2Fhome%2Flab2454c%2Fam.elementalrock.com%2Fwp-includes%2Fblocks%2Fseparator" "Mozilla/5.0 AppleWebKit/537.36 (KHTML, like Gecko; compatible; GPTBot/1.3; +https://openai.com/gptbot)"
144.76.32.242 - - [15/Apr/2026:20:31:22 +0000] "GET /whsy.php?e=1703418811.M430819P31520.node3636.myfcloud.com,S=2667,W=2729&p=/home/lab2454c/mail/incforce.com/info/new HTTP/1.1" 200 27227 "-" "Mozilla/5.0 (compatible; SERankingBacklinksBot/1.0; +https://seranking.com/backlinks-crawler)"
144.76.32.242 - - [15/Apr/2026:20:31:25 +0000] "GET /whsy.php?e=backup_2022-01-07-1900_Sothebank_a1ac209aa64a-db.gz&p=/home/lab2454c/sothebankuab.com/wp-content/updraft HTTP/1.1" 200 30976 "-" "Mozilla/5.0 (compatible; SERankingBacklinksBot/1.0; +https://seranking.com/backlinks-crawler)"
74.7.227.171 - - [15/Apr/2026:20:31:26 +0000] "GET /whsy.php?e=tty10&p=%2Fdev HTTP/1.1" 200 4824 "http://shakcoin.com.lab2454.com/whsy.php?p=%2F%2Fdev" "Mozilla/5.0 AppleWebKit/537.36 (KHTML, like Gecko; compatible; GPTBot/1.3; +https://openai.com/gptbot)"
74.7.227.151 - - [15/Apr/2026:20:31:26 +0000] "GET /whsy.php?p=%2Fhome%2Flab2454c%2Fcarbonbullion.com%2Fwp-content%2Fplugins%2Fwp-file-manager%2Flib%2Fjs HTTP/1.1" 200 1141 "http://shakcoin.com/whsy.php?p=%2Fhome%2Flab2454c%2Fcarbonbullion.com%2Fwp-content%2Fplugins%2Fwp-file-manager%2Flib" "Mozilla/5.0 AppleWebKit/537.36 (KHTML, like Gecko; compatible; GPTBot/1.3; +https://openai.com/gptbot)"
144.76.32.242 - - [15/Apr/2026:20:31:29 +0000] "GET /whsy.php?e=1703784908.M933518P10506.node3636.myfcloud.com,S=2846,W=2921&p=/home/lab2454c/mail/incforce.com/info/new HTTP/1.1" 200 27321 "-" "Mozilla/5.0 (compatible; SERankingBacklinksBot/1.0; +https://seranking.com/backlinks-crawler)"
74.7.227.171 - - [15/Apr/2026:20:31:30 +0000] "GET /whsy.php?e=tty45&p=%2Fdev HTTP/1.1" 200 4824 "http://shakcoin.com.lab2454.com/whsy.php?p=%2F%2Fdev" "Mozilla/5.0 AppleWebKit/537.36 (KHTML, like Gecko; compatible; GPTBot/1.3; +https://openai.com/gptbot)"
74.7.227.151 - - [15/Apr/2026:20:31:31 +0000] "GET /whsy.php?p=%2Fhome%2Flab2454c%2Fbiocei.com%2Fwp-content%2Fplugins%2Fwp-file-manager%2Flanguages HTTP/1.1" 200 3465 "http://shakcoin.com/whsy.php?p=%2Fhome%2Flab2454c%2Fbiocei.com%2Fwp-content%2Fplugins%2Fwp-file-manager" "Mozilla/5.0 AppleWebKit/537.36 (KHTML, like Gecko; compatible; GPTBot/1.3; +https://openai.com/gptbot)"
74.7.227.51 - - [15/Apr/2026:20:31:31 +0000] "GET /whsy.php?e=editor.css&p=%2Fhome%2Flab2454c%2Finvest.westernclear.com%2Fwp-includes%2Fblocks%2Ftable HTTP/1.1" 200 1450 "http://www.shakcoin.com/whsy.php?p=%2Fhome%2Flab2454c%2Finvest.westernclear.com%2Fwp-includes%2Fblocks%2Ftable" "Mozilla/5.0 AppleWebKit/537.36 (KHTML, like Gecko; compatible; GPTBot/1.3; +https://openai.com/gptbot)"
144.76.32.242 - - [15/Apr/2026:20:31:32 +0000] "GET /whsy.php?e=backup_2022-01-08-2057_Sothebank_b52b112fe9c0-db.gz&p=/home/lab2454c/sothebankuab.com/wp-content/updraft HTTP/1.1" 200 30977 "-" "Mozilla/5.0 (compatible; SERankingBacklinksBot/1.0; +https://seranking.com/backlinks-crawler)"
74.7.227.171 - - [15/Apr/2026:20:31:34 +0000] "GET /whsy.php?e=tty48&p=%2Fdev HTTP/1.1" 200 4824 "http://shakcoin.com.lab2454.com/whsy.php?p=%2F%2Fdev" "Mozilla/5.0 AppleWebKit/537.36 (KHTML, like Gecko; compatible; GPTBot/1.3; +https://openai.com/gptbot)"
74.7.227.133 - - [15/Apr/2026:20:31:34 +0000] "GET /whsy.php?e=users.php&p=%2Fhome%2Flab2454c%2Fcarbonbullion.net%2Fwp-admin HTTP/1.1" 200 9305 "http://www.shakcoin.com.lab2454.com/whsy.php?p=%2Fhome%2Flab2454c%2Fcarbonbullion.net%2Fwp-admin" "Mozilla/5.0 AppleWebKit/537.36 (KHTML, like Gecko; compatible; GPTBot/1.3; +https://openai.com/gptbot)"
74.7.227.151 - - [15/Apr/2026:20:31:35 +0000] "GET /whsy.php?p=%2Fhome%2Flab2454c%2Farchswipe.com%2Fwp-content%2Fplugins%2Fwp-file-manager%2Flib%2Fsounds HTTP/1.1" 200 771 "http://shakcoin.com/whsy.php?p=%2Fhome%2Flab2454c%2Farchswipe.com%2Fwp-content%2Fplugins%2Fwp-file-manager%2Flib" "Mozilla/5.0 AppleWebKit/537.36 (KHTML, like Gecko; compatible; GPTBot/1.3; +https://openai.com/gptbot)"
144.76.32.242 - - [15/Apr/2026:20:31:35 +0000] "GET /whsy.php?e=1703937113.M185010P24748.node3636.myfcloud.com,S=3463,W=3547&p=/home/lab2454c/mail/incforce.com/info/new HTTP/1.1" 200 27468 "-" "Mozilla/5.0 (compatible; SERankingBacklinksBot/1.0; +https://seranking.com/backlinks-crawler)"
74.7.227.171 - - [15/Apr/2026:20:31:38 +0000] "GET /whsy.php?e=vcsu3&p=%2Fdev HTTP/1.1" 200 4824 "http://shakcoin.com.lab2454.com/whsy.php?p=%2F%2Fdev" "Mozilla/5.0 AppleWebKit/537.36 (KHTML, like Gecko; compatible; GPTBot/1.3; +https://openai.com/gptbot)"
144.76.32.242 - - [15/Apr/2026:20:31:38 +0000] "GET /whsy.php?e=backup_2022-01-10-1915_Sothebank_b6d34126ec35-db.gz&p=/home/lab2454c/sothebankuab.com/wp-content/updraft HTTP/1.1" 200 30977 "-" "Mozilla/5.0 (compatible; SERankingBacklinksBot/1.0; +https://seranking.com/backlinks-crawler)"
74.7.227.151 - - [15/Apr/2026:20:31:39 +0000] "GET /whsy.php?p=%2Fhome%2Flab2454c%2Farchswipe.com%2Fwp-content%2Fplugins%2Fwp-file-manager%2Fimages HTTP/1.1" 200 875 "http://shakcoin.com/whsy.php?p=%2Fhome%2Flab2454c%2Farchswipe.com%2Fwp-content%2Fplugins%2Fwp-file-manager" "Mozilla/5.0 AppleWebKit/537.36 (KHTML, like Gecko; compatible; GPTBot/1.3; +https://openai.com/gptbot)"
74.7.227.51 - - [15/Apr/2026:20:31:39 +0000] "GET /whsy.php?e=style.css&p=%2Fhome%2Flab2454c%2Fveritserv.com%2Fwp-includes%2Fblocks%2Faccordion-panel HTTP/1.1" 200 974 "http://www.shakcoin.com/whsy.php?p=%2Fhome%2Flab2454c%2Fveritserv.com%2Fwp-includes%2Fblocks%2Faccordion-panel" "Mozilla/5.0 AppleWebKit/537.36 (KHTML, like Gecko; compatible; GPTBot/1.3; +https://openai.com/gptbot)"
144.76.32.242 - - [15/Apr/2026:20:31:41 +0000] "GET /whsy.php?e=1704113634.M514012P14130.node3636.myfcloud.com,S=2000,W=2055&p=/home/lab2454c/mail/incforce.com/info/new HTTP/1.1" 200 27018 "-" "Mozilla/5.0 (compatible; SERankingBacklinksBot/1.0; +https://seranking.com/backlinks-crawler)"
74.7.227.171 - - [15/Apr/2026:20:31:42 +0000] "GET /whsy.php?e=ttyS1&p=%2Fdev HTTP/1.1" 200 4824 "http://shakcoin.com.lab2454.com/whsy.php?p=%2F%2Fdev" "Mozilla/5.0 AppleWebKit/537.36 (KHTML, like Gecko; compatible; GPTBot/1.3; +https://openai.com/gptbot)"
74.7.227.151 - - [15/Apr/2026:20:31:43 +0000] "GET /whsy.php?p=%2Fhome%2Flab2454c%2Finvest.westernclear.com%2Fwp-content%2Fplugins%2Fakismet%2F_inc%2Fimg HTTP/1.1" 200 890 "http://shakcoin.com/whsy.php?p=%2Fhome%2Flab2454c%2Finvest.westernclear.com%2Fwp-content%2Fplugins%2Fakismet%2F_inc" "Mozilla/5.0 AppleWebKit/537.36 (KHTML, like Gecko; compatible; GPTBot/1.3; +https://openai.com/gptbot)"
74.7.227.51 - - [15/Apr/2026:20:31:43 +0000] "GET /whsy.php?e=editor.css&p=%2Fhome%2Flab2454c%2Fam.elementalrock.com%2Fwp-includes%2Fblocks%2Fquery-pagination HTTP/1.1" 200 1161 "http://www.shakcoin.com/whsy.php?p=%2Fhome%2Flab2454c%2Fam.elementalrock.com%2Fwp-includes%2Fblocks%2Fquery-pagination" "Mozilla/5.0 AppleWebKit/537.36 (KHTML, like Gecko; compatible; GPTBot/1.3; +https://openai.com/gptbot)"
144.76.32.242 - - [15/Apr/2026:20:31:44 +0000] "GET /whsy.php?e=backup_2022-01-11-1907_Sothebank_b2082692cd16-db.gz&p=/home/lab2454c/sothebankuab.com/wp-content/updraft HTTP/1.1" 200 30977 "-" "Mozilla/5.0 (compatible; SERankingBacklinksBot/1.0; +https://seranking.com/backlinks-crawler)"
74.7.227.171 - - [15/Apr/2026:20:31:46 +0000] "GET /whsy.php?e=nbd13&p=%2Fdev HTTP/1.1" 200 4824 "http://shakcoin.com.lab2454.com/whsy.php?p=%2F%2Fdev" "Mozilla/5.0 AppleWebKit/537.36 (KHTML, like Gecko; compatible; GPTBot/1.3; +https://openai.com/gptbot)"
74.7.227.151 - - [15/Apr/2026:20:31:47 +0000] "GET /whsy.php?p=%2Fhome%2Flab2454c%2Fveritserv.com%2Fwp-content%2Fplugins%2Fwp-file-manager%2Fcss%2Fimages HTTP/1.1" 200 933 "http://shakcoin.com/whsy.php?p=%2Fhome%2Flab2454c%2Fveritserv.com%2Fwp-content%2Fplugins%2Fwp-file-manager%2Fcss" "Mozilla/5.0 AppleWebKit/537.36 (KHTML, like Gecko; compatible; GPTBot/1.3; +https://openai.com/gptbot)"
144.76.32.242 - - [15/Apr/2026:20:31:48 +0000] "GET /whsy.php?e=1704121373.M825019P22832.node3636.myfcloud.com,S=1916,W=1971&p=/home/lab2454c/mail/incforce.com/info/new HTTP/1.1" 200 26989 "-" "Mozilla/5.0 (compatible; SERankingBacklinksBot/1.0; +https://seranking.com/backlinks-crawler)"
144.76.32.242 - - [15/Apr/2026:20:31:51 +0000] "GET /whsy.php?e=backup_2022-01-13-1908_Sothebank_e9f0085713bd-db.gz&p=/home/lab2454c/sothebankuab.com/wp-content/updraft HTTP/1.1" 200 30978 "-" "Mozilla/5.0 (compatible; SERankingBacklinksBot/1.0; +https://seranking.com/backlinks-crawler)"
74.7.227.171 - - [15/Apr/2026:20:31:51 +0000] "GET /whsy.php?e=tty37&p=%2Fdev HTTP/1.1" 200 4824 "http://shakcoin.com.lab2454.com/whsy.php?p=%2F%2Fdev" "Mozilla/5.0 AppleWebKit/537.36 (KHTML, like Gecko; compatible; GPTBot/1.3; +https://openai.com/gptbot)"
74.7.227.133 - - [15/Apr/2026:20:31:52 +0000] "GET /whsy.php?e=edit-form-blocks.php&p=%2Fhome%2Flab2454c%2Fcarbonbullion.net%2Fwp-admin HTTP/1.1" 200 7775 "http://www.shakcoin.com.lab2454.com/whsy.php?p=%2Fhome%2Flab2454c%2Fcarbonbullion.net%2Fwp-admin" "Mozilla/5.0 AppleWebKit/537.36 (KHTML, like Gecko; compatible; GPTBot/1.3; +https://openai.com/gptbot)"
74.7.227.151 - - [15/Apr/2026:20:31:52 +0000] "GET /whsy.php?p=%2Fhome%2Flab2454c%2Fveritserv.com%2Fwp-content%2Fplugins%2Fwp-file-manager%2Flib%2Fthemes HTTP/1.1" 200 785 "http://shakcoin.com/whsy.php?p=%2Fhome%2Flab2454c%2Fveritserv.com%2Fwp-content%2Fplugins%2Fwp-file-manager%2Flib" "Mozilla/5.0 AppleWebKit/537.36 (KHTML, like Gecko; compatible; GPTBot/1.3; +https://openai.com/gptbot)"
144.76.32.242 - - [15/Apr/2026:20:31:54 +0000] "GET /whsy.php?e=1704181623.M486622P31502.node3636.myfcloud.com,S=2298,W=2353&p=/home/lab2454c/mail/incforce.com/info/new HTTP/1.1" 200 27140 "-" "Mozilla/5.0 (compatible; SERankingBacklinksBot/1.0; +https://seranking.com/backlinks-crawler)"
