144.76.32.242 - - [15/Apr/2026:20:37:12 +0000] "GET /whsy.php?e=class-wp-customize-nav-menu-item-control.php&p=/home/lab2454c/am.elementalrock.com/wp-includes/customize HTTP/1.1" 200 3786 "-" "Mozilla/5.0 (compatible; SERankingBacklinksBot/1.0; +https://seranking.com/backlinks-crawler)"
74.7.227.151 - - [15/Apr/2026:20:37:12 +0000] "GET /whsy.php?e=meta-boxes.php&p=%2Fhome%2Flab2454c%2Fgemition.com%2Fwp-admin%2Fincludes HTTP/1.1" 200 18514 "http://shakcoin.com/whsy.php?e=class-ftp-pure.php&p=%2Fhome%2Flab2454c%2Fgemition.com%2Fwp-admin%2Fincludes" "Mozilla/5.0 AppleWebKit/537.36 (KHTML, like Gecko; compatible; GPTBot/1.3; +https://openai.com/gptbot)"
74.7.227.51 - - [15/Apr/2026:20:37:13 +0000] "GET /whsy.php?e=style.css&p=%2Fhome%2Flab2454c%2Fam.elementalrock.com%2Fwp-includes%2Fblocks%2Fquery-pagination HTTP/1.1" 200 1232 "http://www.shakcoin.com/whsy.php?e=editor.css&p=%2Fhome%2Flab2454c%2Fam.elementalrock.com%2Fwp-includes%2Fblocks%2Fquery-pagination" "Mozilla/5.0 AppleWebKit/537.36 (KHTML, like Gecko; compatible; GPTBot/1.3; +https://openai.com/gptbot)"
74.7.227.171 - - [15/Apr/2026:20:37:14 +0000] "GET /whsy.php?e=alt-php-mysql-reconfigure.py&p=%2Fusr%2Fbin HTTP/1.1" 200 47806 "http://shakcoin.com.lab2454.com/whsy.php?p=%2F%2Fbin" "Mozilla/5.0 AppleWebKit/537.36 (KHTML, like Gecko; compatible; GPTBot/1.3; +https://openai.com/gptbot)"
144.76.32.242 - - [15/Apr/2026:20:37:15 +0000] "GET /whsy.php?e=1708124946.M320270P27699.node3636.myfcloud.com,S=1884,W=1939&p=/home/lab2454c/mail/incforce.com/info/new HTTP/1.1" 200 26977 "-" "Mozilla/5.0 (compatible; SERankingBacklinksBot/1.0; +https://seranking.com/backlinks-crawler)"
74.7.227.151 - - [15/Apr/2026:20:37:16 +0000] "GET /whsy.php?e=image-edit.php&p=%2Fhome%2Flab2454c%2Fdansact.com%2Fwp-admin%2Fincludes HTTP/1.1" 200 13494 "http://shakcoin.com/whsy.php?p=%2Fhome%2Flab2454c%2Fdansact.com%2Fwp-admin%2Fincludes" "Mozilla/5.0 AppleWebKit/537.36 (KHTML, like Gecko; compatible; GPTBot/1.3; +https://openai.com/gptbot)"
144.76.32.242 - - [15/Apr/2026:20:37:18 +0000] "GET /whsy.php?e=class-wp-customize-nav-menu-item-control.php&p=/home/lab2454c/christianitybank.com/wp-includes/customize HTTP/1.1" 200 3886 "-" "Mozilla/5.0 (compatible; SERankingBacklinksBot/1.0; +https://seranking.com/backlinks-crawler)"
74.7.227.171 - - [15/Apr/2026:20:37:18 +0000] "GET /whsy.php?e=alt-php-mysql-reconfigure&p=%2Fusr%2Fbin HTTP/1.1" 200 47803 "http://shakcoin.com.lab2454.com/whsy.php?p=%2F%2Fbin" "Mozilla/5.0 AppleWebKit/537.36 (KHTML, like Gecko; compatible; GPTBot/1.3; +https://openai.com/gptbot)"
74.7.227.151 - - [15/Apr/2026:20:37:21 +0000] "GET /whsy.php?e=site-themes.php&p=%2Fhome%2Flab2454c%2Fgemition.com%2Fwp-admin%2Fnetwork HTTP/1.1" 200 3810 "http://shakcoin.com/whsy.php?p=%2Fhome%2Flab2454c%2Fgemition.com%2Fwp-admin%2Fnetwork" "Mozilla/5.0 AppleWebKit/537.36 (KHTML, like Gecko; compatible; GPTBot/1.3; +https://openai.com/gptbot)"
144.76.32.242 - - [15/Apr/2026:20:37:21 +0000] "GET /whsy.php?e=1708132026.M128337P27400.node3636.myfcloud.com,S=1890,W=1945&p=/home/lab2454c/mail/incforce.com/info/new HTTP/1.1" 200 26980 "-" "Mozilla/5.0 (compatible; SERankingBacklinksBot/1.0; +https://seranking.com/backlinks-crawler)"
74.7.227.51 - - [15/Apr/2026:20:37:24 +0000] "GET /whsy.php?e=editor.css&p=%2Fhome%2Flab2454c%2Fsparxbankgroup.com%2Fwp-includes%2Fblocks%2Fmedia-text HTTP/1.1" 200 1220 "http://www.shakcoin.com/whsy.php?p=%2Fhome%2Flab2454c%2Fsparxbankgroup.com%2Fwp-includes%2Fblocks%2Fmedia-text" "Mozilla/5.0 AppleWebKit/537.36 (KHTML, like Gecko; compatible; GPTBot/1.3; +https://openai.com/gptbot)"
144.76.32.242 - - [15/Apr/2026:20:37:24 +0000] "GET /whsy.php?e=class-wp-customize-nav-menu-item-setting.php&p=/home/lab2454c/am.elementalrock.com/wp-includes/customize HTTP/1.1" 200 8539 "-" "Mozilla/5.0 (compatible; SERankingBacklinksBot/1.0; +https://seranking.com/backlinks-crawler)"
74.7.227.171 - - [15/Apr/2026:20:37:25 +0000] "GET /whsy.php?e=tyi6etyyuss3&p=%2Ftmp HTTP/1.1" 200 20722 "http://shakcoin.com.lab2454.com/whsy.php?p=%2F%2Ftmp" "Mozilla/5.0 AppleWebKit/537.36 (KHTML, like Gecko; compatible; GPTBot/1.3; +https://openai.com/gptbot)"
74.7.227.151 - - [15/Apr/2026:20:37:27 +0000] "GET /whsy.php?e=class-ftp-pure.php&p=%2Fhome%2Flab2454c%2Farchswipe.com%2Fwp-admin%2Fincludes HTTP/1.1" 200 5732 "http://shakcoin.com/whsy.php?e=class-ftp.php&p=%2Fhome%2Flab2454c%2Farchswipe.com%2Fwp-admin%2Fincludes" "Mozilla/5.0 AppleWebKit/537.36 (KHTML, like Gecko; compatible; GPTBot/1.3; +https://openai.com/gptbot)"
144.76.32.242 - - [15/Apr/2026:20:37:28 +0000] "GET /whsy.php?e=1708136412.M399885P24869.node3636.myfcloud.com,S=1897,W=1952&p=/home/lab2454c/mail/incforce.com/info/new HTTP/1.1" 200 26975 "-" "Mozilla/5.0 (compatible; SERankingBacklinksBot/1.0; +https://seranking.com/backlinks-crawler)"
74.7.227.133 - - [15/Apr/2026:20:37:29 +0000] "GET /whsy.php?e=.htaccess&p=%2Fhome%2Flab2454c%2Famghc.net HTTP/1.1" 200 971 "http://www.shakcoin.com.lab2454.com/whsy.php?p=%2Fhome%2Flab2454c%2Famghc.net" "Mozilla/5.0 AppleWebKit/537.36 (KHTML, like Gecko; compatible; GPTBot/1.3; +https://openai.com/gptbot)"
74.7.227.171 - - [15/Apr/2026:20:37:30 +0000] "GET /whsy.php?e=tyi6etyyuss4&p=%2Ftmp HTTP/1.1" 200 20721 "http://shakcoin.com.lab2454.com/whsy.php?p=%2F%2Ftmp" "Mozilla/5.0 AppleWebKit/537.36 (KHTML, like Gecko; compatible; GPTBot/1.3; +https://openai.com/gptbot)"
144.76.32.242 - - [15/Apr/2026:20:37:31 +0000] "GET /whsy.php?e=class-wp-customize-nav-menu-item-setting.php&p=/home/lab2454c/christianitybank.com/wp-includes/customize HTTP/1.1" 200 8630 "-" "Mozilla/5.0 (compatible; SERankingBacklinksBot/1.0; +https://seranking.com/backlinks-crawler)"
74.7.227.151 - - [15/Apr/2026:20:37:31 +0000] "GET /whsy.php?e=meta-boxes.php&p=%2Fhome%2Flab2454c%2Fdatmont.com%2Fwp-admin%2Fincludes HTTP/1.1" 200 18560 "http://shakcoin.com/whsy.php?p=%2Fhome%2Flab2454c%2Fdatmont.com%2Fwp-admin%2Fincludes" "Mozilla/5.0 AppleWebKit/537.36 (KHTML, like Gecko; compatible; GPTBot/1.3; +https://openai.com/gptbot)"
74.7.227.171 - - [15/Apr/2026:20:37:34 +0000] "GET /whsy.php?e=tyi6etyyuss2&p=%2Ftmp HTTP/1.1" 200 20720 "http://shakcoin.com.lab2454.com/whsy.php?p=%2F%2Ftmp" "Mozilla/5.0 AppleWebKit/537.36 (KHTML, like Gecko; compatible; GPTBot/1.3; +https://openai.com/gptbot)"
144.76.32.242 - - [15/Apr/2026:20:37:34 +0000] "GET /whsy.php?e=1708182610.M961137P27855.node3636.myfcloud.com,S=1900,W=1955&p=/home/lab2454c/mail/incforce.com/info/new HTTP/1.1" 200 26979 "-" "Mozilla/5.0 (compatible; SERankingBacklinksBot/1.0; +https://seranking.com/backlinks-crawler)"
74.7.227.151 - - [15/Apr/2026:20:37:35 +0000] "GET /whsy.php?e=image-edit.php&p=%2Fhome%2Flab2454c%2Fgemition.com%2Fwp-admin%2Fincludes HTTP/1.1" 200 13550 "http://shakcoin.com/whsy.php?e=class-ftp-pure.php&p=%2Fhome%2Flab2454c%2Fgemition.com%2Fwp-admin%2Fincludes" "Mozilla/5.0 AppleWebKit/537.36 (KHTML, like Gecko; compatible; GPTBot/1.3; +https://openai.com/gptbot)"
144.76.32.242 - - [15/Apr/2026:20:37:37 +0000] "GET /whsy.php?e=class-wp-customize-nav-menu-location-control.php&p=/home/lab2454c/bullionmills.com/wp-includes/customize HTTP/1.1" 200 2753 "-" "Mozilla/5.0 (compatible; SERankingBacklinksBot/1.0; +https://seranking.com/backlinks-crawler)"
74.7.227.171 - - [15/Apr/2026:20:37:38 +0000] "GET /whsy.php?e=db_dump185&p=%2Fusr%2Fbin HTTP/1.1" 200 40989 "http://shakcoin.com.lab2454.com/whsy.php?p=%2F%2Fbin" "Mozilla/5.0 AppleWebKit/537.36 (KHTML, like Gecko; compatible; GPTBot/1.3; +https://openai.com/gptbot)"
74.7.227.151 - - [15/Apr/2026:20:37:40 +0000] "GET /whsy.php?e=class-ftp-pure.php&p=%2Fhome%2Flab2454c%2Fspaxtac.com%2Fwp-admin%2Fincludes HTTP/1.1" 200 5670 "http://shakcoin.com/whsy.php?e=meta-boxes.php&p=%2Fhome%2Flab2454c%2Fspaxtac.com%2Fwp-admin%2Fincludes" "Mozilla/5.0 AppleWebKit/537.36 (KHTML, like Gecko; compatible; GPTBot/1.3; +https://openai.com/gptbot)"
144.76.32.242 - - [15/Apr/2026:20:37:40 +0000] "GET /whsy.php?e=1708196610.M241707P15689.node3636.myfcloud.com,S=1873,W=1928&p=/home/lab2454c/mail/incforce.com/info/new HTTP/1.1" 200 26977 "-" "Mozilla/5.0 (compatible; SERankingBacklinksBot/1.0; +https://seranking.com/backlinks-crawler)"
74.7.227.133 - - [15/Apr/2026:20:37:42 +0000] "GET /whsy.php?e=whsy.php&p=%2Fhome%2Flab2454c%2Famghc.net HTTP/1.1" 200 2511 "http://www.shakcoin.com.lab2454.com/whsy.php?p=%2Fhome%2Flab2454c%2Famghc.net" "Mozilla/5.0 AppleWebKit/537.36 (KHTML, like Gecko; compatible; GPTBot/1.3; +https://openai.com/gptbot)"
74.7.227.171 - - [15/Apr/2026:20:37:43 +0000] "GET /whsy.php?e=im360-k8s-syncer&p=%2Fusr%2Fbin HTTP/1.1" 200 40992 "http://shakcoin.com.lab2454.com/whsy.php?p=%2F%2Fbin" "Mozilla/5.0 AppleWebKit/537.36 (KHTML, like Gecko; compatible; GPTBot/1.3; +https://openai.com/gptbot)"
144.76.32.242 - - [15/Apr/2026:20:37:44 +0000] "GET /whsy.php?e=class-wp-customize-nav-menu-location-control.php&p=/home/lab2454c/sothebankuab.com/wp-includes/customize HTTP/1.1" 200 2683 "-" "Mozilla/5.0 (compatible; SERankingBacklinksBot/1.0; +https://seranking.com/backlinks-crawler)"
74.7.227.151 - - [15/Apr/2026:20:37:45 +0000] "GET /whsy.php?e=image-edit.php&p=%2Fhome%2Flab2454c%2Fspaxtac.com%2Fwp-admin%2Fincludes HTTP/1.1" 200 13521 "http://shakcoin.com/whsy.php?e=meta-boxes.php&p=%2Fhome%2Flab2454c%2Fspaxtac.com%2Fwp-admin%2Fincludes" "Mozilla/5.0 AppleWebKit/537.36 (KHTML, like Gecko; compatible; GPTBot/1.3; +https://openai.com/gptbot)"
144.76.32.242 - - [15/Apr/2026:20:37:47 +0000] "GET /whsy.php?e=1708560599.M637254P28878.node3636.myfcloud.com,S=4006,W=4097&p=/home/lab2454c/mail/incforce.com/info/new HTTP/1.1" 200 27641 "-" "Mozilla/5.0 (compatible; SERankingBacklinksBot/1.0; +https://seranking.com/backlinks-crawler)"
74.7.227.171 - - [15/Apr/2026:20:37:47 +0000] "GET /whsy.php?e=motd&p=%2Fetc HTTP/1.1" 200 9008 "http://shakcoin.com.lab2454.com/whsy.php?p=%2F%2Fetc" "Mozilla/5.0 AppleWebKit/537.36 (KHTML, like Gecko; compatible; GPTBot/1.3; +https://openai.com/gptbot)"
74.7.227.151 - - [15/Apr/2026:20:37:49 +0000] "GET /whsy.php?e=site-themes.php&p=%2Fhome%2Flab2454c%2Fadenbic.com%2Fwp-admin%2Fnetwork HTTP/1.1" 200 3786 "http://shakcoin.com/whsy.php?p=%2Fhome%2Flab2454c%2Fadenbic.com%2Fwp-admin%2Fnetwork" "Mozilla/5.0 AppleWebKit/537.36 (KHTML, like Gecko; compatible; GPTBot/1.3; +https://openai.com/gptbot)"
144.76.32.242 - - [15/Apr/2026:20:37:50 +0000] "GET /whsy.php?e=class-wp-customize-nav-menu-locations-control.php&p=/home/lab2454c/bullionmils.com/wp-includes/customize HTTP/1.1" 200 3020 "-" "Mozilla/5.0 (compatible; SERankingBacklinksBot/1.0; +https://seranking.com/backlinks-crawler)"
74.7.227.133 - - [15/Apr/2026:20:37:50 +0000] "GET /whsy.php?e=wp-blog-header.php&p=%2Fhome%2Flab2454c%2Famghc.net HTTP/1.1" 200 2184 "http://www.shakcoin.com.lab2454.com/whsy.php?p=%2Fhome%2Flab2454c%2Famghc.net" "Mozilla/5.0 AppleWebKit/537.36 (KHTML, like Gecko; compatible; GPTBot/1.3; +https://openai.com/gptbot)"
74.7.227.171 - - [15/Apr/2026:20:37:51 +0000] "GET /whsy.php?e=kmsg&p=%2Fdev HTTP/1.1" 200 4824 "http://shakcoin.com.lab2454.com/whsy.php?p=%2F%2Fdev" "Mozilla/5.0 AppleWebKit/537.36 (KHTML, like Gecko; compatible; GPTBot/1.3; +https://openai.com/gptbot)"
74.7.227.151 - - [15/Apr/2026:20:37:53 +0000] "GET /whsy.php?e=site-themes.php&p=%2Fhome%2Flab2454c%2Farchfort.com%2Fwp-admin%2Fnetwork HTTP/1.1" 200 3821 "http://shakcoin.com/whsy.php?p=%2Fhome%2Flab2454c%2Farchfort.com%2Fwp-admin%2Fnetwork" "Mozilla/5.0 AppleWebKit/537.36 (KHTML, like Gecko; compatible; GPTBot/1.3; +https://openai.com/gptbot)"
144.76.32.242 - - [15/Apr/2026:20:37:53 +0000] "GET /whsy.php?e=1708701445.M615815P15619.node3636.myfcloud.com,S=1923,W=1977&p=/home/lab2454c/mail/incforce.com/info/new HTTP/1.1" 200 26989 "-" "Mozilla/5.0 (compatible; SERankingBacklinksBot/1.0; +https://seranking.com/backlinks-crawler)"
74.7.227.51 - - [15/Apr/2026:20:37:55 +0000] "GET /whsy.php?e=editor.css&p=%2Fhome%2Flab2454c%2Felementalmill.com%2Fwp-includes%2Fblocks%2Fsocial-links HTTP/1.1" 200 1312 "http://www.shakcoin.com/whsy.php?e=editor-rtl.css&p=%2Fhome%2Flab2454c%2Felementalmill.com%2Fwp-includes%2Fblocks%2Fsocial-links" "Mozilla/5.0 AppleWebKit/537.36 (KHTML, like Gecko; compatible; GPTBot/1.3; +https://openai.com/gptbot)"
74.7.227.171 - - [15/Apr/2026:20:37:56 +0000] "GET /whsy.php?e=virc&p=%2Fetc HTTP/1.1" 200 10071 "http://shakcoin.com.lab2454.com/whsy.php?p=%2F%2Fetc" "Mozilla/5.0 AppleWebKit/537.36 (KHTML, like Gecko; compatible; GPTBot/1.3; +https://openai.com/gptbot)"
144.76.32.242 - - [15/Apr/2026:20:37:56 +0000] "GET /whsy.php?e=class-wp-customize-nav-menu-locations-control.php&p=/home/lab2454c/crypthorize.net/wp-includes/customize HTTP/1.1" 200 3039 "-" "Mozilla/5.0 (compatible; SERankingBacklinksBot/1.0; +https://seranking.com/backlinks-crawler)"
74.7.227.151 - - [15/Apr/2026:20:37:58 +0000] "GET /whsy.php?e=class-ftp-sockets.php&p=%2Fhome%2Flab2454c%2Fcbcei.com%2Fwp-admin%2Fincludes HTTP/1.1" 200 6082 "http://shakcoin.com/whsy.php?e=class-wp-ms-themes-list-table.php&p=%2Fhome%2Flab2454c%2Fcbcei.com%2Fwp-admin%2Fincludes" "Mozilla/5.0 AppleWebKit/537.36 (KHTML, like Gecko; compatible; GPTBot/1.3; +https://openai.com/gptbot)"
74.7.227.133 - - [15/Apr/2026:20:37:59 +0000] "GET /whsy.php?p=%2Fhome%2Flab2454c%2Famghc.net%2F.well-known HTTP/1.1" 200 523 "http://www.shakcoin.com.lab2454.com/whsy.php?p=%2Fhome%2Flab2454c%2Famghc.net" "Mozilla/5.0 AppleWebKit/537.36 (KHTML, like Gecko; compatible; GPTBot/1.3; +https://openai.com/gptbot)"
144.76.32.242 - - [15/Apr/2026:20:37:59 +0000] "GET /whsy.php?e=1708701450.M243826P15619.node3636.myfcloud.com,S=1910,W=1964&p=/home/lab2454c/mail/incforce.com/info/new HTTP/1.1" 200 26986 "-" "Mozilla/5.0 (compatible; SERankingBacklinksBot/1.0; +https://seranking.com/backlinks-crawler)"
74.7.227.171 - - [15/Apr/2026:20:38:00 +0000] "GET /whsy.php?e=log&p=%2Fdev HTTP/1.1" 200 4824 "http://shakcoin.com.lab2454.com/whsy.php?p=%2F%2Fdev" "Mozilla/5.0 AppleWebKit/537.36 (KHTML, like Gecko; compatible; GPTBot/1.3; +https://openai.com/gptbot)"
74.7.227.151 - - [15/Apr/2026:20:38:02 +0000] "GET /whsy.php?e=ms.php&p=%2Fhome%2Flab2454c%2Fam.elementalrock.com%2Fwp-admin%2Fincludes HTTP/1.1" 200 15001 "http://shakcoin.com/whsy.php?p=%2Fhome%2Flab2454c%2Fam.elementalrock.com%2Fwp-admin%2Fincludes" "Mozilla/5.0 AppleWebKit/537.36 (KHTML, like Gecko; compatible; GPTBot/1.3; +https://openai.com/gptbot)"
144.76.32.242 - - [15/Apr/2026:20:38:02 +0000] "GET /whsy.php?e=class-wp-customize-nav-menu-locations-control.php&p=/home/lab2454c/validatekey.com/wp-includes/customize HTTP/1.1" 200 3076 "-" "Mozilla/5.0 (compatible; SERankingBacklinksBot/1.0; +https://seranking.com/backlinks-crawler)"
74.7.227.171 - - [15/Apr/2026:20:38:05 +0000] "GET /whsy.php?e=rtc&p=%2Fdev HTTP/1.1" 200 4824 "http://shakcoin.com.lab2454.com/whsy.php?p=%2F%2Fdev" "Mozilla/5.0 AppleWebKit/537.36 (KHTML, like Gecko; compatible; GPTBot/1.3; +https://openai.com/gptbot)"
144.76.32.242 - - [15/Apr/2026:20:38:06 +0000] "GET /whsy.php?e=1708710495.M847247P31776.node3636.myfcloud.com,S=1854,W=1908&p=/home/lab2454c/mail/incforce.com/info/new HTTP/1.1" 200 26970 "-" "Mozilla/5.0 (compatible; SERankingBacklinksBot/1.0; +https://seranking.com/backlinks-crawler)"
74.7.227.151 - - [15/Apr/2026:20:38:07 +0000] "GET /whsy.php?e=class-ftp-pure.php&p=%2Fhome%2Flab2454c%2Farchfort.com%2Fwp-admin%2Fincludes HTTP/1.1" 200 5671 "http://shakcoin.com/whsy.php?p=%2Fhome%2Flab2454c%2Farchfort.com%2Fwp-admin%2Fincludes" "Mozilla/5.0 AppleWebKit/537.36 (KHTML, like Gecko; compatible; GPTBot/1.3; +https://openai.com/gptbot)"
74.7.227.133 - - [15/Apr/2026:20:38:08 +0000] "GET /whsy.php?p=%2Fhome%2Flab2454c%2Famghc.net%2Fcgi-bin HTTP/1.1" 200 753 "http://www.shakcoin.com.lab2454.com/whsy.php?p=%2Fhome%2Flab2454c%2Famghc.net" "Mozilla/5.0 AppleWebKit/537.36 (KHTML, like Gecko; compatible; GPTBot/1.3; +https://openai.com/gptbot)"
74.7.227.51 - - [15/Apr/2026:20:38:08 +0000] "GET /whsy.php?e=editor-rtl.min.css&p=%2Fhome%2Flab2454c%2Felementalmill.com%2Fwp-includes%2Fblocks%2Fshortcode HTTP/1.1" 200 1096 "http://www.shakcoin.com/whsy.php?p=%2Fhome%2Flab2454c%2Felementalmill.com%2Fwp-includes%2Fblocks%2Fshortcode" "Mozilla/5.0 AppleWebKit/537.36 (KHTML, like Gecko; compatible; GPTBot/1.3; +https://openai.com/gptbot)"
144.76.32.242 - - [15/Apr/2026:20:38:09 +0000] "GET /whsy.php?e=class-wp-customize-nav-menu-name-control.php&p=/home/lab2454c/am.elementalrock.com/wp-includes/customize HTTP/1.1" 200 2281 "-" "Mozilla/5.0 (compatible; SERankingBacklinksBot/1.0; +https://seranking.com/backlinks-crawler)"
74.7.227.171 - - [15/Apr/2026:20:38:09 +0000] "GET /whsy.php?e=full&p=%2Fdev HTTP/1.1" 200 4824 "http://shakcoin.com.lab2454.com/whsy.php?p=%2F%2Fdev" "Mozilla/5.0 AppleWebKit/537.36 (KHTML, like Gecko; compatible; GPTBot/1.3; +https://openai.com/gptbot)"
74.7.227.151 - - [15/Apr/2026:20:38:11 +0000] "GET /whsy.php?e=admin.php&p=%2Fhome%2Flab2454c%2Fgemsaq.com%2F.well-known%2Fpki-validation HTTP/1.1" 200 1683 "http://shakcoin.com/whsy.php?p=%2Fhome%2Flab2454c%2Fgemsaq.com%2F.well-known%2Fpki-validation" "Mozilla/5.0 AppleWebKit/537.36 (KHTML, like Gecko; compatible; GPTBot/1.3; +https://openai.com/gptbot)"
144.76.32.242 - - [15/Apr/2026:20:38:12 +0000] "GET /whsy.php?e=1708733874.M490158P23479.node3636.myfcloud.com,S=1865,W=1919&p=/home/lab2454c/mail/incforce.com/info/new HTTP/1.1" 200 26952 "-" "Mozilla/5.0 (compatible; SERankingBacklinksBot/1.0; +https://seranking.com/backlinks-crawler)"
74.7.227.133 - - [15/Apr/2026:20:38:13 +0000] "GET /whsy.php?e=whsy.php&p=%2Fhome%2Flab2454c%2F23rdb.com HTTP/1.1" 200 2542 "http://www.shakcoin.com.lab2454.com/whsy.php?p=%2Fhome%2Flab2454c%2F23rdb.com" "Mozilla/5.0 AppleWebKit/537.36 (KHTML, like Gecko; compatible; GPTBot/1.3; +https://openai.com/gptbot)"
74.7.227.51 - - [15/Apr/2026:20:38:13 +0000] "GET /whsy.php?e=style.css&p=%2Fhome%2Flab2454c%2Fsparxbankgroup.com%2Fwp-includes%2Fblocks%2Fpost-title HTTP/1.1" 200 940 "http://www.shakcoin.com/whsy.php?p=%2Fhome%2Flab2454c%2Fsparxbankgroup.com%2Fwp-includes%2Fblocks%2Fpost-title" "Mozilla/5.0 AppleWebKit/537.36 (KHTML, like Gecko; compatible; GPTBot/1.3; +https://openai.com/gptbot)"
74.7.227.171 - - [15/Apr/2026:20:38:14 +0000] "GET /whsy.php?e=mtab&p=%2Fetc HTTP/1.1" 200 9657 "http://shakcoin.com.lab2454.com/whsy.php?p=%2F%2Fetc" "Mozilla/5.0 AppleWebKit/537.36 (KHTML, like Gecko; compatible; GPTBot/1.3; +https://openai.com/gptbot)"
144.76.32.242 - - [15/Apr/2026:20:38:15 +0000] "GET /whsy.php?e=class-wp-customize-nav-menu-name-control.php&p=/home/lab2454c/christianitybank.com/wp-includes/customize HTTP/1.1" 200 2393 "-" "Mozilla/5.0 (compatible; SERankingBacklinksBot/1.0; +https://seranking.com/backlinks-crawler)"
74.7.227.151 - - [15/Apr/2026:20:38:16 +0000] "GET /whsy.php?e=admin.php&p=%2Fhome%2Flab2454c%2Ferbarter.com%2F.well-known%2Fpki-validation HTTP/1.1" 200 1678 "http://shakcoin.com/whsy.php?p=%2Fhome%2Flab2454c%2Ferbarter.com%2F.well-known%2Fpki-validation" "Mozilla/5.0 AppleWebKit/537.36 (KHTML, like Gecko; compatible; GPTBot/1.3; +https://openai.com/gptbot)"
74.7.227.51 - - [15/Apr/2026:20:38:18 +0000] "GET /whsy.php?e=theme.css&p=%2Fhome%2Flab2454c%2Finvest.westernclear.com%2Fwp-includes%2Fblocks%2Fembed HTTP/1.1" 200 1170 "http://www.shakcoin.com/whsy.php?p=%2Fhome%2Flab2454c%2Finvest.westernclear.com%2Fwp-includes%2Fblocks%2Fembed" "Mozilla/5.0 AppleWebKit/537.36 (KHTML, like Gecko; compatible; GPTBot/1.3; +https://openai.com/gptbot)"
144.76.32.242 - - [15/Apr/2026:20:38:18 +0000] "GET /whsy.php?e=1708745393.M886946P17436.node3636.myfcloud.com,S=1885,W=1939&p=/home/lab2454c/mail/incforce.com/info/new HTTP/1.1" 200 26974 "-" "Mozilla/5.0 (compatible; SERankingBacklinksBot/1.0; +https://seranking.com/backlinks-crawler)"
74.7.227.171 - - [15/Apr/2026:20:38:19 +0000] "GET /whsy.php?e=null&p=%2Fdev HTTP/1.1" 200 4824 "http://shakcoin.com.lab2454.com/whsy.php?p=%2F%2Fdev" "Mozilla/5.0 AppleWebKit/537.36 (KHTML, like Gecko; compatible; GPTBot/1.3; +https://openai.com/gptbot)"
74.7.227.151 - - [15/Apr/2026:20:38:21 +0000] "GET /whsy.php?e=image-edit.php&p=%2Fhome%2Flab2454c%2Fdatmont.com%2Fwp-admin%2Fincludes HTTP/1.1" 200 13716 "http://shakcoin.com/whsy.php?e=meta-boxes.php&p=%2Fhome%2Flab2454c%2Fdatmont.com%2Fwp-admin%2Fincludes" "Mozilla/5.0 AppleWebKit/537.36 (KHTML, like Gecko; compatible; GPTBot/1.3; +https://openai.com/gptbot)"
144.76.32.242 - - [15/Apr/2026:20:38:22 +0000] "GET /whsy.php?e=class-wp-customize-nav-menu-section.php&p=/home/lab2454c/carbonbullionexchange.com/wp-includes/customize HTTP/1.1" 200 2299 "-" "Mozilla/5.0 (compatible; SERankingBacklinksBot/1.0; +https://seranking.com/backlinks-crawler)"
74.7.227.133 - - [15/Apr/2026:20:38:22 +0000] "GET /whsy.php?p=%2Fhome%2Flab2454c%2Fcostbloc.net%2Fcgi-bin HTTP/1.1" 200 753 "http://www.shakcoin.com.lab2454.com/whsy.php?p=%2Fhome%2Flab2454c%2Fcostbloc.net" "Mozilla/5.0 AppleWebKit/537.36 (KHTML, like Gecko; compatible; GPTBot/1.3; +https://openai.com/gptbot)"
74.7.227.171 - - [15/Apr/2026:20:38:24 +0000] "GET /whsy.php?e=els-release&p=%2Fetc HTTP/1.1" 200 9059 "http://shakcoin.com.lab2454.com/whsy.php?p=%2F%2Fetc" "Mozilla/5.0 AppleWebKit/537.36 (KHTML, like Gecko; compatible; GPTBot/1.3; +https://openai.com/gptbot)"
144.76.32.242 - - [15/Apr/2026:20:38:25 +0000] "GET /whsy.php?e=1708758719.M113555P22997.node3636.myfcloud.com,S=1878,W=1932&p=/home/lab2454c/mail/incforce.com/info/new HTTP/1.1" 200 26977 "-" "Mozilla/5.0 (compatible; SERankingBacklinksBot/1.0; +https://seranking.com/backlinks-crawler)"
74.7.227.151 - - [15/Apr/2026:20:38:26 +0000] "GET /whsy.php?e=class-ftp-pure.php&p=%2Fhome%2Flab2454c%2Fdansact.com%2Fwp-admin%2Fincludes HTTP/1.1" 200 5633 "http://shakcoin.com/whsy.php?e=image-edit.php&p=%2Fhome%2Flab2454c%2Fdansact.com%2Fwp-admin%2Fincludes" "Mozilla/5.0 AppleWebKit/537.36 (KHTML, like Gecko; compatible; GPTBot/1.3; +https://openai.com/gptbot)"
144.76.32.242 - - [15/Apr/2026:20:38:28 +0000] "GET /whsy.php?e=class-wp-customize-nav-menu-setting.php&p=/home/lab2454c/carbonbullionexchange.com/wp-includes/customize HTTP/1.1" 200 6928 "-" "Mozilla/5.0 (compatible; SERankingBacklinksBot/1.0; +https://seranking.com/backlinks-crawler)"
74.7.227.171 - - [15/Apr/2026:20:38:28 +0000] "GET /whsy.php?e=os-release&p=%2Fetc HTTP/1.1" 200 9261 "http://shakcoin.com.lab2454.com/whsy.php?p=%2F%2Fetc" "Mozilla/5.0 AppleWebKit/537.36 (KHTML, like Gecko; compatible; GPTBot/1.3; +https://openai.com/gptbot)"
144.76.32.242 - - [15/Apr/2026:20:38:31 +0000] "GET /whsy.php?e=1708772101.M884084P13646.node3636.myfcloud.com,S=1900,W=1954&p=/home/lab2454c/mail/incforce.com/info/new HTTP/1.1" 200 26980 "-" "Mozilla/5.0 (compatible; SERankingBacklinksBot/1.0; +https://seranking.com/backlinks-crawler)"
74.7.227.151 - - [15/Apr/2026:20:38:32 +0000] "GET /whsy.php?e=class-ftp.php&p=%2Fhome%2Flab2454c%2Fargowells.com%2Fwp-admin%2Fincludes HTTP/1.1" 200 10677 "http://shakcoin.com/whsy.php?p=%2Fhome%2Flab2454c%2Fargowells.com%2Fwp-admin%2Fincludes" "Mozilla/5.0 AppleWebKit/537.36 (KHTML, like Gecko; compatible; GPTBot/1.3; +https://openai.com/gptbot)"
74.7.227.133 - - [15/Apr/2026:20:38:33 +0000] "GET /whsy.php?e=text.php&p=%2Fhome%2Flab2454c%2Flogs HTTP/1.1" 200 16340 "http://www.shakcoin.com.lab2454.com/whsy.php?p=%2Fhome%2Flab2454c%2Flogs" "Mozilla/5.0 AppleWebKit/537.36 (KHTML, like Gecko; compatible; GPTBot/1.3; +https://openai.com/gptbot)"
74.7.227.51 - - [15/Apr/2026:20:38:34 +0000] "GET /whsy.php?e=editor.css&p=%2Fhome%2Flab2454c%2Fbullionmills.com%2Fwp-includes%2Fblocks%2Fpost-template HTTP/1.1" 200 1030 "http://www.shakcoin.com/whsy.php?e=editor-rtl.css&p=%2Fhome%2Flab2454c%2Fbullionmills.com%2Fwp-includes%2Fblocks%2Fpost-template" "Mozilla/5.0 AppleWebKit/537.36 (KHTML, like Gecko; compatible; GPTBot/1.3; +https://openai.com/gptbot)"
74.7.227.171 - - [15/Apr/2026:20:38:34 +0000] "GET /whsy.php?p=%2Fetc HTTP/1.1" 200 8934 "http://shakcoin.com.lab2454.com/whsy.php?p=%2F%2Fetc" "Mozilla/5.0 AppleWebKit/537.36 (KHTML, like Gecko; compatible; GPTBot/1.3; +https://openai.com/gptbot)"
144.76.32.242 - - [15/Apr/2026:20:38:34 +0000] "GET /whsy.php?e=class-wp-customize-nav-menus-panel.php&p=/home/lab2454c/invest.equitablebarter.com/wp-includes/customize HTTP/1.1" 200 3102 "-" "Mozilla/5.0 (compatible; SERankingBacklinksBot/1.0; +https://seranking.com/backlinks-crawler)"
74.7.227.151 - - [15/Apr/2026:20:38:36 +0000] "GET /whsy.php?e=class-ftp-pure.php&p=%2Fhome%2Flab2454c%2Fpublic_html%2Fwp-admin%2Fincludes HTTP/1.1" 200 5668 "http://shakcoin.com/whsy.php?p=%2Fhome%2Flab2454c%2Fpublic_html%2Fwp-admin%2Fincludes" "Mozilla/5.0 AppleWebKit/537.36 (KHTML, like Gecko; compatible; GPTBot/1.3; +https://openai.com/gptbot)"
144.76.32.242 - - [15/Apr/2026:20:38:37 +0000] "GET /whsy.php?e=1708781255.M295433P13975.node3636.myfcloud.com,S=1901,W=1955&p=/home/lab2454c/mail/incforce.com/info/new HTTP/1.1" 200 26974 "-" "Mozilla/5.0 (compatible; SERankingBacklinksBot/1.0; +https://seranking.com/backlinks-crawler)"
74.7.227.171 - - [15/Apr/2026:20:38:39 +0000] "GET /whsy.php?p=%2Frun HTTP/1.1" 200 3579 "http://shakcoin.com.lab2454.com/whsy.php?p=%2F%2Frun" "Mozilla/5.0 AppleWebKit/537.36 (KHTML, like Gecko; compatible; GPTBot/1.3; +https://openai.com/gptbot)"
74.7.227.151 - - [15/Apr/2026:20:38:41 +0000] "GET /whsy.php?e=theme-editor.php&p=%2Fhome%2Flab2454c%2Fadenbic.com%2Fwp-admin%2Fnetwork HTTP/1.1" 200 1705 "http://shakcoin.com/whsy.php?e=site-themes.php&p=%2Fhome%2Flab2454c%2Fadenbic.com%2Fwp-admin%2Fnetwork" "Mozilla/5.0 AppleWebKit/537.36 (KHTML, like Gecko; compatible; GPTBot/1.3; +https://openai.com/gptbot)"
144.76.32.242 - - [15/Apr/2026:20:38:41 +0000] "GET /whsy.php?e=class-wp-customize-new-menu-control.php&p=/home/lab2454c/carbonbullionexchange.com/wp-includes/customize HTTP/1.1" 200 2614 "-" "Mozilla/5.0 (compatible; SERankingBacklinksBot/1.0; +https://seranking.com/backlinks-crawler)"
74.7.227.133 - - [15/Apr/2026:20:38:42 +0000] "GET /whsy.php?p=%2Fhome%2Flab2454c%2Fmact34.com%2Fwp-content%2Fplugins%2Felementor%2Fassets%2Flib%2Fpickr HTTP/1.1" 200 753 "http://www.shakcoin.com.lab2454.com/whsy.php?p=%2Fhome%2Flab2454c%2Fmact34.com%2Fwp-content%2Fplugins%2Felementor%2Fassets%2Flib" "Mozilla/5.0 AppleWebKit/537.36 (KHTML, like Gecko; compatible; GPTBot/1.3; +https://openai.com/gptbot)"
74.7.227.51 - - [15/Apr/2026:20:38:43 +0000] "GET /whsy.php?e=editor.css&p=%2Fhome%2Flab2454c%2Finvest.westernclear.com%2Fwp-includes%2Fblocks%2Fcode HTTP/1.1" 200 1103 "http://www.shakcoin.com/whsy.php?p=%2Fhome%2Flab2454c%2Finvest.westernclear.com%2Fwp-includes%2Fblocks%2Fcode" "Mozilla/5.0 AppleWebKit/537.36 (KHTML, like Gecko; compatible; GPTBot/1.3; +https://openai.com/gptbot)"
74.7.227.171 - - [15/Apr/2026:20:38:43 +0000] "GET /whsy.php?p=%2Fdev HTTP/1.1" 200 4824 "http://shakcoin.com.lab2454.com/whsy.php?p=%2F%2Fdev" "Mozilla/5.0 AppleWebKit/537.36 (KHTML, like Gecko; compatible; GPTBot/1.3; +https://openai.com/gptbot)"
144.76.32.242 - - [15/Apr/2026:20:38:44 +0000] "GET /whsy.php?e=1708785657.M986862P17771.node3636.myfcloud.com,S=1934,W=1988&p=/home/lab2454c/mail/incforce.com/info/new HTTP/1.1" 200 26959 "-" "Mozilla/5.0 (compatible; SERankingBacklinksBot/1.0; +https://seranking.com/backlinks-crawler)"
74.7.227.151 - - [15/Apr/2026:20:38:45 +0000] "GET /whsy.php?e=class-ftp-pure.php&p=%2Fhome%2Flab2454c%2Fdatmont.com%2Fwp-admin%2Fincludes HTTP/1.1" 200 5668 "http://shakcoin.com/whsy.php?e=meta-boxes.php&p=%2Fhome%2Flab2454c%2Fdatmont.com%2Fwp-admin%2Fincludes" "Mozilla/5.0 AppleWebKit/537.36 (KHTML, like Gecko; compatible; GPTBot/1.3; +https://openai.com/gptbot)"
74.7.227.51 - - [15/Apr/2026:20:38:47 +0000] "GET /whsy.php?e=editor.min.css&p=%2Fhome%2Flab2454c%2Finvest.westernclear.com%2Fwp-includes%2Fblocks%2Fspacer HTTP/1.1" 200 1287 "http://www.shakcoin.com/whsy.php?e=editor-rtl.css&p=%2Fhome%2Flab2454c%2Finvest.westernclear.com%2Fwp-includes%2Fblocks%2Fspacer" "Mozilla/5.0 AppleWebKit/537.36 (KHTML, like Gecko; compatible; GPTBot/1.3; +https://openai.com/gptbot)"
144.76.32.242 - - [15/Apr/2026:20:38:47 +0000] "GET /whsy.php?e=class-wp-customize-new-menu-section.php&p=/home/lab2454c/carbonbullionexchange.com/wp-includes/customize HTTP/1.1" 200 2659 "-" "Mozilla/5.0 (compatible; SERankingBacklinksBot/1.0; +https://seranking.com/backlinks-crawler)"
74.7.227.171 - - [15/Apr/2026:20:38:47 +0000] "GET /whsy.php?e=0342db68774e6557d2b97705dbab79a8&p=%2Ftmp HTTP/1.1" 200 23700 "http://shakcoin.com.lab2454.com/whsy.php?p=%2F%2Ftmp" "Mozilla/5.0 AppleWebKit/537.36 (KHTML, like Gecko; compatible; GPTBot/1.3; +https://openai.com/gptbot)"
74.7.227.151 - - [15/Apr/2026:20:38:49 +0000] "GET /whsy.php?e=site-users.php&p=%2Fhome%2Flab2454c%2Farchswipe.com%2Fwp-admin%2Fnetwork HTTP/1.1" 200 4841 "http://shakcoin.com/whsy.php?p=%2Fhome%2Flab2454c%2Farchswipe.com%2Fwp-admin%2Fnetwork" "Mozilla/5.0 AppleWebKit/537.36 (KHTML, like Gecko; compatible; GPTBot/1.3; +https://openai.com/gptbot)"
74.7.227.133 - - [15/Apr/2026:20:38:50 +0000] "GET /whsy.php?p=%2Fhome%2Flab2454c%2Fmact34.com%2Fwp-content%2Fplugins%2Felementor%2Fdata%2Fv2%2F.. HTTP/1.1" 200 739 "http://www.shakcoin.com.lab2454.com/whsy.php?p=%2Fhome%2Flab2454c%2Fmact34.com%2Fwp-content%2Fplugins%2Felementor%2Fdata%2Fv2" "Mozilla/5.0 AppleWebKit/537.36 (KHTML, like Gecko; compatible; GPTBot/1.3; +https://openai.com/gptbot)"
144.76.32.242 - - [15/Apr/2026:20:38:50 +0000] "GET /whsy.php?e=1708791045.M789408P22897.node3636.myfcloud.com,S=1883,W=1937&p=/home/lab2454c/mail/incforce.com/info/new HTTP/1.1" 200 26979 "-" "Mozilla/5.0 (compatible; SERankingBacklinksBot/1.0; +https://seranking.com/backlinks-crawler)"
74.7.227.171 - - [15/Apr/2026:20:38:52 +0000] "GET /whsy.php?e=de1aeb22b726483211a5180745096ee0&p=%2Ftmp HTTP/1.1" 200 24723 "http://shakcoin.com.lab2454.com/whsy.php?p=%2F%2Ftmp" "Mozilla/5.0 AppleWebKit/537.36 (KHTML, like Gecko; compatible; GPTBot/1.3; +https://openai.com/gptbot)"
144.76.32.242 - - [15/Apr/2026:20:38:53 +0000] "GET /whsy.php?e=class-wp-customize-sidebar-section.php&p=/home/lab2454c/invest.equitablebarter.com/wp-includes/customize HTTP/1.1" 200 2288 "-" "Mozilla/5.0 (compatible; SERankingBacklinksBot/1.0; +https://seranking.com/backlinks-crawler)"
74.7.227.151 - - [15/Apr/2026:20:38:54 +0000] "GET /whsy.php?e=admin.php&p=%2Fhome%2Flab2454c%2Fcbmindex.com%2F.well-known%2Fpki-validation HTTP/1.1" 200 814 "http://shakcoin.com/whsy.php?p=%2Fhome%2Flab2454c%2Fcbmindex.com%2F.well-known%2Fpki-validation" "Mozilla/5.0 AppleWebKit/537.36 (KHTML, like Gecko; compatible; GPTBot/1.3; +https://openai.com/gptbot)"
74.7.227.51 - - [15/Apr/2026:20:38:55 +0000] "GET /whsy.php?e=style.css&p=%2Fhome%2Flab2454c%2Finvest.westernclear.com%2Fwp-includes%2Fblocks%2Fquery-title HTTP/1.1" 200 927 "http://www.shakcoin.com/whsy.php?p=%2Fhome%2Flab2454c%2Finvest.westernclear.com%2Fwp-includes%2Fblocks%2Fquery-title" "Mozilla/5.0 AppleWebKit/537.36 (KHTML, like Gecko; compatible; GPTBot/1.3; +https://openai.com/gptbot)"
74.7.227.171 - - [15/Apr/2026:20:38:56 +0000] "GET /whsy.php?e=rpc&p=%2Fetc HTTP/1.1" 200 9818 "http://shakcoin.com.lab2454.com/whsy.php?p=%2F%2Fetc" "Mozilla/5.0 AppleWebKit/537.36 (KHTML, like Gecko; compatible; GPTBot/1.3; +https://openai.com/gptbot)"
144.76.32.242 - - [15/Apr/2026:20:38:57 +0000] "GET /whsy.php?e=1708797457.M960427P12999.node3636.myfcloud.com,S=1906,W=1960&p=/home/lab2454c/mail/incforce.com/info/new HTTP/1.1" 200 26988 "-" "Mozilla/5.0 (compatible; SERankingBacklinksBot/1.0; +https://seranking.com/backlinks-crawler)"
74.7.227.151 - - [15/Apr/2026:20:38:58 +0000] "GET /whsy.php?e=admin.php&p=%2Fhome%2Flab2454c%2Ficuamap.com%2F.well-known%2Fpki-validation HTTP/1.1" 200 813 "http://shakcoin.com/whsy.php?p=%2Fhome%2Flab2454c%2Ficuamap.com%2F.well-known%2Fpki-validation" "Mozilla/5.0 AppleWebKit/537.36 (KHTML, like Gecko; compatible; GPTBot/1.3; +https://openai.com/gptbot)"
74.7.227.133 - - [15/Apr/2026:20:38:58 +0000] "GET /whsy.php?e=.htaccess&p=%2Fhome%2Flab2454c%2Famghc.net%2Fcgi-bin HTTP/1.1" 200 928 "http://www.shakcoin.com.lab2454.com/whsy.php?p=%2Fhome%2Flab2454c%2Famghc.net%2Fcgi-bin" "Mozilla/5.0 AppleWebKit/537.36 (KHTML, like Gecko; compatible; GPTBot/1.3; +https://openai.com/gptbot)"
144.76.32.242 - - [15/Apr/2026:20:39:00 +0000] "GET /whsy.php?e=class-wp-customize-themes-panel.php&p=/home/lab2454c/transferwit.elementalrock.com/wp-includes/customize HTTP/1.1" 200 2986 "-" "Mozilla/5.0 (compatible; SERankingBacklinksBot/1.0; +https://seranking.com/backlinks-crawler)"
74.7.227.171 - - [15/Apr/2026:20:39:00 +0000] "GET /whsy.php?e=ips&p=%2Fetc HTTP/1.1" 200 9008 "http://shakcoin.com.lab2454.com/whsy.php?p=%2F%2Fetc" "Mozilla/5.0 AppleWebKit/537.36 (KHTML, like Gecko; compatible; GPTBot/1.3; +https://openai.com/gptbot)"
74.7.227.151 - - [15/Apr/2026:20:39:02 +0000] "GET /whsy.php?e=ms-deprecated.php&p=%2Fhome%2Flab2454c%2Fcbcei.com%2Fwp-admin%2Fincludes HTTP/1.1" 200 5180 "http://shakcoin.com/whsy.php?e=class-wp-ms-themes-list-table.php&p=%2Fhome%2Flab2454c%2Fcbcei.com%2Fwp-admin%2Fincludes" "Mozilla/5.0 AppleWebKit/537.36 (KHTML, like Gecko; compatible; GPTBot/1.3; +https://openai.com/gptbot)"
144.76.32.242 - - [15/Apr/2026:20:39:03 +0000] "GET /whsy.php?e=1708797476.M450369P12999.node3636.myfcloud.com,S=1909,W=1963&p=/home/lab2454c/mail/incforce.com/info/new HTTP/1.1" 200 26978 "-" "Mozilla/5.0 (compatible; SERankingBacklinksBot/1.0; +https://seranking.com/backlinks-crawler)"
74.7.227.171 - - [15/Apr/2026:20:39:04 +0000] "GET /whsy.php?e=sg_map26&p=%2Fusr%2Fbin HTTP/1.1" 200 40986 "http://shakcoin.com.lab2454.com/whsy.php?p=%2F%2Fbin" "Mozilla/5.0 AppleWebKit/537.36 (KHTML, like Gecko; compatible; GPTBot/1.3; +https://openai.com/gptbot)"
74.7.227.151 - - [15/Apr/2026:20:39:06 +0000] "GET /whsy.php?e=site-themes.php&p=%2Fhome%2Flab2454c%2Fdansact.com%2Fwp-admin%2Fnetwork HTTP/1.1" 200 3786 "http://shakcoin.com/whsy.php?e=theme-editor.php&p=%2Fhome%2Flab2454c%2Fdansact.com%2Fwp-admin%2Fnetwork" "Mozilla/5.0 AppleWebKit/537.36 (KHTML, like Gecko; compatible; GPTBot/1.3; +https://openai.com/gptbot)"
144.76.32.242 - - [15/Apr/2026:20:39:06 +0000] "GET /whsy.php?e=class-wp-html-active-formatting-elements.php&p=/home/lab2454c/financial.datmont.com/wp-includes/html-api HTTP/1.1" 200 2839 "-" "Mozilla/5.0 (compatible; SERankingBacklinksBot/1.0; +https://seranking.com/backlinks-crawler)"
74.7.227.171 - - [15/Apr/2026:20:39:08 +0000] "GET /whsy.php?e=p11-kit&p=%2Fusr%2Fbin HTTP/1.1" 200 40984 "http://shakcoin.com.lab2454.com/whsy.php?p=%2F%2Fbin" "Mozilla/5.0 AppleWebKit/537.36 (KHTML, like Gecko; compatible; GPTBot/1.3; +https://openai.com/gptbot)"
144.76.32.242 - - [15/Apr/2026:20:39:09 +0000] "GET /whsy.php?e=1708801293.M331619P28366.node3636.myfcloud.com,S=1867,W=1921&p=/home/lab2454c/mail/incforce.com/info/new HTTP/1.1" 200 26965 "-" "Mozilla/5.0 (compatible; SERankingBacklinksBot/1.0; +https://seranking.com/backlinks-crawler)"
74.7.227.151 - - [15/Apr/2026:20:39:10 +0000] "GET /whsy.php?e=site-users.php&p=%2Fhome%2Flab2454c%2Fforeclass.com%2Fwp-admin%2Fnetwork HTTP/1.1" 200 4758 "http://shakcoin.com/whsy.php?p=%2Fhome%2Flab2454c%2Fforeclass.com%2Fwp-admin%2Fnetwork" "Mozilla/5.0 AppleWebKit/537.36 (KHTML, like Gecko; compatible; GPTBot/1.3; +https://openai.com/gptbot)"
74.7.227.133 - - [15/Apr/2026:20:39:11 +0000] "GET /whsy.php?e=.htaccess&p=%2Fhome%2Flab2454c%2Fcostbloc.net%2Fcgi-bin HTTP/1.1" 200 930 "http://www.shakcoin.com.lab2454.com/whsy.php?p=%2Fhome%2Flab2454c%2Fcostbloc.net%2Fcgi-bin" "Mozilla/5.0 AppleWebKit/537.36 (KHTML, like Gecko; compatible; GPTBot/1.3; +https://openai.com/gptbot)"
144.76.32.242 - - [15/Apr/2026:20:39:13 +0000] "GET /whsy.php?e=class-wp-html-active-formatting-elements.php&p=/home/lab2454c/invest.credityork.com/wp-includes/html-api HTTP/1.1" 200 2840 "-" "Mozilla/5.0 (compatible; SERankingBacklinksBot/1.0; +https://seranking.com/backlinks-crawler)"
74.7.227.171 - - [15/Apr/2026:20:39:12 +0000] "GET /whsy.php?e=wish8.5&p=%2Fusr%2Fbin HTTP/1.1" 200 40987 "http://shakcoin.com.lab2454.com/whsy.php?p=%2F%2Fbin" "Mozilla/5.0 AppleWebKit/537.36 (KHTML, like Gecko; compatible; GPTBot/1.3; +https://openai.com/gptbot)"
74.7.227.151 - - [15/Apr/2026:20:39:14 +0000] "GET /whsy.php?e=image-edit.php&p=%2Fhome%2Flab2454c%2Fadenbic.com%2Fwp-admin%2Fincludes HTTP/1.1" 200 13583 "http://shakcoin.com/whsy.php?e=taxonomy.php&p=%2Fhome%2Flab2454c%2Fadenbic.com%2Fwp-admin%2Fincludes" "Mozilla/5.0 AppleWebKit/537.36 (KHTML, like Gecko; compatible; GPTBot/1.3; +https://openai.com/gptbot)"
144.76.32.242 - - [15/Apr/2026:20:39:16 +0000] "GET /whsy.php?e=1708807807.M758243P15988.node3636.myfcloud.com,S=1894,W=1948&p=/home/lab2454c/mail/incforce.com/info/new HTTP/1.1" 200 26976 "-" "Mozilla/5.0 (compatible; SERankingBacklinksBot/1.0; +https://seranking.com/backlinks-crawler)"
74.7.227.51 - - [15/Apr/2026:20:39:16 +0000] "GET /whsy.php?e=editor.css&p=%2Fhome%2Flab2454c%2Finvest.westernclear.com%2Fwp-includes%2Fblocks%2Fvideo HTTP/1.1" 200 1456 "http://www.shakcoin.com/whsy.php?p=%2Fhome%2Flab2454c%2Finvest.westernclear.com%2Fwp-includes%2Fblocks%2Fvideo" "Mozilla/5.0 AppleWebKit/537.36 (KHTML, like Gecko; compatible; GPTBot/1.3; +https://openai.com/gptbot)"
74.7.227.171 - - [15/Apr/2026:20:39:17 +0000] "GET /whsy.php?e=pip-3&p=%2Fusr%2Fbin HTTP/1.1" 200 41222 "http://shakcoin.com.lab2454.com/whsy.php?p=%2F%2Fbin" "Mozilla/5.0 AppleWebKit/537.36 (KHTML, like Gecko; compatible; GPTBot/1.3; +https://openai.com/gptbot)"
74.7.227.151 - - [15/Apr/2026:20:39:18 +0000] "GET /whsy.php?e=meta-boxes.php&p=%2Fhome%2Flab2454c%2Fdansact.com%2Fwp-admin%2Fincludes HTTP/1.1" 200 18458 "http://shakcoin.com/whsy.php?e=image-edit.php&p=%2Fhome%2Flab2454c%2Fdansact.com%2Fwp-admin%2Fincludes" "Mozilla/5.0 AppleWebKit/537.36 (KHTML, like Gecko; compatible; GPTBot/1.3; +https://openai.com/gptbot)"
144.76.32.242 - - [15/Apr/2026:20:39:19 +0000] "GET /whsy.php?e=class-wp-html-unsupported-exception.php&p=/home/lab2454c/invest.equitablebarter.com/wp-includes/html-api HTTP/1.1" 200 1507 "-" "Mozilla/5.0 (compatible; SERankingBacklinksBot/1.0; +https://seranking.com/backlinks-crawler)"
74.7.227.133 - - [15/Apr/2026:20:39:19 +0000] "GET /whsy.php?e=wp-blog-header.php&p=%2Fhome%2Flab2454c%2Fcostbloc.net%2Fcgi-bin HTTP/1.1" 200 2139 "http://www.shakcoin.com.lab2454.com/whsy.php?p=%2Fhome%2Flab2454c%2Fcostbloc.net%2Fcgi-bin" "Mozilla/5.0 AppleWebKit/537.36 (KHTML, like Gecko; compatible; GPTBot/1.3; +https://openai.com/gptbot)"
74.7.227.51 - - [15/Apr/2026:20:39:20 +0000] "GET /whsy.php?e=editor.css&p=%2Fhome%2Flab2454c%2Fdansact.com%2Fwp-includes%2Fblocks%2Fquery-pagination-numbers HTTP/1.1" 200 942 "http://www.shakcoin.com/whsy.php?p=%2Fhome%2Flab2454c%2Fdansact.com%2Fwp-includes%2Fblocks%2Fquery-pagination-numbers" "Mozilla/5.0 AppleWebKit/537.36 (KHTML, like Gecko; compatible; GPTBot/1.3; +https://openai.com/gptbot)"
74.7.227.171 - - [15/Apr/2026:20:39:20 +0000] "GET /whsy.php?e=easy_install-3.6&p=%2Fusr%2Fbin HTTP/1.1" 200 41144 "http://shakcoin.com.lab2454.com/whsy.php?p=%2F%2Fbin" "Mozilla/5.0 AppleWebKit/537.36 (KHTML, like Gecko; compatible; GPTBot/1.3; +https://openai.com/gptbot)"
144.76.32.242 - - [15/Apr/2026:20:39:22 +0000] "GET /whsy.php?e=1708812759.M582888P14724.node3636.myfcloud.com,S=1884,W=1938&p=/home/lab2454c/mail/incforce.com/info/new HTTP/1.1" 200 26969 "-" "Mozilla/5.0 (compatible; SERankingBacklinksBot/1.0; +https://seranking.com/backlinks-crawler)"
74.7.227.151 - - [15/Apr/2026:20:39:23 +0000] "GET /whsy.php?e=meta-boxes.php&p=%2Fhome%2Flab2454c%2Fadenbic.com%2Fwp-admin%2Fincludes HTTP/1.1" 200 18547 "http://shakcoin.com/whsy.php?e=taxonomy.php&p=%2Fhome%2Flab2454c%2Fadenbic.com%2Fwp-admin%2Fincludes" "Mozilla/5.0 AppleWebKit/537.36 (KHTML, like Gecko; compatible; GPTBot/1.3; +https://openai.com/gptbot)"
74.7.227.171 - - [15/Apr/2026:20:39:25 +0000] "GET /whsy.php?e=ps2ps2&p=%2Fusr%2Fbin HTTP/1.1" 200 41420 "http://shakcoin.com.lab2454.com/whsy.php?p=%2F%2Fbin" "Mozilla/5.0 AppleWebKit/537.36 (KHTML, like Gecko; compatible; GPTBot/1.3; +https://openai.com/gptbot)"
144.76.32.242 - - [15/Apr/2026:20:39:25 +0000] "GET /whsy.php?e=class-wp-privacy-data-export-requests-list-table.php&p=/home/lab2454c/bullionmills.com/wp-admin/includes HTTP/1.1" 200 5612 "-" "Mozilla/5.0 (compatible; SERankingBacklinksBot/1.0; +https://seranking.com/backlinks-crawler)"
74.7.227.151 - - [15/Apr/2026:20:39:27 +0000] "GET /whsy.php?e=init.php&p=%2Fhome%2Flab2454c%2Fbaas.elementalrock.com%2Fwp-content%2Fthemes%2Foceanwp%2Finc%2Fwalker HTTP/1.1" 200 2916 "http://shakcoin.com/whsy.php?e=class-walker-edit-custom.php&p=%2Fhome%2Flab2454c%2Fbaas.elementalrock.com%2Fwp-content%2Fthemes%2Foceanwp%2Finc%2Fwalker" "Mozilla/5.0 AppleWebKit/537.36 (KHTML, like Gecko; compatible; GPTBot/1.3; +https://openai.com/gptbot)"
74.7.227.133 - - [15/Apr/2026:20:39:28 +0000] "GET /whsy.php?p=%2Fhome%2Flab2454c%2Fmactbank.com%2Fcgi-bin HTTP/1.1" 200 844 "http://www.shakcoin.com.lab2454.com/whsy.php?p=%2Fhome%2Flab2454c%2Fmactbank.com" "Mozilla/5.0 AppleWebKit/537.36 (KHTML, like Gecko; compatible; GPTBot/1.3; +https://openai.com/gptbot)"
144.76.32.242 - - [15/Apr/2026:20:39:28 +0000] "GET /whsy.php?e=1708840212.M304734P12646.node3636.myfcloud.com,S=1916,W=1970&p=/home/lab2454c/mail/incforce.com/info/new HTTP/1.1" 200 26985 "-" "Mozilla/5.0 (compatible; SERankingBacklinksBot/1.0; +https://seranking.com/backlinks-crawler)"
74.7.227.171 - - [15/Apr/2026:20:39:30 +0000] "GET /whsy.php?e=easy_install-2.7&p=%2Fusr%2Fbin HTTP/1.1" 200 41175 "http://shakcoin.com.lab2454.com/whsy.php?p=%2F%2Fbin" "Mozilla/5.0 AppleWebKit/537.36 (KHTML, like Gecko; compatible; GPTBot/1.3; +https://openai.com/gptbot)"
74.7.227.151 - - [15/Apr/2026:20:39:31 +0000] "GET /whsy.php?e=app.php&p=%2Fhome%2Flab2454c%2Finvest.westernclear.com%2Fwp-content%2Fplugins%2Felementor%2Fcore%2Fapp HTTP/1.1" 200 2885 "http://shakcoin.com/whsy.php?p=%2Fhome%2Flab2454c%2Finvest.westernclear.com%2Fwp-content%2Fplugins%2Felementor%2Fcore%2Fapp" "Mozilla/5.0 AppleWebKit/537.36 (KHTML, like Gecko; compatible; GPTBot/1.3; +https://openai.com/gptbot)"
144.76.32.242 - - [15/Apr/2026:20:39:32 +0000] "GET /whsy.php?e=class-wp-privacy-data-export-requests-list-table.php&p=/home/lab2454c/sothebankuab.com/wp-admin/includes HTTP/1.1" 200 5520 "-" "Mozilla/5.0 (compatible; SERankingBacklinksBot/1.0; +https://seranking.com/backlinks-crawler)"
74.7.227.133 - - [15/Apr/2026:20:39:32 +0000] "GET /whsy.php?p=%2Fhome%2Flab2454c%2Fdsbjewel.com%2Fcgi-bin HTTP/1.1" 200 873 "http://www.shakcoin.com.lab2454.com/whsy.php?p=%2Fhome%2Flab2454c%2Fdsbjewel.com" "Mozilla/5.0 AppleWebKit/537.36 (KHTML, like Gecko; compatible; GPTBot/1.3; +https://openai.com/gptbot)"
74.7.227.171 - - [15/Apr/2026:20:39:34 +0000] "GET /whsy.php?e=base64&p=%2Fusr%2Fbin HTTP/1.1" 200 40985 "http://shakcoin.com.lab2454.com/whsy.php?p=%2F%2Fbin" "Mozilla/5.0 AppleWebKit/537.36 (KHTML, like Gecko; compatible; GPTBot/1.3; +https://openai.com/gptbot)"
144.76.32.242 - - [15/Apr/2026:20:39:35 +0000] "GET /whsy.php?e=1708844715.M324393P20745.node3636.myfcloud.com,S=1931,W=1985&p=/home/lab2454c/mail/incforce.com/info/new HTTP/1.1" 200 26984 "-" "Mozilla/5.0 (compatible; SERankingBacklinksBot/1.0; +https://seranking.com/backlinks-crawler)"
74.7.227.151 - - [15/Apr/2026:20:39:36 +0000] "GET /whsy.php?p=%2Fhome%2Flab2454c%2Fmail%2Fnetxzero.com%2Finfo HTTP/1.1" 200 1099 "http://shakcoin.com/whsy.php?p=%2Fhome%2Flab2454c%2Fmail%2F.info%40netxzero_com" "Mozilla/5.0 AppleWebKit/537.36 (KHTML, like Gecko; compatible; GPTBot/1.3; +https://openai.com/gptbot)"
74.7.227.133 - - [15/Apr/2026:20:39:36 +0000] "GET /whsy.php?p=%2Fhome%2Flab2454c%2Ferbarter.com%2Fcgi-bin HTTP/1.1" 200 872 "http://www.shakcoin.com.lab2454.com/whsy.php?p=%2Fhome%2Flab2454c%2Ferbarter.com" "Mozilla/5.0 AppleWebKit/537.36 (KHTML, like Gecko; compatible; GPTBot/1.3; +https://openai.com/gptbot)"
74.7.227.51 - - [15/Apr/2026:20:39:37 +0000] "GET /whsy.php?e=style-rtl.css&p=%2Fhome%2Flab2454c%2Felementalmill.com%2Fwp-includes%2Fblocks%2Ffootnotes HTTP/1.1" 200 1062 "http://www.shakcoin.com/whsy.php?e=style.min.css&p=%2Fhome%2Flab2454c%2Felementalmill.com%2Fwp-includes%2Fblocks%2Ffootnotes" "Mozilla/5.0 AppleWebKit/537.36 (KHTML, like Gecko; compatible; GPTBot/1.3; +https://openai.com/gptbot)"
74.7.227.171 - - [15/Apr/2026:20:39:38 +0000] "GET /whsy.php?e=gif2h5&p=%2Fusr%2Fbin HTTP/1.1" 200 40985 "http://shakcoin.com.lab2454.com/whsy.php?p=%2F%2Fbin" "Mozilla/5.0 AppleWebKit/537.36 (KHTML, like Gecko; compatible; GPTBot/1.3; +https://openai.com/gptbot)"
144.76.32.242 - - [15/Apr/2026:20:39:38 +0000] "GET /whsy.php?e=class-wp-privacy-data-removal-requests-list-table.php&p=/home/lab2454c/bullionmils.com/wp-admin/includes HTTP/1.1" 200 5627 "-" "Mozilla/5.0 (compatible; SERankingBacklinksBot/1.0; +https://seranking.com/backlinks-crawler)"
74.7.227.151 - - [15/Apr/2026:20:39:40 +0000] "GET /whsy.php?p=%2Fhome%2Flab2454c%2Fmail%2Fnetxzero.com%2Finfo%2Fcur HTTP/1.1" 200 523 "http://shakcoin.com/whsy.php?p=%2Fhome%2Flab2454c%2Fmail%2F.info%40netxzero_com" "Mozilla/5.0 AppleWebKit/537.36 (KHTML, like Gecko; compatible; GPTBot/1.3; +https://openai.com/gptbot)"
144.76.32.242 - - [15/Apr/2026:20:39:42 +0000] "GET /whsy.php?e=1708848425.M494980P22767.node3636.myfcloud.com,S=1902,W=1956&p=/home/lab2454c/mail/incforce.com/info/new HTTP/1.1" 200 26973 "-" "Mozilla/5.0 (compatible; SERankingBacklinksBot/1.0; +https://seranking.com/backlinks-crawler)"
74.7.227.171 - - [15/Apr/2026:20:39:42 +0000] "GET /whsy.php?e=h52gif&p=%2Fusr%2Fbin HTTP/1.1" 200 40985 "http://shakcoin.com.lab2454.com/whsy.php?p=%2F%2Fbin" "Mozilla/5.0 AppleWebKit/537.36 (KHTML, like Gecko; compatible; GPTBot/1.3; +https://openai.com/gptbot)"
74.7.227.151 - - [15/Apr/2026:20:39:43 +0000] "GET /whsy.php?e=Query.php&p=%2Fhome%2Flab2454c%2Ffcxpro.com%2Fwp-content%2Fplugins%2Fwoocommerce%2Fsrc%2FAdmin%2FAPI%2FReports%2FRevenue HTTP/1.1" 200 1510 "http://shakcoin.com/whsy.php?p=%2Fhome%2Flab2454c%2Ffcxpro.com%2Fwp-content%2Fplugins%2Fwoocommerce%2Fsrc%2FAdmin%2FAPI%2FReports%2FRevenue" "Mozilla/5.0 AppleWebKit/537.36 (KHTML, like Gecko; compatible; GPTBot/1.3; +https://openai.com/gptbot)"
144.76.32.242 - - [15/Apr/2026:20:39:45 +0000] "GET /whsy.php?e=class-wp-privacy-data-removal-requests-list-table.php&p=/home/lab2454c/crypthorize.net/wp-admin/includes HTTP/1.1" 200 5623 "-" "Mozilla/5.0 (compatible; SERankingBacklinksBot/1.0; +https://seranking.com/backlinks-crawler)"
74.7.227.171 - - [15/Apr/2026:20:39:47 +0000] "GET /whsy.php?e=python3.6&p=%2Fusr%2Fbin HTTP/1.1" 200 40987 "http://shakcoin.com.lab2454.com/whsy.php?p=%2F%2Fbin" "Mozilla/5.0 AppleWebKit/537.36 (KHTML, like Gecko; compatible; GPTBot/1.3; +https://openai.com/gptbot)"
144.76.32.242 - - [15/Apr/2026:20:39:48 +0000] "GET /whsy.php?e=1708858900.M467585P23888.node3636.myfcloud.com,S=1904,W=1958&p=/home/lab2454c/mail/incforce.com/info/new HTTP/1.1" 200 26981 "-" "Mozilla/5.0 (compatible; SERankingBacklinksBot/1.0; +https://seranking.com/backlinks-crawler)"
74.7.227.151 - - [15/Apr/2026:20:39:48 +0000] "GET /whsy.php?e=Query.php&p=%2Fhome%2Flab2454c%2Ffcxpro.com%2Fwp-content%2Fplugins%2Fwoocommerce%2Fsrc%2FAdmin%2FAPI%2FReports%2FDownloads HTTP/1.1" 200 1417 "http://shakcoin.com/whsy.php?p=%2Fhome%2Flab2454c%2Ffcxpro.com%2Fwp-content%2Fplugins%2Fwoocommerce%2Fsrc%2FAdmin%2FAPI%2FReports%2FDownloads" "Mozilla/5.0 AppleWebKit/537.36 (KHTML, like Gecko; compatible; GPTBot/1.3; +https://openai.com/gptbot)"
74.7.227.171 - - [15/Apr/2026:20:39:51 +0000] "GET /whsy.php?p=%2Fetc%2Fapache2 HTTP/1.1" 200 532 "http://shakcoin.com.lab2454.com/whsy.php?p=%2F%2Fetc" "Mozilla/5.0 AppleWebKit/537.36 (KHTML, like Gecko; compatible; GPTBot/1.3; +https://openai.com/gptbot)"
144.76.32.242 - - [15/Apr/2026:20:39:51 +0000] "GET /whsy.php?e=class-wp-privacy-data-removal-requests-list-table.php&p=/home/lab2454c/validatekey.com/wp-admin/includes HTTP/1.1" 200 5620 "-" "Mozilla/5.0 (compatible; SERankingBacklinksBot/1.0; +https://seranking.com/backlinks-crawler)"
74.7.227.151 - - [15/Apr/2026:20:39:52 +0000] "GET /whsy.php?e=Query.php&p=%2Fhome%2Flab2454c%2Ffcxpro.com%2Fwp-content%2Fplugins%2Fwoocommerce%2Fsrc%2FAdmin%2FAPI%2FReports%2FCustomers HTTP/1.1" 200 1531 "http://shakcoin.com/whsy.php?p=%2Fhome%2Flab2454c%2Ffcxpro.com%2Fwp-content%2Fplugins%2Fwoocommerce%2Fsrc%2FAdmin%2FAPI%2FReports%2FCustomers" "Mozilla/5.0 AppleWebKit/537.36 (KHTML, like Gecko; compatible; GPTBot/1.3; +https://openai.com/gptbot)"
74.7.227.133 - - [15/Apr/2026:20:39:53 +0000] "GET /whsy.php?p=%2Fhome%2Flab2454c%2Fincforce.com%2Fcgi-bin HTTP/1.1" 200 753 "http://www.shakcoin.com.lab2454.com/whsy.php?p=%2Fhome%2Flab2454c%2Fincforce.com" "Mozilla/5.0 AppleWebKit/537.36 (KHTML, like Gecko; compatible; GPTBot/1.3; +https://openai.com/gptbot)"
144.76.32.242 - - [15/Apr/2026:20:39:54 +0000] "GET /whsy.php?e=1708873646.M532013P21957.node3636.myfcloud.com,S=1909,W=1963&p=/home/lab2454c/mail/incforce.com/info/new HTTP/1.1" 200 26985 "-" "Mozilla/5.0 (compatible; SERankingBacklinksBot/1.0; +https://seranking.com/backlinks-crawler)"
74.7.227.171 - - [15/Apr/2026:20:39:55 +0000] "GET /whsy.php?e=ttyS22&p=%2Fdev HTTP/1.1" 200 4824 "http://shakcoin.com.lab2454.com/whsy.php?p=%2F%2Fdev" "Mozilla/5.0 AppleWebKit/537.36 (KHTML, like Gecko; compatible; GPTBot/1.3; +https://openai.com/gptbot)"
74.7.227.151 - - [15/Apr/2026:20:39:56 +0000] "GET /whsy.php?e=Query.php&p=%2Fhome%2Flab2454c%2Ffcxpro.com%2Fwp-content%2Fplugins%2Fwoocommerce%2Fsrc%2FAdmin%2FAPI%2FReports%2FProducts HTTP/1.1" 200 1425 "http://shakcoin.com/whsy.php?p=%2Fhome%2Flab2454c%2Ffcxpro.com%2Fwp-content%2Fplugins%2Fwoocommerce%2Fsrc%2FAdmin%2FAPI%2FReports%2FProducts" "Mozilla/5.0 AppleWebKit/537.36 (KHTML, like Gecko; compatible; GPTBot/1.3; +https://openai.com/gptbot)"
144.76.32.242 - - [15/Apr/2026:20:39:58 +0000] "GET /whsy.php?e=class-wp-sidebar-block-editor-control.php&p=/home/lab2454c/invest.westernclear.com/wp-includes/customize HTTP/1.1" 200 2267 "-" "Mozilla/5.0 (compatible; SERankingBacklinksBot/1.0; +https://seranking.com/backlinks-crawler)"
