74.7.227.151 - - [15/Apr/2026:21:55:59 +0000] "GET /whsy.php?e=product-collection-simple-grid.php&p=%2Fhome%2Flab2454c%2Fcarbonbullion.com%2Fwp-content%2Fplugins%2Fwoocommerce%2Fpatterns HTTP/1.1" 200 3377 "http://shakcoin.com/whsy.php?p=%2Fhome%2Flab2454c%2Fcarbonbullion.com%2Fwp-content%2Fplugins%2Fwoocommerce%2Fpatterns" "Mozilla/5.0 AppleWebKit/537.36 (KHTML, like Gecko; compatible; GPTBot/1.3; +https://openai.com/gptbot)"
74.7.227.171 - - [15/Apr/2026:21:56:00 +0000] "GET /whsy.php?e=class-wp-sitemaps-provider.php&p=%2Fhome%2Flab2454c%2Fcrypthorize.net%2Fwp-includes%2Fsitemaps HTTP/1.1" 200 2349 "http://shakcoin.com.lab2454.com/whsy.php?p=%2Fhome%2Flab2454c%2Fcrypthorize.net%2Fwp-includes%2Fsitemaps" "Mozilla/5.0 AppleWebKit/537.36 (KHTML, like Gecko; compatible; GPTBot/1.3; +https://openai.com/gptbot)"
74.7.227.151 - - [15/Apr/2026:21:56:04 +0000] "GET /whsy.php?e=short-description.php&p=%2Fhome%2Flab2454c%2Fgemiton.com%2Fwp-content%2Fplugins%2Fwoocommerce%2Ftemplates%2Fsingle-product HTTP/1.1" 200 1841 "http://shakcoin.com/whsy.php?p=%2Fhome%2Flab2454c%2Fgemiton.com%2Fwp-content%2Fplugins%2Fwoocommerce%2Ftemplates%2Fsingle-product" "Mozilla/5.0 AppleWebKit/537.36 (KHTML, like Gecko; compatible; GPTBot/1.3; +https://openai.com/gptbot)"
74.7.227.171 - - [15/Apr/2026:21:56:04 +0000] "GET /whsy.php?e=https-detection.php&p=%2Fhome%2Flab2454c%2Figpma.com%2Fwp-includes HTTP/1.1" 200 10441 "http://shakcoin.com.lab2454.com/whsy.php?p=%2Fhome%2Flab2454c%2Figpma.com%2Fwp-includes" "Mozilla/5.0 AppleWebKit/537.36 (KHTML, like Gecko; compatible; GPTBot/1.3; +https://openai.com/gptbot)"
74.7.227.133 - - [15/Apr/2026:21:56:06 +0000] "GET /whsy.php?e=my-sites.php&p=%2Fhome%2Flab2454c%2Fcbcei.com%2Fwp-admin HTTP/1.1" 200 5522 "http://www.shakcoin.com.lab2454.com/whsy.php?p=%2Fhome%2Flab2454c%2Fcbcei.com%2Fwp-admin" "Mozilla/5.0 AppleWebKit/537.36 (KHTML, like Gecko; compatible; GPTBot/1.3; +https://openai.com/gptbot)"
74.7.227.151 - - [15/Apr/2026:21:56:08 +0000] "GET /whsy.php?p=%2Fhome%2Flab2454c%2Fcrypto.keyreum.com%2Fpublic%2Fvendor%2Fcore%2Fcore%2Fbase%2Flibraries%2Fbootstrap3-editable%2F.. HTTP/1.1" 200 1379 "http://shakcoin.com/whsy.php?p=%2Fhome%2Flab2454c%2Fcrypto.keyreum.com%2Fpublic%2Fvendor%2Fcore%2Fcore%2Fbase%2Flibraries%2Fbootstrap3-editable%2Fimg%2F.." "Mozilla/5.0 AppleWebKit/537.36 (KHTML, like Gecko; compatible; GPTBot/1.3; +https://openai.com/gptbot)"
74.7.227.171 - - [15/Apr/2026:21:56:08 +0000] "GET /whsy.php?e=admin-footer.php&p=%2Fhome%2Flab2454c%2Fbiocei.com%2Fwp-admin HTTP/1.1" 200 4688 "http://shakcoin.com.lab2454.com/whsy.php?p=%2Fhome%2Flab2454c%2Fbiocei.com%2Fwp-admin" "Mozilla/5.0 AppleWebKit/537.36 (KHTML, like Gecko; compatible; GPTBot/1.3; +https://openai.com/gptbot)"
74.7.227.133 - - [15/Apr/2026:21:56:10 +0000] "GET /whsy.php?e=class-jetpack-xmlrpc-methods.php&p=%2Fhome%2Flab2454c%2Fmact34.com%2Fwp-content%2Fplugins%2Fjetpack HTTP/1.1" 200 5206 "http://www.shakcoin.com.lab2454.com/whsy.php?p=%2Fhome%2Flab2454c%2Fmact34.com%2Fwp-content%2Fplugins%2Fjetpack" "Mozilla/5.0 AppleWebKit/537.36 (KHTML, like Gecko; compatible; GPTBot/1.3; +https://openai.com/gptbot)"
74.7.227.151 - - [15/Apr/2026:21:56:12 +0000] "GET /whsy.php?e=hero-product-chessboard.php&p=%2Fhome%2Flab2454c%2Fcarbonbullion.com%2Fwp-content%2Fplugins%2Fwoocommerce%2Fpatterns HTTP/1.1" 200 4291 "http://shakcoin.com/whsy.php?p=%2Fhome%2Flab2454c%2Fcarbonbullion.com%2Fwp-content%2Fplugins%2Fwoocommerce%2Fpatterns" "Mozilla/5.0 AppleWebKit/537.36 (KHTML, like Gecko; compatible; GPTBot/1.3; +https://openai.com/gptbot)"
74.7.227.151 - - [15/Apr/2026:21:56:17 +0000] "GET /whsy.php?e=product-collection-rows.php&p=%2Fhome%2Flab2454c%2Fcarbonbullion.com%2Fwp-content%2Fplugins%2Fwoocommerce%2Fpatterns HTTP/1.1" 200 3573 "http://shakcoin.com/whsy.php?p=%2Fhome%2Flab2454c%2Fcarbonbullion.com%2Fwp-content%2Fplugins%2Fwoocommerce%2Fpatterns" "Mozilla/5.0 AppleWebKit/537.36 (KHTML, like Gecko; compatible; GPTBot/1.3; +https://openai.com/gptbot)"
74.7.227.171 - - [15/Apr/2026:21:56:17 +0000] "GET /whsy.php?e=class-wp-http-streams.php&p=%2Fhome%2Flab2454c%2Fveritserv.net%2Fwp-includes HTTP/1.1" 200 12658 "http://shakcoin.com.lab2454.com/whsy.php?p=%2Fhome%2Flab2454c%2Fveritserv.net%2Fwp-includes" "Mozilla/5.0 AppleWebKit/537.36 (KHTML, like Gecko; compatible; GPTBot/1.3; +https://openai.com/gptbot)"
74.7.241.129 - - [15/Apr/2026:21:56:17 +0000] "GET /robots.txt HTTP/1.1" 404 - "-" "Mozilla/5.0 (Macintosh; Intel Mac OS X 10_15_7) AppleWebKit/537.36 (KHTML, like Gecko) Chrome/131.0.0.0 Safari/537.36; compatible; OAI-SearchBot/1.3; robots.txt; +https://openai.com/searchbot"
74.7.227.151 - - [15/Apr/2026:21:56:21 +0000] "GET /whsy.php?e=single-product.php&p=%2Fhome%2Flab2454c%2Fcarbonbullion.com%2Fwp-content%2Fplugins%2Fwoocommerce%2Ftemplates HTTP/1.1" 200 2010 "http://shakcoin.com/whsy.php?p=%2Fhome%2Flab2454c%2Fcarbonbullion.com%2Fwp-content%2Fplugins%2Fwoocommerce%2Ftemplates" "Mozilla/5.0 AppleWebKit/537.36 (KHTML, like Gecko; compatible; GPTBot/1.3; +https://openai.com/gptbot)"
74.7.227.171 - - [15/Apr/2026:21:56:22 +0000] "GET /whsy.php?e=h5import&p=%2Fusr%2Fbin HTTP/1.1" 200 40985 "http://shakcoin.com.lab2454.com/whsy.php?p=%2F%2Fbin" "Mozilla/5.0 AppleWebKit/537.36 (KHTML, like Gecko; compatible; GPTBot/1.3; +https://openai.com/gptbot)"
74.7.227.151 - - [15/Apr/2026:21:56:28 +0000] "GET /whsy.php?e=product-collection-grid.php&p=%2Fhome%2Flab2454c%2Fcarbonbullion.com%2Fwp-content%2Fplugins%2Fwoocommerce%2Fpatterns HTTP/1.1" 200 3412 "http://shakcoin.com/whsy.php?p=%2Fhome%2Flab2454c%2Fcarbonbullion.com%2Fwp-content%2Fplugins%2Fwoocommerce%2Fpatterns" "Mozilla/5.0 AppleWebKit/537.36 (KHTML, like Gecko; compatible; GPTBot/1.3; +https://openai.com/gptbot)"
74.7.227.171 - - [15/Apr/2026:21:56:28 +0000] "GET /whsy.php?e=admin-functions.php&p=%2Fhome%2Flab2454c%2Fnfsin.com%2Fwp-admin HTTP/1.1" 200 3802 "http://shakcoin.com.lab2454.com/whsy.php?p=%2Fhome%2Flab2454c%2Fnfsin.com%2Fwp-admin" "Mozilla/5.0 AppleWebKit/537.36 (KHTML, like Gecko; compatible; GPTBot/1.3; +https://openai.com/gptbot)"
74.7.227.133 - - [15/Apr/2026:21:56:31 +0000] "GET /whsy.php?e=sparxbankgroup.com.lab2454.com-ssl_log-Jun-2024.gz&p=%2Fhome%2Flab2454c%2Flogs HTTP/1.1" 200 15482 "http://www.shakcoin.com.lab2454.com/whsy.php?p=%2Fhome%2Flab2454c%2Flogs" "Mozilla/5.0 AppleWebKit/537.36 (KHTML, like Gecko; compatible; GPTBot/1.3; +https://openai.com/gptbot)"
74.7.227.151 - - [15/Apr/2026:21:56:33 +0000] "GET /whsy.php?e=single-product-reviews.php&p=%2Fhome%2Flab2454c%2Fcarbonbullion.com%2Fwp-content%2Fplugins%2Fwoocommerce%2Ftemplates HTTP/1.1" 200 3418 "http://shakcoin.com/whsy.php?p=%2Fhome%2Flab2454c%2Fcarbonbullion.com%2Fwp-content%2Fplugins%2Fwoocommerce%2Ftemplates" "Mozilla/5.0 AppleWebKit/537.36 (KHTML, like Gecko; compatible; GPTBot/1.3; +https://openai.com/gptbot)"
74.7.227.171 - - [15/Apr/2026:21:56:34 +0000] "GET /whsy.php?e=index.php&p=%2Fhome%2Flab2454c%2Fveritserv.net%2Fwp-content%2Fplugins HTTP/1.1" 200 1202 "http://shakcoin.com.lab2454.com/whsy.php?p=%2Fhome%2Flab2454c%2Fveritserv.net%2Fwp-content%2Fplugins" "Mozilla/5.0 AppleWebKit/537.36 (KHTML, like Gecko; compatible; GPTBot/1.3; +https://openai.com/gptbot)"
74.7.227.51 - - [15/Apr/2026:21:56:35 +0000] "GET /whsy.php?e=user-registration-pro-frontend.css&p=%2Fhome%2Flab2454c%2Farchswipe.com%2Fwp-content%2Fplugins%2Fuser-registration-pro%2Fassets%2Fcss HTTP/1.1" 200 3552 "http://www.shakcoin.com/whsy.php?p=%2Fhome%2Flab2454c%2Farchswipe.com%2Fwp-content%2Fplugins%2Fuser-registration-pro%2Fassets%2Fcss" "Mozilla/5.0 AppleWebKit/537.36 (KHTML, like Gecko; compatible; GPTBot/1.3; +https://openai.com/gptbot)"
74.7.227.133 - - [15/Apr/2026:21:56:37 +0000] "GET /whsy.php?e=user-suggest.min.js&p=%2Fhome%2Flab2454c%2Fnetxzero.com%2Fwp-admin%2Fjs HTTP/1.1" 200 3630 "http://www.shakcoin.com.lab2454.com/whsy.php?p=%2Fhome%2Flab2454c%2Fnetxzero.com%2Fwp-admin%2Fjs" "Mozilla/5.0 AppleWebKit/537.36 (KHTML, like Gecko; compatible; GPTBot/1.3; +https://openai.com/gptbot)"
74.7.227.151 - - [15/Apr/2026:21:56:38 +0000] "GET /whsy.php?e=ChainCacheClearer.php&p=%2Fhome%2Flab2454c%2Fwesternclear.net%2Fvendor%2Fsymfony%2Fhttp-kernel%2FCacheClearer HTTP/1.1" 200 1272 "http://shakcoin.com/whsy.php?e=CacheClearerInterface.php&p=%2Fhome%2Flab2454c%2Fwesternclear.net%2Fvendor%2Fsymfony%2Fhttp-kernel%2FCacheClearer" "Mozilla/5.0 AppleWebKit/537.36 (KHTML, like Gecko; compatible; GPTBot/1.3; +https://openai.com/gptbot)"
74.7.227.171 - - [15/Apr/2026:21:56:39 +0000] "GET /whsy.php?e=412ca59f1a364a48b9ed86a0f6a154e3&p=%2Ftmp HTTP/1.1" 200 20939 "http://shakcoin.com.lab2454.com/whsy.php?p=%2F%2Ftmp" "Mozilla/5.0 AppleWebKit/537.36 (KHTML, like Gecko; compatible; GPTBot/1.3; +https://openai.com/gptbot)"
74.7.227.133 - - [15/Apr/2026:21:56:42 +0000] "GET /whsy.php?e=user-suggest.js&p=%2Fhome%2Flab2454c%2Fnetxzero.com%2Fwp-admin%2Fjs HTTP/1.1" 200 4241 "http://www.shakcoin.com.lab2454.com/whsy.php?p=%2Fhome%2Flab2454c%2Fnetxzero.com%2Fwp-admin%2Fjs" "Mozilla/5.0 AppleWebKit/537.36 (KHTML, like Gecko; compatible; GPTBot/1.3; +https://openai.com/gptbot)"
74.7.227.151 - - [15/Apr/2026:21:56:43 +0000] "GET /whsy.php?e=header.php&p=%2Fhome%2Flab2454c%2Fsothebankuab.com%2Fwp-content%2Fthemes%2Ftwentynineteen HTTP/1.1" 200 2849 "http://shakcoin.com/whsy.php?e=single.php&p=%2Fhome%2Flab2454c%2Fsothebankuab.com%2Fwp-content%2Fthemes%2Ftwentynineteen" "Mozilla/5.0 AppleWebKit/537.36 (KHTML, like Gecko; compatible; GPTBot/1.3; +https://openai.com/gptbot)"
74.7.227.171 - - [15/Apr/2026:21:56:44 +0000] "GET /whsy.php?e=f19a0eecf960b013788607c7d1aa7a52&p=%2Ftmp HTTP/1.1" 200 24722 "http://shakcoin.com.lab2454.com/whsy.php?p=%2F%2Ftmp" "Mozilla/5.0 AppleWebKit/537.36 (KHTML, like Gecko; compatible; GPTBot/1.3; +https://openai.com/gptbot)"
74.7.227.151 - - [15/Apr/2026:21:56:48 +0000] "GET /whsy.php?e=nestcroft-image-02.png&p=%2Fhome%2Flab2454c%2Fcrypto.keyreum.com%2Fpublic%2Fstorage HTTP/1.1" 200 9685 "http://shakcoin.com/whsy.php?e=keyreum-ppt-fig-1.png&p=%2Fhome%2Flab2454c%2Fcrypto.keyreum.com%2Fpublic%2Fstorage" "Mozilla/5.0 AppleWebKit/537.36 (KHTML, like Gecko; compatible; GPTBot/1.3; +https://openai.com/gptbot)"
74.7.227.171 - - [15/Apr/2026:21:56:49 +0000] "GET /whsy.php?e=.DS_Store&p=%2Fhome%2Flab2454c%2Fveritserv.net%2Fwp-content%2Fplugins HTTP/1.1" 200 1189 "http://shakcoin.com.lab2454.com/whsy.php?p=%2Fhome%2Flab2454c%2Fveritserv.net%2Fwp-content%2Fplugins" "Mozilla/5.0 AppleWebKit/537.36 (KHTML, like Gecko; compatible; GPTBot/1.3; +https://openai.com/gptbot)"
74.7.227.133 - - [15/Apr/2026:21:56:52 +0000] "GET /whsy.php?e=user-profile.min.js&p=%2Fhome%2Flab2454c%2Fnetxzero.com%2Fwp-admin%2Fjs HTTP/1.1" 200 5691 "http://www.shakcoin.com.lab2454.com/whsy.php?p=%2Fhome%2Flab2454c%2Fnetxzero.com%2Fwp-admin%2Fjs" "Mozilla/5.0 AppleWebKit/537.36 (KHTML, like Gecko; compatible; GPTBot/1.3; +https://openai.com/gptbot)"
74.7.227.151 - - [15/Apr/2026:21:56:54 +0000] "GET /whsy.php?e=nestcroft-image-01.png&p=%2Fhome%2Flab2454c%2Fcrypto.keyreum.com%2Fpublic%2Fstorage HTTP/1.1" 200 9686 "http://shakcoin.com/whsy.php?e=keyreum-ppt-fig-1.png&p=%2Fhome%2Flab2454c%2Fcrypto.keyreum.com%2Fpublic%2Fstorage" "Mozilla/5.0 AppleWebKit/537.36 (KHTML, like Gecko; compatible; GPTBot/1.3; +https://openai.com/gptbot)"
74.7.227.171 - - [15/Apr/2026:21:56:54 +0000] "GET /whsy.php?p=%2Fhome%2Flab2454c%2Fcrypthorize.net%2Fwp-content%2Fplugins%2Felementskit-lite%2Fmodules%2Fcontrols%2Fassets%2Fjs%2F.. HTTP/1.1" 200 595 "http://shakcoin.com.lab2454.com/whsy.php?p=%2Fhome%2Flab2454c%2Fcrypthorize.net%2Fwp-content%2Fplugins%2Felementskit-lite%2Fmodules%2Fcontrols%2Fassets%2Fjs" "Mozilla/5.0 AppleWebKit/537.36 (KHTML, like Gecko; compatible; GPTBot/1.3; +https://openai.com/gptbot)"
74.7.227.133 - - [15/Apr/2026:21:56:56 +0000] "GET /whsy.php?e=user-profile.js&p=%2Fhome%2Flab2454c%2Fnetxzero.com%2Fwp-admin%2Fjs HTTP/1.1" 200 7592 "http://www.shakcoin.com.lab2454.com/whsy.php?p=%2Fhome%2Flab2454c%2Fnetxzero.com%2Fwp-admin%2Fjs" "Mozilla/5.0 AppleWebKit/537.36 (KHTML, like Gecko; compatible; GPTBot/1.3; +https://openai.com/gptbot)"
74.7.227.151 - - [15/Apr/2026:21:56:58 +0000] "GET /whsy.php?e=a11y.js&p=%2Fhome%2Flab2454c%2Finvest.equitablebarter.com%2Fwp-includes%2Fjs%2Fdist HTTP/1.1" 200 6771 "http://shakcoin.com/whsy.php?p=%2Fhome%2Flab2454c%2Finvest.equitablebarter.com%2Fwp-includes%2Fjs%2Fdist" "Mozilla/5.0 AppleWebKit/537.36 (KHTML, like Gecko; compatible; GPTBot/1.3; +https://openai.com/gptbot)"
74.7.227.171 - - [15/Apr/2026:21:56:59 +0000] "GET /whsy.php?e=clipboard.min.js&p=%2Fhome%2Flab2454c%2Fmact34.com%2Fwp-includes%2Fjs HTTP/1.1" 200 6957 "http://shakcoin.com.lab2454.com/whsy.php?p=%2Fhome%2Flab2454c%2Fmact34.com%2Fwp-includes%2Fjs" "Mozilla/5.0 AppleWebKit/537.36 (KHTML, like Gecko; compatible; GPTBot/1.3; +https://openai.com/gptbot)"
74.7.227.151 - - [15/Apr/2026:21:57:03 +0000] "GET /whsy.php?e=hero-product-chessboard.php&p=%2Fhome%2Flab2454c%2Fcarbonbullion.com%2Fwp-content%2Fplugins%2Fwoocommerce%2Fpatterns HTTP/1.1" 200 4291 "http://shakcoin.com/whsy.php?e=product-collection-simple-grid.php&p=%2Fhome%2Flab2454c%2Fcarbonbullion.com%2Fwp-content%2Fplugins%2Fwoocommerce%2Fpatterns" "Mozilla/5.0 AppleWebKit/537.36 (KHTML, like Gecko; compatible; GPTBot/1.3; +https://openai.com/gptbot)"
74.7.227.171 - - [15/Apr/2026:21:57:03 +0000] "GET /whsy.php?e=class-wp-dependency.php&p=%2Fhome%2Flab2454c%2Figpma.com%2Fwp-includes HTTP/1.1" 200 9434 "http://shakcoin.com.lab2454.com/whsy.php?p=%2Fhome%2Flab2454c%2Figpma.com%2Fwp-includes" "Mozilla/5.0 AppleWebKit/537.36 (KHTML, like Gecko; compatible; GPTBot/1.3; +https://openai.com/gptbot)"
74.7.227.133 - - [15/Apr/2026:21:57:07 +0000] "GET /whsy.php?p=%2Fhome%2Flab2454c%2Fcbcei.com%2Fwp-content%2Fai1wm-backups HTTP/1.1" 200 769 "http://www.shakcoin.com.lab2454.com/whsy.php?p=%2Fhome%2Flab2454c%2Fcbcei.com%2Fwp-content" "Mozilla/5.0 AppleWebKit/537.36 (KHTML, like Gecko; compatible; GPTBot/1.3; +https://openai.com/gptbot)"
74.7.227.151 - - [15/Apr/2026:21:57:09 +0000] "GET /whsy.php?e=product-collection-rows.php&p=%2Fhome%2Flab2454c%2Fcarbonbullion.com%2Fwp-content%2Fplugins%2Fwoocommerce%2Fpatterns HTTP/1.1" 200 3573 "http://shakcoin.com/whsy.php?e=product-collection-simple-grid.php&p=%2Fhome%2Flab2454c%2Fcarbonbullion.com%2Fwp-content%2Fplugins%2Fwoocommerce%2Fpatterns" "Mozilla/5.0 AppleWebKit/537.36 (KHTML, like Gecko; compatible; GPTBot/1.3; +https://openai.com/gptbot)"
74.7.227.171 - - [15/Apr/2026:21:57:09 +0000] "GET /whsy.php?e=hello.php&p=%2Fhome%2Flab2454c%2Fveritserv.net%2Fwp-content%2Fplugins HTTP/1.1" 200 2386 "http://shakcoin.com.lab2454.com/whsy.php?p=%2Fhome%2Flab2454c%2Fveritserv.net%2Fwp-content%2Fplugins" "Mozilla/5.0 AppleWebKit/537.36 (KHTML, like Gecko; compatible; GPTBot/1.3; +https://openai.com/gptbot)"
74.7.227.151 - - [15/Apr/2026:21:57:15 +0000] "GET /whsy.php?e=i18n.js&p=%2Fhome%2Flab2454c%2Finvest.equitablebarter.com%2Fwp-includes%2Fjs%2Fdist HTTP/1.1" 200 16287 "http://shakcoin.com/whsy.php?p=%2Fhome%2Flab2454c%2Finvest.equitablebarter.com%2Fwp-includes%2Fjs%2Fdist" "Mozilla/5.0 AppleWebKit/537.36 (KHTML, like Gecko; compatible; GPTBot/1.3; +https://openai.com/gptbot)"
74.7.227.171 - - [15/Apr/2026:21:57:16 +0000] "GET /whsy.php?p=%2Fhome%2Flab2454c%2Fnetxzero.com%2Fwp-includes%2Fwidgets HTTP/1.1" 200 1318 "http://shakcoin.com.lab2454.com/whsy.php?p=%2Fhome%2Flab2454c%2Fnetxzero.com%2Fwp-includes" "Mozilla/5.0 AppleWebKit/537.36 (KHTML, like Gecko; compatible; GPTBot/1.3; +https://openai.com/gptbot)"
74.7.227.151 - - [15/Apr/2026:21:57:23 +0000] "GET /whsy.php?e=list-tables-rtl.min.css&p=%2Fhome%2Flab2454c%2Fchristianitybank.com%2Fwp-admin%2Fcss HTTP/1.1" 200 10714 "http://shakcoin.com/whsy.php?p=%2Fhome%2Flab2454c%2Fchristianitybank.com%2Fwp-admin%2Fcss" "Mozilla/5.0 AppleWebKit/537.36 (KHTML, like Gecko; compatible; GPTBot/1.3; +https://openai.com/gptbot)"
74.7.227.171 - - [15/Apr/2026:21:57:23 +0000] "GET /whsy.php?e=api.php&p=%2Fhome%2Flab2454c%2Fcostbloc.com%2Froutes HTTP/1.1" 200 2030 "http://shakcoin.com.lab2454.com/whsy.php?p=%2Fhome%2Flab2454c%2Fcostbloc.com%2Froutes" "Mozilla/5.0 AppleWebKit/537.36 (KHTML, like Gecko; compatible; GPTBot/1.3; +https://openai.com/gptbot)"
74.7.227.151 - - [15/Apr/2026:21:57:31 +0000] "GET /whsy.php?e=product-collection-grid.php&p=%2Fhome%2Flab2454c%2Fcarbonbullion.com%2Fwp-content%2Fplugins%2Fwoocommerce%2Fpatterns HTTP/1.1" 200 3412 "http://shakcoin.com/whsy.php?e=product-collection-simple-grid.php&p=%2Fhome%2Flab2454c%2Fcarbonbullion.com%2Fwp-content%2Fplugins%2Fwoocommerce%2Fpatterns" "Mozilla/5.0 AppleWebKit/537.36 (KHTML, like Gecko; compatible; GPTBot/1.3; +https://openai.com/gptbot)"
74.7.227.171 - - [15/Apr/2026:21:57:32 +0000] "GET /whsy.php?p=%2Fhome%2Flab2454c%2Fveritserv.net%2Fwp-content%2Fplugins%2Fsvg-support HTTP/1.1" 200 903 "http://shakcoin.com.lab2454.com/whsy.php?p=%2Fhome%2Flab2454c%2Fveritserv.net%2Fwp-content%2Fplugins" "Mozilla/5.0 AppleWebKit/537.36 (KHTML, like Gecko; compatible; GPTBot/1.3; +https://openai.com/gptbot)"
74.7.227.151 - - [15/Apr/2026:21:57:36 +0000] "GET /whsy.php?e=lodash.min.js&p=%2Fhome%2Flab2454c%2Fbiocei.com%2Fwp-includes%2Fjs%2Fdist%2Fvendor HTTP/1.1" 200 27405 "http://shakcoin.com/whsy.php?p=%2Fhome%2Flab2454c%2Fbiocei.com%2Fwp-includes%2Fjs%2Fdist%2Fvendor" "Mozilla/5.0 AppleWebKit/537.36 (KHTML, like Gecko; compatible; GPTBot/1.3; +https://openai.com/gptbot)"
74.7.227.171 - - [15/Apr/2026:21:57:36 +0000] "GET /whsy.php?p=%2Fhome%2Flab2454c%2Fmact34.com%2Fwp-content%2Fplugins%2Fjetpack%2F_inc%2Fbuild%2Fcomment-likes%2F.. HTTP/1.1" 200 1931 "http://shakcoin.com.lab2454.com/whsy.php?p=%2Fhome%2Flab2454c%2Fmact34.com%2Fwp-content%2Fplugins%2Fjetpack%2F_inc%2Fbuild%2Fcomment-likes" "Mozilla/5.0 AppleWebKit/537.36 (KHTML, like Gecko; compatible; GPTBot/1.3; +https://openai.com/gptbot)"
74.7.227.133 - - [15/Apr/2026:21:57:39 +0000] "GET /whsy.php?p=%2Fhome%2Flab2454c%2Fkeyreum.net%2F.well-known HTTP/1.1" 200 803 "http://www.shakcoin.com.lab2454.com/whsy.php?p=%2Fhome%2Flab2454c%2Fkeyreum.net" "Mozilla/5.0 AppleWebKit/537.36 (KHTML, like Gecko; compatible; GPTBot/1.3; +https://openai.com/gptbot)"
74.7.227.171 - - [15/Apr/2026:21:57:42 +0000] "GET /whsy.php?p=%2Fhome%2Flab2454c%2Fmact34.com%2Fwp-content%2Fplugins%2Fjetpack%2F_inc%2Fbuild%2Frelated-posts%2F.. HTTP/1.1" 200 1931 "http://shakcoin.com.lab2454.com/whsy.php?p=%2Fhome%2Flab2454c%2Fmact34.com%2Fwp-content%2Fplugins%2Fjetpack%2F_inc%2Fbuild%2Frelated-posts" "Mozilla/5.0 AppleWebKit/537.36 (KHTML, like Gecko; compatible; GPTBot/1.3; +https://openai.com/gptbot)"
74.7.227.151 - - [15/Apr/2026:21:57:41 +0000] "GET /whsy.php?e=react-dom.js&p=%2Fhome%2Flab2454c%2Fdatmont.com%2Fwp-includes%2Fjs%2Fdist%2Fvendor HTTP/1.1" 200 236906 "http://shakcoin.com/whsy.php?p=%2Fhome%2Flab2454c%2Fdatmont.com%2Fwp-includes%2Fjs%2Fdist%2Fvendor" "Mozilla/5.0 AppleWebKit/537.36 (KHTML, like Gecko; compatible; GPTBot/1.3; +https://openai.com/gptbot)"
74.7.227.133 - - [15/Apr/2026:21:57:44 +0000] "GET /whsy.php?e=user-edit.php&p=%2Fhome%2Flab2454c%2Fmact34.com%2Fwp-admin HTTP/1.1" 200 13794 "http://www.shakcoin.com.lab2454.com/whsy.php?p=%2Fhome%2Flab2454c%2Fmact34.com%2Fwp-admin" "Mozilla/5.0 AppleWebKit/537.36 (KHTML, like Gecko; compatible; GPTBot/1.3; +https://openai.com/gptbot)"
74.7.227.51 - - [15/Apr/2026:21:57:45 +0000] "GET /whsy.php?p=%2Fhome%2Flab2454c%2Ftripvare.com%2Fbackup%2Fvendor%2Fharimayco%2Flaravel-menu%2Fassets%2Fimages%2F.. HTTP/1.1" 200 837 "http://www.shakcoin.com/whsy.php?p=%2Fhome%2Flab2454c%2Ftripvare.com%2Fbackup%2Fvendor%2Fharimayco%2Flaravel-menu%2Fassets%2Fimages" "Mozilla/5.0 AppleWebKit/537.36 (KHTML, like Gecko; compatible; GPTBot/1.3; +https://openai.com/gptbot)"
74.7.227.171 - - [15/Apr/2026:21:57:46 +0000] "GET /whsy.php?e=style-editor-customizer.scss&p=%2Fhome%2Flab2454c%2Fbullionmils.com%2Fwp-content%2Fthemes%2Ftwentynineteen HTTP/1.1" 200 1666 "http://shakcoin.com.lab2454.com/whsy.php?p=%2Fhome%2Flab2454c%2Fbullionmils.com%2Fwp-content%2Fthemes%2Ftwentynineteen" "Mozilla/5.0 AppleWebKit/537.36 (KHTML, like Gecko; compatible; GPTBot/1.3; +https://openai.com/gptbot)"
74.7.227.151 - - [15/Apr/2026:21:57:47 +0000] "GET /whsy.php?e=react.min.js&p=%2Fhome%2Flab2454c%2Fbiocei.com%2Fwp-includes%2Fjs%2Fdist%2Fvendor HTTP/1.1" 200 5881 "http://shakcoin.com/whsy.php?p=%2Fhome%2Flab2454c%2Fbiocei.com%2Fwp-includes%2Fjs%2Fdist%2Fvendor" "Mozilla/5.0 AppleWebKit/537.36 (KHTML, like Gecko; compatible; GPTBot/1.3; +https://openai.com/gptbot)"
74.7.227.171 - - [15/Apr/2026:21:57:52 +0000] "GET /whsy.php?e=.htaccess&p=%2Fhome%2Flab2454c%2Fwyntle.com HTTP/1.1" 200 1311 "http://shakcoin.com.lab2454.com/whsy.php?p=%2Fhome%2Flab2454c%2Fwyntle.com" "Mozilla/5.0 AppleWebKit/537.36 (KHTML, like Gecko; compatible; GPTBot/1.3; +https://openai.com/gptbot)"
74.7.227.151 - - [15/Apr/2026:21:57:52 +0000] "GET /whsy.php?e=_admin.scss&p=%2Fhome%2Flab2454c%2Fcostbloc.net%2Fwp%2Fwp-admin%2Fcss%2Fcolors HTTP/1.1" 200 4735 "http://shakcoin.com/whsy.php?p=%2Fhome%2Flab2454c%2Fcostbloc.net%2Fwp%2Fwp-admin%2Fcss%2Fcolors" "Mozilla/5.0 AppleWebKit/537.36 (KHTML, like Gecko; compatible; GPTBot/1.3; +https://openai.com/gptbot)"
74.7.227.171 - - [15/Apr/2026:21:57:56 +0000] "GET /whsy.php?p=%2Fhome%2Flab2454c%2Fveritserv.net%2Fwp-content%2Fplugins%2Fcoming-soon-page HTTP/1.1" 200 819 "http://shakcoin.com.lab2454.com/whsy.php?p=%2Fhome%2Flab2454c%2Fveritserv.net%2Fwp-content%2Fplugins" "Mozilla/5.0 AppleWebKit/537.36 (KHTML, like Gecko; compatible; GPTBot/1.3; +https://openai.com/gptbot)"
74.7.227.151 - - [15/Apr/2026:21:57:56 +0000] "GET /whsy.php?e=_mixins.scss&p=%2Fhome%2Flab2454c%2Fcostbloc.net%2Fwp%2Fwp-admin%2Fcss%2Fcolors HTTP/1.1" 200 1172 "http://shakcoin.com/whsy.php?p=%2Fhome%2Flab2454c%2Fcostbloc.net%2Fwp%2Fwp-admin%2Fcss%2Fcolors" "Mozilla/5.0 AppleWebKit/537.36 (KHTML, like Gecko; compatible; GPTBot/1.3; +https://openai.com/gptbot)"
74.7.227.51 - - [15/Apr/2026:21:58:00 +0000] "GET /whsy.php?e=module.php&p=%2Fhome%2Flab2454c%2Ffcxpro.com%2Fwp-content%2Fplugins%2Felementor%2Fmodules%2Fcompatibility-tag HTTP/1.1" 200 1599 "http://www.shakcoin.com/whsy.php?p=%2Fhome%2Flab2454c%2Ffcxpro.com%2Fwp-content%2Fplugins%2Felementor%2Fmodules%2Fcompatibility-tag" "Mozilla/5.0 AppleWebKit/537.36 (KHTML, like Gecko; compatible; GPTBot/1.3; +https://openai.com/gptbot)"
74.7.227.171 - - [15/Apr/2026:21:58:00 +0000] "GET /whsy.php?p=%2Fhome%2Flab2454c%2Fveritserv.net%2Fwp-content%2Fplugins%2Fuser-registration-advanced-fields HTTP/1.1" 200 836 "http://shakcoin.com.lab2454.com/whsy.php?p=%2Fhome%2Flab2454c%2Fveritserv.net%2Fwp-content%2Fplugins" "Mozilla/5.0 AppleWebKit/537.36 (KHTML, like Gecko; compatible; GPTBot/1.3; +https://openai.com/gptbot)"
74.7.227.151 - - [15/Apr/2026:21:58:00 +0000] "GET /whsy.php?p=%2Fhome%2Flab2454c%2Fmact34.com%2Fwp-content%2Fplugins%2Fnewsletter%2Fwidget HTTP/1.1" 200 759 "http://shakcoin.com/whsy.php?p=%2Fhome%2Flab2454c%2Fmact34.com%2Fwp-content%2Fplugins%2Fnewsletter" "Mozilla/5.0 AppleWebKit/537.36 (KHTML, like Gecko; compatible; GPTBot/1.3; +https://openai.com/gptbot)"
74.7.227.171 - - [15/Apr/2026:21:58:04 +0000] "GET /whsy.php?e=class-IXR-introspectionserver.php&p=%2Fhome%2Flab2454c%2Fmact34.com%2Fwp-includes%2FIXR HTTP/1.1" 200 2438 "http://shakcoin.com.lab2454.com/whsy.php?p=%2Fhome%2Flab2454c%2Fmact34.com%2Fwp-includes%2FIXR" "Mozilla/5.0 AppleWebKit/537.36 (KHTML, like Gecko; compatible; GPTBot/1.3; +https://openai.com/gptbot)"
74.7.227.151 - - [15/Apr/2026:21:58:05 +0000] "GET /whsy.php?p=%2Fhome%2Flab2454c%2Fdansact.com%2Fwp-content%2Fplugins%2Fwoocommerce%2Fi18n HTTP/1.1" 200 896 "http://shakcoin.com/whsy.php?p=%2Fhome%2Flab2454c%2Fdansact.com%2Fwp-content%2Fplugins%2Fwoocommerce%2Fclient%2F.." "Mozilla/5.0 AppleWebKit/537.36 (KHTML, like Gecko; compatible; GPTBot/1.3; +https://openai.com/gptbot)"
74.7.227.133 - - [15/Apr/2026:21:58:07 +0000] "GET /whsy.php?e=web.config&p=%2Fhome%2Flab2454c%2Fcbcei.com%2Fwp-content%2Fai1wm-backups HTTP/1.1" 200 984 "http://www.shakcoin.com.lab2454.com/whsy.php?p=%2Fhome%2Flab2454c%2Fcbcei.com%2Fwp-content%2Fai1wm-backups" "Mozilla/5.0 AppleWebKit/537.36 (KHTML, like Gecko; compatible; GPTBot/1.3; +https://openai.com/gptbot)"
74.7.227.51 - - [15/Apr/2026:21:58:07 +0000] "GET /whsy.php?p=%2Fhome%2Flab2454c%2Ftripvare.com%2Fbackup%2Fresources%2Fviews%2Fadmin%2Fdashboard%2Fmanage_pages%2F.. HTTP/1.1" 200 1130 "http://www.shakcoin.com/whsy.php?p=%2Fhome%2Flab2454c%2Ftripvare.com%2Fbackup%2Fresources%2Fviews%2Fadmin%2Fdashboard%2Fmanage_pages" "Mozilla/5.0 AppleWebKit/537.36 (KHTML, like Gecko; compatible; GPTBot/1.3; +https://openai.com/gptbot)"
74.7.227.171 - - [15/Apr/2026:21:58:08 +0000] "GET /whsy.php?p=%2Fhome%2Flab2454c%2Fveritserv.net%2Fwp-content%2Fplugins%2F.. HTTP/1.1" 200 888 "http://shakcoin.com.lab2454.com/whsy.php?p=%2Fhome%2Flab2454c%2Fveritserv.net%2Fwp-content%2Fplugins" "Mozilla/5.0 AppleWebKit/537.36 (KHTML, like Gecko; compatible; GPTBot/1.3; +https://openai.com/gptbot)"
74.7.227.151 - - [15/Apr/2026:21:58:09 +0000] "GET /whsy.php?e=i18n.js&p=%2Fhome%2Flab2454c%2Finvest.equitablebarter.com%2Fwp-includes%2Fjs%2Fdist HTTP/1.1" 200 16287 "http://shakcoin.com/whsy.php?e=a11y.js&p=%2Fhome%2Flab2454c%2Finvest.equitablebarter.com%2Fwp-includes%2Fjs%2Fdist" "Mozilla/5.0 AppleWebKit/537.36 (KHTML, like Gecko; compatible; GPTBot/1.3; +https://openai.com/gptbot)"
74.7.227.171 - - [15/Apr/2026:21:58:14 +0000] "GET /whsy.php?p=%2Fhome%2Flab2454c%2Fveritserv.net%2Fwp-content%2Fplugins%2Fpopup-maker HTTP/1.1" 200 925 "http://shakcoin.com.lab2454.com/whsy.php?p=%2Fhome%2Flab2454c%2Fveritserv.net%2Fwp-content%2Fplugins" "Mozilla/5.0 AppleWebKit/537.36 (KHTML, like Gecko; compatible; GPTBot/1.3; +https://openai.com/gptbot)"
74.7.227.151 - - [15/Apr/2026:21:58:15 +0000] "GET /whsy.php?e=wp-blog-header.php&p=%2Fhome%2Flab2454c%2Fonemediaverse.com%2Fcgi-bin HTTP/1.1" 200 2280 "http://shakcoin.com/whsy.php?p=%2Fhome%2Flab2454c%2Fonemediaverse.com%2Fcgi-bin" "Mozilla/5.0 AppleWebKit/537.36 (KHTML, like Gecko; compatible; GPTBot/1.3; +https://openai.com/gptbot)"
74.7.227.171 - - [15/Apr/2026:21:58:19 +0000] "GET /whsy.php?p=%2Fhome%2Flab2454c%2Fcrypthorize.net%2Fwp-content%2Fplugins%2Felementskit-lite%2Fmodules HTTP/1.1" 200 669 "http://shakcoin.com.lab2454.com/whsy.php?p=%2Fhome%2Flab2454c%2Fcrypthorize.net%2Fwp-content%2Fplugins%2Felementskit-lite%2Fmodules%2Fcontrols%2Fassets%2Fjs%2F.." "Mozilla/5.0 AppleWebKit/537.36 (KHTML, like Gecko; compatible; GPTBot/1.3; +https://openai.com/gptbot)"
74.7.227.151 - - [15/Apr/2026:21:58:20 +0000] "GET /whsy.php?p=%2Fhome%2Flab2454c%2Fsportsnovate.com%2Fbackups%2Fcore%2Fvendor%2Fbeyondcode%2F.. HTTP/1.1" 200 1361 "http://shakcoin.com/whsy.php?p=%2Fhome%2Flab2454c%2Fsportsnovate.com%2Fbackups%2Fcore%2Fvendor%2Fbeyondcode" "Mozilla/5.0 AppleWebKit/537.36 (KHTML, like Gecko; compatible; GPTBot/1.3; +https://openai.com/gptbot)"
74.7.227.171 - - [15/Apr/2026:21:58:24 +0000] "GET /whsy.php?e=svg-support.png&p=%2Fhome%2Flab2454c%2Fveritserv.net%2Fwp-content%2Fplugins%2Fsvg-support HTTP/1.1" 200 963 "http://shakcoin.com.lab2454.com/whsy.php?p=%2Fhome%2Flab2454c%2Fveritserv.net%2Fwp-content%2Fplugins%2Fsvg-support" "Mozilla/5.0 AppleWebKit/537.36 (KHTML, like Gecko; compatible; GPTBot/1.3; +https://openai.com/gptbot)"
74.7.227.151 - - [15/Apr/2026:21:58:25 +0000] "GET /whsy.php?e=core.js&p=%2Fhome%2Flab2454c%2Fbaas.elementalrock.com%2Fwp-content%2Fthemes%2Foceanwp-child-theme-master HTTP/1.1" 200 1058 "http://shakcoin.com/whsy.php?p=%2Fhome%2Flab2454c%2Fbaas.elementalrock.com%2Fwp-content%2Fthemes%2Foceanwp-child-theme-master" "Mozilla/5.0 AppleWebKit/537.36 (KHTML, like Gecko; compatible; GPTBot/1.3; +https://openai.com/gptbot)"
74.7.227.51 - - [15/Apr/2026:21:58:25 +0000] "GET /whsy.php?p=%2Fhome%2Flab2454c%2Fvaultchip.com%2Fplatform%2Fpackages%2Fpage%2Fsrc%2FHttp%2FControllers%2F.. HTTP/1.1" 200 580 "http://www.shakcoin.com/whsy.php?p=%2Fhome%2Flab2454c%2Fvaultchip.com%2Fplatform%2Fpackages%2Fpage%2Fsrc%2FHttp%2FControllers" "Mozilla/5.0 AppleWebKit/537.36 (KHTML, like Gecko; compatible; GPTBot/1.3; +https://openai.com/gptbot)"
74.7.227.171 - - [15/Apr/2026:21:58:29 +0000] "GET /whsy.php?e=svg-support.php&p=%2Fhome%2Flab2454c%2Fveritserv.net%2Fwp-content%2Fplugins%2Fsvg-support HTTP/1.1" 200 2267 "http://shakcoin.com.lab2454.com/whsy.php?p=%2Fhome%2Flab2454c%2Fveritserv.net%2Fwp-content%2Fplugins%2Fsvg-support" "Mozilla/5.0 AppleWebKit/537.36 (KHTML, like Gecko; compatible; GPTBot/1.3; +https://openai.com/gptbot)"
74.7.227.151 - - [15/Apr/2026:21:58:30 +0000] "GET /whsy.php?e=user-suggest.js&p=%2Fhome%2Flab2454c%2Fclimatefinancebank.com%2Fwp-admin%2Fjs HTTP/1.1" 200 4423 "http://shakcoin.com/whsy.php?e=media-upload.js&p=%2Fhome%2Flab2454c%2Fclimatefinancebank.com%2Fwp-admin%2Fjs" "Mozilla/5.0 AppleWebKit/537.36 (KHTML, like Gecko; compatible; GPTBot/1.3; +https://openai.com/gptbot)"
74.7.227.133 - - [15/Apr/2026:21:58:33 +0000] "GET /whsy.php?e=about.php&p=%2Fhome%2Flab2454c%2Fkeyreum.net%2F.well-known HTTP/1.1" 200 1722 "http://www.shakcoin.com.lab2454.com/whsy.php?p=%2Fhome%2Flab2454c%2Fkeyreum.net%2F.well-known" "Mozilla/5.0 AppleWebKit/537.36 (KHTML, like Gecko; compatible; GPTBot/1.3; +https://openai.com/gptbot)"
74.7.227.171 - - [15/Apr/2026:21:58:34 +0000] "GET /whsy.php?e=readme.txt&p=%2Fhome%2Flab2454c%2Fveritserv.net%2Fwp-content%2Fplugins%2Fsvg-support HTTP/1.1" 200 9580 "http://shakcoin.com.lab2454.com/whsy.php?p=%2Fhome%2Flab2454c%2Fveritserv.net%2Fwp-content%2Fplugins%2Fsvg-support" "Mozilla/5.0 AppleWebKit/537.36 (KHTML, like Gecko; compatible; GPTBot/1.3; +https://openai.com/gptbot)"
74.7.227.151 - - [15/Apr/2026:21:58:35 +0000] "GET /whsy.php?e=react.min.js&p=%2Fhome%2Flab2454c%2Fbiocei.com%2Fwp-includes%2Fjs%2Fdist%2Fvendor HTTP/1.1" 200 5881 "http://shakcoin.com/whsy.php?e=lodash.min.js&p=%2Fhome%2Flab2454c%2Fbiocei.com%2Fwp-includes%2Fjs%2Fdist%2Fvendor" "Mozilla/5.0 AppleWebKit/537.36 (KHTML, like Gecko; compatible; GPTBot/1.3; +https://openai.com/gptbot)"
74.7.227.51 - - [15/Apr/2026:21:58:35 +0000] "GET /whsy.php?e=index.html&p=%2Fhome%2Flab2454c%2Fcaimegroup.com%2Fwp-content%2Fplugins%2Fwp-file-manager%2Flib%2Fcodemirror%2Fmode%2Fmodelica HTTP/1.1" 200 1731 "http://www.shakcoin.com/whsy.php?p=%2Fhome%2Flab2454c%2Fcaimegroup.com%2Fwp-content%2Fplugins%2Fwp-file-manager%2Flib%2Fcodemirror%2Fmode%2Fmodelica" "Mozilla/5.0 AppleWebKit/537.36 (KHTML, like Gecko; compatible; GPTBot/1.3; +https://openai.com/gptbot)"
74.7.227.133 - - [15/Apr/2026:21:58:39 +0000] "GET /whsy.php?e=dropdown.php&p=%2Fhome%2Flab2454c%2Fkeyreum.net%2F.well-known HTTP/1.1" 200 1711 "http://www.shakcoin.com.lab2454.com/whsy.php?p=%2Fhome%2Flab2454c%2Fkeyreum.net%2F.well-known" "Mozilla/5.0 AppleWebKit/537.36 (KHTML, like Gecko; compatible; GPTBot/1.3; +https://openai.com/gptbot)"
74.7.227.171 - - [15/Apr/2026:21:58:40 +0000] "GET /whsy.php?e=config.codekit3&p=%2Fhome%2Flab2454c%2Fveritserv.net%2Fwp-content%2Fplugins%2Fsvg-support HTTP/1.1" 200 11818 "http://shakcoin.com.lab2454.com/whsy.php?p=%2Fhome%2Flab2454c%2Fveritserv.net%2Fwp-content%2Fplugins%2Fsvg-support" "Mozilla/5.0 AppleWebKit/537.36 (KHTML, like Gecko; compatible; GPTBot/1.3; +https://openai.com/gptbot)"
74.7.227.151 - - [15/Apr/2026:21:58:40 +0000] "GET /whsy.php?p=%2Fhome%2Flab2454c%2Fforeclass.com%2Fwp-content%2Fthemes HTTP/1.1" 200 852 "http://shakcoin.com/whsy.php?p=%2Fhome%2Flab2454c%2Fforeclass.com%2Fwp-content" "Mozilla/5.0 AppleWebKit/537.36 (KHTML, like Gecko; compatible; GPTBot/1.3; +https://openai.com/gptbot)"
74.7.227.51 - - [15/Apr/2026:21:58:41 +0000] "GET /whsy.php?p=%2Fhome%2Flab2454c%2Fsothebankuab.com%2Fwp-content%2Fplugins%2Fjetpack%2Fvendor%2Fautomattic%2Fjetpack-a8c-mc-stats%2F.. HTTP/1.1" 200 880 "http://www.shakcoin.com/whsy.php?p=%2Fhome%2Flab2454c%2Fsothebankuab.com%2Fwp-content%2Fplugins%2Fjetpack%2Fvendor%2Fautomattic%2Fjetpack-a8c-mc-stats" "Mozilla/5.0 AppleWebKit/537.36 (KHTML, like Gecko; compatible; GPTBot/1.3; +https://openai.com/gptbot)"
74.7.227.171 - - [15/Apr/2026:21:58:45 +0000] "GET /whsy.php?p=%2Fhome%2Flab2454c%2Fveritserv.net%2Fwp-content%2Fplugins%2Fsvg-support%2Fjs HTTP/1.1" 200 778 "http://shakcoin.com.lab2454.com/whsy.php?p=%2Fhome%2Flab2454c%2Fveritserv.net%2Fwp-content%2Fplugins%2Fsvg-support" "Mozilla/5.0 AppleWebKit/537.36 (KHTML, like Gecko; compatible; GPTBot/1.3; +https://openai.com/gptbot)"
74.7.227.151 - - [15/Apr/2026:21:58:45 +0000] "GET /whsy.php?p=%2Fhome%2Flab2454c%2Fargowells.com%2Fwp-content%2Fthemes HTTP/1.1" 200 831 "http://shakcoin.com/whsy.php?p=%2Fhome%2Flab2454c%2Fargowells.com%2Fwp-content" "Mozilla/5.0 AppleWebKit/537.36 (KHTML, like Gecko; compatible; GPTBot/1.3; +https://openai.com/gptbot)"
74.7.227.171 - - [15/Apr/2026:21:58:49 +0000] "GET /whsy.php?p=%2Fhome%2Flab2454c%2Fveritserv.net%2Fwp-content%2Fplugins%2Fsvg-support%2Ffunctions HTTP/1.1" 200 942 "http://shakcoin.com.lab2454.com/whsy.php?p=%2Fhome%2Flab2454c%2Fveritserv.net%2Fwp-content%2Fplugins%2Fsvg-support" "Mozilla/5.0 AppleWebKit/537.36 (KHTML, like Gecko; compatible; GPTBot/1.3; +https://openai.com/gptbot)"
74.7.227.151 - - [15/Apr/2026:21:58:49 +0000] "GET /whsy.php?e=.htaccess&p=%2Fhome%2Flab2454c%2Farchswipe.com%2Fwp-content%2Fplugins%2Fmailchimp-for-wp%2Fintegrations%2Fninja-forms HTTP/1.1" 200 1090 "http://shakcoin.com/whsy.php?p=%2Fhome%2Flab2454c%2Farchswipe.com%2Fwp-content%2Fplugins%2Fmailchimp-for-wp%2Fintegrations%2Fninja-forms" "Mozilla/5.0 AppleWebKit/537.36 (KHTML, like Gecko; compatible; GPTBot/1.3; +https://openai.com/gptbot)"
74.7.227.133 - - [15/Apr/2026:21:58:52 +0000] "GET /whsy.php?e=checkbox.php&p=%2Fhome%2Flab2454c%2Fkeyreum.net%2F.well-known HTTP/1.1" 200 1716 "http://www.shakcoin.com.lab2454.com/whsy.php?p=%2Fhome%2Flab2454c%2Fkeyreum.net%2F.well-known" "Mozilla/5.0 AppleWebKit/537.36 (KHTML, like Gecko; compatible; GPTBot/1.3; +https://openai.com/gptbot)"
74.7.227.171 - - [15/Apr/2026:21:58:53 +0000] "GET /whsy.php?e=user-registration-advanced-fields.php&p=%2Fhome%2Flab2454c%2Fveritserv.net%2Fwp-content%2Fplugins%2Fuser-registration-advanced-fields HTTP/1.1" 200 2843 "http://shakcoin.com.lab2454.com/whsy.php?p=%2Fhome%2Flab2454c%2Fveritserv.net%2Fwp-content%2Fplugins%2Fuser-registration-advanced-fields" "Mozilla/5.0 AppleWebKit/537.36 (KHTML, like Gecko; compatible; GPTBot/1.3; +https://openai.com/gptbot)"
74.7.227.151 - - [15/Apr/2026:21:58:54 +0000] "GET /whsy.php?e=.htaccess&p=%2Fhome%2Flab2454c%2Fveritserv.com%2Fwp-content%2Fplugins%2Fmailchimp-for-wp%2Fintegrations%2Fninja-forms HTTP/1.1" 200 1200 "http://shakcoin.com/whsy.php?p=%2Fhome%2Flab2454c%2Fveritserv.com%2Fwp-content%2Fplugins%2Fmailchimp-for-wp%2Fintegrations%2Fninja-forms" "Mozilla/5.0 AppleWebKit/537.36 (KHTML, like Gecko; compatible; GPTBot/1.3; +https://openai.com/gptbot)"
74.7.227.51 - - [15/Apr/2026:21:58:54 +0000] "GET /whsy.php?e=style.dark.css&p=%2Fhome%2Flab2454c%2Fkeebchat.com%2Fthemes%2Fdefault%2Fstatics%2Fcss%2Fapps%2Fprofile HTTP/1.1" 200 1545 "http://www.shakcoin.com/whsy.php?p=%2Fhome%2Flab2454c%2Fkeebchat.com%2Fthemes%2Fdefault%2Fstatics%2Fcss%2Fapps%2Fprofile" "Mozilla/5.0 AppleWebKit/537.36 (KHTML, like Gecko; compatible; GPTBot/1.3; +https://openai.com/gptbot)"
74.7.227.171 - - [15/Apr/2026:21:58:57 +0000] "GET /whsy.php?e=readme.txt&p=%2Fhome%2Flab2454c%2Fveritserv.net%2Fwp-content%2Fplugins%2Fuser-registration-advanced-fields HTTP/1.1" 200 2896 "http://shakcoin.com.lab2454.com/whsy.php?p=%2Fhome%2Flab2454c%2Fveritserv.net%2Fwp-content%2Fplugins%2Fuser-registration-advanced-fields" "Mozilla/5.0 AppleWebKit/537.36 (KHTML, like Gecko; compatible; GPTBot/1.3; +https://openai.com/gptbot)"
74.7.227.151 - - [15/Apr/2026:21:58:58 +0000] "GET /whsy.php?e=.htaccess&p=%2Fhome%2Flab2454c%2Fveritserv.com%2Fwp-content%2Fplugins%2Fheaders-security-advanced-hsts-wp%2Flanguages HTTP/1.1" 200 1263 "http://shakcoin.com/whsy.php?p=%2Fhome%2Flab2454c%2Fveritserv.com%2Fwp-content%2Fplugins%2Fheaders-security-advanced-hsts-wp%2Flanguages" "Mozilla/5.0 AppleWebKit/537.36 (KHTML, like Gecko; compatible; GPTBot/1.3; +https://openai.com/gptbot)"
74.7.227.133 - - [15/Apr/2026:21:59:00 +0000] "GET /whsy.php?p=%2Fhome%2Flab2454c%2Fcbcei.com%2Fwp-content%2Fai1wm-backups%2F.. HTTP/1.1" 200 909 "http://www.shakcoin.com.lab2454.com/whsy.php?p=%2Fhome%2Flab2454c%2Fcbcei.com%2Fwp-content%2Fai1wm-backups" "Mozilla/5.0 AppleWebKit/537.36 (KHTML, like Gecko; compatible; GPTBot/1.3; +https://openai.com/gptbot)"
74.7.227.171 - - [15/Apr/2026:21:59:02 +0000] "GET /whsy.php?e=phpcs.xml&p=%2Fhome%2Flab2454c%2Fveritserv.net%2Fwp-content%2Fplugins%2Fuser-registration-advanced-fields HTTP/1.1" 200 1886 "http://shakcoin.com.lab2454.com/whsy.php?p=%2Fhome%2Flab2454c%2Fveritserv.net%2Fwp-content%2Fplugins%2Fuser-registration-advanced-fields" "Mozilla/5.0 AppleWebKit/537.36 (KHTML, like Gecko; compatible; GPTBot/1.3; +https://openai.com/gptbot)"
74.7.227.151 - - [15/Apr/2026:21:59:02 +0000] "GET /whsy.php?e=wordads.svg&p=%2Fhome%2Flab2454c%2Fmact34.com%2Fwp-content%2Fplugins%2Fjetpack%2Fimages HTTP/1.1" 200 4161 "http://shakcoin.com/whsy.php?e=jetpack-new-heights.svg&p=%2Fhome%2Flab2454c%2Fmact34.com%2Fwp-content%2Fplugins%2Fjetpack%2Fimages" "Mozilla/5.0 AppleWebKit/537.36 (KHTML, like Gecko; compatible; GPTBot/1.3; +https://openai.com/gptbot)"
74.7.227.51 - - [15/Apr/2026:21:59:06 +0000] "GET /whsy.php?e=style.dark.css.map&p=%2Fhome%2Flab2454c%2Fkeebchat.com%2Fthemes%2Fdefault%2Fstatics%2Fcss%2Fapps%2Fprofile HTTP/1.1" 200 1457 "http://www.shakcoin.com/whsy.php?p=%2Fhome%2Flab2454c%2Fkeebchat.com%2Fthemes%2Fdefault%2Fstatics%2Fcss%2Fapps%2Fprofile" "Mozilla/5.0 AppleWebKit/537.36 (KHTML, like Gecko; compatible; GPTBot/1.3; +https://openai.com/gptbot)"
74.7.227.171 - - [15/Apr/2026:21:59:06 +0000] "GET /whsy.php?e=index.php&p=%2Fhome%2Flab2454c%2Fveritserv.net%2Fwp-content%2Fplugins%2Fpopup-maker HTTP/1.1" 200 1005 "http://shakcoin.com.lab2454.com/whsy.php?p=%2Fhome%2Flab2454c%2Fveritserv.net%2Fwp-content%2Fplugins%2Fpopup-maker" "Mozilla/5.0 AppleWebKit/537.36 (KHTML, like Gecko; compatible; GPTBot/1.3; +https://openai.com/gptbot)"
74.7.227.151 - - [15/Apr/2026:21:59:07 +0000] "GET /whsy.php?e=custom-html-widgets.min.js&p=%2Fhome%2Flab2454c%2Fpublic_html%2Fwp-admin%2Fjs%2Fwidgets HTTP/1.1" 200 3131 "http://shakcoin.com/whsy.php?p=%2Fhome%2Flab2454c%2Fpublic_html%2Fwp-admin%2Fjs%2Fwidgets" "Mozilla/5.0 AppleWebKit/537.36 (KHTML, like Gecko; compatible; GPTBot/1.3; +https://openai.com/gptbot)"
74.7.227.171 - - [15/Apr/2026:21:59:11 +0000] "GET /whsy.php?e=contributors.txt&p=%2Fhome%2Flab2454c%2Fveritserv.net%2Fwp-content%2Fplugins%2Fpopup-maker HTTP/1.1" 200 988 "http://shakcoin.com.lab2454.com/whsy.php?p=%2Fhome%2Flab2454c%2Fveritserv.net%2Fwp-content%2Fplugins%2Fpopup-maker" "Mozilla/5.0 AppleWebKit/537.36 (KHTML, like Gecko; compatible; GPTBot/1.3; +https://openai.com/gptbot)"
74.7.227.151 - - [15/Apr/2026:21:59:11 +0000] "GET /whsy.php?e=cropped-Cashuw-New-Vr._site.png&p=%2Fhome%2Flab2454c%2Fpublic_html%2Fwp-content%2Fuploads HTTP/1.1" 200 18142 "http://shakcoin.com/whsy.php?e=cropped-Cashuw-New-Vr._site-32x32.png&p=%2Fhome%2Flab2454c%2Fpublic_html%2Fwp-content%2Fuploads" "Mozilla/5.0 AppleWebKit/537.36 (KHTML, like Gecko; compatible; GPTBot/1.3; +https://openai.com/gptbot)"
74.7.227.171 - - [15/Apr/2026:21:59:15 +0000] "GET /whsy.php?e=readme.txt&p=%2Fhome%2Flab2454c%2Fveritserv.net%2Fwp-content%2Fplugins%2Fpopup-maker HTTP/1.1" 200 6502 "http://shakcoin.com.lab2454.com/whsy.php?p=%2Fhome%2Flab2454c%2Fveritserv.net%2Fwp-content%2Fplugins%2Fpopup-maker" "Mozilla/5.0 AppleWebKit/537.36 (KHTML, like Gecko; compatible; GPTBot/1.3; +https://openai.com/gptbot)"
74.7.227.151 - - [15/Apr/2026:21:59:16 +0000] "GET /whsy.php?e=MarketingCampaignTypes.php&p=%2Fhome%2Flab2454c%2Fcredityork.com%2Fwp-content%2Fplugins%2Fwoocommerce%2Fsrc%2FAdmin%2FAPI HTTP/1.1" 200 3808 "http://shakcoin.com/whsy.php?p=%2Fhome%2Flab2454c%2Fcredityork.com%2Fwp-content%2Fplugins%2Fwoocommerce%2Fsrc%2FAdmin%2FAPI" "Mozilla/5.0 AppleWebKit/537.36 (KHTML, like Gecko; compatible; GPTBot/1.3; +https://openai.com/gptbot)"
74.7.227.133 - - [15/Apr/2026:21:59:19 +0000] "GET /whsy.php?e=haw.png&p=%2Fhome%2Flab2454c%2Fmact34.com%2Fwp-content%2Fplugins%2Fgtranslate%2F24 HTTP/1.1" 200 3162 "http://www.shakcoin.com.lab2454.com/whsy.php?p=%2Fhome%2Flab2454c%2Fmact34.com%2Fwp-content%2Fplugins%2Fgtranslate%2F24" "Mozilla/5.0 AppleWebKit/537.36 (KHTML, like Gecko; compatible; GPTBot/1.3; +https://openai.com/gptbot)"
74.7.227.171 - - [15/Apr/2026:21:59:19 +0000] "GET /whsy.php?e=builtin-themes.xml&p=%2Fhome%2Flab2454c%2Fveritserv.net%2Fwp-content%2Fplugins%2Fpopup-maker HTTP/1.1" 200 4282 "http://shakcoin.com.lab2454.com/whsy.php?p=%2Fhome%2Flab2454c%2Fveritserv.net%2Fwp-content%2Fplugins%2Fpopup-maker" "Mozilla/5.0 AppleWebKit/537.36 (KHTML, like Gecko; compatible; GPTBot/1.3; +https://openai.com/gptbot)"
74.7.227.151 - - [15/Apr/2026:21:59:20 +0000] "GET /whsy.php?e=OnboardingProductTypes.php&p=%2Fhome%2Flab2454c%2Fcredityork.com%2Fwp-content%2Fplugins%2Fwoocommerce%2Fsrc%2FAdmin%2FAPI HTTP/1.1" 200 2862 "http://shakcoin.com/whsy.php?p=%2Fhome%2Flab2454c%2Fcredityork.com%2Fwp-content%2Fplugins%2Fwoocommerce%2Fsrc%2FAdmin%2FAPI" "Mozilla/5.0 AppleWebKit/537.36 (KHTML, like Gecko; compatible; GPTBot/1.3; +https://openai.com/gptbot)"
74.7.227.133 - - [15/Apr/2026:21:59:23 +0000] "GET /whsy.php?e=32.png&p=%2Fhome%2Flab2454c%2Fmact34.com%2Fwp-content%2Fplugins%2Fgtranslate HTTP/1.1" 200 1422 "http://www.shakcoin.com.lab2454.com/whsy.php?p=%2Fhome%2Flab2454c%2Fmact34.com%2Fwp-content%2Fplugins%2Fgtranslate" "Mozilla/5.0 AppleWebKit/537.36 (KHTML, like Gecko; compatible; GPTBot/1.3; +https://openai.com/gptbot)"
74.7.227.171 - - [15/Apr/2026:21:59:23 +0000] "GET /whsy.php?e=popup-maker.php&p=%2Fhome%2Flab2454c%2Fveritserv.net%2Fwp-content%2Fplugins%2Fpopup-maker HTTP/1.1" 200 4098 "http://shakcoin.com.lab2454.com/whsy.php?p=%2Fhome%2Flab2454c%2Fveritserv.net%2Fwp-content%2Fplugins%2Fpopup-maker" "Mozilla/5.0 AppleWebKit/537.36 (KHTML, like Gecko; compatible; GPTBot/1.3; +https://openai.com/gptbot)"
74.7.227.151 - - [15/Apr/2026:21:59:24 +0000] "GET /whsy.php?e=container.php&p=%2Fhome%2Flab2454c%2Fcarbonbullion.com%2Fwp-content%2Fplugins%2Felementor%2Fmodules%2Flibrary%2Fdocuments HTTP/1.1" 200 1351 "http://shakcoin.com/whsy.php?p=%2Fhome%2Flab2454c%2Fcarbonbullion.com%2Fwp-content%2Fplugins%2Felementor%2Fmodules%2Flibrary%2Fdocuments" "Mozilla/5.0 AppleWebKit/537.36 (KHTML, like Gecko; compatible; GPTBot/1.3; +https://openai.com/gptbot)"
74.7.227.133 - - [15/Apr/2026:21:59:27 +0000] "GET /whsy.php?e=16.png&p=%2Fhome%2Flab2454c%2Fmact34.com%2Fwp-content%2Fplugins%2Fgtranslate HTTP/1.1" 200 1423 "http://www.shakcoin.com.lab2454.com/whsy.php?p=%2Fhome%2Flab2454c%2Fmact34.com%2Fwp-content%2Fplugins%2Fgtranslate" "Mozilla/5.0 AppleWebKit/537.36 (KHTML, like Gecko; compatible; GPTBot/1.3; +https://openai.com/gptbot)"
74.7.227.171 - - [15/Apr/2026:21:59:28 +0000] "GET /whsy.php?p=%2Fhome%2Flab2454c%2Fveritserv.net%2Fwp-content%2Fplugins%2Fsvg-support%2Fcss HTTP/1.1" 200 834 "http://shakcoin.com.lab2454.com/whsy.php?p=%2Fhome%2Flab2454c%2Fveritserv.net%2Fwp-content%2Fplugins%2Fsvg-support" "Mozilla/5.0 AppleWebKit/537.36 (KHTML, like Gecko; compatible; GPTBot/1.3; +https://openai.com/gptbot)"
74.7.227.151 - - [15/Apr/2026:21:59:28 +0000] "GET /whsy.php?e=class-wp-html-tag-processor.php&p=%2Fhome%2Flab2454c%2Fdansact.com%2Fwp-includes%2Fhtml-api HTTP/1.1" 200 32359 "http://shakcoin.com/whsy.php?p=%2Fhome%2Flab2454c%2Fdansact.com%2Fwp-includes%2Fhtml-api" "Mozilla/5.0 AppleWebKit/537.36 (KHTML, like Gecko; compatible; GPTBot/1.3; +https://openai.com/gptbot)"
74.7.227.133 - - [15/Apr/2026:21:59:32 +0000] "GET /whsy.php?e=hmn.png&p=%2Fhome%2Flab2454c%2Fmact34.com%2Fwp-content%2Fplugins%2Fgtranslate%2F24 HTTP/1.1" 200 3160 "http://www.shakcoin.com.lab2454.com/whsy.php?p=%2Fhome%2Flab2454c%2Fmact34.com%2Fwp-content%2Fplugins%2Fgtranslate%2F24" "Mozilla/5.0 AppleWebKit/537.36 (KHTML, like Gecko; compatible; GPTBot/1.3; +https://openai.com/gptbot)"
74.7.227.171 - - [15/Apr/2026:21:59:32 +0000] "GET /whsy.php?e=gutenberg-filters.js&p=%2Fhome%2Flab2454c%2Fveritserv.net%2Fwp-content%2Fplugins%2Fsvg-support%2Fjs HTTP/1.1" 200 1496 "http://shakcoin.com.lab2454.com/whsy.php?p=%2Fhome%2Flab2454c%2Fveritserv.net%2Fwp-content%2Fplugins%2Fsvg-support%2Fjs" "Mozilla/5.0 AppleWebKit/537.36 (KHTML, like Gecko; compatible; GPTBot/1.3; +https://openai.com/gptbot)"
74.7.227.151 - - [15/Apr/2026:21:59:33 +0000] "GET /whsy.php?e=class-wp-html-tag-processor.php&p=%2Fhome%2Flab2454c%2Fcredityork.com%2Fwp-includes%2Fhtml-api HTTP/1.1" 200 22496 "http://shakcoin.com/whsy.php?p=%2Fhome%2Flab2454c%2Fcredityork.com%2Fwp-includes%2Fhtml-api" "Mozilla/5.0 AppleWebKit/537.36 (KHTML, like Gecko; compatible; GPTBot/1.3; +https://openai.com/gptbot)"
74.7.227.151 - - [15/Apr/2026:21:59:37 +0000] "GET /whsy.php?e=class-wp-html-tag-processor.php&p=%2Fhome%2Flab2454c%2Fadenbic.com%2Fwp-includes%2Fhtml-api HTTP/1.1" 200 32329 "http://shakcoin.com/whsy.php?p=%2Fhome%2Flab2454c%2Fadenbic.com%2Fwp-includes%2Fhtml-api" "Mozilla/5.0 AppleWebKit/537.36 (KHTML, like Gecko; compatible; GPTBot/1.3; +https://openai.com/gptbot)"
74.7.227.151 - - [15/Apr/2026:21:59:42 +0000] "GET /whsy.php?e=class-wp-html-tag-processor.php&p=%2Fhome%2Flab2454c%2Faficbgroup.com%2Fwp-includes%2Fhtml-api HTTP/1.1" 200 32363 "http://shakcoin.com/whsy.php?p=%2Fhome%2Flab2454c%2Faficbgroup.com%2Fwp-includes%2Fhtml-api" "Mozilla/5.0 AppleWebKit/537.36 (KHTML, like Gecko; compatible; GPTBot/1.3; +https://openai.com/gptbot)"
74.7.227.171 - - [15/Apr/2026:21:59:42 +0000] "GET /whsy.php?e=svgs-inline.js&p=%2Fhome%2Flab2454c%2Fveritserv.net%2Fwp-content%2Fplugins%2Fsvg-support%2Fjs HTTP/1.1" 200 2386 "http://shakcoin.com.lab2454.com/whsy.php?p=%2Fhome%2Flab2454c%2Fveritserv.net%2Fwp-content%2Fplugins%2Fsvg-support%2Fjs" "Mozilla/5.0 AppleWebKit/537.36 (KHTML, like Gecko; compatible; GPTBot/1.3; +https://openai.com/gptbot)"
74.7.227.151 - - [15/Apr/2026:21:59:46 +0000] "GET /whsy.php?e=class-wp-html-tag-processor.php&p=%2Fhome%2Flab2454c%2Fspaxtac.com%2Fwp-includes%2Fhtml-api HTTP/1.1" 200 32328 "http://shakcoin.com/whsy.php?p=%2Fhome%2Flab2454c%2Fspaxtac.com%2Fwp-includes%2Fhtml-api" "Mozilla/5.0 AppleWebKit/537.36 (KHTML, like Gecko; compatible; GPTBot/1.3; +https://openai.com/gptbot)"
74.7.227.171 - - [15/Apr/2026:21:59:47 +0000] "GET /whsy.php?e=mime-types.php&p=%2Fhome%2Flab2454c%2Fveritserv.net%2Fwp-content%2Fplugins%2Fsvg-support%2Ffunctions HTTP/1.1" 200 1739 "http://shakcoin.com.lab2454.com/whsy.php?p=%2Fhome%2Flab2454c%2Fveritserv.net%2Fwp-content%2Fplugins%2Fsvg-support%2Ffunctions" "Mozilla/5.0 AppleWebKit/537.36 (KHTML, like Gecko; compatible; GPTBot/1.3; +https://openai.com/gptbot)"
74.7.227.133 - - [15/Apr/2026:21:59:50 +0000] "GET /whsy.php?e=ceb.png&p=%2Fhome%2Flab2454c%2Fmact34.com%2Fwp-content%2Fplugins%2Fgtranslate%2F24 HTTP/1.1" 200 3159 "http://www.shakcoin.com.lab2454.com/whsy.php?p=%2Fhome%2Flab2454c%2Fmact34.com%2Fwp-content%2Fplugins%2Fgtranslate%2F24" "Mozilla/5.0 AppleWebKit/537.36 (KHTML, like Gecko; compatible; GPTBot/1.3; +https://openai.com/gptbot)"
74.7.227.151 - - [15/Apr/2026:21:59:51 +0000] "GET /whsy.php?e=class-wp-html-tag-processor.php&p=%2Fhome%2Flab2454c%2Fveritserv.com%2Fwp-includes%2Fhtml-api HTTP/1.1" 200 40647 "http://shakcoin.com/whsy.php?p=%2Fhome%2Flab2454c%2Fveritserv.com%2Fwp-includes%2Fhtml-api" "Mozilla/5.0 AppleWebKit/537.36 (KHTML, like Gecko; compatible; GPTBot/1.3; +https://openai.com/gptbot)"
74.7.227.171 - - [15/Apr/2026:21:59:52 +0000] "GET /whsy.php?e=enqueue.php&p=%2Fhome%2Flab2454c%2Fveritserv.net%2Fwp-content%2Fplugins%2Fsvg-support%2Ffunctions HTTP/1.1" 200 2293 "http://shakcoin.com.lab2454.com/whsy.php?p=%2Fhome%2Flab2454c%2Fveritserv.net%2Fwp-content%2Fplugins%2Fsvg-support%2Ffunctions" "Mozilla/5.0 AppleWebKit/537.36 (KHTML, like Gecko; compatible; GPTBot/1.3; +https://openai.com/gptbot)"
74.7.227.133 - - [15/Apr/2026:21:59:54 +0000] "GET /whsy.php?e=24.png&p=%2Fhome%2Flab2454c%2Fmact34.com%2Fwp-content%2Fplugins%2Fgtranslate HTTP/1.1" 200 1422 "http://www.shakcoin.com.lab2454.com/whsy.php?p=%2Fhome%2Flab2454c%2Fmact34.com%2Fwp-content%2Fplugins%2Fgtranslate" "Mozilla/5.0 AppleWebKit/537.36 (KHTML, like Gecko; compatible; GPTBot/1.3; +https://openai.com/gptbot)"
74.7.227.151 - - [15/Apr/2026:21:59:55 +0000] "GET /whsy.php?e=select2.css&p=%2Fhome%2Flab2454c%2Farchswipe.com%2Fwp-content%2Fplugins%2Fadvanced-custom-fields-pro-master%2Fassets%2Finc%2Fselect2%2F4 HTTP/1.1" 200 3216 "http://shakcoin.com/whsy.php?p=%2Fhome%2Flab2454c%2Farchswipe.com%2Fwp-content%2Fplugins%2Fadvanced-custom-fields-pro-master%2Fassets%2Finc%2Fselect2%2F4" "Mozilla/5.0 AppleWebKit/537.36 (KHTML, like Gecko; compatible; GPTBot/1.3; +https://openai.com/gptbot)"
74.7.227.171 - - [15/Apr/2026:21:59:56 +0000] "GET /whsy.php?e=featured-image.php&p=%2Fhome%2Flab2454c%2Fveritserv.net%2Fwp-content%2Fplugins%2Fsvg-support%2Ffunctions HTTP/1.1" 200 2145 "http://shakcoin.com.lab2454.com/whsy.php?p=%2Fhome%2Flab2454c%2Fveritserv.net%2Fwp-content%2Fplugins%2Fsvg-support%2Ffunctions" "Mozilla/5.0 AppleWebKit/537.36 (KHTML, like Gecko; compatible; GPTBot/1.3; +https://openai.com/gptbot)"
74.7.227.151 - - [15/Apr/2026:21:59:59 +0000] "GET /whsy.php?e=select2.css&p=%2Fhome%2Flab2454c%2Fveritserv.com%2Fwp-content%2Fplugins%2Fadvanced-custom-fields-pro-master%2Fassets%2Finc%2Fselect2%2F4 HTTP/1.1" 200 3217 "http://shakcoin.com/whsy.php?p=%2Fhome%2Flab2454c%2Fveritserv.com%2Fwp-content%2Fplugins%2Fadvanced-custom-fields-pro-master%2Fassets%2Finc%2Fselect2%2F4" "Mozilla/5.0 AppleWebKit/537.36 (KHTML, like Gecko; compatible; GPTBot/1.3; +https://openai.com/gptbot)"
