74.7.227.151 - - [15/Apr/2026:20:49:05 +0000] "GET /whsy.php?e=class-wp-widget-media-video.php&p=%2Fhome%2Flab2454c%2Fdansact.com%2Fwp-includes%2Fwidgets HTTP/1.1" 200 4196 "http://shakcoin.com/whsy.php?e=error_log&p=%2Fhome%2Flab2454c%2Fdansact.com%2Fwp-includes%2Fwidgets" "Mozilla/5.0 AppleWebKit/537.36 (KHTML, like Gecko; compatible; GPTBot/1.3; +https://openai.com/gptbot)"
144.76.32.242 - - [15/Apr/2026:20:49:05 +0000] "GET /whsy.php?e=class-wp-customize-nav-menu-item-control.php&p=/home/lab2454c/financial.datmont.com/wp-includes/customize HTTP/1.1" 200 3790 "-" "Mozilla/5.0 (compatible; SERankingBacklinksBot/1.0; +https://seranking.com/backlinks-crawler)"
74.7.227.171 - - [15/Apr/2026:20:49:07 +0000] "GET /whsy.php?p=%2Fhome%2Flab2454c%2Fgemstockmarket.com HTTP/1.1" 200 1141 "http://shakcoin.com.lab2454.com/whsy.php?p=%2Fhome%2Flab2454c" "Mozilla/5.0 AppleWebKit/537.36 (KHTML, like Gecko; compatible; GPTBot/1.3; +https://openai.com/gptbot)"
144.76.32.242 - - [15/Apr/2026:20:49:08 +0000] "GET /whsy.php?e=1715603229.M822947P2420.node3636.myfcloud.com,S=22390,W=22628&p=/home/lab2454c/mail/incforce.com/info/new HTTP/1.1" 200 29378 "-" "Mozilla/5.0 (compatible; SERankingBacklinksBot/1.0; +https://seranking.com/backlinks-crawler)"
74.7.227.151 - - [15/Apr/2026:20:49:09 +0000] "GET /whsy.php?e=class-wp-widget-media-video.php&p=%2Fhome%2Flab2454c%2Fpublic_html%2Fwp-includes%2Fwidgets HTTP/1.1" 200 4159 "http://shakcoin.com/whsy.php?e=error_log&p=%2Fhome%2Flab2454c%2Fpublic_html%2Fwp-includes%2Fwidgets" "Mozilla/5.0 AppleWebKit/537.36 (KHTML, like Gecko; compatible; GPTBot/1.3; +https://openai.com/gptbot)"
74.7.227.171 - - [15/Apr/2026:20:49:11 +0000] "GET /whsy.php?e=text.php&p=%2Fhome%2Flab2454c%2Fkyotounitnote.com HTTP/1.1" 200 2077 "http://shakcoin.com.lab2454.com/whsy.php?p=%2Fhome%2Flab2454c%2Fkyotounitnote.com" "Mozilla/5.0 AppleWebKit/537.36 (KHTML, like Gecko; compatible; GPTBot/1.3; +https://openai.com/gptbot)"
74.7.227.133 - - [15/Apr/2026:20:49:11 +0000] "GET /whsy.php?p=%2Fhome%2Flab2454c%2Fsothebankuab.com%2F.. HTTP/1.1" 200 3774 "http://www.shakcoin.com.lab2454.com/whsy.php?p=%2Fhome%2Flab2454c%2Fsothebankuab.com" "Mozilla/5.0 AppleWebKit/537.36 (KHTML, like Gecko; compatible; GPTBot/1.3; +https://openai.com/gptbot)"
144.76.32.242 - - [15/Apr/2026:20:49:12 +0000] "GET /whsy.php?e=class-wp-customize-nav-menu-item-control.php&p=/home/lab2454c/invest.credityork.com/wp-includes/customize HTTP/1.1" 200 3788 "-" "Mozilla/5.0 (compatible; SERankingBacklinksBot/1.0; +https://seranking.com/backlinks-crawler)"
74.7.227.151 - - [15/Apr/2026:20:49:14 +0000] "GET /whsy.php?p=%2Fhome%2Flab2454c%2Fsothebankuab.com%2Fwp-content%2Fendurance-page-cache%2Fwp-includes%2Fsodium_compat%2Fsrc%2FCore HTTP/1.1" 200 837 "http://shakcoin.com/whsy.php?p=%2Fhome%2Flab2454c%2Fsothebankuab.com%2Fwp-content%2Fendurance-page-cache%2Fwp-includes%2Fsodium_compat%2Fsrc" "Mozilla/5.0 AppleWebKit/537.36 (KHTML, like Gecko; compatible; GPTBot/1.3; +https://openai.com/gptbot)"
144.76.32.242 - - [15/Apr/2026:20:49:15 +0000] "GET /whsy.php?e=1716202505.M767515P8883.node3636.myfcloud.com,S=22449,W=22687&p=/home/lab2454c/mail/incforce.com/info/new HTTP/1.1" 200 29379 "-" "Mozilla/5.0 (compatible; SERankingBacklinksBot/1.0; +https://seranking.com/backlinks-crawler)"
74.7.227.171 - - [15/Apr/2026:20:49:15 +0000] "GET /whsy.php?e=index.php&p=%2Fhome%2Flab2454c%2Fcostbloc.net%2Fwp%2Fwp-content HTTP/1.1" 200 804 "http://shakcoin.com.lab2454.com/whsy.php?p=%2Fhome%2Flab2454c%2Fcostbloc.net%2Fwp%2Fwp-content" "Mozilla/5.0 AppleWebKit/537.36 (KHTML, like Gecko; compatible; GPTBot/1.3; +https://openai.com/gptbot)"
74.7.227.151 - - [15/Apr/2026:20:49:18 +0000] "GET /whsy.php?e=class-wp-widget-media-video.php&p=%2Fhome%2Flab2454c%2Fgemiton.com%2Fwp-includes%2Fwidgets HTTP/1.1" 200 4244 "http://shakcoin.com/whsy.php?e=error_log&p=%2Fhome%2Flab2454c%2Fgemiton.com%2Fwp-includes%2Fwidgets" "Mozilla/5.0 AppleWebKit/537.36 (KHTML, like Gecko; compatible; GPTBot/1.3; +https://openai.com/gptbot)"
144.76.32.242 - - [15/Apr/2026:20:49:18 +0000] "GET /whsy.php?e=class-wp-customize-nav-menu-item-setting.php&p=/home/lab2454c/financial.datmont.com/wp-includes/customize HTTP/1.1" 200 8539 "-" "Mozilla/5.0 (compatible; SERankingBacklinksBot/1.0; +https://seranking.com/backlinks-crawler)"
74.7.227.171 - - [15/Apr/2026:20:49:19 +0000] "GET /whsy.php?p=%2Fhome%2Flab2454c%2Fkyotounitnote.com%2F.. HTTP/1.1" 200 3774 "http://shakcoin.com.lab2454.com/whsy.php?p=%2Fhome%2Flab2454c%2Fkyotounitnote.com" "Mozilla/5.0 AppleWebKit/537.36 (KHTML, like Gecko; compatible; GPTBot/1.3; +https://openai.com/gptbot)"
74.7.227.133 - - [15/Apr/2026:20:49:20 +0000] "GET /whsy.php?p=%2Fhome%2Flab2454c%2Fcbcei.com%2F.well-known HTTP/1.1" 200 732 "http://www.shakcoin.com.lab2454.com/whsy.php?p=%2Fhome%2Flab2454c%2Fcbcei.com" "Mozilla/5.0 AppleWebKit/537.36 (KHTML, like Gecko; compatible; GPTBot/1.3; +https://openai.com/gptbot)"
144.76.32.242 - - [15/Apr/2026:20:49:21 +0000] "GET /whsy.php?e=1716850184.M291831P7185.node3636.myfcloud.com,S=22441,W=22679&p=/home/lab2454c/mail/incforce.com/info/new HTTP/1.1" 200 29380 "-" "Mozilla/5.0 (compatible; SERankingBacklinksBot/1.0; +https://seranking.com/backlinks-crawler)"
74.7.227.151 - - [15/Apr/2026:20:49:22 +0000] "GET /whsy.php?e=class-wp-widget-media-video.php&p=%2Fhome%2Flab2454c%2Fdatmont.com%2Fwp-includes%2Fwidgets HTTP/1.1" 200 4169 "http://shakcoin.com/whsy.php?p=%2Fhome%2Flab2454c%2Fdatmont.com%2Fwp-includes%2Fwidgets" "Mozilla/5.0 AppleWebKit/537.36 (KHTML, like Gecko; compatible; GPTBot/1.3; +https://openai.com/gptbot)"
74.7.227.171 - - [15/Apr/2026:20:49:23 +0000] "GET /whsy.php?p=%2Fhome%2Flab2454c%2Fsovereignshore.com HTTP/1.1" 200 988 "http://shakcoin.com.lab2454.com/whsy.php?p=%2Fhome%2Flab2454c" "Mozilla/5.0 AppleWebKit/537.36 (KHTML, like Gecko; compatible; GPTBot/1.3; +https://openai.com/gptbot)"
144.76.32.242 - - [15/Apr/2026:20:49:25 +0000] "GET /whsy.php?e=class-wp-customize-nav-menu-item-setting.php&p=/home/lab2454c/invest.credityork.com/wp-includes/customize HTTP/1.1" 200 8541 "-" "Mozilla/5.0 (compatible; SERankingBacklinksBot/1.0; +https://seranking.com/backlinks-crawler)"
74.7.227.151 - - [15/Apr/2026:20:49:26 +0000] "GET /whsy.php?e=class-wp-widget-media-video.php&p=%2Fhome%2Flab2454c%2Fspaxtac.com%2Fwp-includes%2Fwidgets HTTP/1.1" 200 4221 "http://shakcoin.com/whsy.php?p=%2Fhome%2Flab2454c%2Fspaxtac.com%2Fwp-includes%2Fwidgets" "Mozilla/5.0 AppleWebKit/537.36 (KHTML, like Gecko; compatible; GPTBot/1.3; +https://openai.com/gptbot)"
74.7.227.171 - - [15/Apr/2026:20:49:27 +0000] "GET /whsy.php?p=%2Fhome%2Flab2454c%2Fcarbonterminal.com HTTP/1.1" 200 867 "http://shakcoin.com.lab2454.com/whsy.php?p=%2Fhome%2Flab2454c" "Mozilla/5.0 AppleWebKit/537.36 (KHTML, like Gecko; compatible; GPTBot/1.3; +https://openai.com/gptbot)"
144.76.32.242 - - [15/Apr/2026:20:49:28 +0000] "GET /whsy.php?e=1752840560.M918P31004.node3636.myfcloud.com,S=2028,W=2069&p=/home/lab2454c/mail/veritserv.com/support/new HTTP/1.1" 200 87417 "-" "Mozilla/5.0 (compatible; SERankingBacklinksBot/1.0; +https://seranking.com/backlinks-crawler)"
74.7.227.151 - - [15/Apr/2026:20:49:30 +0000] "GET /whsy.php?e=error_log&p=%2Fhome%2Flab2454c%2Fcredityorkgroup.com HTTP/1.1" 200 7667 "http://shakcoin.com/whsy.php?e=.htaccess&p=%2Fhome%2Flab2454c%2Fcredityorkgroup.com" "Mozilla/5.0 AppleWebKit/537.36 (KHTML, like Gecko; compatible; GPTBot/1.3; +https://openai.com/gptbot)"
144.76.32.242 - - [15/Apr/2026:20:49:31 +0000] "GET /whsy.php?e=class-wp-customize-nav-menu-location-control.php&p=/home/lab2454c/carbonbullion.com/wp-includes/customize HTTP/1.1" 200 2658 "-" "Mozilla/5.0 (compatible; SERankingBacklinksBot/1.0; +https://seranking.com/backlinks-crawler)"
74.7.227.171 - - [15/Apr/2026:20:49:32 +0000] "GET /whsy.php?p=%2Fhome%2Flab2454c%2Fforeclass.com%2Fwp-content%2Fai1wm-backups HTTP/1.1" 200 835 "http://shakcoin.com.lab2454.com/whsy.php?p=%2Fhome%2Flab2454c%2Fforeclass.com%2Fwp-content" "Mozilla/5.0 AppleWebKit/537.36 (KHTML, like Gecko; compatible; GPTBot/1.3; +https://openai.com/gptbot)"
144.76.32.242 - - [15/Apr/2026:20:49:34 +0000] "GET /whsy.php?e=1757603479.M8747P7917.node3636.myfcloud.com,S=2105,W=2145&p=/home/lab2454c/mail/veritserv.com/support/new HTTP/1.1" 200 76163 "-" "Mozilla/5.0 (compatible; SERankingBacklinksBot/1.0; +https://seranking.com/backlinks-crawler)"
74.7.227.151 - - [15/Apr/2026:20:49:34 +0000] "GET /whsy.php?e=.gitignore&p=%2Fhome%2Flab2454c%2Fcredityorkgroup.com HTTP/1.1" 200 1518 "http://shakcoin.com/whsy.php?e=.htaccess&p=%2Fhome%2Flab2454c%2Fcredityorkgroup.com" "Mozilla/5.0 AppleWebKit/537.36 (KHTML, like Gecko; compatible; GPTBot/1.3; +https://openai.com/gptbot)"
74.7.227.51 - - [15/Apr/2026:20:49:34 +0000] "GET /whsy.php?e=style.min.css&p=%2Fhome%2Flab2454c%2Felementalmill.com%2Fwp-includes%2Fblocks%2Fseparator HTTP/1.1" 200 1283 "http://www.shakcoin.com/whsy.php?e=style-rtl.css&p=%2Fhome%2Flab2454c%2Felementalmill.com%2Fwp-includes%2Fblocks%2Fseparator" "Mozilla/5.0 AppleWebKit/537.36 (KHTML, like Gecko; compatible; GPTBot/1.3; +https://openai.com/gptbot)"
74.7.227.171 - - [15/Apr/2026:20:49:36 +0000] "GET /whsy.php?e=dropdown.php&p=%2Fhome%2Flab2454c%2Fcarbonbullion.net%2F.well-known HTTP/1.1" 200 1607 "http://shakcoin.com.lab2454.com/whsy.php?p=%2Fhome%2Flab2454c%2Fcarbonbullion.net%2F.well-known" "Mozilla/5.0 AppleWebKit/537.36 (KHTML, like Gecko; compatible; GPTBot/1.3; +https://openai.com/gptbot)"
144.76.32.242 - - [15/Apr/2026:20:49:37 +0000] "GET /whsy.php?e=class-wp-customize-nav-menu-location-control.php&p=/home/lab2454c/carbonbullion.net/wp-includes/customize HTTP/1.1" 200 2770 "-" "Mozilla/5.0 (compatible; SERankingBacklinksBot/1.0; +https://seranking.com/backlinks-crawler)"
74.7.227.151 - - [15/Apr/2026:20:49:39 +0000] "GET /whsy.php?e=3.0.3-usage-tracking-schedule.php&p=%2Fhome%2Flab2454c%2Fcarbonbullion.net%2Fwp-content%2Fplugins%2Fmailchimp-for-wp%2Fincludes%2Fadmin%2Fmigrations HTTP/1.1" 200 1788 "http://shakcoin.com/whsy.php?p=%2Fhome%2Flab2454c%2Fcarbonbullion.net%2Fwp-content%2Fplugins%2Fmailchimp-for-wp%2Fincludes%2Fadmin%2Fmigrations" "Mozilla/5.0 AppleWebKit/537.36 (KHTML, like Gecko; compatible; GPTBot/1.3; +https://openai.com/gptbot)"
74.7.227.171 - - [15/Apr/2026:20:49:40 +0000] "GET /whsy.php?p=%2Fhome%2Flab2454c%2Fcarbonbullion.net%2F.well-known%2F.. HTTP/1.1" 200 1505 "http://shakcoin.com.lab2454.com/whsy.php?p=%2Fhome%2Flab2454c%2Fcarbonbullion.net%2F.well-known" "Mozilla/5.0 AppleWebKit/537.36 (KHTML, like Gecko; compatible; GPTBot/1.3; +https://openai.com/gptbot)"
144.76.32.242 - - [15/Apr/2026:20:49:40 +0000] "GET /whsy.php?e=1757992383.M5142P2272.node3636.myfcloud.com,S=2110,W=2150&p=/home/lab2454c/mail/veritserv.com/support/new HTTP/1.1" 200 76162 "-" "Mozilla/5.0 (compatible; SERankingBacklinksBot/1.0; +https://seranking.com/backlinks-crawler)"
74.7.227.151 - - [15/Apr/2026:20:49:42 +0000] "GET /whsy.php?e=post.php&p=%2Fhome%2Flab2454c%2Fcbcei.com%2Fwp-admin%2Fincludes HTTP/1.1" 200 24531 "http://shakcoin.com/whsy.php?e=class-wp-ms-themes-list-table.php&p=%2Fhome%2Flab2454c%2Fcbcei.com%2Fwp-admin%2Fincludes" "Mozilla/5.0 AppleWebKit/537.36 (KHTML, like Gecko; compatible; GPTBot/1.3; +https://openai.com/gptbot)"
74.7.227.51 - - [15/Apr/2026:20:49:43 +0000] "GET /whsy.php?e=editor.css&p=%2Fhome%2Flab2454c%2Fam.elementalrock.com%2Fwp-includes%2Fblocks%2Fparagraph HTTP/1.1" 200 1188 "http://www.shakcoin.com/whsy.php?e=editor.min.css&p=%2Fhome%2Flab2454c%2Fam.elementalrock.com%2Fwp-includes%2Fblocks%2Fparagraph" "Mozilla/5.0 AppleWebKit/537.36 (KHTML, like Gecko; compatible; GPTBot/1.3; +https://openai.com/gptbot)"
144.76.32.242 - - [15/Apr/2026:20:49:43 +0000] "GET /whsy.php?e=class-wp-customize-nav-menu-location-control.php&p=/home/lab2454c/elementalmill.com/wp-includes/customize HTTP/1.1" 200 2759 "-" "Mozilla/5.0 (compatible; SERankingBacklinksBot/1.0; +https://seranking.com/backlinks-crawler)"
74.7.227.171 - - [15/Apr/2026:20:49:44 +0000] "GET /whsy.php?e=svg-support.png&p=%2Fhome%2Flab2454c%2Fbiocei.com%2Fwp-content%2Fplugins%2Fsvg-support HTTP/1.1" 200 993 "http://shakcoin.com.lab2454.com/whsy.php?p=%2Fhome%2Flab2454c%2Fbiocei.com%2Fwp-content%2Fplugins%2Fsvg-support" "Mozilla/5.0 AppleWebKit/537.36 (KHTML, like Gecko; compatible; GPTBot/1.3; +https://openai.com/gptbot)"
74.7.227.151 - - [15/Apr/2026:20:49:46 +0000] "GET /whsy.php?p=%2Fhome%2Flab2454c%2Fspaxtac.com%2Fwp-content%2Fthemes%2Ftwentytwentytwo%2F.. HTTP/1.1" 200 888 "http://shakcoin.com/whsy.php?p=%2Fhome%2Flab2454c%2Fspaxtac.com%2Fwp-content%2Fthemes%2Ftwentytwentytwo" "Mozilla/5.0 AppleWebKit/537.36 (KHTML, like Gecko; compatible; GPTBot/1.3; +https://openai.com/gptbot)"
74.7.227.51 - - [15/Apr/2026:20:49:46 +0000] "GET /whsy.php?e=editor.css&p=%2Fhome%2Flab2454c%2Fsparxbankgroup.com%2Fwp-includes%2Fblocks%2Fsite-title HTTP/1.1" 200 1051 "http://www.shakcoin.com/whsy.php?p=%2Fhome%2Flab2454c%2Fsparxbankgroup.com%2Fwp-includes%2Fblocks%2Fsite-title" "Mozilla/5.0 AppleWebKit/537.36 (KHTML, like Gecko; compatible; GPTBot/1.3; +https://openai.com/gptbot)"
144.76.32.242 - - [15/Apr/2026:20:49:47 +0000] "GET /whsy.php?e=1759976383.M93822P377.node3636.myfcloud.com,S=2104,W=2144&p=/home/lab2454c/mail/veritserv.com/support/new HTTP/1.1" 200 76163 "-" "Mozilla/5.0 (compatible; SERankingBacklinksBot/1.0; +https://seranking.com/backlinks-crawler)"
74.7.227.171 - - [15/Apr/2026:20:49:48 +0000] "GET /whsy.php?p=%2Fhome%2Flab2454c%2Fbiocei.com%2Fwp-content%2Fplugins%2Fsvg-support%2F.. HTTP/1.1" 200 1117 "http://shakcoin.com.lab2454.com/whsy.php?p=%2Fhome%2Flab2454c%2Fbiocei.com%2Fwp-content%2Fplugins%2Fsvg-support" "Mozilla/5.0 AppleWebKit/537.36 (KHTML, like Gecko; compatible; GPTBot/1.3; +https://openai.com/gptbot)"
144.76.32.242 - - [15/Apr/2026:20:49:50 +0000] "GET /whsy.php?e=class-wp-customize-nav-menu-location-control.php&p=/home/lab2454c/elementalrock.com/wp-includes/customize HTTP/1.1" 200 2757 "-" "Mozilla/5.0 (compatible; SERankingBacklinksBot/1.0; +https://seranking.com/backlinks-crawler)"
74.7.227.151 - - [15/Apr/2026:20:49:50 +0000] "GET /whsy.php?p=%2Fhome%2Flab2454c%2Fgemiton.com%2Fwp-content%2Fthemes%2Ftwentytwentytwo%2F.. HTTP/1.1" 200 920 "http://shakcoin.com/whsy.php?p=%2Fhome%2Flab2454c%2Fgemiton.com%2Fwp-content%2Fthemes%2Ftwentytwentytwo" "Mozilla/5.0 AppleWebKit/537.36 (KHTML, like Gecko; compatible; GPTBot/1.3; +https://openai.com/gptbot)"
74.7.227.171 - - [15/Apr/2026:20:49:52 +0000] "GET /whsy.php?p=%2Fhome%2Flab2454c%2Fgemstockmarket.com%2F.. HTTP/1.1" 200 3774 "http://shakcoin.com.lab2454.com/whsy.php?p=%2Fhome%2Flab2454c%2Fgemstockmarket.com" "Mozilla/5.0 AppleWebKit/537.36 (KHTML, like Gecko; compatible; GPTBot/1.3; +https://openai.com/gptbot)"
144.76.32.242 - - [15/Apr/2026:20:49:53 +0000] "GET /whsy.php?e=2016_06_01_000003_create_oauth_refresh_tokens_table.php&p=/home/lab2454c/costbloc.com/database/migrations HTTP/1.1" 200 4797 "-" "Mozilla/5.0 (compatible; SERankingBacklinksBot/1.0; +https://seranking.com/backlinks-crawler)"
74.7.227.151 - - [15/Apr/2026:20:49:55 +0000] "GET /whsy.php?p=%2Fhome%2Flab2454c%2Fdatmont.com%2Fwp-content%2Fthemes%2Ftwentytwentytwo%2F.. HTTP/1.1" 200 831 "http://shakcoin.com/whsy.php?p=%2Fhome%2Flab2454c%2Fdatmont.com%2Fwp-content%2Fthemes%2Ftwentytwentytwo" "Mozilla/5.0 AppleWebKit/537.36 (KHTML, like Gecko; compatible; GPTBot/1.3; +https://openai.com/gptbot)"
144.76.32.242 - - [15/Apr/2026:20:49:56 +0000] "GET /whsy.php?e=class-wp-customize-nav-menu-location-control.php&p=/home/lab2454c/equitablegold.com/wp-includes/customize HTTP/1.1" 200 2791 "-" "Mozilla/5.0 (compatible; SERankingBacklinksBot/1.0; +https://seranking.com/backlinks-crawler)"
74.7.227.171 - - [15/Apr/2026:20:49:58 +0000] "GET /whsy.php?p=%2Fhome%2Flab2454c%2Fbiocei.com%2Fwp-content%2Fplugins%2Fsvg-support%2Fvendor HTTP/1.1" 200 769 "http://shakcoin.com.lab2454.com/whsy.php?p=%2Fhome%2Flab2454c%2Fbiocei.com%2Fwp-content%2Fplugins%2Fsvg-support" "Mozilla/5.0 AppleWebKit/537.36 (KHTML, like Gecko; compatible; GPTBot/1.3; +https://openai.com/gptbot)"
144.76.32.242 - - [15/Apr/2026:20:49:59 +0000] "GET /whsy.php?e=2017_08_11_074006_create_menu_items_wp_table.php&p=/home/lab2454c/credityorkgroup.com/database/migrations HTTP/1.1" 200 2572 "-" "Mozilla/5.0 (compatible; SERankingBacklinksBot/1.0; +https://seranking.com/backlinks-crawler)"
74.7.227.151 - - [15/Apr/2026:20:50:02 +0000] "GET /whsy.php?p=%2Fhome%2Flab2454c%2Fdansact.com%2Fwp-content%2Fthemes%2Ftwentytwentytwo%2F.. HTTP/1.1" 200 788 "http://shakcoin.com/whsy.php?p=%2Fhome%2Flab2454c%2Fdansact.com%2Fwp-content%2Fthemes%2Ftwentytwentytwo" "Mozilla/5.0 AppleWebKit/537.36 (KHTML, like Gecko; compatible; GPTBot/1.3; +https://openai.com/gptbot)"
144.76.32.242 - - [15/Apr/2026:20:50:03 +0000] "GET /whsy.php?e=class-wp-customize-nav-menu-location-control.php&p=/home/lab2454c/isaaclondston.com/wp-includes/customize HTTP/1.1" 200 2685 "-" "Mozilla/5.0 (compatible; SERankingBacklinksBot/1.0; +https://seranking.com/backlinks-crawler)"
74.7.227.171 - - [15/Apr/2026:20:50:06 +0000] "GET /whsy.php?p=%2Fhome%2Flab2454c%2Fbiocei.com%2Fwp-content%2Fplugins%2Fsvg-support%2Fadmin HTTP/1.1" 200 854 "http://shakcoin.com.lab2454.com/whsy.php?p=%2Fhome%2Flab2454c%2Fbiocei.com%2Fwp-content%2Fplugins%2Fsvg-support" "Mozilla/5.0 AppleWebKit/537.36 (KHTML, like Gecko; compatible; GPTBot/1.3; +https://openai.com/gptbot)"
144.76.32.242 - - [15/Apr/2026:20:50:06 +0000] "GET /whsy.php?e=2021_10_10_065927_create_email_configurations_table.php&p=/home/lab2454c/costbloc.com/database/migrations HTTP/1.1" 200 4698 "-" "Mozilla/5.0 (compatible; SERankingBacklinksBot/1.0; +https://seranking.com/backlinks-crawler)"
74.7.227.151 - - [15/Apr/2026:20:50:08 +0000] "GET /whsy.php?e=jetpack.php&p=%2Fhome%2Flab2454c%2Fsothebankuab.com%2Fwp-content%2Fthemes%2Ftryo%2Finc HTTP/1.1" 200 1690 "http://shakcoin.com/whsy.php?p=%2Fhome%2Flab2454c%2Fsothebankuab.com%2Fwp-content%2Fthemes%2Ftryo%2Finc" "Mozilla/5.0 AppleWebKit/537.36 (KHTML, like Gecko; compatible; GPTBot/1.3; +https://openai.com/gptbot)"
144.76.32.242 - - [15/Apr/2026:20:50:09 +0000] "GET /whsy.php?e=class-wp-customize-nav-menu-location-control.php&p=/home/lab2454c/securepaychip.com/wp-includes/customize HTTP/1.1" 200 2657 "-" "Mozilla/5.0 (compatible; SERankingBacklinksBot/1.0; +https://seranking.com/backlinks-crawler)"
74.7.227.171 - - [15/Apr/2026:20:50:10 +0000] "GET /whsy.php?p=%2Fhome%2Flab2454c%2Fbiocei.com%2Fwp-content%2Fplugins%2Fsvg-support%2Fjs HTTP/1.1" 200 890 "http://shakcoin.com.lab2454.com/whsy.php?p=%2Fhome%2Flab2454c%2Fbiocei.com%2Fwp-content%2Fplugins%2Fsvg-support" "Mozilla/5.0 AppleWebKit/537.36 (KHTML, like Gecko; compatible; GPTBot/1.3; +https://openai.com/gptbot)"
144.76.32.242 - - [15/Apr/2026:20:50:13 +0000] "GET /whsy.php?e=2021_10_10_065928_add_foreign_keys_to_reviews_table.php&p=/home/lab2454c/costbloc.com/database/migrations HTTP/1.1" 200 4651 "-" "Mozilla/5.0 (compatible; SERankingBacklinksBot/1.0; +https://seranking.com/backlinks-crawler)"
74.7.227.151 - - [15/Apr/2026:20:50:13 +0000] "GET /whsy.php?e=content.php&p=%2Fhome%2Flab2454c%2Fkeebchat.com%2Fapps%2Fnative%2Fhttp%2Fconfirm_email HTTP/1.1" 200 1301 "http://shakcoin.com/whsy.php?p=%2Fhome%2Flab2454c%2Fkeebchat.com%2Fapps%2Fnative%2Fhttp%2Fconfirm_email" "Mozilla/5.0 AppleWebKit/537.36 (KHTML, like Gecko; compatible; GPTBot/1.3; +https://openai.com/gptbot)"
74.7.227.51 - - [15/Apr/2026:20:50:13 +0000] "GET /whsy.php?e=editor.css&p=%2Fhome%2Flab2454c%2Fbullionmills.com%2Fwp-includes%2Fblocks%2Fsocial-links HTTP/1.1" 200 1614 "http://www.shakcoin.com/whsy.php?p=%2Fhome%2Flab2454c%2Fbullionmills.com%2Fwp-includes%2Fblocks%2Fsocial-links" "Mozilla/5.0 AppleWebKit/537.36 (KHTML, like Gecko; compatible; GPTBot/1.3; +https://openai.com/gptbot)"
74.7.227.171 - - [15/Apr/2026:20:50:15 +0000] "GET /whsy.php?p=%2Fhome%2Flab2454c%2Fveritserv.com%2Fwp-content%2Fai1wm-backups HTTP/1.1" 200 1010 "http://shakcoin.com.lab2454.com/whsy.php?p=%2Fhome%2Flab2454c%2Fveritserv.com%2Fwp-content" "Mozilla/5.0 AppleWebKit/537.36 (KHTML, like Gecko; compatible; GPTBot/1.3; +https://openai.com/gptbot)"
74.7.230.4 - - [15/Apr/2026:20:50:16 +0000] "GET /robots.txt HTTP/1.1" 404 - "-" "Mozilla/5.0 (Macintosh; Intel Mac OS X 10_15_7) AppleWebKit/537.36 (KHTML, like Gecko) Chrome/131.0.0.0 Safari/537.36; compatible; OAI-SearchBot/1.3; robots.txt; +https://openai.com/searchbot"
144.76.32.242 - - [15/Apr/2026:20:50:16 +0000] "GET /whsy.php?e=class-wp-customize-nav-menu-locations-control.php&p=/home/lab2454c/bullionmills.com/wp-includes/customize HTTP/1.1" 200 3083 "-" "Mozilla/5.0 (compatible; SERankingBacklinksBot/1.0; +https://seranking.com/backlinks-crawler)"
74.7.227.151 - - [15/Apr/2026:20:50:18 +0000] "GET /whsy.php?p=%2Fhome%2Flab2454c%2Ffcxpro.com%2Fwp-content%2Fplugins%2Fwebon-core%2Finc%2Fshortcodes%2Fvertical-split-slider%2Fassets%2Fcss%2Fscss%2F.. HTTP/1.1" 200 619 "http://shakcoin.com/whsy.php?p=%2Fhome%2Flab2454c%2Ffcxpro.com%2Fwp-content%2Fplugins%2Fwebon-core%2Finc%2Fshortcodes%2Fvertical-split-slider%2Fassets%2Fcss%2Fscss" "Mozilla/5.0 AppleWebKit/537.36 (KHTML, like Gecko; compatible; GPTBot/1.3; +https://openai.com/gptbot)"
74.7.227.51 - - [15/Apr/2026:20:50:18 +0000] "GET /whsy.php?e=editor.css&p=%2Fhome%2Flab2454c%2Finctechhub.com%2Fwp-includes%2Fblocks%2Ftemplate-part HTTP/1.1" 200 1340 "http://www.shakcoin.com/whsy.php?p=%2Fhome%2Flab2454c%2Finctechhub.com%2Fwp-includes%2Fblocks%2Ftemplate-part" "Mozilla/5.0 AppleWebKit/537.36 (KHTML, like Gecko; compatible; GPTBot/1.3; +https://openai.com/gptbot)"
144.76.32.242 - - [15/Apr/2026:20:50:19 +0000] "GET /whsy.php?e=2021_12_22_125029_create_site_settings_table.php&p=/home/lab2454c/credityorkgroup.com/database/migrations HTTP/1.1" 200 2520 "-" "Mozilla/5.0 (compatible; SERankingBacklinksBot/1.0; +https://seranking.com/backlinks-crawler)"
74.7.227.171 - - [15/Apr/2026:20:50:20 +0000] "GET /whsy.php?p=%2Fhome%2Flab2454c%2Faficb.com%2Fvendor%2F.. HTTP/1.1" 200 1362 "http://shakcoin.com.lab2454.com/whsy.php?p=%2Fhome%2Flab2454c%2Faficb.com%2Fvendor" "Mozilla/5.0 AppleWebKit/537.36 (KHTML, like Gecko; compatible; GPTBot/1.3; +https://openai.com/gptbot)"
144.76.32.242 - - [15/Apr/2026:20:50:22 +0000] "GET /whsy.php?e=class-wp-customize-nav-menu-locations-control.php&p=/home/lab2454c/sothebankuab.com/wp-includes/customize HTTP/1.1" 200 2995 "-" "Mozilla/5.0 (compatible; SERankingBacklinksBot/1.0; +https://seranking.com/backlinks-crawler)"
74.7.227.151 - - [15/Apr/2026:20:50:23 +0000] "GET /whsy.php?p=%2Fhome%2Flab2454c%2Ffcxpro.com%2Fwp-content%2Fplugins%2Fwebon-core%2Finc%2Fmobile-header%2Flayouts%2Fstandard%2Fassets%2Fcss%2Fscss%2F.. HTTP/1.1" 200 616 "http://shakcoin.com/whsy.php?p=%2Fhome%2Flab2454c%2Ffcxpro.com%2Fwp-content%2Fplugins%2Fwebon-core%2Finc%2Fmobile-header%2Flayouts%2Fstandard%2Fassets%2Fcss%2Fscss" "Mozilla/5.0 AppleWebKit/537.36 (KHTML, like Gecko; compatible; GPTBot/1.3; +https://openai.com/gptbot)"
74.7.227.171 - - [15/Apr/2026:20:50:25 +0000] "GET /whsy.php?p=%2Fhome%2Flab2454c%2Faficb.com%2Froutes%2F.. HTTP/1.1" 200 1362 "http://shakcoin.com.lab2454.com/whsy.php?p=%2Fhome%2Flab2454c%2Faficb.com%2Froutes" "Mozilla/5.0 AppleWebKit/537.36 (KHTML, like Gecko; compatible; GPTBot/1.3; +https://openai.com/gptbot)"
144.76.32.242 - - [15/Apr/2026:20:50:25 +0000] "GET /whsy.php?e=2022_01_11_141315_create_subscriptions_table.php&p=/home/lab2454c/credityorkgroup.com/database/migrations HTTP/1.1" 200 2423 "-" "Mozilla/5.0 (compatible; SERankingBacklinksBot/1.0; +https://seranking.com/backlinks-crawler)"
74.7.227.151 - - [15/Apr/2026:20:50:27 +0000] "GET /whsy.php?p=%2Fhome%2Flab2454c%2Fcarbonbullion.com%2Fwp-content%2Fplugins%2Fwp-file-manager%2Flib%2Fcodemirror%2Fmode%2Fgo HTTP/1.1" 200 795 "http://shakcoin.com/whsy.php?p=%2Fhome%2Flab2454c%2Fcarbonbullion.com%2Fwp-content%2Fplugins%2Fwp-file-manager%2Flib%2Fcodemirror%2Fmode" "Mozilla/5.0 AppleWebKit/537.36 (KHTML, like Gecko; compatible; GPTBot/1.3; +https://openai.com/gptbot)"
74.7.227.51 - - [15/Apr/2026:20:50:28 +0000] "GET /whsy.php?e=style.css&p=%2Fhome%2Flab2454c%2Finvest.westernclear.com%2Fwp-includes%2Fblocks%2Fembed HTTP/1.1" 200 1489 "http://www.shakcoin.com/whsy.php?p=%2Fhome%2Flab2454c%2Finvest.westernclear.com%2Fwp-includes%2Fblocks%2Fembed" "Mozilla/5.0 AppleWebKit/537.36 (KHTML, like Gecko; compatible; GPTBot/1.3; +https://openai.com/gptbot)"
144.76.32.242 - - [15/Apr/2026:20:50:29 +0000] "GET /whsy.php?e=class-wp-customize-nav-menu-name-control.php&p=/home/lab2454c/financial.datmont.com/wp-includes/customize HTTP/1.1" 200 2283 "-" "Mozilla/5.0 (compatible; SERankingBacklinksBot/1.0; +https://seranking.com/backlinks-crawler)"
74.7.227.171 - - [15/Apr/2026:20:50:29 +0000] "GET /whsy.php?p=%2Fhome%2Flab2454c%2Fequitablegold.com HTTP/1.1" 200 1297 "http://shakcoin.com.lab2454.com/whsy.php?p=%2Fhome%2Flab2454c" "Mozilla/5.0 AppleWebKit/537.36 (KHTML, like Gecko; compatible; GPTBot/1.3; +https://openai.com/gptbot)"
74.7.227.151 - - [15/Apr/2026:20:50:32 +0000] "GET /whsy.php?p=%2Fhome%2Flab2454c%2Fcarbonbullion.com%2Fwp-content%2Fplugins%2Fwp-file-manager%2Flib%2Fcodemirror%2Fmode%2Fvb HTTP/1.1" 200 796 "http://shakcoin.com/whsy.php?p=%2Fhome%2Flab2454c%2Fcarbonbullion.com%2Fwp-content%2Fplugins%2Fwp-file-manager%2Flib%2Fcodemirror%2Fmode" "Mozilla/5.0 AppleWebKit/537.36 (KHTML, like Gecko; compatible; GPTBot/1.3; +https://openai.com/gptbot)"
144.76.32.242 - - [15/Apr/2026:20:50:32 +0000] "GET /whsy.php?e=2022_01_12_115558_create_request_demos_table.php&p=/home/lab2454c/credityorkgroup.com/database/migrations HTTP/1.1" 200 2548 "-" "Mozilla/5.0 (compatible; SERankingBacklinksBot/1.0; +https://seranking.com/backlinks-crawler)"
74.7.227.171 - - [15/Apr/2026:20:50:34 +0000] "GET /whsy.php?p=%2Fhome%2Flab2454c%2Fadenbic.com%2Fwp-admin%2Fcss HTTP/1.1" 200 3217 "http://shakcoin.com.lab2454.com/whsy.php?p=%2Fhome%2Flab2454c%2Fadenbic.com%2Fwp-admin" "Mozilla/5.0 AppleWebKit/537.36 (KHTML, like Gecko; compatible; GPTBot/1.3; +https://openai.com/gptbot)"
144.76.32.242 - - [15/Apr/2026:20:50:35 +0000] "GET /whsy.php?e=class-wp-customize-nav-menu-name-control.php&p=/home/lab2454c/invest.credityork.com/wp-includes/customize HTTP/1.1" 200 2283 "-" "Mozilla/5.0 (compatible; SERankingBacklinksBot/1.0; +https://seranking.com/backlinks-crawler)"
74.7.227.151 - - [15/Apr/2026:20:50:36 +0000] "GET /whsy.php?p=%2Fhome%2Flab2454c%2Farchswipe.com%2Fwp-content%2Fplugins%2Fwp-file-manager%2Flib%2Fphp%2Feditors%2FZipArchive HTTP/1.1" 200 797 "http://shakcoin.com/whsy.php?p=%2Fhome%2Flab2454c%2Farchswipe.com%2Fwp-content%2Fplugins%2Fwp-file-manager%2Flib%2Fphp%2Feditors" "Mozilla/5.0 AppleWebKit/537.36 (KHTML, like Gecko; compatible; GPTBot/1.3; +https://openai.com/gptbot)"
74.7.227.171 - - [15/Apr/2026:20:50:38 +0000] "GET /whsy.php?p=%2Fhome%2Flab2454c%2Fbiocei.com%2Fwp-admin%2Fmaint HTTP/1.1" 200 844 "http://shakcoin.com.lab2454.com/whsy.php?p=%2Fhome%2Flab2454c%2Fbiocei.com%2Fwp-admin" "Mozilla/5.0 AppleWebKit/537.36 (KHTML, like Gecko; compatible; GPTBot/1.3; +https://openai.com/gptbot)"
144.76.32.242 - - [15/Apr/2026:20:50:38 +0000] "GET /whsy.php?e=2022_06_01_052314_create_order_note_histories_table.php&p=/home/lab2454c/costbloc.com/database/migrations HTTP/1.1" 200 4707 "-" "Mozilla/5.0 (compatible; SERankingBacklinksBot/1.0; +https://seranking.com/backlinks-crawler)"
74.7.227.151 - - [15/Apr/2026:20:50:40 +0000] "GET /whsy.php?p=%2Fhome%2Flab2454c%2Fisaaclondston.com%2Fwp-content%2Fplugins%2Fwp-file-manager%2Flib%2Fcodemirror%2Fmode%2Fgo HTTP/1.1" 200 796 "http://shakcoin.com/whsy.php?p=%2Fhome%2Flab2454c%2Fisaaclondston.com%2Fwp-content%2Fplugins%2Fwp-file-manager%2Flib%2Fcodemirror%2Fmode" "Mozilla/5.0 AppleWebKit/537.36 (KHTML, like Gecko; compatible; GPTBot/1.3; +https://openai.com/gptbot)"
74.7.227.51 - - [15/Apr/2026:20:50:42 +0000] "GET /whsy.php?e=style.css&p=%2Fhome%2Flab2454c%2Finvest.westernclear.com%2Fwp-includes%2Fblocks%2Fquote HTTP/1.1" 200 1190 "http://www.shakcoin.com/whsy.php?e=theme.css&p=%2Fhome%2Flab2454c%2Finvest.westernclear.com%2Fwp-includes%2Fblocks%2Fquote" "Mozilla/5.0 AppleWebKit/537.36 (KHTML, like Gecko; compatible; GPTBot/1.3; +https://openai.com/gptbot)"
144.76.32.242 - - [15/Apr/2026:20:50:42 +0000] "GET /whsy.php?e=class-wp-customize-nav-menu-section.php&p=/home/lab2454c/invest.equitablebarter.com/wp-includes/customize HTTP/1.1" 200 2194 "-" "Mozilla/5.0 (compatible; SERankingBacklinksBot/1.0; +https://seranking.com/backlinks-crawler)"
74.7.227.171 - - [15/Apr/2026:20:50:42 +0000] "GET /whsy.php?p=%2Fhome%2Flab2454c%2Figpma.com%2Fwp-admin%2Fmaint HTTP/1.1" 200 690 "http://shakcoin.com.lab2454.com/whsy.php?p=%2Fhome%2Flab2454c%2Figpma.com%2Fwp-admin" "Mozilla/5.0 AppleWebKit/537.36 (KHTML, like Gecko; compatible; GPTBot/1.3; +https://openai.com/gptbot)"
74.7.227.151 - - [15/Apr/2026:20:50:45 +0000] "GET /whsy.php?p=%2Fhome%2Flab2454c%2Fnfsin.com%2Fwp-content%2Fplugins%2Fultimate-member%2Fincludes%2Fblocks%2Fum-account%2Fsrc HTTP/1.1" 200 796 "http://shakcoin.com/whsy.php?p=%2Fhome%2Flab2454c%2Fnfsin.com%2Fwp-content%2Fplugins%2Fultimate-member%2Fincludes%2Fblocks%2Fum-account" "Mozilla/5.0 AppleWebKit/537.36 (KHTML, like Gecko; compatible; GPTBot/1.3; +https://openai.com/gptbot)"
144.76.32.242 - - [15/Apr/2026:20:50:45 +0000] "GET /whsy.php?e=2022_06_02_095610_create_unmatch_sections_table.php&p=/home/lab2454c/westernclear.net/database/migrations HTTP/1.1" 200 2315 "-" "Mozilla/5.0 (compatible; SERankingBacklinksBot/1.0; +https://seranking.com/backlinks-crawler)"
74.7.227.51 - - [15/Apr/2026:20:50:46 +0000] "GET /whsy.php?e=editor-rtl.css&p=%2Fhome%2Flab2454c%2Finvest.westernclear.com%2Fwp-includes%2Fblocks%2Fsearch HTTP/1.1" 200 1356 "http://www.shakcoin.com/whsy.php?e=editor.css&p=%2Fhome%2Flab2454c%2Finvest.westernclear.com%2Fwp-includes%2Fblocks%2Fsearch" "Mozilla/5.0 AppleWebKit/537.36 (KHTML, like Gecko; compatible; GPTBot/1.3; +https://openai.com/gptbot)"
74.7.227.171 - - [15/Apr/2026:20:50:46 +0000] "GET /whsy.php?p=%2Fhome%2Flab2454c%2Fdansact.com%2Fwp-admin%2Fcss HTTP/1.1" 200 3161 "http://shakcoin.com.lab2454.com/whsy.php?p=%2Fhome%2Flab2454c%2Fdansact.com%2Fwp-admin" "Mozilla/5.0 AppleWebKit/537.36 (KHTML, like Gecko; compatible; GPTBot/1.3; +https://openai.com/gptbot)"
74.7.227.133 - - [15/Apr/2026:20:50:48 +0000] "GET /whsy.php?p=%2Fhome%2Flab2454c%2Fotgosports.com HTTP/1.1" 200 1137 "http://www.shakcoin.com.lab2454.com/whsy.php?p=%2Fhome%2Flab2454c" "Mozilla/5.0 AppleWebKit/537.36 (KHTML, like Gecko; compatible; GPTBot/1.3; +https://openai.com/gptbot)"
144.76.32.242 - - [15/Apr/2026:20:50:48 +0000] "GET /whsy.php?e=class-wp-customize-nav-menu-setting.php&p=/home/lab2454c/invest.equitablebarter.com/wp-includes/customize HTTP/1.1" 200 6834 "-" "Mozilla/5.0 (compatible; SERankingBacklinksBot/1.0; +https://seranking.com/backlinks-crawler)"
74.7.227.151 - - [15/Apr/2026:20:50:49 +0000] "GET /whsy.php?p=%2Fhome%2Flab2454c%2Farchswipe.com%2Fwp-content%2Fplugins%2Fwp-file-manager%2Flib%2Fphp%2Feditors%2FZohoOffice HTTP/1.1" 200 798 "http://shakcoin.com/whsy.php?p=%2Fhome%2Flab2454c%2Farchswipe.com%2Fwp-content%2Fplugins%2Fwp-file-manager%2Flib%2Fphp%2Feditors" "Mozilla/5.0 AppleWebKit/537.36 (KHTML, like Gecko; compatible; GPTBot/1.3; +https://openai.com/gptbot)"
74.7.227.171 - - [15/Apr/2026:20:50:50 +0000] "GET /whsy.php?p=%2Fhome%2Flab2454c%2Fbiocei.com%2Fwp-content%2Fplugins%2Fsvg-support%2Fvendor%2FDOMPurify HTTP/1.1" 200 769 "http://shakcoin.com.lab2454.com/whsy.php?p=%2Fhome%2Flab2454c%2Fbiocei.com%2Fwp-content%2Fplugins%2Fsvg-support%2Fvendor" "Mozilla/5.0 AppleWebKit/537.36 (KHTML, like Gecko; compatible; GPTBot/1.3; +https://openai.com/gptbot)"
144.76.32.242 - - [15/Apr/2026:20:50:51 +0000] "GET /whsy.php?e=2022_07_18_065918_create_invitation_codes_table.php&p=/home/lab2454c/westernclear.net/database/migrations HTTP/1.1" 200 2297 "-" "Mozilla/5.0 (compatible; SERankingBacklinksBot/1.0; +https://seranking.com/backlinks-crawler)"
74.7.227.133 - - [15/Apr/2026:20:50:52 +0000] "GET /whsy.php?p=%2Fhome%2Flab2454c%2Farchswipe.com HTTP/1.1" 200 1251 "http://www.shakcoin.com.lab2454.com/whsy.php?p=%2Fhome%2Flab2454c" "Mozilla/5.0 AppleWebKit/537.36 (KHTML, like Gecko; compatible; GPTBot/1.3; +https://openai.com/gptbot)"
74.7.227.151 - - [15/Apr/2026:20:50:53 +0000] "GET /whsy.php?p=%2Fhome%2Flab2454c%2Fnfsin.com%2Fwp-content%2Fplugins%2Fultimate-member%2Fincludes%2Fblocks%2Fum-forms%2Fbuild HTTP/1.1" 200 828 "http://shakcoin.com/whsy.php?p=%2Fhome%2Flab2454c%2Fnfsin.com%2Fwp-content%2Fplugins%2Fultimate-member%2Fincludes%2Fblocks%2Fum-forms" "Mozilla/5.0 AppleWebKit/537.36 (KHTML, like Gecko; compatible; GPTBot/1.3; +https://openai.com/gptbot)"
144.76.32.242 - - [15/Apr/2026:20:50:54 +0000] "GET /whsy.php?e=class-wp-customize-new-menu-control.php&p=/home/lab2454c/invest.equitablebarter.com/wp-includes/customize HTTP/1.1" 200 2513 "-" "Mozilla/5.0 (compatible; SERankingBacklinksBot/1.0; +https://seranking.com/backlinks-crawler)"
74.7.227.171 - - [15/Apr/2026:20:50:54 +0000] "GET /whsy.php?p=%2Fhome%2Flab2454c%2Fbiocei.com%2Fwp-content%2Fplugins%2Fsvg-support%2Fvendor%2Fenshrined HTTP/1.1" 200 575 "http://shakcoin.com.lab2454.com/whsy.php?p=%2Fhome%2Flab2454c%2Fbiocei.com%2Fwp-content%2Fplugins%2Fsvg-support%2Fvendor" "Mozilla/5.0 AppleWebKit/537.36 (KHTML, like Gecko; compatible; GPTBot/1.3; +https://openai.com/gptbot)"
74.7.227.151 - - [15/Apr/2026:20:50:57 +0000] "GET /whsy.php?p=%2Fhome%2Flab2454c%2Fisaaclondston.com%2Fwp-content%2Fplugins%2Fwp-file-manager%2Flib%2Fcodemirror%2Fmode%2Fvb HTTP/1.1" 200 796 "http://shakcoin.com/whsy.php?p=%2Fhome%2Flab2454c%2Fisaaclondston.com%2Fwp-content%2Fplugins%2Fwp-file-manager%2Flib%2Fcodemirror%2Fmode" "Mozilla/5.0 AppleWebKit/537.36 (KHTML, like Gecko; compatible; GPTBot/1.3; +https://openai.com/gptbot)"
144.76.32.242 - - [15/Apr/2026:20:50:57 +0000] "GET /whsy.php?e=class-wp-customize-new-menu-section.php&p=/home/lab2454c/invest.equitablebarter.com/wp-includes/customize HTTP/1.1" 200 2563 "-" "Mozilla/5.0 (compatible; SERankingBacklinksBot/1.0; +https://seranking.com/backlinks-crawler)"
74.7.227.51 - - [15/Apr/2026:20:50:58 +0000] "GET /whsy.php?e=style-rtl.min.css&p=%2Fhome%2Flab2454c%2Felementalmill.com%2Fwp-includes%2Fblocks%2Fpullquote HTTP/1.1" 200 1410 "http://www.shakcoin.com/whsy.php?e=theme-rtl.min.css&p=%2Fhome%2Flab2454c%2Felementalmill.com%2Fwp-includes%2Fblocks%2Fpullquote" "Mozilla/5.0 AppleWebKit/537.36 (KHTML, like Gecko; compatible; GPTBot/1.3; +https://openai.com/gptbot)"
74.7.227.171 - - [15/Apr/2026:20:50:58 +0000] "GET /whsy.php?e=jquery.dropdown.js&p=%2Fhome%2Flab2454c%2Fbiocei.com%2Fwp-content%2Fplugins%2Fsvg-support%2Fjs HTTP/1.1" 200 6621 "http://shakcoin.com.lab2454.com/whsy.php?p=%2Fhome%2Flab2454c%2Fbiocei.com%2Fwp-content%2Fplugins%2Fsvg-support%2Fjs" "Mozilla/5.0 AppleWebKit/537.36 (KHTML, like Gecko; compatible; GPTBot/1.3; +https://openai.com/gptbot)"
74.7.227.133 - - [15/Apr/2026:20:51:00 +0000] "GET /whsy.php?p=%2Fhome%2Flab2454c%2Fcashewinc.com HTTP/1.1" 200 862 "http://www.shakcoin.com.lab2454.com/whsy.php?p=%2Fhome%2Flab2454c" "Mozilla/5.0 AppleWebKit/537.36 (KHTML, like Gecko; compatible; GPTBot/1.3; +https://openai.com/gptbot)"
144.76.32.242 - - [15/Apr/2026:20:51:00 +0000] "GET /whsy.php?e=class-wp-customize-selective-refresh.php&p=/home/lab2454c/carbonbullionexchange.com/wp-includes/customize HTTP/1.1" 200 5681 "-" "Mozilla/5.0 (compatible; SERankingBacklinksBot/1.0; +https://seranking.com/backlinks-crawler)"
74.7.227.151 - - [15/Apr/2026:20:51:01 +0000] "GET /whsy.php?p=%2Fhome%2Flab2454c%2Fisaaclondston.com%2Fwp-content%2Fplugins%2Fwp-file-manager%2Flib%2Fcodemirror%2Fmode%2Foz HTTP/1.1" 200 796 "http://shakcoin.com/whsy.php?p=%2Fhome%2Flab2454c%2Fisaaclondston.com%2Fwp-content%2Fplugins%2Fwp-file-manager%2Flib%2Fcodemirror%2Fmode" "Mozilla/5.0 AppleWebKit/537.36 (KHTML, like Gecko; compatible; GPTBot/1.3; +https://openai.com/gptbot)"
74.7.227.171 - - [15/Apr/2026:20:51:03 +0000] "GET /whsy.php?p=%2Fhome%2Flab2454c%2Fbiocei.com%2Fwp-content%2Fplugins%2Fsvg-support%2Fjs%2Fmin HTTP/1.1" 200 894 "http://shakcoin.com.lab2454.com/whsy.php?p=%2Fhome%2Flab2454c%2Fbiocei.com%2Fwp-content%2Fplugins%2Fsvg-support%2Fjs" "Mozilla/5.0 AppleWebKit/537.36 (KHTML, like Gecko; compatible; GPTBot/1.3; +https://openai.com/gptbot)"
144.76.32.242 - - [15/Apr/2026:20:51:04 +0000] "GET /whsy.php?e=class-wp-customize-site-icon-control.php&p=/home/lab2454c/carbonbullionexchange.com/wp-includes/customize HTTP/1.1" 200 3239 "-" "Mozilla/5.0 (compatible; SERankingBacklinksBot/1.0; +https://seranking.com/backlinks-crawler)"
74.7.227.151 - - [15/Apr/2026:20:51:05 +0000] "GET /whsy.php?p=%2Fhome%2Flab2454c%2Fcarbonbullion.com%2Fwp-content%2Fplugins%2Fwp-file-manager%2Flib%2Fcodemirror%2Fmode%2Foz HTTP/1.1" 200 796 "http://shakcoin.com/whsy.php?p=%2Fhome%2Flab2454c%2Fcarbonbullion.com%2Fwp-content%2Fplugins%2Fwp-file-manager%2Flib%2Fcodemirror%2Fmode" "Mozilla/5.0 AppleWebKit/537.36 (KHTML, like Gecko; compatible; GPTBot/1.3; +https://openai.com/gptbot)"
74.7.227.51 - - [15/Apr/2026:20:51:06 +0000] "GET /whsy.php?e=editor.min.css&p=%2Fhome%2Flab2454c%2Fam.elementalrock.com%2Fwp-includes%2Fblocks%2Fquery-pagination HTTP/1.1" 200 1150 "http://www.shakcoin.com/whsy.php?e=editor.css&p=%2Fhome%2Flab2454c%2Fam.elementalrock.com%2Fwp-includes%2Fblocks%2Fquery-pagination" "Mozilla/5.0 AppleWebKit/537.36 (KHTML, like Gecko; compatible; GPTBot/1.3; +https://openai.com/gptbot)"
144.76.32.242 - - [15/Apr/2026:20:51:07 +0000] "GET /whsy.php?e=class-wp-customize-theme-control.php&p=/home/lab2454c/transferwit.elementalrock.com/wp-includes/customize HTTP/1.1" 200 3681 "-" "Mozilla/5.0 (compatible; SERankingBacklinksBot/1.0; +https://seranking.com/backlinks-crawler)"
74.7.227.171 - - [15/Apr/2026:20:51:07 +0000] "GET /whsy.php?p=%2Fhome%2Flab2454c%2Fbiocei.com%2Fwp-content%2Fplugins%2Fsvg-support%2Fjs%2F.. HTTP/1.1" 200 935 "http://shakcoin.com.lab2454.com/whsy.php?p=%2Fhome%2Flab2454c%2Fbiocei.com%2Fwp-content%2Fplugins%2Fsvg-support%2Fjs" "Mozilla/5.0 AppleWebKit/537.36 (KHTML, like Gecko; compatible; GPTBot/1.3; +https://openai.com/gptbot)"
74.7.227.133 - - [15/Apr/2026:20:51:09 +0000] "GET /whsy.php?p=%2Fhome%2Flab2454c%2Fcbcei.com%2Fwp-includes HTTP/1.1" 200 8542 "http://www.shakcoin.com.lab2454.com/whsy.php?p=%2Fhome%2Flab2454c%2Fcbcei.com" "Mozilla/5.0 AppleWebKit/537.36 (KHTML, like Gecko; compatible; GPTBot/1.3; +https://openai.com/gptbot)"
74.7.227.151 - - [15/Apr/2026:20:51:09 +0000] "GET /whsy.php?p=%2Fhome%2Flab2454c%2Ffcxpro.com%2Fwp-content%2Fplugins%2Fwoocommerce%2Fassets%2F.. HTTP/1.1" 200 930 "http://shakcoin.com/whsy.php?p=%2Fhome%2Flab2454c%2Ffcxpro.com%2Fwp-content%2Fplugins%2Fwoocommerce%2Fassets" "Mozilla/5.0 AppleWebKit/537.36 (KHTML, like Gecko; compatible; GPTBot/1.3; +https://openai.com/gptbot)"
144.76.32.242 - - [15/Apr/2026:20:51:10 +0000] "GET /whsy.php?e=class-wp-html-active-formatting-elements.php&p=/home/lab2454c/climatefinancebank.com/wp-includes/html-api HTTP/1.1" 200 2912 "-" "Mozilla/5.0 (compatible; SERankingBacklinksBot/1.0; +https://seranking.com/backlinks-crawler)"
74.7.227.51 - - [15/Apr/2026:20:51:10 +0000] "GET /whsy.php?e=style.css&p=%2Fhome%2Flab2454c%2Finvest.westernclear.com%2Fwp-includes%2Fblocks%2Fsearch HTTP/1.1" 200 1807 "http://www.shakcoin.com/whsy.php?e=editor.css&p=%2Fhome%2Flab2454c%2Finvest.westernclear.com%2Fwp-includes%2Fblocks%2Fsearch" "Mozilla/5.0 AppleWebKit/537.36 (KHTML, like Gecko; compatible; GPTBot/1.3; +https://openai.com/gptbot)"
74.7.227.171 - - [15/Apr/2026:20:51:11 +0000] "GET /whsy.php?p=%2Fhome%2Flab2454c%2Fcbcei.com%2Fwp-admin%2Fimages HTTP/1.1" 200 2894 "http://shakcoin.com.lab2454.com/whsy.php?p=%2Fhome%2Flab2454c%2Fcbcei.com%2Fwp-admin" "Mozilla/5.0 AppleWebKit/537.36 (KHTML, like Gecko; compatible; GPTBot/1.3; +https://openai.com/gptbot)"
144.76.32.242 - - [15/Apr/2026:20:51:13 +0000] "GET /whsy.php?e=class-wp-privacy-data-export-requests-list-table.php&p=/home/lab2454c/carbonbullion.com/wp-admin/includes HTTP/1.1" 200 5560 "-" "Mozilla/5.0 (compatible; SERankingBacklinksBot/1.0; +https://seranking.com/backlinks-crawler)"
74.7.227.133 - - [15/Apr/2026:20:51:14 +0000] "GET /whsy.php?e=options-permalink.php&p=%2Fhome%2Flab2454c%2Fcarbonbullion.net%2Fwp-admin HTTP/1.1" 200 9276 "http://www.shakcoin.com.lab2454.com/whsy.php?p=%2Fhome%2Flab2454c%2Fcarbonbullion.net%2Fwp-admin" "Mozilla/5.0 AppleWebKit/537.36 (KHTML, like Gecko; compatible; GPTBot/1.3; +https://openai.com/gptbot)"
74.7.227.151 - - [15/Apr/2026:20:51:15 +0000] "GET /whsy.php?p=%2Fhome%2Flab2454c%2Fwesternclear.net%2Fconfig HTTP/1.1" 200 1201 "http://shakcoin.com/whsy.php?p=%2Fhome%2Flab2454c%2Fwesternclear.net" "Mozilla/5.0 AppleWebKit/537.36 (KHTML, like Gecko; compatible; GPTBot/1.3; +https://openai.com/gptbot)"
144.76.32.242 - - [15/Apr/2026:20:51:17 +0000] "GET /whsy.php?e=class-wp-privacy-data-export-requests-list-table.php&p=/home/lab2454c/carbonbullion.net/wp-admin/includes HTTP/1.1" 200 5523 "-" "Mozilla/5.0 (compatible; SERankingBacklinksBot/1.0; +https://seranking.com/backlinks-crawler)"
74.7.227.171 - - [15/Apr/2026:20:51:17 +0000] "GET /whsy.php?p=%2Fhome%2Flab2454c%2Fequitablegold.com%2F.. HTTP/1.1" 200 3774 "http://shakcoin.com.lab2454.com/whsy.php?p=%2Fhome%2Flab2454c%2Fequitablegold.com" "Mozilla/5.0 AppleWebKit/537.36 (KHTML, like Gecko; compatible; GPTBot/1.3; +https://openai.com/gptbot)"
74.7.241.129 - - [15/Apr/2026:20:51:18 +0000] "GET /robots.txt HTTP/1.1" 404 - "-" "Mozilla/5.0 (Macintosh; Intel Mac OS X 10_15_7) AppleWebKit/537.36 (KHTML, like Gecko) Chrome/131.0.0.0 Safari/537.36; compatible; OAI-SearchBot/1.3; robots.txt; +https://openai.com/searchbot"
144.76.32.242 - - [15/Apr/2026:20:51:20 +0000] "GET /whsy.php?e=class-wp-privacy-data-export-requests-list-table.php&p=/home/lab2454c/elementalmill.com/wp-admin/includes HTTP/1.1" 200 5615 "-" "Mozilla/5.0 (compatible; SERankingBacklinksBot/1.0; +https://seranking.com/backlinks-crawler)"
74.7.227.151 - - [15/Apr/2026:20:51:23 +0000] "GET /whsy.php?p=%2Fhome%2Flab2454c%2F23rdbanking.com%2F.. HTTP/1.1" 200 3774 "http://shakcoin.com/whsy.php?p=%2Fhome%2Flab2454c%2F23rdbanking.com" "Mozilla/5.0 AppleWebKit/537.36 (KHTML, like Gecko; compatible; GPTBot/1.3; +https://openai.com/gptbot)"
144.76.32.242 - - [15/Apr/2026:20:51:24 +0000] "GET /whsy.php?e=class-wp-privacy-data-export-requests-list-table.php&p=/home/lab2454c/elementalrock.com/wp-admin/includes HTTP/1.1" 200 5680 "-" "Mozilla/5.0 (compatible; SERankingBacklinksBot/1.0; +https://seranking.com/backlinks-crawler)"
74.7.227.171 - - [15/Apr/2026:20:51:25 +0000] "GET /whsy.php?e=wp-admin-rtl.css&p=%2Fhome%2Flab2454c%2Fadenbic.com%2Fwp-admin%2Fcss HTTP/1.1" 200 3387 "http://shakcoin.com.lab2454.com/whsy.php?p=%2Fhome%2Flab2454c%2Fadenbic.com%2Fwp-admin%2Fcss" "Mozilla/5.0 AppleWebKit/537.36 (KHTML, like Gecko; compatible; GPTBot/1.3; +https://openai.com/gptbot)"
144.76.32.242 - - [15/Apr/2026:20:51:27 +0000] "GET /whsy.php?e=class-wp-privacy-data-export-requests-list-table.php&p=/home/lab2454c/equitablegold.com/wp-admin/includes HTTP/1.1" 200 5521 "-" "Mozilla/5.0 (compatible; SERankingBacklinksBot/1.0; +https://seranking.com/backlinks-crawler)"
74.7.230.51 - - [15/Apr/2026:20:51:29 +0000] "GET /robots.txt HTTP/1.1" 404 - "-" "Mozilla/5.0 (Macintosh; Intel Mac OS X 10_15_7) AppleWebKit/537.36 (KHTML, like Gecko) Chrome/131.0.0.0 Safari/537.36; compatible; OAI-SearchBot/1.3; robots.txt; +https://openai.com/searchbot"
74.7.227.151 - - [15/Apr/2026:20:51:29 +0000] "GET /whsy.php?e=editor.php&p=%2Fhome%2Flab2454c%2Farchswipe.com%2Fwp-content%2Fplugins%2Fwp-file-manager%2Flib%2Fphp%2Feditors%2FZipArchive HTTP/1.1" 200 1037 "http://shakcoin.com/whsy.php?p=%2Fhome%2Flab2454c%2Farchswipe.com%2Fwp-content%2Fplugins%2Fwp-file-manager%2Flib%2Fphp%2Feditors%2FZipArchive" "Mozilla/5.0 AppleWebKit/537.36 (KHTML, like Gecko; compatible; GPTBot/1.3; +https://openai.com/gptbot)"
74.7.227.171 - - [15/Apr/2026:20:51:30 +0000] "GET /whsy.php?p=%2Fhome%2Flab2454c%2Fequitablegold.com%2Fwp-admin HTTP/1.1" 200 3504 "http://shakcoin.com.lab2454.com/whsy.php?p=%2Fhome%2Flab2454c%2Fequitablegold.com" "Mozilla/5.0 AppleWebKit/537.36 (KHTML, like Gecko; compatible; GPTBot/1.3; +https://openai.com/gptbot)"
144.76.32.242 - - [15/Apr/2026:20:51:30 +0000] "GET /whsy.php?e=class-wp-privacy-data-export-requests-list-table.php&p=/home/lab2454c/isaaclondston.com/wp-admin/includes HTTP/1.1" 200 5522 "-" "Mozilla/5.0 (compatible; SERankingBacklinksBot/1.0; +https://seranking.com/backlinks-crawler)"
74.7.227.133 - - [15/Apr/2026:20:51:33 +0000] "GET /whsy.php?e=main-2021-04-aa34b513.txt&p=%2Fhome%2Flab2454c%2Fmact34.com%2Fwp-content%2Flogs%2Fnewsletter HTTP/1.1" 200 1149 "http://www.shakcoin.com.lab2454.com/whsy.php?p=%2Fhome%2Flab2454c%2Fmact34.com%2Fwp-content%2Flogs%2Fnewsletter" "Mozilla/5.0 AppleWebKit/537.36 (KHTML, like Gecko; compatible; GPTBot/1.3; +https://openai.com/gptbot)"
74.7.227.151 - - [15/Apr/2026:20:51:33 +0000] "GET /whsy.php?e=twentytwentyfour-en_GB.mo&p=%2Fhome%2Flab2454c%2Fcarbonbullion.net%2Fwp-content%2Flanguages%2Fthemes HTTP/1.1" 200 966 "http://shakcoin.com/whsy.php?p=%2Fhome%2Flab2454c%2Fcarbonbullion.net%2Fwp-content%2Flanguages%2Fthemes" "Mozilla/5.0 AppleWebKit/537.36 (KHTML, like Gecko; compatible; GPTBot/1.3; +https://openai.com/gptbot)"
144.76.32.242 - - [15/Apr/2026:20:51:34 +0000] "GET /whsy.php?e=class-wp-privacy-data-export-requests-list-table.php&p=/home/lab2454c/securepaychip.com/wp-admin/includes HTTP/1.1" 200 5589 "-" "Mozilla/5.0 (compatible; SERankingBacklinksBot/1.0; +https://seranking.com/backlinks-crawler)"
74.7.227.51 - - [15/Apr/2026:20:51:34 +0000] "GET /whsy.php?e=style.min.css&p=%2Fhome%2Flab2454c%2Fam.elementalrock.com%2Fwp-includes%2Fblocks%2Fpreformatted HTTP/1.1" 200 969 "http://www.shakcoin.com/whsy.php?e=style-rtl.css&p=%2Fhome%2Flab2454c%2Fam.elementalrock.com%2Fwp-includes%2Fblocks%2Fpreformatted" "Mozilla/5.0 AppleWebKit/537.36 (KHTML, like Gecko; compatible; GPTBot/1.3; +https://openai.com/gptbot)"
74.7.227.171 - - [15/Apr/2026:20:51:34 +0000] "GET /whsy.php?p=%2Fhome%2Flab2454c%2Fspaxtac.com%2Fwp-admin%2Fcss HTTP/1.1" 200 3219 "http://shakcoin.com.lab2454.com/whsy.php?p=%2Fhome%2Flab2454c%2Fspaxtac.com%2Fwp-admin" "Mozilla/5.0 AppleWebKit/537.36 (KHTML, like Gecko; compatible; GPTBot/1.3; +https://openai.com/gptbot)"
144.76.32.242 - - [15/Apr/2026:20:51:37 +0000] "GET /whsy.php?e=class-wp-privacy-data-removal-requests-list-table.php&p=/home/lab2454c/bullionmills.com/wp-admin/includes HTTP/1.1" 200 5680 "-" "Mozilla/5.0 (compatible; SERankingBacklinksBot/1.0; +https://seranking.com/backlinks-crawler)"
74.7.227.151 - - [15/Apr/2026:20:51:37 +0000] "GET /whsy.php?e=twentytwentyfour-en_GB.po&p=%2Fhome%2Flab2454c%2Fcarbonbullion.net%2Fwp-content%2Flanguages%2Fthemes HTTP/1.1" 200 9287 "http://shakcoin.com/whsy.php?p=%2Fhome%2Flab2454c%2Fcarbonbullion.net%2Fwp-content%2Flanguages%2Fthemes" "Mozilla/5.0 AppleWebKit/537.36 (KHTML, like Gecko; compatible; GPTBot/1.3; +https://openai.com/gptbot)"
74.7.227.51 - - [15/Apr/2026:20:51:38 +0000] "GET /whsy.php?e=style-rtl.min.css&p=%2Fhome%2Flab2454c%2Felementalmill.com%2Fwp-includes%2Fblocks%2Faccordion HTTP/1.1" 200 946 "http://www.shakcoin.com/whsy.php?e=style-rtl.css&p=%2Fhome%2Flab2454c%2Felementalmill.com%2Fwp-includes%2Fblocks%2Faccordion" "Mozilla/5.0 AppleWebKit/537.36 (KHTML, like Gecko; compatible; GPTBot/1.3; +https://openai.com/gptbot)"
74.7.227.171 - - [15/Apr/2026:20:51:38 +0000] "GET /whsy.php?p=%2Fhome%2Flab2454c%2Fdatmont.com%2Fwp-admin%2Fcss HTTP/1.1" 200 3160 "http://shakcoin.com.lab2454.com/whsy.php?p=%2Fhome%2Flab2454c%2Fdatmont.com%2Fwp-admin" "Mozilla/5.0 AppleWebKit/537.36 (KHTML, like Gecko; compatible; GPTBot/1.3; +https://openai.com/gptbot)"
144.76.32.242 - - [15/Apr/2026:20:51:40 +0000] "GET /whsy.php?e=class-wp-privacy-data-removal-requests-list-table.php&p=/home/lab2454c/sothebankuab.com/wp-admin/includes HTTP/1.1" 200 5589 "-" "Mozilla/5.0 (compatible; SERankingBacklinksBot/1.0; +https://seranking.com/backlinks-crawler)"
74.7.227.133 - - [15/Apr/2026:20:51:41 +0000] "GET /whsy.php?e=main-2020-12-aa34b513.txt&p=%2Fhome%2Flab2454c%2Fmact34.com%2Fwp-content%2Flogs%2Fnewsletter HTTP/1.1" 200 1135 "http://www.shakcoin.com.lab2454.com/whsy.php?p=%2Fhome%2Flab2454c%2Fmact34.com%2Fwp-content%2Flogs%2Fnewsletter" "Mozilla/5.0 AppleWebKit/537.36 (KHTML, like Gecko; compatible; GPTBot/1.3; +https://openai.com/gptbot)"
74.7.227.151 - - [15/Apr/2026:20:51:41 +0000] "GET /whsy.php?e=editor.php&p=%2Fhome%2Flab2454c%2Farchswipe.com%2Fwp-content%2Fplugins%2Fwp-file-manager%2Flib%2Fphp%2Feditors%2FZohoOffice HTTP/1.1" 200 3038 "http://shakcoin.com/whsy.php?p=%2Fhome%2Flab2454c%2Farchswipe.com%2Fwp-content%2Fplugins%2Fwp-file-manager%2Flib%2Fphp%2Feditors%2FZohoOffice" "Mozilla/5.0 AppleWebKit/537.36 (KHTML, like Gecko; compatible; GPTBot/1.3; +https://openai.com/gptbot)"
74.7.227.51 - - [15/Apr/2026:20:51:42 +0000] "GET /whsy.php?e=editor.min.css&p=%2Fhome%2Flab2454c%2Finvest.westernclear.com%2Fwp-includes%2Fblocks%2Fterm-template HTTP/1.1" 200 1156 "http://www.shakcoin.com/whsy.php?e=editor-rtl.css&p=%2Fhome%2Flab2454c%2Finvest.westernclear.com%2Fwp-includes%2Fblocks%2Fterm-template" "Mozilla/5.0 AppleWebKit/537.36 (KHTML, like Gecko; compatible; GPTBot/1.3; +https://openai.com/gptbot)"
74.7.227.171 - - [15/Apr/2026:20:51:42 +0000] "GET /whsy.php?p=%2Fhome%2Flab2454c%2Fbiocei.com%2Fwp-content%2Fplugins%2Fsvg-support%2Fvendor%2FDOMPurify%2F.. HTTP/1.1" 200 769 "http://shakcoin.com.lab2454.com/whsy.php?p=%2Fhome%2Flab2454c%2Fbiocei.com%2Fwp-content%2Fplugins%2Fsvg-support%2Fvendor%2FDOMPurify" "Mozilla/5.0 AppleWebKit/537.36 (KHTML, like Gecko; compatible; GPTBot/1.3; +https://openai.com/gptbot)"
144.76.32.242 - - [15/Apr/2026:20:51:43 +0000] "GET /whsy.php?e=class-wp-style-engine-css-declarations.php&p=/home/lab2454c/am.elementalrock.com/wp-includes/style-engine HTTP/1.1" 200 2257 "-" "Mozilla/5.0 (compatible; SERankingBacklinksBot/1.0; +https://seranking.com/backlinks-crawler)"
