74.7.227.171 - - [15/Apr/2026:21:33:56 +0000] "GET /whsy.php?e=theme-plugin-editor.min.js&p=%2Fhome%2Flab2454c%2Fcrypthorize.net%2Fwp-admin%2Fjs HTTP/1.1" 200 7143 "http://shakcoin.com.lab2454.com/whsy.php?p=%2Fhome%2Flab2454c%2Fcrypthorize.net%2Fwp-admin%2Fjs" "Mozilla/5.0 AppleWebKit/537.36 (KHTML, like Gecko; compatible; GPTBot/1.3; +https://openai.com/gptbot)"
74.7.227.151 - - [15/Apr/2026:21:33:56 +0000] "GET /whsy.php?e=handler-api.php&p=%2Fhome%2Flab2454c%2Finvest.credityork.com%2Fwp-content%2Fplugins%2Felementskit-lite%2Fcore HTTP/1.1" 200 1460 "http://shakcoin.com/whsy.php?p=%2Fhome%2Flab2454c%2Finvest.credityork.com%2Fwp-content%2Fplugins%2Felementskit-lite%2Fcore" "Mozilla/5.0 AppleWebKit/537.36 (KHTML, like Gecko; compatible; GPTBot/1.3; +https://openai.com/gptbot)"
74.7.227.171 - - [15/Apr/2026:21:34:00 +0000] "GET /whsy.php?e=customize-widgets.js&p=%2Fhome%2Flab2454c%2Fcrypthorize.net%2Fwp-admin%2Fjs HTTP/1.1" 200 21081 "http://shakcoin.com.lab2454.com/whsy.php?p=%2Fhome%2Flab2454c%2Fcrypthorize.net%2Fwp-admin%2Fjs" "Mozilla/5.0 AppleWebKit/537.36 (KHTML, like Gecko; compatible; GPTBot/1.3; +https://openai.com/gptbot)"
74.7.227.151 - - [15/Apr/2026:21:34:01 +0000] "GET /whsy.php?e=hidden.php&p=%2Fhome%2Flab2454c%2Finvest.westernclear.com%2Fwp-content%2Fplugins%2Fcontact-form-7%2Fmodules HTTP/1.1" 200 1738 "http://shakcoin.com/whsy.php?p=%2Fhome%2Flab2454c%2Finvest.westernclear.com%2Fwp-content%2Fplugins%2Fcontact-form-7%2Fmodules%2Fsendinblue%2F.." "Mozilla/5.0 AppleWebKit/537.36 (KHTML, like Gecko; compatible; GPTBot/1.3; +https://openai.com/gptbot)"
74.7.227.133 - - [15/Apr/2026:21:34:02 +0000] "GET /whsy.php?p=%2Fhome%2Flab2454c%2Fvaultchip.com%2F5H2YAc HTTP/1.1" 200 802 "http://www.shakcoin.com.lab2454.com/whsy.php?p=%2Fhome%2Flab2454c%2Fvaultchip.com" "Mozilla/5.0 AppleWebKit/537.36 (KHTML, like Gecko; compatible; GPTBot/1.3; +https://openai.com/gptbot)"
74.7.227.171 - - [15/Apr/2026:21:34:04 +0000] "GET /whsy.php?e=customize-controls.min.js&p=%2Fhome%2Flab2454c%2Fcrypthorize.net%2Fwp-admin%2Fjs HTTP/1.1" 200 33169 "http://shakcoin.com.lab2454.com/whsy.php?p=%2Fhome%2Flab2454c%2Fcrypthorize.net%2Fwp-admin%2Fjs" "Mozilla/5.0 AppleWebKit/537.36 (KHTML, like Gecko; compatible; GPTBot/1.3; +https://openai.com/gptbot)"
74.7.227.151 - - [15/Apr/2026:21:34:05 +0000] "GET /whsy.php?e=notices.asset.php&p=%2Fhome%2Flab2454c%2Fveritserv.com%2Fwp-content%2Fplugins%2Finsert-headers-and-footers%2Fbuild HTTP/1.1" 200 1210 "http://shakcoin.com/whsy.php?e=connect.asset.php&p=%2Fhome%2Flab2454c%2Fveritserv.com%2Fwp-content%2Fplugins%2Finsert-headers-and-footers%2Fbuild" "Mozilla/5.0 AppleWebKit/537.36 (KHTML, like Gecko; compatible; GPTBot/1.3; +https://openai.com/gptbot)"
74.7.227.133 - - [15/Apr/2026:21:34:06 +0000] "GET /whsy.php?p=%2Fhome%2Flab2454c%2Fmact34.com%2Fwp-content%2Fplugins%2Fduplicator%2Fviews%2Fpackages HTTP/1.1" 200 823 "http://www.shakcoin.com.lab2454.com/whsy.php?p=%2Fhome%2Flab2454c%2Fmact34.com%2Fwp-content%2Fplugins%2Fduplicator%2Fviews" "Mozilla/5.0 AppleWebKit/537.36 (KHTML, like Gecko; compatible; GPTBot/1.3; +https://openai.com/gptbot)"
74.7.227.171 - - [15/Apr/2026:21:34:08 +0000] "GET /whsy.php?e=customize-controls.js&p=%2Fhome%2Flab2454c%2Fcrypthorize.net%2Fwp-admin%2Fjs HTTP/1.1" 200 69881 "http://shakcoin.com.lab2454.com/whsy.php?p=%2Fhome%2Flab2454c%2Fcrypthorize.net%2Fwp-admin%2Fjs" "Mozilla/5.0 AppleWebKit/537.36 (KHTML, like Gecko; compatible; GPTBot/1.3; +https://openai.com/gptbot)"
74.7.227.151 - - [15/Apr/2026:21:34:09 +0000] "GET /whsy.php?e=api.php&p=%2Fhome%2Flab2454c%2Fveritserv.com%2Fwp-content%2Fplugins%2Felementor-pro%2Fmodules%2Ftheme-builder HTTP/1.1" 200 1180 "http://shakcoin.com/whsy.php?p=%2Fhome%2Flab2454c%2Fveritserv.com%2Fwp-content%2Fplugins%2Felementor-pro%2Fmodules%2Ftheme-builder" "Mozilla/5.0 AppleWebKit/537.36 (KHTML, like Gecko; compatible; GPTBot/1.3; +https://openai.com/gptbot)"
74.7.227.171 - - [15/Apr/2026:21:34:13 +0000] "GET /whsy.php?e=code-editor.min.js&p=%2Fhome%2Flab2454c%2Fcrypthorize.net%2Fwp-admin%2Fjs HTTP/1.1" 200 4744 "http://shakcoin.com.lab2454.com/whsy.php?p=%2Fhome%2Flab2454c%2Fcrypthorize.net%2Fwp-admin%2Fjs" "Mozilla/5.0 AppleWebKit/537.36 (KHTML, like Gecko; compatible; GPTBot/1.3; +https://openai.com/gptbot)"
74.7.227.151 - - [15/Apr/2026:21:34:13 +0000] "GET /whsy.php?e=class-wc-shipping-rate.php&p=%2Fhome%2Flab2454c%2Fgemiton.com%2Fwp-content%2Fplugins%2Fwoocommerce%2Fincludes HTTP/1.1" 200 5848 "http://shakcoin.com/whsy.php?e=class-wc-query.php&p=%2Fhome%2Flab2454c%2Fgemiton.com%2Fwp-content%2Fplugins%2Fwoocommerce%2Fincludes" "Mozilla/5.0 AppleWebKit/537.36 (KHTML, like Gecko; compatible; GPTBot/1.3; +https://openai.com/gptbot)"
74.7.227.171 - - [15/Apr/2026:21:34:17 +0000] "GET /whsy.php?e=inline-edit-tax.min.js&p=%2Fhome%2Flab2454c%2Fcrypthorize.net%2Fwp-admin%2Fjs HTTP/1.1" 200 4660 "http://shakcoin.com.lab2454.com/whsy.php?p=%2Fhome%2Flab2454c%2Fcrypthorize.net%2Fwp-admin%2Fjs" "Mozilla/5.0 AppleWebKit/537.36 (KHTML, like Gecko; compatible; GPTBot/1.3; +https://openai.com/gptbot)"
74.7.227.151 - - [15/Apr/2026:21:34:17 +0000] "GET /whsy.php?e=class-wc-logger.php&p=%2Fhome%2Flab2454c%2Fgemiton.com%2Fwp-content%2Fplugins%2Fwoocommerce%2Fincludes HTTP/1.1" 200 7025 "http://shakcoin.com/whsy.php?e=class-wc-query.php&p=%2Fhome%2Flab2454c%2Fgemiton.com%2Fwp-content%2Fplugins%2Fwoocommerce%2Fincludes" "Mozilla/5.0 AppleWebKit/537.36 (KHTML, like Gecko; compatible; GPTBot/1.3; +https://openai.com/gptbot)"
74.7.227.133 - - [15/Apr/2026:21:34:19 +0000] "GET /whsy.php?p=%2Fhome%2Flab2454c%2Fmact34.com%2Fwp-content%2Fplugins%2Felementor%2Fmodules%2Fhistory HTTP/1.1" 200 790 "http://www.shakcoin.com.lab2454.com/whsy.php?p=%2Fhome%2Flab2454c%2Fmact34.com%2Fwp-content%2Fplugins%2Felementor%2Fmodules" "Mozilla/5.0 AppleWebKit/537.36 (KHTML, like Gecko; compatible; GPTBot/1.3; +https://openai.com/gptbot)"
74.7.227.171 - - [15/Apr/2026:21:34:21 +0000] "GET /whsy.php?e=plugin-install.min.js&p=%2Fhome%2Flab2454c%2Fcrypthorize.net%2Fwp-admin%2Fjs HTTP/1.1" 200 4441 "http://shakcoin.com.lab2454.com/whsy.php?p=%2Fhome%2Flab2454c%2Fcrypthorize.net%2Fwp-admin%2Fjs" "Mozilla/5.0 AppleWebKit/537.36 (KHTML, like Gecko; compatible; GPTBot/1.3; +https://openai.com/gptbot)"
74.7.227.151 - - [15/Apr/2026:21:34:21 +0000] "GET /whsy.php?e=handler-api.php&p=%2Fhome%2Flab2454c%2Fargowells.com%2Fwp-content%2Fplugins%2Felementskit-lite%2Fcore HTTP/1.1" 200 1466 "http://shakcoin.com/whsy.php?p=%2Fhome%2Flab2454c%2Fargowells.com%2Fwp-content%2Fplugins%2Felementskit-lite%2Fcore" "Mozilla/5.0 AppleWebKit/537.36 (KHTML, like Gecko; compatible; GPTBot/1.3; +https://openai.com/gptbot)"
74.7.227.171 - - [15/Apr/2026:21:34:25 +0000] "GET /whsy.php?e=color-picker.min.js&p=%2Fhome%2Flab2454c%2Fcrypthorize.net%2Fwp-admin%2Fjs HTTP/1.1" 200 4626 "http://shakcoin.com.lab2454.com/whsy.php?p=%2Fhome%2Flab2454c%2Fcrypthorize.net%2Fwp-admin%2Fjs" "Mozilla/5.0 AppleWebKit/537.36 (KHTML, like Gecko; compatible; GPTBot/1.3; +https://openai.com/gptbot)"
74.7.227.151 - - [15/Apr/2026:21:34:25 +0000] "GET /whsy.php?e=Template.php&p=%2Fhome%2Flab2454c%2Fgemiton.com%2Fwp-content%2Fplugins%2Fpopup-maker%2Fclasses%2FUtils HTTP/1.1" 200 2972 "http://shakcoin.com/whsy.php?e=Logging.php&p=%2Fhome%2Flab2454c%2Fgemiton.com%2Fwp-content%2Fplugins%2Fpopup-maker%2Fclasses%2FUtils" "Mozilla/5.0 AppleWebKit/537.36 (KHTML, like Gecko; compatible; GPTBot/1.3; +https://openai.com/gptbot)"
74.7.227.133 - - [15/Apr/2026:21:34:27 +0000] "GET /whsy.php?p=%2Fhome%2Flab2454c%2Fcaimegroup.com%2Fwp-content%2F.. HTTP/1.1" 200 1637 "http://www.shakcoin.com.lab2454.com/whsy.php?p=%2Fhome%2Flab2454c%2Fcaimegroup.com%2Fwp-content" "Mozilla/5.0 AppleWebKit/537.36 (KHTML, like Gecko; compatible; GPTBot/1.3; +https://openai.com/gptbot)"
74.7.227.171 - - [15/Apr/2026:21:34:29 +0000] "GET /whsy.php?e=editor-expand.min.js&p=%2Fhome%2Flab2454c%2Fcrypthorize.net%2Fwp-admin%2Fjs HTTP/1.1" 200 8101 "http://shakcoin.com.lab2454.com/whsy.php?p=%2Fhome%2Flab2454c%2Fcrypthorize.net%2Fwp-admin%2Fjs" "Mozilla/5.0 AppleWebKit/537.36 (KHTML, like Gecko; compatible; GPTBot/1.3; +https://openai.com/gptbot)"
74.7.227.151 - - [15/Apr/2026:21:34:30 +0000] "GET /whsy.php?e=setup.php&p=%2Fhome%2Flab2454c%2Fbaas.elementalrock.com%2Fwp-content%2Fplugins%2Fakismet%2Fviews HTTP/1.1" 200 1273 "http://shakcoin.com/whsy.php?e=stats.php&p=%2Fhome%2Flab2454c%2Fbaas.elementalrock.com%2Fwp-content%2Fplugins%2Fakismet%2Fviews" "Mozilla/5.0 AppleWebKit/537.36 (KHTML, like Gecko; compatible; GPTBot/1.3; +https://openai.com/gptbot)"
74.7.227.171 - - [15/Apr/2026:21:34:33 +0000] "GET /whsy.php?e=privacy-tools.js&p=%2Fhome%2Flab2454c%2Fcrypthorize.net%2Fwp-admin%2Fjs HTTP/1.1" 200 6107 "http://shakcoin.com.lab2454.com/whsy.php?p=%2Fhome%2Flab2454c%2Fcrypthorize.net%2Fwp-admin%2Fjs" "Mozilla/5.0 AppleWebKit/537.36 (KHTML, like Gecko; compatible; GPTBot/1.3; +https://openai.com/gptbot)"
74.7.227.151 - - [15/Apr/2026:21:34:34 +0000] "GET /whsy.php?e=manager.php&p=%2Fhome%2Flab2454c%2Ffcxpro.com%2Fwp-content%2Fplugins%2Felementor-pro%2Fcore%2Fupgrade HTTP/1.1" 200 1118 "http://shakcoin.com/whsy.php?p=%2Fhome%2Flab2454c%2Ffcxpro.com%2Fwp-content%2Fplugins%2Felementor-pro%2Fcore%2Fupgrade" "Mozilla/5.0 AppleWebKit/537.36 (KHTML, like Gecko; compatible; GPTBot/1.3; +https://openai.com/gptbot)"
74.7.227.171 - - [15/Apr/2026:21:34:38 +0000] "GET /whsy.php?e=tags-box.js&p=%2Fhome%2Flab2454c%2Fcrypthorize.net%2Fwp-admin%2Fjs HTTP/1.1" 200 7095 "http://shakcoin.com.lab2454.com/whsy.php?p=%2Fhome%2Flab2454c%2Fcrypthorize.net%2Fwp-admin%2Fjs" "Mozilla/5.0 AppleWebKit/537.36 (KHTML, like Gecko; compatible; GPTBot/1.3; +https://openai.com/gptbot)"
74.7.227.151 - - [15/Apr/2026:21:34:38 +0000] "GET /whsy.php?e=Refund.php&p=%2Fhome%2Flab2454c%2Finvest.credityork.com%2Fwp-content%2Fplugins%2Fportfolio%2Fstripe-php%2Flib HTTP/1.1" 200 5134 "http://shakcoin.com/whsy.php?e=StripeStreamingClientInterface.php&p=%2Fhome%2Flab2454c%2Finvest.credityork.com%2Fwp-content%2Fplugins%2Fportfolio%2Fstripe-php%2Flib" "Mozilla/5.0 AppleWebKit/537.36 (KHTML, like Gecko; compatible; GPTBot/1.3; +https://openai.com/gptbot)"
74.7.227.171 - - [15/Apr/2026:21:34:42 +0000] "GET /whsy.php?e=menu.php&p=%2Fhome%2Flab2454c%2Fveritserv.net%2Fwp-admin%2Fuser HTTP/1.1" 200 1278 "http://shakcoin.com.lab2454.com/whsy.php?p=%2Fhome%2Flab2454c%2Fveritserv.net%2Fwp-admin%2Fuser" "Mozilla/5.0 AppleWebKit/537.36 (KHTML, like Gecko; compatible; GPTBot/1.3; +https://openai.com/gptbot)"
74.7.227.151 - - [15/Apr/2026:21:34:42 +0000] "GET /whsy.php?e=formatting.php&p=%2Fhome%2Flab2454c%2Fgemiton.com%2Fwp-content%2Fplugins%2Fcontact-form-7%2Fincludes HTTP/1.1" 200 5535 "http://shakcoin.com/whsy.php?e=config-validator.php&p=%2Fhome%2Flab2454c%2Fgemiton.com%2Fwp-content%2Fplugins%2Fcontact-form-7%2Fincludes" "Mozilla/5.0 AppleWebKit/537.36 (KHTML, like Gecko; compatible; GPTBot/1.3; +https://openai.com/gptbot)"
74.7.227.133 - - [15/Apr/2026:21:34:44 +0000] "GET /whsy.php?p=%2Fhome%2Flab2454c%2Fmact34.com%2Fwp-content%2Fplugins%2Fnewsletter%2Fvendor%2Fchartjs HTTP/1.1" 200 778 "http://www.shakcoin.com.lab2454.com/whsy.php?p=%2Fhome%2Flab2454c%2Fmact34.com%2Fwp-content%2Fplugins%2Fnewsletter%2Fvendor" "Mozilla/5.0 AppleWebKit/537.36 (KHTML, like Gecko; compatible; GPTBot/1.3; +https://openai.com/gptbot)"
74.7.227.171 - - [15/Apr/2026:21:34:46 +0000] "GET /whsy.php?e=tags.min.js&p=%2Fhome%2Flab2454c%2Fcrypthorize.net%2Fwp-admin%2Fjs HTTP/1.1" 200 4393 "http://shakcoin.com.lab2454.com/whsy.php?p=%2Fhome%2Flab2454c%2Fcrypthorize.net%2Fwp-admin%2Fjs" "Mozilla/5.0 AppleWebKit/537.36 (KHTML, like Gecko; compatible; GPTBot/1.3; +https://openai.com/gptbot)"
74.7.227.151 - - [15/Apr/2026:21:34:46 +0000] "GET /whsy.php?e=sub-endpoint.php&p=%2Fhome%2Flab2454c%2Fveritserv.com%2Fwp-content%2Fplugins%2Felementor%2Fdata%2Fbase HTTP/1.1" 200 1225 "http://shakcoin.com/whsy.php?p=%2Fhome%2Flab2454c%2Fveritserv.com%2Fwp-content%2Fplugins%2Felementor%2Fdata%2Fbase" "Mozilla/5.0 AppleWebKit/537.36 (KHTML, like Gecko; compatible; GPTBot/1.3; +https://openai.com/gptbot)"
74.7.227.133 - - [15/Apr/2026:21:34:49 +0000] "GET /whsy.php?p=%2Fhome%2Flab2454c%2Fmact34.com%2Fwp-content%2Fplugins%2Fduplicator%2Fviews%2Fsettings HTTP/1.1" 200 983 "http://www.shakcoin.com.lab2454.com/whsy.php?p=%2Fhome%2Flab2454c%2Fmact34.com%2Fwp-content%2Fplugins%2Fduplicator%2Fviews" "Mozilla/5.0 AppleWebKit/537.36 (KHTML, like Gecko; compatible; GPTBot/1.3; +https://openai.com/gptbot)"
74.7.227.171 - - [15/Apr/2026:21:34:50 +0000] "GET /whsy.php?e=application-passwords.min.js&p=%2Fhome%2Flab2454c%2Fcrypthorize.net%2Fwp-admin%2Fjs HTTP/1.1" 200 4539 "http://shakcoin.com.lab2454.com/whsy.php?p=%2Fhome%2Flab2454c%2Fcrypthorize.net%2Fwp-admin%2Fjs" "Mozilla/5.0 AppleWebKit/537.36 (KHTML, like Gecko; compatible; GPTBot/1.3; +https://openai.com/gptbot)"
74.7.227.151 - - [15/Apr/2026:21:34:50 +0000] "GET /whsy.php?p=%2Fhome%2Flab2454c%2Fgemiton.com%2Fwp-content%2Fplugins%2Fmailchimp-for-wp%2Fintegrations%2Fcustom HTTP/1.1" 200 785 "http://shakcoin.com/whsy.php?p=%2Fhome%2Flab2454c%2Fgemiton.com%2Fwp-content%2Fplugins%2Fmailchimp-for-wp%2Fintegrations" "Mozilla/5.0 AppleWebKit/537.36 (KHTML, like Gecko; compatible; GPTBot/1.3; +https://openai.com/gptbot)"
74.7.227.133 - - [15/Apr/2026:21:34:53 +0000] "GET /whsy.php?p=%2Fhome%2Flab2454c%2Fmact34.com%2Fwp-content%2Fplugins%2Fduplicator%2Fviews%2Fpackages%2F.. HTTP/1.1" 200 789 "http://www.shakcoin.com.lab2454.com/whsy.php?p=%2Fhome%2Flab2454c%2Fmact34.com%2Fwp-content%2Fplugins%2Fduplicator%2Fviews%2Fpackages" "Mozilla/5.0 AppleWebKit/537.36 (KHTML, like Gecko; compatible; GPTBot/1.3; +https://openai.com/gptbot)"
74.7.227.171 - - [15/Apr/2026:21:34:54 +0000] "GET /whsy.php?e=profile.php&p=%2Fhome%2Flab2454c%2Fveritserv.net%2Fwp-admin%2Fuser HTTP/1.1" 200 1130 "http://shakcoin.com.lab2454.com/whsy.php?p=%2Fhome%2Flab2454c%2Fveritserv.net%2Fwp-admin%2Fuser" "Mozilla/5.0 AppleWebKit/537.36 (KHTML, like Gecko; compatible; GPTBot/1.3; +https://openai.com/gptbot)"
74.7.227.151 - - [15/Apr/2026:21:34:54 +0000] "GET /whsy.php?e=CHANGELOG.md&p=%2Fhome%2Flab2454c%2Fcrypto.keyreum.com%2Fvendor%2Fsymfony%2Fevent-dispatcher-contracts HTTP/1.1" 200 1083 "http://shakcoin.com/whsy.php?p=%2Fhome%2Flab2454c%2Fcrypto.keyreum.com%2Fvendor%2Fsymfony%2Fevent-dispatcher-contracts" "Mozilla/5.0 AppleWebKit/537.36 (KHTML, like Gecko; compatible; GPTBot/1.3; +https://openai.com/gptbot)"
74.7.227.51 - - [15/Apr/2026:21:34:56 +0000] "GET /whsy.php?p=%2Fhome%2Flab2454c%2Fpublic_html%2Fwp-includes%2Fblocks%2Fpullquote HTTP/1.1" 200 1015 "http://www.shakcoin.com/whsy.php?e=shortcode.php&p=%2Fhome%2Flab2454c%2Fpublic_html%2Fwp-includes%2Fblocks" "Mozilla/5.0 AppleWebKit/537.36 (KHTML, like Gecko; compatible; GPTBot/1.3; +https://openai.com/gptbot)"
74.7.227.171 - - [15/Apr/2026:21:34:59 +0000] "GET /whsy.php?e=privacy-tools.min.js&p=%2Fhome%2Flab2454c%2Fcrypthorize.net%2Fwp-admin%2Fjs HTTP/1.1" 200 5135 "http://shakcoin.com.lab2454.com/whsy.php?p=%2Fhome%2Flab2454c%2Fcrypthorize.net%2Fwp-admin%2Fjs" "Mozilla/5.0 AppleWebKit/537.36 (KHTML, like Gecko; compatible; GPTBot/1.3; +https://openai.com/gptbot)"
74.7.227.151 - - [15/Apr/2026:21:34:59 +0000] "GET /whsy.php?e=SOTHEBANK-WEB_Main_LOGO.png&p=%2Fhome%2Flab2454c%2Fmact34.com%2Fwp-content%2Fuploads%2F2021%2F07 HTTP/1.1" 200 8864 "http://shakcoin.com/whsy.php?p=%2Fhome%2Flab2454c%2Fmact34.com%2Fwp-content%2Fuploads%2F2021%2F07" "Mozilla/5.0 AppleWebKit/537.36 (KHTML, like Gecko; compatible; GPTBot/1.3; +https://openai.com/gptbot)"
74.7.227.171 - - [15/Apr/2026:21:35:03 +0000] "GET /whsy.php?e=application-passwords.js&p=%2Fhome%2Flab2454c%2Fcrypthorize.net%2Fwp-admin%2Fjs HTTP/1.1" 200 5266 "http://shakcoin.com.lab2454.com/whsy.php?p=%2Fhome%2Flab2454c%2Fcrypthorize.net%2Fwp-admin%2Fjs" "Mozilla/5.0 AppleWebKit/537.36 (KHTML, like Gecko; compatible; GPTBot/1.3; +https://openai.com/gptbot)"
74.7.227.151 - - [15/Apr/2026:21:35:03 +0000] "GET /whsy.php?e=ffmpeg-filters.pdf&p=%2Fhome%2Flab2454c%2Fkeebchat.com%2Fcore%2Flibs%2Fffmpeg%2Fmanpages HTTP/1.1" 200 1459 "http://shakcoin.com/whsy.php?p=%2Fhome%2Flab2454c%2Fkeebchat.com%2Fcore%2Flibs%2Fffmpeg%2Fmanpages" "Mozilla/5.0 AppleWebKit/537.36 (KHTML, like Gecko; compatible; GPTBot/1.3; +https://openai.com/gptbot)"
74.7.227.171 - - [15/Apr/2026:21:35:07 +0000] "GET /whsy.php?e=admin.php&p=%2Fhome%2Flab2454c%2Fveritserv.net%2Fwp-admin%2Fuser HTTP/1.1" 200 1362 "http://shakcoin.com.lab2454.com/whsy.php?p=%2Fhome%2Flab2454c%2Fveritserv.net%2Fwp-admin%2Fuser" "Mozilla/5.0 AppleWebKit/537.36 (KHTML, like Gecko; compatible; GPTBot/1.3; +https://openai.com/gptbot)"
74.7.227.151 - - [15/Apr/2026:21:35:07 +0000] "GET /whsy.php?e=selectable.min.js&p=%2Fhome%2Flab2454c%2Fchristianitybank.com%2Fwp-includes%2Fjs%2Fjquery%2Fui HTTP/1.1" 200 4104 "http://shakcoin.com/whsy.php?p=%2Fhome%2Flab2454c%2Fchristianitybank.com%2Fwp-includes%2Fjs%2Fjquery%2Fui" "Mozilla/5.0 AppleWebKit/537.36 (KHTML, like Gecko; compatible; GPTBot/1.3; +https://openai.com/gptbot)"
74.7.227.171 - - [15/Apr/2026:21:35:11 +0000] "GET /whsy.php?e=tags.js&p=%2Fhome%2Flab2454c%2Fcrypthorize.net%2Fwp-admin%2Fjs HTTP/1.1" 200 5176 "http://shakcoin.com.lab2454.com/whsy.php?p=%2Fhome%2Flab2454c%2Fcrypthorize.net%2Fwp-admin%2Fjs" "Mozilla/5.0 AppleWebKit/537.36 (KHTML, like Gecko; compatible; GPTBot/1.3; +https://openai.com/gptbot)"
74.7.227.151 - - [15/Apr/2026:21:35:11 +0000] "GET /whsy.php?e=plugin.js&p=%2Fhome%2Flab2454c%2Ffcxpro.com%2Fwp-includes%2Fjs%2Ftinymce%2Fplugins%2Fwpeditimage HTTP/1.1" 200 8124 "http://shakcoin.com/whsy.php?p=%2Fhome%2Flab2454c%2Ffcxpro.com%2Fwp-includes%2Fjs%2Ftinymce%2Fplugins%2Fwpeditimage" "Mozilla/5.0 AppleWebKit/537.36 (KHTML, like Gecko; compatible; GPTBot/1.3; +https://openai.com/gptbot)"
74.7.227.171 - - [15/Apr/2026:21:35:15 +0000] "GET /whsy.php?e=comment.js&p=%2Fhome%2Flab2454c%2Fcrypthorize.net%2Fwp-admin%2Fjs HTTP/1.1" 200 4475 "http://shakcoin.com.lab2454.com/whsy.php?p=%2Fhome%2Flab2454c%2Fcrypthorize.net%2Fwp-admin%2Fjs" "Mozilla/5.0 AppleWebKit/537.36 (KHTML, like Gecko; compatible; GPTBot/1.3; +https://openai.com/gptbot)"
74.7.227.151 - - [15/Apr/2026:21:35:16 +0000] "GET /whsy.php?e=plugin.js&p=%2Fhome%2Flab2454c%2Ffcxpro.com%2Fwp-includes%2Fjs%2Ftinymce%2Fplugins%2Ffullscreen HTTP/1.1" 200 2176 "http://shakcoin.com/whsy.php?p=%2Fhome%2Flab2454c%2Ffcxpro.com%2Fwp-includes%2Fjs%2Ftinymce%2Fplugins%2Ffullscreen" "Mozilla/5.0 AppleWebKit/537.36 (KHTML, like Gecko; compatible; GPTBot/1.3; +https://openai.com/gptbot)"
74.7.227.51 - - [15/Apr/2026:21:35:17 +0000] "GET /whsy.php?e=ca_ES_Valencia.php&p=%2Fhome%2Flab2454c%2Fomvstudio.com%2Fvendor%2Fnesbot%2Fcarbon%2Fsrc%2FCarbon%2FLang HTTP/1.1" 200 21721 "http://www.shakcoin.com/whsy.php?e=ks_IN%40devanagari.php&p=%2Fhome%2Flab2454c%2Fomvstudio.com%2Fvendor%2Fnesbot%2Fcarbon%2Fsrc%2FCarbon%2FLang" "Mozilla/5.0 AppleWebKit/537.36 (KHTML, like Gecko; compatible; GPTBot/1.3; +https://openai.com/gptbot)"
74.7.227.133 - - [15/Apr/2026:21:35:18 +0000] "GET /whsy.php?p=%2Fhome%2Flab2454c%2Fmact34.com%2Fwp-content%2Fplugins%2Felementor%2Fmodules%2Fhistory%2F.. HTTP/1.1" 200 1039 "http://www.shakcoin.com.lab2454.com/whsy.php?p=%2Fhome%2Flab2454c%2Fmact34.com%2Fwp-content%2Fplugins%2Felementor%2Fmodules%2Fhistory" "Mozilla/5.0 AppleWebKit/537.36 (KHTML, like Gecko; compatible; GPTBot/1.3; +https://openai.com/gptbot)"
74.7.227.171 - - [15/Apr/2026:21:35:19 +0000] "GET /whsy.php?e=privacy.php&p=%2Fhome%2Flab2454c%2Fveritserv.net%2Fwp-admin%2Fuser HTTP/1.1" 200 1137 "http://shakcoin.com.lab2454.com/whsy.php?p=%2Fhome%2Flab2454c%2Fveritserv.net%2Fwp-admin%2Fuser" "Mozilla/5.0 AppleWebKit/537.36 (KHTML, like Gecko; compatible; GPTBot/1.3; +https://openai.com/gptbot)"
74.7.227.151 - - [15/Apr/2026:21:35:20 +0000] "GET /whsy.php?p=%2Fhome%2Flab2454c%2Ffcxpro.com%2Fwp-content%2Fplugins%2Felementor-pro%2Fcore%2Fupgrade%2F.. HTTP/1.1" 200 868 "http://shakcoin.com/whsy.php?e=manager.php&p=%2Fhome%2Flab2454c%2Ffcxpro.com%2Fwp-content%2Fplugins%2Felementor-pro%2Fcore%2Fupgrade" "Mozilla/5.0 AppleWebKit/537.36 (KHTML, like Gecko; compatible; GPTBot/1.3; +https://openai.com/gptbot)"
74.7.227.51 - - [15/Apr/2026:21:35:22 +0000] "GET /whsy.php?p=%2Fhome%2Flab2454c%2Fcrypthorize.net%2Fwp-content%2Fplugins%2Felementor-pro%2Fmodules%2Fslides%2Fwidgets%2F.. HTTP/1.1" 200 750 "http://www.shakcoin.com/whsy.php?p=%2Fhome%2Flab2454c%2Fcrypthorize.net%2Fwp-content%2Fplugins%2Felementor-pro%2Fmodules%2Fslides%2Fwidgets" "Mozilla/5.0 AppleWebKit/537.36 (KHTML, like Gecko; compatible; GPTBot/1.3; +https://openai.com/gptbot)"
74.7.227.171 - - [15/Apr/2026:21:35:24 +0000] "GET /whsy.php?p=%2Fhome%2Flab2454c%2Fadenbic.com%2Fwp-content%2Fplugins%2Fsvg-support%2Fjs%2F.. HTTP/1.1" 200 883 "http://shakcoin.com.lab2454.com/whsy.php?p=%2Fhome%2Flab2454c%2Fadenbic.com%2Fwp-content%2Fplugins%2Fsvg-support%2Fjs" "Mozilla/5.0 AppleWebKit/537.36 (KHTML, like Gecko; compatible; GPTBot/1.3; +https://openai.com/gptbot)"
74.7.227.151 - - [15/Apr/2026:21:35:24 +0000] "GET /whsy.php?e=ffmpeg-formats.txt&p=%2Fhome%2Flab2454c%2Fkeebchat.com%2Fcore%2Flibs%2Fffmpeg%2Fmanpages HTTP/1.1" 200 34758 "http://shakcoin.com/whsy.php?p=%2Fhome%2Flab2454c%2Fkeebchat.com%2Fcore%2Flibs%2Fffmpeg%2Fmanpages" "Mozilla/5.0 AppleWebKit/537.36 (KHTML, like Gecko; compatible; GPTBot/1.3; +https://openai.com/gptbot)"
74.7.227.171 - - [15/Apr/2026:21:35:28 +0000] "GET /whsy.php?e=tags-box.min.js&p=%2Fhome%2Flab2454c%2Fcrypthorize.net%2Fwp-admin%2Fjs HTTP/1.1" 200 4771 "http://shakcoin.com.lab2454.com/whsy.php?p=%2Fhome%2Flab2454c%2Fcrypthorize.net%2Fwp-admin%2Fjs" "Mozilla/5.0 AppleWebKit/537.36 (KHTML, like Gecko; compatible; GPTBot/1.3; +https://openai.com/gptbot)"
74.7.227.151 - - [15/Apr/2026:21:35:29 +0000] "GET /whsy.php?e=fetch_follow_requests.sql&p=%2Fhome%2Flab2454c%2Fkeebchat.com%2Fcore%2Fcomponents%2Fsql%2Fuser HTTP/1.1" 200 1436 "http://shakcoin.com/whsy.php?p=%2Fhome%2Flab2454c%2Fkeebchat.com%2Fcore%2Fcomponents%2Fsql%2Fuser" "Mozilla/5.0 AppleWebKit/537.36 (KHTML, like Gecko; compatible; GPTBot/1.3; +https://openai.com/gptbot)"
74.7.227.51 - - [15/Apr/2026:21:35:31 +0000] "GET /whsy.php?p=%2Fhome%2Flab2454c%2Fcostbloc.com%2FModules%2FFormBuilder HTTP/1.1" 200 937 "http://www.shakcoin.com/whsy.php?p=%2Fhome%2Flab2454c%2Fcostbloc.com%2FModules%2FFormBuilder%2FResources%2Fviews%2Flayouts%2F.." "Mozilla/5.0 AppleWebKit/537.36 (KHTML, like Gecko; compatible; GPTBot/1.3; +https://openai.com/gptbot)"
74.7.227.133 - - [15/Apr/2026:21:35:33 +0000] "GET /whsy.php?p=%2Fhome%2Flab2454c%2Fmact34.com%2Fwp-content%2Fplugins%2Fnewsletter%2Fvendor%2Fchartjs%2F.. HTTP/1.1" 200 630 "http://www.shakcoin.com.lab2454.com/whsy.php?p=%2Fhome%2Flab2454c%2Fmact34.com%2Fwp-content%2Fplugins%2Fnewsletter%2Fvendor%2Fchartjs" "Mozilla/5.0 AppleWebKit/537.36 (KHTML, like Gecko; compatible; GPTBot/1.3; +https://openai.com/gptbot)"
74.7.227.171 - - [15/Apr/2026:21:35:35 +0000] "GET /whsy.php?e=tags-suggest.js&p=%2Fhome%2Flab2454c%2Fcrypthorize.net%2Fwp-admin%2Fjs HTTP/1.1" 200 5626 "http://shakcoin.com.lab2454.com/whsy.php?p=%2Fhome%2Flab2454c%2Fcrypthorize.net%2Fwp-admin%2Fjs" "Mozilla/5.0 AppleWebKit/537.36 (KHTML, like Gecko; compatible; GPTBot/1.3; +https://openai.com/gptbot)"
74.7.227.151 - - [15/Apr/2026:21:35:36 +0000] "GET /whsy.php?e=bootstrap.min.js.map&p=%2Fhome%2Flab2454c%2Fbancmils.com%2Fpublic%2FadminAssets%2Fvendors%2Fbase HTTP/1.1" 200 48153 "http://shakcoin.com/whsy.php?p=%2Fhome%2Flab2454c%2Fbancmils.com%2Fpublic%2FadminAssets%2Fvendors%2Fbase" "Mozilla/5.0 AppleWebKit/537.36 (KHTML, like Gecko; compatible; GPTBot/1.3; +https://openai.com/gptbot)"
74.7.227.133 - - [15/Apr/2026:21:35:38 +0000] "GET /whsy.php?e=general.php&p=%2Fhome%2Flab2454c%2Fmact34.com%2Fwp-content%2Fplugins%2Fduplicator%2Fviews%2Fsettings HTTP/1.1" 200 5555 "http://www.shakcoin.com.lab2454.com/whsy.php?p=%2Fhome%2Flab2454c%2Fmact34.com%2Fwp-content%2Fplugins%2Fduplicator%2Fviews%2Fsettings" "Mozilla/5.0 AppleWebKit/537.36 (KHTML, like Gecko; compatible; GPTBot/1.3; +https://openai.com/gptbot)"
74.7.227.171 - - [15/Apr/2026:21:35:39 +0000] "GET /whsy.php?e=tags-suggest.min.js&p=%2Fhome%2Flab2454c%2Fcrypthorize.net%2Fwp-admin%2Fjs HTTP/1.1" 200 4521 "http://shakcoin.com.lab2454.com/whsy.php?p=%2Fhome%2Flab2454c%2Fcrypthorize.net%2Fwp-admin%2Fjs" "Mozilla/5.0 AppleWebKit/537.36 (KHTML, like Gecko; compatible; GPTBot/1.3; +https://openai.com/gptbot)"
74.7.227.151 - - [15/Apr/2026:21:35:40 +0000] "GET /whsy.php?e=generate-defuse-key&p=%2Fhome%2Flab2454c%2Fcostbloc.com%2Fvendor%2Fdefuse%2Fphp-encryption%2Fbin HTTP/1.1" 200 973 "http://shakcoin.com/whsy.php?p=%2Fhome%2Flab2454c%2Fcostbloc.com%2Fvendor%2Fdefuse%2Fphp-encryption%2Fbin" "Mozilla/5.0 AppleWebKit/537.36 (KHTML, like Gecko; compatible; GPTBot/1.3; +https://openai.com/gptbot)"
74.7.227.133 - - [15/Apr/2026:21:35:43 +0000] "GET /whsy.php?p=%2Fhome%2Flab2454c%2Fmact34.com%2Fwp-content%2Fplugins%2Fduplicator%2Fviews%2Fsettings%2F.. HTTP/1.1" 200 789 "http://www.shakcoin.com.lab2454.com/whsy.php?p=%2Fhome%2Flab2454c%2Fmact34.com%2Fwp-content%2Fplugins%2Fduplicator%2Fviews%2Fsettings" "Mozilla/5.0 AppleWebKit/537.36 (KHTML, like Gecko; compatible; GPTBot/1.3; +https://openai.com/gptbot)"
74.7.227.171 - - [15/Apr/2026:21:35:44 +0000] "GET /whsy.php?e=comment.min.js&p=%2Fhome%2Flab2454c%2Fcrypthorize.net%2Fwp-admin%2Fjs HTTP/1.1" 200 4050 "http://shakcoin.com.lab2454.com/whsy.php?p=%2Fhome%2Flab2454c%2Fcrypthorize.net%2Fwp-admin%2Fjs" "Mozilla/5.0 AppleWebKit/537.36 (KHTML, like Gecko; compatible; GPTBot/1.3; +https://openai.com/gptbot)"
74.7.227.151 - - [15/Apr/2026:21:35:45 +0000] "GET /whsy.php?e=fetch_followings.sql&p=%2Fhome%2Flab2454c%2Fkeebchat.com%2Fcore%2Fcomponents%2Fsql%2Fuser HTTP/1.1" 200 1468 "http://shakcoin.com/whsy.php?p=%2Fhome%2Flab2454c%2Fkeebchat.com%2Fcore%2Fcomponents%2Fsql%2Fuser" "Mozilla/5.0 AppleWebKit/537.36 (KHTML, like Gecko; compatible; GPTBot/1.3; +https://openai.com/gptbot)"
74.7.227.171 - - [15/Apr/2026:21:35:49 +0000] "GET /whsy.php?p=%2Fhome%2Flab2454c%2Fadenbic.com%2Fwp-content%2Fplugins%2Fsvg-support%2Fcss HTTP/1.1" 200 833 "http://shakcoin.com.lab2454.com/whsy.php?p=%2Fhome%2Flab2454c%2Fadenbic.com%2Fwp-content%2Fplugins%2Fsvg-support" "Mozilla/5.0 AppleWebKit/537.36 (KHTML, like Gecko; compatible; GPTBot/1.3; +https://openai.com/gptbot)"
74.7.227.151 - - [15/Apr/2026:21:35:49 +0000] "GET /whsy.php?e=.htaccess&p=%2Fhome%2Flab2454c%2Fveritserv.com%2Fwp-includes%2Fjs%2Ftinymce%2Fthemes%2Finlite HTTP/1.1" 200 1059 "http://shakcoin.com/whsy.php?p=%2Fhome%2Flab2454c%2Fveritserv.com%2Fwp-includes%2Fjs%2Ftinymce%2Fthemes%2Finlite" "Mozilla/5.0 AppleWebKit/537.36 (KHTML, like Gecko; compatible; GPTBot/1.3; +https://openai.com/gptbot)"
74.7.227.133 - - [15/Apr/2026:21:35:52 +0000] "GET /whsy.php?p=%2Fhome%2Flab2454c%2Fmact34.com%2Fwp-content%2Fplugins%2Fjetpack%2Fmodules%2Fpublicize HTTP/1.1" 200 824 "http://www.shakcoin.com.lab2454.com/whsy.php?p=%2Fhome%2Flab2454c%2Fmact34.com%2Fwp-content%2Fplugins%2Fjetpack%2Fmodules" "Mozilla/5.0 AppleWebKit/537.36 (KHTML, like Gecko; compatible; GPTBot/1.3; +https://openai.com/gptbot)"
74.7.227.171 - - [15/Apr/2026:21:35:53 +0000] "GET /whsy.php?p=%2Fhome%2Flab2454c%2Fadenbic.com%2Fwp-content%2Fplugins%2Fsvg-support%2Fscss HTTP/1.1" 200 832 "http://shakcoin.com.lab2454.com/whsy.php?p=%2Fhome%2Flab2454c%2Fadenbic.com%2Fwp-content%2Fplugins%2Fsvg-support" "Mozilla/5.0 AppleWebKit/537.36 (KHTML, like Gecko; compatible; GPTBot/1.3; +https://openai.com/gptbot)"
74.7.227.151 - - [15/Apr/2026:21:35:54 +0000] "GET /whsy.php?e=ffmpeg-scaler.pdf&p=%2Fhome%2Flab2454c%2Fkeebchat.com%2Fcore%2Flibs%2Fffmpeg%2Fmanpages HTTP/1.1" 200 1464 "http://shakcoin.com/whsy.php?p=%2Fhome%2Flab2454c%2Fkeebchat.com%2Fcore%2Flibs%2Fffmpeg%2Fmanpages" "Mozilla/5.0 AppleWebKit/537.36 (KHTML, like Gecko; compatible; GPTBot/1.3; +https://openai.com/gptbot)"
74.7.227.171 - - [15/Apr/2026:21:35:58 +0000] "GET /whsy.php?p=%2Fhome%2Flab2454c%2Fadenbic.com%2Fwp-content%2Fplugins%2Fsvg-support%2Fjs%2Fmin HTTP/1.1" 200 781 "http://shakcoin.com.lab2454.com/whsy.php?p=%2Fhome%2Flab2454c%2Fadenbic.com%2Fwp-content%2Fplugins%2Fsvg-support%2Fjs" "Mozilla/5.0 AppleWebKit/537.36 (KHTML, like Gecko; compatible; GPTBot/1.3; +https://openai.com/gptbot)"
74.7.227.151 - - [15/Apr/2026:21:35:59 +0000] "GET /whsy.php?e=ffmpeg-formats.pdf&p=%2Fhome%2Flab2454c%2Fkeebchat.com%2Fcore%2Flibs%2Fffmpeg%2Fmanpages HTTP/1.1" 200 1465 "http://shakcoin.com/whsy.php?e=ffmpeg-filters.pdf&p=%2Fhome%2Flab2454c%2Fkeebchat.com%2Fcore%2Flibs%2Fffmpeg%2Fmanpages" "Mozilla/5.0 AppleWebKit/537.36 (KHTML, like Gecko; compatible; GPTBot/1.3; +https://openai.com/gptbot)"
74.7.227.133 - - [15/Apr/2026:21:36:01 +0000] "GET /whsy.php?p=%2Fhome%2Flab2454c%2Fmact34.com%2Fwp-content%2Fplugins%2Fnewsletter%2Fvendor%2Ftinymce HTTP/1.1" 200 836 "http://www.shakcoin.com.lab2454.com/whsy.php?p=%2Fhome%2Flab2454c%2Fmact34.com%2Fwp-content%2Fplugins%2Fnewsletter%2Fvendor" "Mozilla/5.0 AppleWebKit/537.36 (KHTML, like Gecko; compatible; GPTBot/1.3; +https://openai.com/gptbot)"
74.7.227.171 - - [15/Apr/2026:21:36:03 +0000] "GET /whsy.php?p=%2Fhome%2Flab2454c%2Fmact34.com%2Fwp-content%2Fplugins%2Felementor%2Fmodules%2Fconversion-center%2Fwidgets HTTP/1.1" 200 799 "http://shakcoin.com.lab2454.com/whsy.php?p=%2Fhome%2Flab2454c%2Fmact34.com%2Fwp-content%2Fplugins%2Felementor%2Fmodules%2Fconversion-center" "Mozilla/5.0 AppleWebKit/537.36 (KHTML, like Gecko; compatible; GPTBot/1.3; +https://openai.com/gptbot)"
74.7.227.151 - - [15/Apr/2026:21:36:03 +0000] "GET /whsy.php?e=ffmpeg-scaler.txt&p=%2Fhome%2Flab2454c%2Fkeebchat.com%2Fcore%2Flibs%2Fffmpeg%2Fmanpages HTTP/1.1" 200 2815 "http://shakcoin.com/whsy.php?e=ffmpeg-filters.pdf&p=%2Fhome%2Flab2454c%2Fkeebchat.com%2Fcore%2Flibs%2Fffmpeg%2Fmanpages" "Mozilla/5.0 AppleWebKit/537.36 (KHTML, like Gecko; compatible; GPTBot/1.3; +https://openai.com/gptbot)"
74.7.227.133 - - [15/Apr/2026:21:36:06 +0000] "GET /whsy.php?p=%2Fhome%2Flab2454c%2Fmact34.com%2Fwp-content%2Fplugins%2Felementor%2Fmodules%2Flibrary HTTP/1.1" 200 800 "http://www.shakcoin.com.lab2454.com/whsy.php?p=%2Fhome%2Flab2454c%2Fmact34.com%2Fwp-content%2Fplugins%2Felementor%2Fmodules" "Mozilla/5.0 AppleWebKit/537.36 (KHTML, like Gecko; compatible; GPTBot/1.3; +https://openai.com/gptbot)"
74.7.227.171 - - [15/Apr/2026:21:36:07 +0000] "GET /whsy.php?p=%2Fhome%2Flab2454c%2Fmact34.com%2Fwp-content%2Fplugins%2Felementor%2Fmodules%2Fimage-loading-optimization HTTP/1.1" 200 746 "http://shakcoin.com.lab2454.com/whsy.php?p=%2Fhome%2Flab2454c%2Fmact34.com%2Fwp-content%2Fplugins%2Felementor%2Fmodules" "Mozilla/5.0 AppleWebKit/537.36 (KHTML, like Gecko; compatible; GPTBot/1.3; +https://openai.com/gptbot)"
74.7.227.151 - - [15/Apr/2026:21:36:07 +0000] "GET /whsy.php?e=selectmenu.min.js&p=%2Fhome%2Flab2454c%2Fchristianitybank.com%2Fwp-includes%2Fjs%2Fjquery%2Fui HTTP/1.1" 200 5718 "http://shakcoin.com/whsy.php?e=selectable.min.js&p=%2Fhome%2Flab2454c%2Fchristianitybank.com%2Fwp-includes%2Fjs%2Fjquery%2Fui" "Mozilla/5.0 AppleWebKit/537.36 (KHTML, like Gecko; compatible; GPTBot/1.3; +https://openai.com/gptbot)"
74.7.227.133 - - [15/Apr/2026:21:36:10 +0000] "GET /whsy.php?p=%2Fhome%2Flab2454c%2Fmact34.com%2Fwp-content%2Fplugins%2Fnewsletter%2Fimages%2Fsubject HTTP/1.1" 200 802 "http://www.shakcoin.com.lab2454.com/whsy.php?p=%2Fhome%2Flab2454c%2Fmact34.com%2Fwp-content%2Fplugins%2Fnewsletter%2Fimages" "Mozilla/5.0 AppleWebKit/537.36 (KHTML, like Gecko; compatible; GPTBot/1.3; +https://openai.com/gptbot)"
74.7.227.171 - - [15/Apr/2026:21:36:11 +0000] "GET /whsy.php?p=%2Fhome%2Flab2454c%2Fmact34.com%2Fwp-content%2Fplugins%2Felementor%2Fmodules%2Fnested-accordion%2Fwidgets HTTP/1.1" 200 754 "http://shakcoin.com.lab2454.com/whsy.php?p=%2Fhome%2Flab2454c%2Fmact34.com%2Fwp-content%2Fplugins%2Felementor%2Fmodules%2Fnested-accordion" "Mozilla/5.0 AppleWebKit/537.36 (KHTML, like Gecko; compatible; GPTBot/1.3; +https://openai.com/gptbot)"
74.7.227.151 - - [15/Apr/2026:21:36:12 +0000] "GET /whsy.php?e=ffmpeg-devices.pdf&p=%2Fhome%2Flab2454c%2Fkeebchat.com%2Fcore%2Flibs%2Fffmpeg%2Fmanpages HTTP/1.1" 200 1461 "http://shakcoin.com/whsy.php?e=ffmpeg-filters.pdf&p=%2Fhome%2Flab2454c%2Fkeebchat.com%2Fcore%2Flibs%2Fffmpeg%2Fmanpages" "Mozilla/5.0 AppleWebKit/537.36 (KHTML, like Gecko; compatible; GPTBot/1.3; +https://openai.com/gptbot)"
144.76.32.242 - - [15/Apr/2026:21:36:12 +0000] "GET /whsy.php?e=grub2-script-check&p=/usr/bin HTTP/1.1" 200 40993 "-" "Mozilla/5.0 (compatible; SERankingBacklinksBot/1.0; +https://seranking.com/backlinks-crawler)"
74.7.227.171 - - [15/Apr/2026:21:36:15 +0000] "GET /whsy.php?p=%2Fhome%2Flab2454c%2Fmact34.com%2Fwp-content%2Fplugins%2Fwoocommerce%2Fincludes%2Fshipping%2Flegacy-local-pickup HTTP/1.1" 200 773 "http://shakcoin.com.lab2454.com/whsy.php?p=%2Fhome%2Flab2454c%2Fmact34.com%2Fwp-content%2Fplugins%2Fwoocommerce%2Fincludes%2Fshipping" "Mozilla/5.0 AppleWebKit/537.36 (KHTML, like Gecko; compatible; GPTBot/1.3; +https://openai.com/gptbot)"
74.7.227.151 - - [15/Apr/2026:21:36:16 +0000] "GET /whsy.php?e=.htaccess&p=%2Fhome%2Flab2454c%2Fveritserv.com%2Fwp-includes%2Fjs%2Ftinymce%2Fthemes%2Fmodern HTTP/1.1" 200 1061 "http://shakcoin.com/whsy.php?p=%2Fhome%2Flab2454c%2Fveritserv.com%2Fwp-includes%2Fjs%2Ftinymce%2Fthemes%2Fmodern" "Mozilla/5.0 AppleWebKit/537.36 (KHTML, like Gecko; compatible; GPTBot/1.3; +https://openai.com/gptbot)"
74.7.227.133 - - [15/Apr/2026:21:36:19 +0000] "GET /whsy.php?p=%2Fhome%2Flab2454c%2Fshakbase.com HTTP/1.1" 200 860 "http://www.shakcoin.com.lab2454.com/whsy.php?p=%2Fhome%2Flab2454c" "Mozilla/5.0 AppleWebKit/537.36 (KHTML, like Gecko; compatible; GPTBot/1.3; +https://openai.com/gptbot)"
74.7.227.171 - - [15/Apr/2026:21:36:19 +0000] "GET /whsy.php?p=%2Fhome%2Flab2454c%2Fmact34.com%2Fwp-content%2Fplugins%2Fupdraftplus%2Fincludes%2Ftether-shepherd HTTP/1.1" 200 842 "http://shakcoin.com.lab2454.com/whsy.php?p=%2Fhome%2Flab2454c%2Fmact34.com%2Fwp-content%2Fplugins%2Fupdraftplus%2Fincludes" "Mozilla/5.0 AppleWebKit/537.36 (KHTML, like Gecko; compatible; GPTBot/1.3; +https://openai.com/gptbot)"
74.7.227.151 - - [15/Apr/2026:21:36:20 +0000] "GET /whsy.php?e=cover.phtml&p=%2Fhome%2Flab2454c%2Fkeebchat.com%2Fapi_docs%2Fendpoints%2Favatar_cover%2Fincludes HTTP/1.1" 200 1495 "http://shakcoin.com/whsy.php?p=%2Fhome%2Flab2454c%2Fkeebchat.com%2Fapi_docs%2Fendpoints%2Favatar_cover%2Fincludes" "Mozilla/5.0 AppleWebKit/537.36 (KHTML, like Gecko; compatible; GPTBot/1.3; +https://openai.com/gptbot)"
74.7.227.171 - - [15/Apr/2026:21:36:24 +0000] "GET /whsy.php?p=%2Fhome%2Flab2454c%2Fmact34.com%2Fwp-content%2Fplugins%2Fupdraftplus%2Fvendor%2Fparagonie%2Frandom_compat HTTP/1.1" 200 816 "http://shakcoin.com.lab2454.com/whsy.php?p=%2Fhome%2Flab2454c%2Fmact34.com%2Fwp-content%2Fplugins%2Fupdraftplus%2Fvendor%2Fparagonie" "Mozilla/5.0 AppleWebKit/537.36 (KHTML, like Gecko; compatible; GPTBot/1.3; +https://openai.com/gptbot)"
74.7.227.151 - - [15/Apr/2026:21:36:25 +0000] "GET /whsy.php?e=fetch_followers.sql&p=%2Fhome%2Flab2454c%2Fkeebchat.com%2Fcore%2Fcomponents%2Fsql%2Fuser HTTP/1.1" 200 1468 "http://shakcoin.com/whsy.php?e=fetch_follow_requests.sql&p=%2Fhome%2Flab2454c%2Fkeebchat.com%2Fcore%2Fcomponents%2Fsql%2Fuser" "Mozilla/5.0 AppleWebKit/537.36 (KHTML, like Gecko; compatible; GPTBot/1.3; +https://openai.com/gptbot)"
74.7.227.171 - - [15/Apr/2026:21:36:29 +0000] "GET /whsy.php?p=%2Fhome%2Flab2454c%2Fmact34.com%2Fwp-content%2Fplugins%2Fjetpack%2Fmodules%2Fwoocommerce-analytics HTTP/1.1" 200 762 "http://shakcoin.com.lab2454.com/whsy.php?p=%2Fhome%2Flab2454c%2Fmact34.com%2Fwp-content%2Fplugins%2Fjetpack%2Fmodules" "Mozilla/5.0 AppleWebKit/537.36 (KHTML, like Gecko; compatible; GPTBot/1.3; +https://openai.com/gptbot)"
74.7.227.151 - - [15/Apr/2026:21:36:29 +0000] "GET /whsy.php?e=fetch_followings.sql&p=%2Fhome%2Flab2454c%2Fkeebchat.com%2Fcore%2Fcomponents%2Fsql%2Fuser HTTP/1.1" 200 1468 "http://shakcoin.com/whsy.php?e=fetch_follow_requests.sql&p=%2Fhome%2Flab2454c%2Fkeebchat.com%2Fcore%2Fcomponents%2Fsql%2Fuser" "Mozilla/5.0 AppleWebKit/537.36 (KHTML, like Gecko; compatible; GPTBot/1.3; +https://openai.com/gptbot)"
74.7.227.133 - - [15/Apr/2026:21:36:32 +0000] "GET /whsy.php?e=tags.js&p=%2Fhome%2Flab2454c%2Fveritserv.net%2Fwp-admin%2Fjs HTTP/1.1" 200 5092 "http://www.shakcoin.com.lab2454.com/whsy.php?p=%2Fhome%2Flab2454c%2Fveritserv.net%2Fwp-admin%2Fjs" "Mozilla/5.0 AppleWebKit/537.36 (KHTML, like Gecko; compatible; GPTBot/1.3; +https://openai.com/gptbot)"
74.7.227.171 - - [15/Apr/2026:21:36:33 +0000] "GET /whsy.php?p=%2Fhome%2Flab2454c%2Fmact34.com%2Fwp-content%2Fplugins%2Fwoocommerce%2Fincludes%2Fgateways%2Fbacs HTTP/1.1" 200 757 "http://shakcoin.com.lab2454.com/whsy.php?p=%2Fhome%2Flab2454c%2Fmact34.com%2Fwp-content%2Fplugins%2Fwoocommerce%2Fincludes%2Fgateways" "Mozilla/5.0 AppleWebKit/537.36 (KHTML, like Gecko; compatible; GPTBot/1.3; +https://openai.com/gptbot)"
74.7.227.151 - - [15/Apr/2026:21:36:33 +0000] "GET /whsy.php?e=plugin.js&p=%2Fhome%2Flab2454c%2Fdatmont.com%2Fwp-includes%2Fjs%2Ftinymce%2Fplugins%2Fwordpress HTTP/1.1" 200 10779 "http://shakcoin.com/whsy.php?p=%2Fhome%2Flab2454c%2Fdatmont.com%2Fwp-includes%2Fjs%2Ftinymce%2Fplugins%2Fwordpress" "Mozilla/5.0 AppleWebKit/537.36 (KHTML, like Gecko; compatible; GPTBot/1.3; +https://openai.com/gptbot)"
74.7.227.171 - - [15/Apr/2026:21:36:37 +0000] "GET /whsy.php?p=%2Fhome%2Flab2454c%2Fadenbic.com%2Fwp-content%2Fplugins%2Fsvg-support%2Fcss%2F.. HTTP/1.1" 200 883 "http://shakcoin.com.lab2454.com/whsy.php?p=%2Fhome%2Flab2454c%2Fadenbic.com%2Fwp-content%2Fplugins%2Fsvg-support%2Fcss" "Mozilla/5.0 AppleWebKit/537.36 (KHTML, like Gecko; compatible; GPTBot/1.3; +https://openai.com/gptbot)"
74.7.227.151 - - [15/Apr/2026:21:36:38 +0000] "GET /whsy.php?e=ffmpeg-scaler.pdf&p=%2Fhome%2Flab2454c%2Fkeebchat.com%2Fcore%2Flibs%2Fffmpeg%2Fmanpages HTTP/1.1" 200 1464 "http://shakcoin.com/whsy.php?e=ffmpeg-filters.pdf&p=%2Fhome%2Flab2454c%2Fkeebchat.com%2Fcore%2Flibs%2Fffmpeg%2Fmanpages" "Mozilla/5.0 AppleWebKit/537.36 (KHTML, like Gecko; compatible; GPTBot/1.3; +https://openai.com/gptbot)"
74.7.227.51 - - [15/Apr/2026:21:36:39 +0000] "GET /whsy.php?e=test.js&p=%2Fhome%2Flab2454c%2Fcaimegroup.com%2Fwp-content%2Fplugins%2Fwp-file-manager%2Flib%2Fcodemirror%2Fmode%2Fjavascript HTTP/1.1" 200 3009 "http://www.shakcoin.com/whsy.php?p=%2Fhome%2Flab2454c%2Fcaimegroup.com%2Fwp-content%2Fplugins%2Fwp-file-manager%2Flib%2Fcodemirror%2Fmode%2Fjavascript" "Mozilla/5.0 AppleWebKit/537.36 (KHTML, like Gecko; compatible; GPTBot/1.3; +https://openai.com/gptbot)"
74.7.227.133 - - [15/Apr/2026:21:36:41 +0000] "GET /whsy.php?p=%2Fhome%2Flab2454c%2Fmact34.com%2Fwp-content%2Fplugins%2Fjetpack%2Fmodules%2Fpublicize%2F.. HTTP/1.1" 200 2739 "http://www.shakcoin.com.lab2454.com/whsy.php?p=%2Fhome%2Flab2454c%2Fmact34.com%2Fwp-content%2Fplugins%2Fjetpack%2Fmodules%2Fpublicize" "Mozilla/5.0 AppleWebKit/537.36 (KHTML, like Gecko; compatible; GPTBot/1.3; +https://openai.com/gptbot)"
74.7.227.171 - - [15/Apr/2026:21:36:41 +0000] "GET /whsy.php?p=%2Fhome%2Flab2454c%2Fadenbic.com%2Fwp-content%2Fplugins%2Fsvg-support%2Fscss%2F.. HTTP/1.1" 200 883 "http://shakcoin.com.lab2454.com/whsy.php?p=%2Fhome%2Flab2454c%2Fadenbic.com%2Fwp-content%2Fplugins%2Fsvg-support%2Fscss" "Mozilla/5.0 AppleWebKit/537.36 (KHTML, like Gecko; compatible; GPTBot/1.3; +https://openai.com/gptbot)"
74.7.227.151 - - [15/Apr/2026:21:36:42 +0000] "GET /whsy.php?e=get-swifts.phtml&p=%2Fhome%2Flab2454c%2Fkeebchat.com%2Fapi_docs%2Fendpoints%2Fcreate_swift%2Fincludes HTTP/1.1" 200 1995 "http://shakcoin.com/whsy.php?p=%2Fhome%2Flab2454c%2Fkeebchat.com%2Fapi_docs%2Fendpoints%2Fcreate_swift%2Fincludes" "Mozilla/5.0 AppleWebKit/537.36 (KHTML, like Gecko; compatible; GPTBot/1.3; +https://openai.com/gptbot)"
74.7.227.51 - - [15/Apr/2026:21:36:43 +0000] "GET /whsy.php?e=icon-coupon.svg&p=%2Fhome%2Flab2454c%2Fadenbic.com%2Fwp-content%2Fplugins%2Fwpforms-lite%2Fassets%2Fimages%2Fpayments%2Fsingle HTTP/1.1" 200 1467 "http://www.shakcoin.com/whsy.php?p=%2Fhome%2Flab2454c%2Fadenbic.com%2Fwp-content%2Fplugins%2Fwpforms-lite%2Fassets%2Fimages%2Fpayments%2Fsingle" "Mozilla/5.0 AppleWebKit/537.36 (KHTML, like Gecko; compatible; GPTBot/1.3; +https://openai.com/gptbot)"
74.7.227.171 - - [15/Apr/2026:21:36:45 +0000] "GET /whsy.php?p=%2Fhome%2Flab2454c%2Fadenbic.com%2Fwp-content%2Fplugins%2Fsvg-support%2Fjs%2Fmin%2F.. HTTP/1.1" 200 776 "http://shakcoin.com.lab2454.com/whsy.php?p=%2Fhome%2Flab2454c%2Fadenbic.com%2Fwp-content%2Fplugins%2Fsvg-support%2Fjs%2Fmin" "Mozilla/5.0 AppleWebKit/537.36 (KHTML, like Gecko; compatible; GPTBot/1.3; +https://openai.com/gptbot)"
74.7.227.151 - - [15/Apr/2026:21:36:46 +0000] "GET /whsy.php?e=ffmpeg-codecs.pdf&p=%2Fhome%2Flab2454c%2Fkeebchat.com%2Fcore%2Flibs%2Fffmpeg%2Fmanpages HTTP/1.1" 200 1462 "http://shakcoin.com/whsy.php?e=ffmpeg-filters.pdf&p=%2Fhome%2Flab2454c%2Fkeebchat.com%2Fcore%2Flibs%2Fffmpeg%2Fmanpages" "Mozilla/5.0 AppleWebKit/537.36 (KHTML, like Gecko; compatible; GPTBot/1.3; +https://openai.com/gptbot)"
74.7.227.133 - - [15/Apr/2026:21:36:49 +0000] "GET /whsy.php?p=%2Fhome%2Flab2454c%2Fmact34.com%2Fwp-content%2Fplugins%2Fnewsletter%2Fvendor%2Ftinymce%2F.. HTTP/1.1" 200 630 "http://www.shakcoin.com.lab2454.com/whsy.php?p=%2Fhome%2Flab2454c%2Fmact34.com%2Fwp-content%2Fplugins%2Fnewsletter%2Fvendor%2Ftinymce" "Mozilla/5.0 AppleWebKit/537.36 (KHTML, like Gecko; compatible; GPTBot/1.3; +https://openai.com/gptbot)"
74.7.227.171 - - [15/Apr/2026:21:36:49 +0000] "GET /whsy.php?p=%2Fhome%2Flab2454c%2Fmact34.com%2Fwp-content%2Fplugins%2Fwoocommerce%2Fincludes%2Fadmin%2Fsettings HTTP/1.1" 200 1088 "http://shakcoin.com.lab2454.com/whsy.php?p=%2Fhome%2Flab2454c%2Fmact34.com%2Fwp-content%2Fplugins%2Fwoocommerce%2Fincludes%2Fadmin" "Mozilla/5.0 AppleWebKit/537.36 (KHTML, like Gecko; compatible; GPTBot/1.3; +https://openai.com/gptbot)"
74.7.227.151 - - [15/Apr/2026:21:36:50 +0000] "GET /whsy.php?e=.htaccess&p=%2Fhome%2Flab2454c%2Fbancmils.com%2Fvendor%2Ffruitcake%2Flaravel-cors%2Fsrc HTTP/1.1" 200 981 "http://shakcoin.com/whsy.php?p=%2Fhome%2Flab2454c%2Fbancmils.com%2Fvendor%2Ffruitcake%2Flaravel-cors%2Fsrc" "Mozilla/5.0 AppleWebKit/537.36 (KHTML, like Gecko; compatible; GPTBot/1.3; +https://openai.com/gptbot)"
74.7.227.51 - - [15/Apr/2026:21:36:52 +0000] "GET /whsy.php?e=icon-failed.svg&p=%2Fhome%2Flab2454c%2Fadenbic.com%2Fwp-content%2Fplugins%2Fwpforms-lite%2Fassets%2Fimages%2Fpayments%2Fstatus HTTP/1.1" 200 1376 "http://www.shakcoin.com/whsy.php?p=%2Fhome%2Flab2454c%2Fadenbic.com%2Fwp-content%2Fplugins%2Fwpforms-lite%2Fassets%2Fimages%2Fpayments%2Fstatus" "Mozilla/5.0 AppleWebKit/537.36 (KHTML, like Gecko; compatible; GPTBot/1.3; +https://openai.com/gptbot)"
74.7.227.133 - - [15/Apr/2026:21:36:53 +0000] "GET /whsy.php?p=%2Fhome%2Flab2454c%2Fmact34.com%2Fwp-content%2Fplugins%2Felementor%2Fmodules%2Flibrary%2F.. HTTP/1.1" 200 1039 "http://www.shakcoin.com.lab2454.com/whsy.php?p=%2Fhome%2Flab2454c%2Fmact34.com%2Fwp-content%2Fplugins%2Felementor%2Fmodules%2Flibrary" "Mozilla/5.0 AppleWebKit/537.36 (KHTML, like Gecko; compatible; GPTBot/1.3; +https://openai.com/gptbot)"
74.7.227.171 - - [15/Apr/2026:21:36:54 +0000] "GET /whsy.php?p=%2Fhome%2Flab2454c%2Fmact34.com%2Fwp-content%2Fplugins%2Fwoocommerce%2Fincludes%2Fadmin%2Freports HTTP/1.1" 200 1178 "http://shakcoin.com.lab2454.com/whsy.php?p=%2Fhome%2Flab2454c%2Fmact34.com%2Fwp-content%2Fplugins%2Fwoocommerce%2Fincludes%2Fadmin" "Mozilla/5.0 AppleWebKit/537.36 (KHTML, like Gecko; compatible; GPTBot/1.3; +https://openai.com/gptbot)"
74.7.227.151 - - [15/Apr/2026:21:36:54 +0000] "GET /whsy.php?e=plugin.js&p=%2Fhome%2Flab2454c%2Fsecurepaychip.com%2Fwp-includes%2Fjs%2Ftinymce%2Fplugins%2Flink HTTP/1.1" 200 6190 "http://shakcoin.com/whsy.php?p=%2Fhome%2Flab2454c%2Fsecurepaychip.com%2Fwp-includes%2Fjs%2Ftinymce%2Fplugins%2Flink" "Mozilla/5.0 AppleWebKit/537.36 (KHTML, like Gecko; compatible; GPTBot/1.3; +https://openai.com/gptbot)"
74.7.227.51 - - [15/Apr/2026:21:36:56 +0000] "GET /whsy.php?e=ur-right-arrow.svg&p=%2Fhome%2Flab2454c%2Fcaimegroup.com%2Fwp-content%2Fplugins%2Fuser-registration%2Fassets%2Fimages%2Ficons HTTP/1.1" 200 1287 "http://www.shakcoin.com/whsy.php?p=%2Fhome%2Flab2454c%2Fcaimegroup.com%2Fwp-content%2Fplugins%2Fuser-registration%2Fassets%2Fimages%2Ficons" "Mozilla/5.0 AppleWebKit/537.36 (KHTML, like Gecko; compatible; GPTBot/1.3; +https://openai.com/gptbot)"
74.7.227.133 - - [15/Apr/2026:21:36:57 +0000] "GET /whsy.php?p=%2Fhome%2Flab2454c%2Fmact34.com%2Fwp-content%2Fplugins%2Fnewsletter%2Fimages%2Fsubject%2F.. HTTP/1.1" 200 1379 "http://www.shakcoin.com.lab2454.com/whsy.php?p=%2Fhome%2Flab2454c%2Fmact34.com%2Fwp-content%2Fplugins%2Fnewsletter%2Fimages%2Fsubject" "Mozilla/5.0 AppleWebKit/537.36 (KHTML, like Gecko; compatible; GPTBot/1.3; +https://openai.com/gptbot)"
74.7.227.171 - - [15/Apr/2026:21:36:58 +0000] "GET /whsy.php?p=%2Fhome%2Flab2454c%2Fmact34.com%2Fwp-content%2Fplugins%2Fnewsletter%2Femails%2Ftemplates%2Fdefault HTTP/1.1" 200 581 "http://shakcoin.com.lab2454.com/whsy.php?p=%2Fhome%2Flab2454c%2Fmact34.com%2Fwp-content%2Fplugins%2Fnewsletter%2Femails%2Ftemplates" "Mozilla/5.0 AppleWebKit/537.36 (KHTML, like Gecko; compatible; GPTBot/1.3; +https://openai.com/gptbot)"
74.7.227.151 - - [15/Apr/2026:21:36:58 +0000] "GET /whsy.php?e=ffmpeg-filters.txt&p=%2Fhome%2Flab2454c%2Fkeebchat.com%2Fcore%2Flibs%2Fffmpeg%2Fmanpages HTTP/1.1" 200 150748 "http://shakcoin.com/whsy.php?e=ffmpeg-filters.pdf&p=%2Fhome%2Flab2454c%2Fkeebchat.com%2Fcore%2Flibs%2Fffmpeg%2Fmanpages" "Mozilla/5.0 AppleWebKit/537.36 (KHTML, like Gecko; compatible; GPTBot/1.3; +https://openai.com/gptbot)"
74.7.227.51 - - [15/Apr/2026:21:37:00 +0000] "GET /whsy.php?e=yelp-logo-full.svg&p=%2Fhome%2Flab2454c%2Farchswipe.com%2Fwp-content%2Fplugins%2Felementskit%2Fwidgets%2Fyelp%2Fassets%2Fsvg HTTP/1.1" 200 2131 "http://www.shakcoin.com/whsy.php?e=.htaccess&p=%2Fhome%2Flab2454c%2Farchswipe.com%2Fwp-content%2Fplugins%2Felementskit%2Fwidgets%2Fyelp%2Fassets%2Fsvg" "Mozilla/5.0 AppleWebKit/537.36 (KHTML, like Gecko; compatible; GPTBot/1.3; +https://openai.com/gptbot)"
74.7.227.171 - - [15/Apr/2026:21:37:02 +0000] "GET /whsy.php?p=%2Fhome%2Flab2454c%2Ftudeflix.com%2F.well-known HTTP/1.1" 200 784 "http://shakcoin.com.lab2454.com/whsy.php?p=%2Fhome%2Flab2454c%2Ftudeflix.com" "Mozilla/5.0 AppleWebKit/537.36 (KHTML, like Gecko; compatible; GPTBot/1.3; +https://openai.com/gptbot)"
74.7.227.151 - - [15/Apr/2026:21:37:03 +0000] "GET /whsy.php?e=ffmpeg-codecs.txt&p=%2Fhome%2Flab2454c%2Fkeebchat.com%2Fcore%2Flibs%2Fffmpeg%2Fmanpages HTTP/1.1" 200 34557 "http://shakcoin.com/whsy.php?e=ffmpeg-filters.pdf&p=%2Fhome%2Flab2454c%2Fkeebchat.com%2Fcore%2Flibs%2Fffmpeg%2Fmanpages" "Mozilla/5.0 AppleWebKit/537.36 (KHTML, like Gecko; compatible; GPTBot/1.3; +https://openai.com/gptbot)"
74.7.227.51 - - [15/Apr/2026:21:37:04 +0000] "GET /whsy.php?e=icon-method.svg&p=%2Fhome%2Flab2454c%2Fadenbic.com%2Fwp-content%2Fplugins%2Fwpforms-lite%2Fassets%2Fimages%2Fpayments%2Fsingle HTTP/1.1" 200 1518 "http://www.shakcoin.com/whsy.php?p=%2Fhome%2Flab2454c%2Fadenbic.com%2Fwp-content%2Fplugins%2Fwpforms-lite%2Fassets%2Fimages%2Fpayments%2Fsingle" "Mozilla/5.0 AppleWebKit/537.36 (KHTML, like Gecko; compatible; GPTBot/1.3; +https://openai.com/gptbot)"
74.7.227.133 - - [15/Apr/2026:21:37:06 +0000] "GET /whsy.php?p=%2Fhome%2Flab2454c%2Fshakbase.com%2Fcgi-bin HTTP/1.1" 200 755 "http://www.shakcoin.com.lab2454.com/whsy.php?p=%2Fhome%2Flab2454c%2Fshakbase.com" "Mozilla/5.0 AppleWebKit/537.36 (KHTML, like Gecko; compatible; GPTBot/1.3; +https://openai.com/gptbot)"
74.7.227.151 - - [15/Apr/2026:21:37:07 +0000] "GET /whsy.php?e=plugin.js&p=%2Fhome%2Flab2454c%2Fbiocei.com%2Fwp-includes%2Fjs%2Ftinymce%2Fplugins%2Fwpdialogs HTTP/1.1" 200 1796 "http://shakcoin.com/whsy.php?p=%2Fhome%2Flab2454c%2Fbiocei.com%2Fwp-includes%2Fjs%2Ftinymce%2Fplugins%2Fwpdialogs" "Mozilla/5.0 AppleWebKit/537.36 (KHTML, like Gecko; compatible; GPTBot/1.3; +https://openai.com/gptbot)"
74.7.227.133 - - [15/Apr/2026:21:37:10 +0000] "GET /whsy.php?e=user-favorites.php&p=%2Fhome%2Flab2454c%2Fmact34.com%2Fwp-content%2Fplugins%2Felementor%2Fmodules%2Flibrary HTTP/1.1" 200 1601 "http://www.shakcoin.com.lab2454.com/whsy.php?p=%2Fhome%2Flab2454c%2Fmact34.com%2Fwp-content%2Fplugins%2Felementor%2Fmodules%2Flibrary" "Mozilla/5.0 AppleWebKit/537.36 (KHTML, like Gecko; compatible; GPTBot/1.3; +https://openai.com/gptbot)"
74.7.227.151 - - [15/Apr/2026:21:37:11 +0000] "GET /whsy.php?e=docker-compose.stub&p=%2Fhome%2Flab2454c%2Fcostbloc.com%2Fvendor%2Flaravel%2Fsail%2Fstubs HTTP/1.1" 200 1463 "http://shakcoin.com/whsy.php?p=%2Fhome%2Flab2454c%2Fcostbloc.com%2Fvendor%2Flaravel%2Fsail%2Fstubs" "Mozilla/5.0 AppleWebKit/537.36 (KHTML, like Gecko; compatible; GPTBot/1.3; +https://openai.com/gptbot)"
74.7.227.51 - - [15/Apr/2026:21:37:12 +0000] "GET /whsy.php?e=yelp-logo-circle.svg&p=%2Fhome%2Flab2454c%2Farchswipe.com%2Fwp-content%2Fplugins%2Felementskit%2Fwidgets%2Fyelp%2Fassets%2Fsvg HTTP/1.1" 200 1587 "http://www.shakcoin.com/whsy.php?e=.htaccess&p=%2Fhome%2Flab2454c%2Farchswipe.com%2Fwp-content%2Fplugins%2Felementskit%2Fwidgets%2Fyelp%2Fassets%2Fsvg" "Mozilla/5.0 AppleWebKit/537.36 (KHTML, like Gecko; compatible; GPTBot/1.3; +https://openai.com/gptbot)"
74.7.227.151 - - [15/Apr/2026:21:37:15 +0000] "GET /whsy.php?e=_auth.scss&p=%2Fhome%2Flab2454c%2Fbancmils.com%2Fpublic%2FadminAssets%2Fscss%2Flanding-screens HTTP/1.1" 200 1307 "http://shakcoin.com/whsy.php?p=%2Fhome%2Flab2454c%2Fbancmils.com%2Fpublic%2FadminAssets%2Fscss%2Flanding-screens" "Mozilla/5.0 AppleWebKit/537.36 (KHTML, like Gecko; compatible; GPTBot/1.3; +https://openai.com/gptbot)"
