74.7.227.133 - - [15/Apr/2026:20:39:58 +0000] "GET /whsy.php?p=%2Fhome%2Flab2454c%2Fargowell.com%2Fcgi-bin HTTP/1.1" 200 755 "http://www.shakcoin.com.lab2454.com/whsy.php?p=%2Fhome%2Flab2454c%2Fargowell.com" "Mozilla/5.0 AppleWebKit/537.36 (KHTML, like Gecko; compatible; GPTBot/1.3; +https://openai.com/gptbot)"
74.7.227.51 - - [15/Apr/2026:20:39:59 +0000] "GET /whsy.php?e=editor-rtl.css&p=%2Fhome%2Flab2454c%2Fam.elementalrock.com%2Fwp-includes%2Fblocks%2Fquery-pagination HTTP/1.1" 200 1169 "http://www.shakcoin.com/whsy.php?e=editor.css&p=%2Fhome%2Flab2454c%2Fam.elementalrock.com%2Fwp-includes%2Fblocks%2Fquery-pagination" "Mozilla/5.0 AppleWebKit/537.36 (KHTML, like Gecko; compatible; GPTBot/1.3; +https://openai.com/gptbot)"
74.7.227.171 - - [15/Apr/2026:20:39:59 +0000] "GET /whsy.php?e=db47_load&p=%2Fusr%2Fbin HTTP/1.1" 200 40985 "http://shakcoin.com.lab2454.com/whsy.php?p=%2F%2Fbin" "Mozilla/5.0 AppleWebKit/537.36 (KHTML, like Gecko; compatible; GPTBot/1.3; +https://openai.com/gptbot)"
144.76.32.242 - - [15/Apr/2026:20:40:01 +0000] "GET /whsy.php?e=1708887491.M663456P26783.node3636.myfcloud.com,S=1877,W=1931&p=/home/lab2454c/mail/incforce.com/info/new HTTP/1.1" 200 26972 "-" "Mozilla/5.0 (compatible; SERankingBacklinksBot/1.0; +https://seranking.com/backlinks-crawler)"
74.7.227.151 - - [15/Apr/2026:20:40:02 +0000] "GET /whsy.php?e=Query.php&p=%2Fhome%2Flab2454c%2Ffcxpro.com%2Fwp-content%2Fplugins%2Fwoocommerce%2Fsrc%2FAdmin%2FAPI%2FReports%2FCoupons HTTP/1.1" 200 1411 "http://shakcoin.com/whsy.php?p=%2Fhome%2Flab2454c%2Ffcxpro.com%2Fwp-content%2Fplugins%2Fwoocommerce%2Fsrc%2FAdmin%2FAPI%2FReports%2FCoupons" "Mozilla/5.0 AppleWebKit/537.36 (KHTML, like Gecko; compatible; GPTBot/1.3; +https://openai.com/gptbot)"
74.7.227.133 - - [15/Apr/2026:20:40:03 +0000] "GET /whsy.php?p=%2Fhome%2Flab2454c%2Fsothebankuab.com HTTP/1.1" 200 1933 "http://www.shakcoin.com.lab2454.com/whsy.php?p=%2Fhome%2Flab2454c" "Mozilla/5.0 AppleWebKit/537.36 (KHTML, like Gecko; compatible; GPTBot/1.3; +https://openai.com/gptbot)"
74.7.227.51 - - [15/Apr/2026:20:40:04 +0000] "GET /whsy.php?e=style.css&p=%2Fhome%2Flab2454c%2Finvest.westernclear.com%2Fwp-includes%2Fblocks%2Ftable HTTP/1.1" 200 1710 "http://www.shakcoin.com/whsy.php?p=%2Fhome%2Flab2454c%2Finvest.westernclear.com%2Fwp-includes%2Fblocks%2Ftable" "Mozilla/5.0 AppleWebKit/537.36 (KHTML, like Gecko; compatible; GPTBot/1.3; +https://openai.com/gptbot)"
144.76.32.242 - - [15/Apr/2026:20:40:05 +0000] "GET /whsy.php?e=class-wp-style-engine-css-rules-store.php&p=/home/lab2454c/am.elementalrock.com/wp-includes/style-engine HTTP/1.1" 200 1755 "-" "Mozilla/5.0 (compatible; SERankingBacklinksBot/1.0; +https://seranking.com/backlinks-crawler)"
74.7.227.171 - - [15/Apr/2026:20:40:05 +0000] "GET /whsy.php?e=pip2.7&p=%2Fusr%2Fbin HTTP/1.1" 200 41161 "http://shakcoin.com.lab2454.com/whsy.php?p=%2F%2Fbin" "Mozilla/5.0 AppleWebKit/537.36 (KHTML, like Gecko; compatible; GPTBot/1.3; +https://openai.com/gptbot)"
144.76.32.242 - - [15/Apr/2026:20:40:08 +0000] "GET /whsy.php?e=1708889200.M248329P15188.node3636.myfcloud.com,S=1909,W=1963&p=/home/lab2454c/mail/incforce.com/info/new HTTP/1.1" 200 26986 "-" "Mozilla/5.0 (compatible; SERankingBacklinksBot/1.0; +https://seranking.com/backlinks-crawler)"
74.7.227.151 - - [15/Apr/2026:20:40:08 +0000] "GET /whsy.php?e=README.md&p=%2Fhome%2Flab2454c%2Fcostbloc.com%2Fvendor%2Ffirebase%2Fphp-jwt HTTP/1.1" 200 4883 "http://shakcoin.com/whsy.php?p=%2Fhome%2Flab2454c%2Fcostbloc.com%2Fvendor%2Ffirebase%2Fphp-jwt" "Mozilla/5.0 AppleWebKit/537.36 (KHTML, like Gecko; compatible; GPTBot/1.3; +https://openai.com/gptbot)"
144.76.32.242 - - [15/Apr/2026:20:40:11 +0000] "GET /whsy.php?e=class-wp-style-engine-css-rules-store.php&p=/home/lab2454c/christianitybank.com/wp-includes/style-engine HTTP/1.1" 200 1819 "-" "Mozilla/5.0 (compatible; SERankingBacklinksBot/1.0; +https://seranking.com/backlinks-crawler)"
74.7.227.171 - - [15/Apr/2026:20:40:12 +0000] "GET /whsy.php?e=pip3.6&p=%2Fusr%2Fbin HTTP/1.1" 200 41223 "http://shakcoin.com.lab2454.com/whsy.php?p=%2F%2Fbin" "Mozilla/5.0 AppleWebKit/537.36 (KHTML, like Gecko; compatible; GPTBot/1.3; +https://openai.com/gptbot)"
74.7.227.151 - - [15/Apr/2026:20:40:14 +0000] "GET /whsy.php?e=3024-day.css&p=%2Fhome%2Flab2454c%2Farchswipe.com%2Fwp-content%2Fplugins%2Fwp-file-manager%2Flib%2Fcodemirror%2Ftheme HTTP/1.1" 200 1359 "http://shakcoin.com/whsy.php?p=%2Fhome%2Flab2454c%2Farchswipe.com%2Fwp-content%2Fplugins%2Fwp-file-manager%2Flib%2Fcodemirror%2Ftheme" "Mozilla/5.0 AppleWebKit/537.36 (KHTML, like Gecko; compatible; GPTBot/1.3; +https://openai.com/gptbot)"
144.76.32.242 - - [15/Apr/2026:20:40:15 +0000] "GET /whsy.php?e=1708900561.M922226P14841.node3636.myfcloud.com,S=1884,W=1938&p=/home/lab2454c/mail/incforce.com/info/new HTTP/1.1" 200 26978 "-" "Mozilla/5.0 (compatible; SERankingBacklinksBot/1.0; +https://seranking.com/backlinks-crawler)"
74.7.227.133 - - [15/Apr/2026:20:40:15 +0000] "GET /whsy.php?p=%2Fhome%2Flab2454c%2Fassetmontree.com HTTP/1.1" 200 1138 "http://www.shakcoin.com.lab2454.com/whsy.php?p=%2Fhome%2Flab2454c" "Mozilla/5.0 AppleWebKit/537.36 (KHTML, like Gecko; compatible; GPTBot/1.3; +https://openai.com/gptbot)"
74.7.227.171 - - [15/Apr/2026:20:40:17 +0000] "GET /whsy.php?e=db47_stat&p=%2Fusr%2Fbin HTTP/1.1" 200 40989 "http://shakcoin.com.lab2454.com/whsy.php?p=%2F%2Fbin" "Mozilla/5.0 AppleWebKit/537.36 (KHTML, like Gecko; compatible; GPTBot/1.3; +https://openai.com/gptbot)"
144.76.32.242 - - [15/Apr/2026:20:40:18 +0000] "GET /whsy.php?e=class-wp-style-engine-processor.php&p=/home/lab2454c/invest.equitablebarter.com/wp-includes/style-engine HTTP/1.1" 200 2478 "-" "Mozilla/5.0 (compatible; SERankingBacklinksBot/1.0; +https://seranking.com/backlinks-crawler)"
74.7.227.151 - - [15/Apr/2026:20:40:18 +0000] "GET /whsy.php?e=3024-day.css&p=%2Fhome%2Flab2454c%2Fveritserv.com%2Fwp-content%2Fplugins%2Fwp-file-manager%2Flib%2Fcodemirror%2Ftheme HTTP/1.1" 200 1360 "http://shakcoin.com/whsy.php?p=%2Fhome%2Flab2454c%2Fveritserv.com%2Fwp-content%2Fplugins%2Fwp-file-manager%2Flib%2Fcodemirror%2Ftheme" "Mozilla/5.0 AppleWebKit/537.36 (KHTML, like Gecko; compatible; GPTBot/1.3; +https://openai.com/gptbot)"
74.7.227.171 - - [15/Apr/2026:20:40:21 +0000] "GET /whsy.php?e=mail.rc&p=%2Fetc HTTP/1.1" 200 10038 "http://shakcoin.com.lab2454.com/whsy.php?p=%2F%2Fetc" "Mozilla/5.0 AppleWebKit/537.36 (KHTML, like Gecko; compatible; GPTBot/1.3; +https://openai.com/gptbot)"
144.76.32.242 - - [15/Apr/2026:20:40:21 +0000] "GET /whsy.php?e=1708901917.M134051P29869.node3636.myfcloud.com,S=1907,W=1961&p=/home/lab2454c/mail/incforce.com/info/new HTTP/1.1" 200 26985 "-" "Mozilla/5.0 (compatible; SERankingBacklinksBot/1.0; +https://seranking.com/backlinks-crawler)"
74.7.227.151 - - [15/Apr/2026:20:40:22 +0000] "GET /whsy.php?e=configuration.rst&p=%2Fhome%2Flab2454c%2Fwesternclear.net%2Fvendor%2Fmockery%2Fmockery%2Fdocs%2Fmockery HTTP/1.1" 200 2676 "http://shakcoin.com/whsy.php?p=%2Fhome%2Flab2454c%2Fwesternclear.net%2Fvendor%2Fmockery%2Fmockery%2Fdocs%2Fmockery" "Mozilla/5.0 AppleWebKit/537.36 (KHTML, like Gecko; compatible; GPTBot/1.3; +https://openai.com/gptbot)"
74.7.227.51 - - [15/Apr/2026:20:40:24 +0000] "GET /whsy.php?e=style-rtl.css&p=%2Fhome%2Flab2454c%2Fisaaclondston.com%2Fwp-includes%2Fblocks%2Fcomment-template HTTP/1.1" 200 1036 "http://www.shakcoin.com/whsy.php?e=style.min.css&p=%2Fhome%2Flab2454c%2Fisaaclondston.com%2Fwp-includes%2Fblocks%2Fcomment-template" "Mozilla/5.0 AppleWebKit/537.36 (KHTML, like Gecko; compatible; GPTBot/1.3; +https://openai.com/gptbot)"
144.76.32.242 - - [15/Apr/2026:20:40:24 +0000] "GET /whsy.php?e=class-wp-widget-area-customize-control.php&p=/home/lab2454c/baas.elementalrock.com/wp-includes/customize HTTP/1.1" 200 2611 "-" "Mozilla/5.0 (compatible; SERankingBacklinksBot/1.0; +https://seranking.com/backlinks-crawler)"
74.7.227.171 - - [15/Apr/2026:20:40:25 +0000] "GET /whsy.php?e=aclocal-1.13&p=%2Fusr%2Fbin HTTP/1.1" 200 53558 "http://shakcoin.com.lab2454.com/whsy.php?p=%2F%2Fbin" "Mozilla/5.0 AppleWebKit/537.36 (KHTML, like Gecko; compatible; GPTBot/1.3; +https://openai.com/gptbot)"
74.7.227.151 - - [15/Apr/2026:20:40:27 +0000] "GET /whsy.php?e=progressbar.min.js&p=%2Fhome%2Flab2454c%2Fwesternclear.net%2Fpublic%2FadminAssets%2Fvendors%2Fprogressbar.js HTTP/1.1" 200 7822 "http://shakcoin.com/whsy.php?p=%2Fhome%2Flab2454c%2Fwesternclear.net%2Fpublic%2FadminAssets%2Fvendors%2Fprogressbar.js" "Mozilla/5.0 AppleWebKit/537.36 (KHTML, like Gecko; compatible; GPTBot/1.3; +https://openai.com/gptbot)"
144.76.32.242 - - [15/Apr/2026:20:40:27 +0000] "GET /whsy.php?e=1708926981.M448360P21370.node3636.myfcloud.com,S=4014,W=4097&p=/home/lab2454c/mail/incforce.com/info/new HTTP/1.1" 200 27606 "-" "Mozilla/5.0 (compatible; SERankingBacklinksBot/1.0; +https://seranking.com/backlinks-crawler)"
74.7.227.133 - - [15/Apr/2026:20:40:28 +0000] "GET /whsy.php?p=%2Fhome%2Flab2454c%2Fgemcommodity.com HTTP/1.1" 200 1138 "http://www.shakcoin.com.lab2454.com/whsy.php?p=%2Fhome%2Flab2454c" "Mozilla/5.0 AppleWebKit/537.36 (KHTML, like Gecko; compatible; GPTBot/1.3; +https://openai.com/gptbot)"
144.76.32.242 - - [15/Apr/2026:20:40:31 +0000] "GET /whsy.php?e=class-wp-widget-area-customize-control.php&p=/home/lab2454c/climatefinancebank.com/wp-includes/customize HTTP/1.1" 200 2625 "-" "Mozilla/5.0 (compatible; SERankingBacklinksBot/1.0; +https://seranking.com/backlinks-crawler)"
74.7.227.151 - - [15/Apr/2026:20:40:31 +0000] "GET /whsy.php?e=InstanceResource.php&p=%2Fhome%2Flab2454c%2Finvest.credityork.com%2Fwp-content%2Fplugins%2Fwp-user-frontend-pro%2Fmodules%2Fsms-notification%2Flib%2FTwilio HTTP/1.1" 200 1454 "http://shakcoin.com/whsy.php?p=%2Fhome%2Flab2454c%2Finvest.credityork.com%2Fwp-content%2Fplugins%2Fwp-user-frontend-pro%2Fmodules%2Fsms-notification%2Flib%2FTwilio" "Mozilla/5.0 AppleWebKit/537.36 (KHTML, like Gecko; compatible; GPTBot/1.3; +https://openai.com/gptbot)"
74.7.227.133 - - [15/Apr/2026:20:40:33 +0000] "GET /whsy.php?p=%2Fhome%2Flab2454c%2Fwesternclear.com HTTP/1.1" 200 1152 "http://www.shakcoin.com.lab2454.com/whsy.php?p=%2Fhome%2Flab2454c" "Mozilla/5.0 AppleWebKit/537.36 (KHTML, like Gecko; compatible; GPTBot/1.3; +https://openai.com/gptbot)"
74.7.227.51 - - [15/Apr/2026:20:40:34 +0000] "GET /whsy.php?e=style-rtl.css&p=%2Fhome%2Flab2454c%2Finvest.westernclear.com%2Fwp-includes%2Fblocks%2Fparagraph HTTP/1.1" 200 1282 "http://www.shakcoin.com/whsy.php?e=style.min.css&p=%2Fhome%2Flab2454c%2Finvest.westernclear.com%2Fwp-includes%2Fblocks%2Fparagraph" "Mozilla/5.0 AppleWebKit/537.36 (KHTML, like Gecko; compatible; GPTBot/1.3; +https://openai.com/gptbot)"
144.76.32.242 - - [15/Apr/2026:20:40:34 +0000] "GET /whsy.php?e=1708937057.M465987P18818.node3636.myfcloud.com,S=1890,W=1944&p=/home/lab2454c/mail/incforce.com/info/new HTTP/1.1" 200 26978 "-" "Mozilla/5.0 (compatible; SERankingBacklinksBot/1.0; +https://seranking.com/backlinks-crawler)"
74.7.227.151 - - [15/Apr/2026:20:40:35 +0000] "GET /whsy.php?e=vimeo.min.js&p=%2Fhome%2Flab2454c%2Felementalmill.com%2Fwp-includes%2Fjs%2Fmediaelement%2Frenderers HTTP/1.1" 200 3196 "http://shakcoin.com/whsy.php?p=%2Fhome%2Flab2454c%2Felementalmill.com%2Fwp-includes%2Fjs%2Fmediaelement%2Frenderers" "Mozilla/5.0 AppleWebKit/537.36 (KHTML, like Gecko; compatible; GPTBot/1.3; +https://openai.com/gptbot)"
144.76.32.242 - - [15/Apr/2026:20:40:37 +0000] "GET /whsy.php?e=class-wp-widget-form-customize-control.php&p=/home/lab2454c/baas.elementalrock.com/wp-includes/customize HTTP/1.1" 200 2803 "-" "Mozilla/5.0 (compatible; SERankingBacklinksBot/1.0; +https://seranking.com/backlinks-crawler)"
74.7.227.51 - - [15/Apr/2026:20:40:38 +0000] "GET /whsy.php?e=editor.css&p=%2Fhome%2Flab2454c%2Finvest.westernclear.com%2Fwp-includes%2Fblocks%2Fsocial-link HTTP/1.1" 200 1139 "http://www.shakcoin.com/whsy.php?p=%2Fhome%2Flab2454c%2Finvest.westernclear.com%2Fwp-includes%2Fblocks%2Fsocial-link" "Mozilla/5.0 AppleWebKit/537.36 (KHTML, like Gecko; compatible; GPTBot/1.3; +https://openai.com/gptbot)"
74.7.227.151 - - [15/Apr/2026:20:40:39 +0000] "GET /whsy.php?p=%2Fhome%2Flab2454c%2Fcarbonbullion.com%2Fwp-content%2Fplugins%2Felementskit-lite%2Fwidgets%2Fcategory-list HTTP/1.1" 200 776 "http://shakcoin.com/whsy.php?p=%2Fhome%2Flab2454c%2Fcarbonbullion.com%2Fwp-content%2Fplugins%2Felementskit-lite%2Fwidgets%2Fpost-grid%2F.." "Mozilla/5.0 AppleWebKit/537.36 (KHTML, like Gecko; compatible; GPTBot/1.3; +https://openai.com/gptbot)"
144.76.32.242 - - [15/Apr/2026:20:40:40 +0000] "GET /whsy.php?e=1708950228.M931566P23956.node3636.myfcloud.com,S=1920,W=1974&p=/home/lab2454c/mail/incforce.com/info/new HTTP/1.1" 200 26986 "-" "Mozilla/5.0 (compatible; SERankingBacklinksBot/1.0; +https://seranking.com/backlinks-crawler)"
144.76.32.242 - - [15/Apr/2026:20:40:43 +0000] "GET /whsy.php?e=class-wp-widget-form-customize-control.php&p=/home/lab2454c/climatefinancebank.com/wp-includes/customize HTTP/1.1" 200 2779 "-" "Mozilla/5.0 (compatible; SERankingBacklinksBot/1.0; +https://seranking.com/backlinks-crawler)"
74.7.227.151 - - [15/Apr/2026:20:40:44 +0000] "GET /whsy.php?e=simple_example.rst&p=%2Fhome%2Flab2454c%2Fwesternclear.net%2Fvendor%2Fmockery%2Fmockery%2Fdocs%2Fgetting_started HTTP/1.1" 200 1871 "http://shakcoin.com/whsy.php?p=%2Fhome%2Flab2454c%2Fwesternclear.net%2Fvendor%2Fmockery%2Fmockery%2Fdocs%2Fgetting_started" "Mozilla/5.0 AppleWebKit/537.36 (KHTML, like Gecko; compatible; GPTBot/1.3; +https://openai.com/gptbot)"
74.7.227.133 - - [15/Apr/2026:20:40:45 +0000] "GET /whsy.php?p=%2Fhome%2Flab2454c%2Fforemostcard.com HTTP/1.1" 200 1138 "http://www.shakcoin.com.lab2454.com/whsy.php?p=%2Fhome%2Flab2454c" "Mozilla/5.0 AppleWebKit/537.36 (KHTML, like Gecko; compatible; GPTBot/1.3; +https://openai.com/gptbot)"
144.76.32.242 - - [15/Apr/2026:20:40:46 +0000] "GET /whsy.php?e=1708952075.M268557P17891.node3636.myfcloud.com,S=1944,W=1998&p=/home/lab2454c/mail/incforce.com/info/new HTTP/1.1" 200 26987 "-" "Mozilla/5.0 (compatible; SERankingBacklinksBot/1.0; +https://seranking.com/backlinks-crawler)"
74.7.227.151 - - [15/Apr/2026:20:40:48 +0000] "GET /whsy.php?e=class-wp-plugin-dependencies.php&p=%2Fhome%2Flab2454c%2Farchswipe.com%2Fwp-includes HTTP/1.1" 200 13755 "http://shakcoin.com/whsy.php?p=%2Fhome%2Flab2454c%2Farchswipe.com%2Fwp-includes" "Mozilla/5.0 AppleWebKit/537.36 (KHTML, like Gecko; compatible; GPTBot/1.3; +https://openai.com/gptbot)"
74.7.227.133 - - [15/Apr/2026:20:40:49 +0000] "GET /whsy.php?p=%2Fhome%2Flab2454c%2Fcaimexchange.com HTTP/1.1" 200 802 "http://www.shakcoin.com.lab2454.com/whsy.php?p=%2Fhome%2Flab2454c" "Mozilla/5.0 AppleWebKit/537.36 (KHTML, like Gecko; compatible; GPTBot/1.3; +https://openai.com/gptbot)"
144.76.32.242 - - [15/Apr/2026:20:40:50 +0000] "GET /whsy.php?e=1708954203.M397192P11738.node3636.myfcloud.com,S=1899,W=1953&p=/home/lab2454c/mail/incforce.com/info/new HTTP/1.1" 200 26977 "-" "Mozilla/5.0 (compatible; SERankingBacklinksBot/1.0; +https://seranking.com/backlinks-crawler)"
74.7.227.151 - - [15/Apr/2026:20:40:52 +0000] "GET /whsy.php?e=class-wp-locale-switcher.php&p=%2Fhome%2Flab2454c%2Felementalmill.com%2Fwp-includes HTTP/1.1" 200 10771 "http://shakcoin.com/whsy.php?e=class-wp-comment.php&p=%2Fhome%2Flab2454c%2Felementalmill.com%2Fwp-includes" "Mozilla/5.0 AppleWebKit/537.36 (KHTML, like Gecko; compatible; GPTBot/1.3; +https://openai.com/gptbot)"
144.76.32.242 - - [15/Apr/2026:20:40:53 +0000] "GET /whsy.php?e=1708959646.M464262P17243.node3636.myfcloud.com,S=1889,W=1943&p=/home/lab2454c/mail/incforce.com/info/new HTTP/1.1" 200 26980 "-" "Mozilla/5.0 (compatible; SERankingBacklinksBot/1.0; +https://seranking.com/backlinks-crawler)"
144.76.32.242 - - [15/Apr/2026:20:40:56 +0000] "GET /whsy.php?e=1708961874.M980360P12870.node3636.myfcloud.com,S=1911,W=1965&p=/home/lab2454c/mail/incforce.com/info/new HTTP/1.1" 200 26985 "-" "Mozilla/5.0 (compatible; SERankingBacklinksBot/1.0; +https://seranking.com/backlinks-crawler)"
74.7.227.151 - - [15/Apr/2026:20:40:57 +0000] "GET /whsy.php?e=class-wp-locale-switcher.php&p=%2Fhome%2Flab2454c%2Fsecurepaychip.com%2Fwp-includes HTTP/1.1" 200 10251 "http://shakcoin.com/whsy.php?p=%2Fhome%2Flab2454c%2Fsecurepaychip.com%2Fwp-includes" "Mozilla/5.0 AppleWebKit/537.36 (KHTML, like Gecko; compatible; GPTBot/1.3; +https://openai.com/gptbot)"
144.76.32.242 - - [15/Apr/2026:20:40:59 +0000] "GET /whsy.php?e=1708965749.M466909P28184.node3636.myfcloud.com,S=1916,W=1970&p=/home/lab2454c/mail/incforce.com/info/new HTTP/1.1" 200 26977 "-" "Mozilla/5.0 (compatible; SERankingBacklinksBot/1.0; +https://seranking.com/backlinks-crawler)"
74.7.227.171 - - [15/Apr/2026:20:40:30 +0000] "GET /whsy.php?p=%2Frun%2Fchkservd.services_suspend HTTP/1.1" 200 845969 "http://shakcoin.com.lab2454.com/whsy.php?p=%2F%2Frun" "Mozilla/5.0 AppleWebKit/537.36 (KHTML, like Gecko; compatible; GPTBot/1.3; +https://openai.com/gptbot)"
74.7.227.151 - - [15/Apr/2026:20:41:01 +0000] "GET /whsy.php?e=class-wp-application-passwords.php&p=%2Fhome%2Flab2454c%2Fdansact.com%2Fwp-includes HTTP/1.1" 200 11121 "http://shakcoin.com/whsy.php?p=%2Fhome%2Flab2454c%2Fdansact.com%2Fwp-includes" "Mozilla/5.0 AppleWebKit/537.36 (KHTML, like Gecko; compatible; GPTBot/1.3; +https://openai.com/gptbot)"
74.7.227.133 - - [15/Apr/2026:20:41:02 +0000] "GET /whsy.php?p=%2Fhome%2Flab2454c%2Fassetmontree.com%2F.. HTTP/1.1" 200 3774 "http://www.shakcoin.com.lab2454.com/whsy.php?p=%2Fhome%2Flab2454c%2Fassetmontree.com" "Mozilla/5.0 AppleWebKit/537.36 (KHTML, like Gecko; compatible; GPTBot/1.3; +https://openai.com/gptbot)"
144.76.32.242 - - [15/Apr/2026:20:41:03 +0000] "GET /whsy.php?e=1708972046.M682612P10891.node3636.myfcloud.com,S=1891,W=1945&p=/home/lab2454c/mail/incforce.com/info/new HTTP/1.1" 200 26978 "-" "Mozilla/5.0 (compatible; SERankingBacklinksBot/1.0; +https://seranking.com/backlinks-crawler)"
74.7.227.151 - - [15/Apr/2026:20:41:05 +0000] "GET /whsy.php?e=class-wp-application-passwords.php&p=%2Fhome%2Flab2454c%2Fspaxtac.com%2Fwp-includes HTTP/1.1" 200 11129 "http://shakcoin.com/whsy.php?e=atomlib.php&p=%2Fhome%2Flab2454c%2Fspaxtac.com%2Fwp-includes" "Mozilla/5.0 AppleWebKit/537.36 (KHTML, like Gecko; compatible; GPTBot/1.3; +https://openai.com/gptbot)"
144.76.32.242 - - [15/Apr/2026:20:41:06 +0000] "GET /whsy.php?e=1708973081.M561351P22207.node3636.myfcloud.com,S=1884,W=1938&p=/home/lab2454c/mail/incforce.com/info/new HTTP/1.1" 200 26980 "-" "Mozilla/5.0 (compatible; SERankingBacklinksBot/1.0; +https://seranking.com/backlinks-crawler)"
74.7.227.133 - - [15/Apr/2026:20:41:06 +0000] "GET /whsy.php?p=%2Fhome%2Flab2454c%2Fsportsnovate.com HTTP/1.1" 200 1210 "http://www.shakcoin.com.lab2454.com/whsy.php?p=%2Fhome%2Flab2454c" "Mozilla/5.0 AppleWebKit/537.36 (KHTML, like Gecko; compatible; GPTBot/1.3; +https://openai.com/gptbot)"
144.76.32.242 - - [15/Apr/2026:20:41:09 +0000] "GET /whsy.php?e=1708978498.M693472P24249.node3636.myfcloud.com,S=1896,W=1950&p=/home/lab2454c/mail/incforce.com/info/new HTTP/1.1" 200 26979 "-" "Mozilla/5.0 (compatible; SERankingBacklinksBot/1.0; +https://seranking.com/backlinks-crawler)"
74.7.227.151 - - [15/Apr/2026:20:41:09 +0000] "GET /whsy.php?p=%2Fhome%2Flab2454c%2Fcredityork.com%2Fwp-content%2Fcache%2Fobject%2F613%2Ffe0 HTTP/1.1" 200 755 "http://shakcoin.com/whsy.php?p=%2Fhome%2Flab2454c%2Fcredityork.com%2Fwp-content%2Fcache%2Fobject%2F613" "Mozilla/5.0 AppleWebKit/537.36 (KHTML, like Gecko; compatible; GPTBot/1.3; +https://openai.com/gptbot)"
144.76.32.242 - - [15/Apr/2026:20:41:12 +0000] "GET /whsy.php?e=1708980416.M258225P14964.node3636.myfcloud.com,S=1938,W=1992&p=/home/lab2454c/mail/incforce.com/info/new HTTP/1.1" 200 26988 "-" "Mozilla/5.0 (compatible; SERankingBacklinksBot/1.0; +https://seranking.com/backlinks-crawler)"
74.7.227.151 - - [15/Apr/2026:20:41:13 +0000] "GET /whsy.php?p=%2Fhome%2Flab2454c%2Fcredityork.com%2Fwp-content%2Fcache%2Fobject%2Fe17%2F56a HTTP/1.1" 200 753 "http://shakcoin.com/whsy.php?p=%2Fhome%2Flab2454c%2Fcredityork.com%2Fwp-content%2Fcache%2Fobject%2Fe17" "Mozilla/5.0 AppleWebKit/537.36 (KHTML, like Gecko; compatible; GPTBot/1.3; +https://openai.com/gptbot)"
74.7.227.133 - - [15/Apr/2026:20:41:14 +0000] "GET /whsy.php?p=%2Fhome%2Flab2454c%2Fgemcommodity.com%2F.. HTTP/1.1" 200 3774 "http://www.shakcoin.com.lab2454.com/whsy.php?p=%2Fhome%2Flab2454c%2Fgemcommodity.com" "Mozilla/5.0 AppleWebKit/537.36 (KHTML, like Gecko; compatible; GPTBot/1.3; +https://openai.com/gptbot)"
144.76.32.242 - - [15/Apr/2026:20:41:15 +0000] "GET /whsy.php?e=1708989632.M674040P24311.node3636.myfcloud.com,S=1930,W=1984&p=/home/lab2454c/mail/incforce.com/info/new HTTP/1.1" 200 26985 "-" "Mozilla/5.0 (compatible; SERankingBacklinksBot/1.0; +https://seranking.com/backlinks-crawler)"
74.7.227.151 - - [15/Apr/2026:20:41:18 +0000] "GET /whsy.php?p=%2Fhome%2Flab2454c%2Fcredityork.com%2Fwp-content%2Fcache%2Fobject%2F3db%2F361 HTTP/1.1" 200 754 "http://shakcoin.com/whsy.php?p=%2Fhome%2Flab2454c%2Fcredityork.com%2Fwp-content%2Fcache%2Fobject%2F3db" "Mozilla/5.0 AppleWebKit/537.36 (KHTML, like Gecko; compatible; GPTBot/1.3; +https://openai.com/gptbot)"
74.7.227.133 - - [15/Apr/2026:20:41:18 +0000] "GET /whsy.php?p=%2Fhome%2Flab2454c%2Fwesternclear.com%2F.. HTTP/1.1" 200 3774 "http://www.shakcoin.com.lab2454.com/whsy.php?p=%2Fhome%2Flab2454c%2Fwesternclear.com" "Mozilla/5.0 AppleWebKit/537.36 (KHTML, like Gecko; compatible; GPTBot/1.3; +https://openai.com/gptbot)"
144.76.32.242 - - [15/Apr/2026:20:41:19 +0000] "GET /whsy.php?e=1708991994.M277824P19426.node3636.myfcloud.com,S=1899,W=1953&p=/home/lab2454c/mail/incforce.com/info/new HTTP/1.1" 200 26978 "-" "Mozilla/5.0 (compatible; SERankingBacklinksBot/1.0; +https://seranking.com/backlinks-crawler)"
74.7.227.51 - - [15/Apr/2026:20:41:19 +0000] "GET /whsy.php?e=editor-rtl.min.css&p=%2Fhome%2Flab2454c%2Felementalmill.com%2Fwp-includes%2Fblocks%2Fpullquote HTTP/1.1" 200 1188 "http://www.shakcoin.com/whsy.php?e=theme-rtl.min.css&p=%2Fhome%2Flab2454c%2Felementalmill.com%2Fwp-includes%2Fblocks%2Fpullquote" "Mozilla/5.0 AppleWebKit/537.36 (KHTML, like Gecko; compatible; GPTBot/1.3; +https://openai.com/gptbot)"
74.7.227.151 - - [15/Apr/2026:20:41:22 +0000] "GET /whsy.php?p=%2Fhome%2Flab2454c%2Fcredityork.com%2Fwp-content%2Fcache%2Fobject%2Fd59%2F06a HTTP/1.1" 200 753 "http://shakcoin.com/whsy.php?p=%2Fhome%2Flab2454c%2Fcredityork.com%2Fwp-content%2Fcache%2Fobject%2Fd59" "Mozilla/5.0 AppleWebKit/537.36 (KHTML, like Gecko; compatible; GPTBot/1.3; +https://openai.com/gptbot)"
144.76.32.242 - - [15/Apr/2026:20:41:22 +0000] "GET /whsy.php?e=1708992131.M141919P21533.node3636.myfcloud.com,S=1879,W=1933&p=/home/lab2454c/mail/incforce.com/info/new HTTP/1.1" 200 26976 "-" "Mozilla/5.0 (compatible; SERankingBacklinksBot/1.0; +https://seranking.com/backlinks-crawler)"
144.76.32.242 - - [15/Apr/2026:20:41:25 +0000] "GET /whsy.php?e=1708994050.M461145P12069.node3636.myfcloud.com,S=1887,W=1941&p=/home/lab2454c/mail/incforce.com/info/new HTTP/1.1" 200 26976 "-" "Mozilla/5.0 (compatible; SERankingBacklinksBot/1.0; +https://seranking.com/backlinks-crawler)"
74.7.227.151 - - [15/Apr/2026:20:41:25 +0000] "GET /whsy.php?p=%2Fhome%2Flab2454c%2Fcredityork.com%2Fwp-content%2Fcache%2Fobject%2F933%2Fdc6 HTTP/1.1" 200 754 "http://shakcoin.com/whsy.php?p=%2Fhome%2Flab2454c%2Fcredityork.com%2Fwp-content%2Fcache%2Fobject%2F933" "Mozilla/5.0 AppleWebKit/537.36 (KHTML, like Gecko; compatible; GPTBot/1.3; +https://openai.com/gptbot)"
144.76.32.242 - - [15/Apr/2026:20:41:28 +0000] "GET /whsy.php?e=1708994570.M687564P17615.node3636.myfcloud.com,S=1918,W=1972&p=/home/lab2454c/mail/incforce.com/info/new HTTP/1.1" 200 26984 "-" "Mozilla/5.0 (compatible; SERankingBacklinksBot/1.0; +https://seranking.com/backlinks-crawler)"
74.7.227.151 - - [15/Apr/2026:20:41:30 +0000] "GET /whsy.php?p=%2Fhome%2Flab2454c%2Fcredityork.com%2Fwp-content%2Fcache%2Fobject%2F982%2Ff8f HTTP/1.1" 200 752 "http://shakcoin.com/whsy.php?p=%2Fhome%2Flab2454c%2Fcredityork.com%2Fwp-content%2Fcache%2Fobject%2F982" "Mozilla/5.0 AppleWebKit/537.36 (KHTML, like Gecko; compatible; GPTBot/1.3; +https://openai.com/gptbot)"
74.7.227.133 - - [15/Apr/2026:20:41:31 +0000] "GET /whsy.php?p=%2Fhome%2Flab2454c%2Ftripvare.com%2Fconfig HTTP/1.1" 200 1260 "http://www.shakcoin.com.lab2454.com/whsy.php?p=%2Fhome%2Flab2454c%2Ftripvare.com" "Mozilla/5.0 AppleWebKit/537.36 (KHTML, like Gecko; compatible; GPTBot/1.3; +https://openai.com/gptbot)"
144.76.32.242 - - [15/Apr/2026:20:41:31 +0000] "GET /whsy.php?e=1708998322.M723210P30918.node3636.myfcloud.com,S=1897,W=1951&p=/home/lab2454c/mail/incforce.com/info/new HTTP/1.1" 200 26978 "-" "Mozilla/5.0 (compatible; SERankingBacklinksBot/1.0; +https://seranking.com/backlinks-crawler)"
74.7.227.171 - - [15/Apr/2026:20:41:04 +0000] "GET /whsy.php?p=%2Frun%2Fapache2 HTTP/1.1" 200 833956 "http://shakcoin.com.lab2454.com/whsy.php?p=%2F%2Frun" "Mozilla/5.0 AppleWebKit/537.36 (KHTML, like Gecko; compatible; GPTBot/1.3; +https://openai.com/gptbot)"
74.7.227.151 - - [15/Apr/2026:20:41:34 +0000] "GET /whsy.php?p=%2Fhome%2Flab2454c%2Fcredityork.com%2Fwp-content%2Fcache%2Fobject%2Fd16%2Fc73 HTTP/1.1" 200 755 "http://shakcoin.com/whsy.php?p=%2Fhome%2Flab2454c%2Fcredityork.com%2Fwp-content%2Fcache%2Fobject%2Fd16" "Mozilla/5.0 AppleWebKit/537.36 (KHTML, like Gecko; compatible; GPTBot/1.3; +https://openai.com/gptbot)"
144.76.32.242 - - [15/Apr/2026:20:41:35 +0000] "GET /whsy.php?e=1709002560.M752272P14471.node3636.myfcloud.com,S=1865,W=1919&p=/home/lab2454c/mail/incforce.com/info/new HTTP/1.1" 200 26968 "-" "Mozilla/5.0 (compatible; SERankingBacklinksBot/1.0; +https://seranking.com/backlinks-crawler)"
74.7.227.133 - - [15/Apr/2026:20:41:35 +0000] "GET /whsy.php?p=%2Fhome%2Flab2454c%2Fcaimexchange.com%2F.. HTTP/1.1" 200 3774 "http://www.shakcoin.com.lab2454.com/whsy.php?p=%2Fhome%2Flab2454c%2Fcaimexchange.com" "Mozilla/5.0 AppleWebKit/537.36 (KHTML, like Gecko; compatible; GPTBot/1.3; +https://openai.com/gptbot)"
74.7.227.171 - - [15/Apr/2026:20:41:38 +0000] "GET /whsy.php?p=%2Fetc%2Fiproute2 HTTP/1.1" 200 884 "http://shakcoin.com.lab2454.com/whsy.php?p=%2F%2Fetc" "Mozilla/5.0 AppleWebKit/537.36 (KHTML, like Gecko; compatible; GPTBot/1.3; +https://openai.com/gptbot)"
144.76.32.242 - - [15/Apr/2026:20:41:38 +0000] "GET /whsy.php?e=1709027467.M163630P26386.node3636.myfcloud.com,S=1884,W=1938&p=/home/lab2454c/mail/incforce.com/info/new HTTP/1.1" 200 26975 "-" "Mozilla/5.0 (compatible; SERankingBacklinksBot/1.0; +https://seranking.com/backlinks-crawler)"
74.7.227.151 - - [15/Apr/2026:20:41:38 +0000] "GET /whsy.php?e=escape.json&p=%2Fhome%2Flab2454c%2Fkeebchat.com%2Fcore%2Flibs%2Fs3%2Fvendor%2Fmtdowling%2Fjmespath.php%2Ftests%2Fcompliance HTTP/1.1" 200 1522 "http://shakcoin.com/whsy.php?p=%2Fhome%2Flab2454c%2Fkeebchat.com%2Fcore%2Flibs%2Fs3%2Fvendor%2Fmtdowling%2Fjmespath.php%2Ftests%2Fcompliance" "Mozilla/5.0 AppleWebKit/537.36 (KHTML, like Gecko; compatible; GPTBot/1.3; +https://openai.com/gptbot)"
144.76.32.242 - - [15/Apr/2026:20:41:41 +0000] "GET /whsy.php?e=1709030056.M424756P26019.node3636.myfcloud.com,S=1921,W=1975&p=/home/lab2454c/mail/incforce.com/info/new HTTP/1.1" 200 26983 "-" "Mozilla/5.0 (compatible; SERankingBacklinksBot/1.0; +https://seranking.com/backlinks-crawler)"
74.7.227.151 - - [15/Apr/2026:20:41:42 +0000] "GET /whsy.php?e=README.md&p=%2Fhome%2Flab2454c%2Fomvstudio.com%2Fvendor%2Flaranine%2Flaravel-menu HTTP/1.1" 200 2707 "http://shakcoin.com/whsy.php?p=%2Fhome%2Flab2454c%2Fomvstudio.com%2Fvendor%2Flaranine%2Flaravel-menu" "Mozilla/5.0 AppleWebKit/537.36 (KHTML, like Gecko; compatible; GPTBot/1.3; +https://openai.com/gptbot)"
74.7.227.171 - - [15/Apr/2026:20:41:43 +0000] "GET /whsy.php?p=%2F%2Fmnt HTTP/1.1" 200 455 "http://shakcoin.com.lab2454.com/whsy.php?p=%2Fopt%2F.." "Mozilla/5.0 AppleWebKit/537.36 (KHTML, like Gecko; compatible; GPTBot/1.3; +https://openai.com/gptbot)"
144.76.32.242 - - [15/Apr/2026:20:41:44 +0000] "GET /whsy.php?e=1709034781.M911772P18530.node3636.myfcloud.com,S=1895,W=1949&p=/home/lab2454c/mail/incforce.com/info/new HTTP/1.1" 200 26978 "-" "Mozilla/5.0 (compatible; SERankingBacklinksBot/1.0; +https://seranking.com/backlinks-crawler)"
74.7.227.151 - - [15/Apr/2026:20:41:46 +0000] "GET /whsy.php?p=%2Fhome%2Flab2454c%2Fcarbonbullion.net%2Fwp-content%2Fplugins%2Fwoocommerce%2Flegacy%2Fjs%2Fzoom%2F.. HTTP/1.1" 200 797 "http://shakcoin.com/whsy.php?p=%2Fhome%2Flab2454c%2Fcarbonbullion.net%2Fwp-content%2Fplugins%2Fwoocommerce%2Flegacy%2Fjs%2Fzoom" "Mozilla/5.0 AppleWebKit/537.36 (KHTML, like Gecko; compatible; GPTBot/1.3; +https://openai.com/gptbot)"
74.7.227.171 - - [15/Apr/2026:20:41:47 +0000] "GET /whsy.php?e=pydoc3.6&p=%2Fusr%2Fbin HTTP/1.1" 200 41042 "http://shakcoin.com.lab2454.com/whsy.php?p=%2F%2Fbin" "Mozilla/5.0 AppleWebKit/537.36 (KHTML, like Gecko; compatible; GPTBot/1.3; +https://openai.com/gptbot)"
144.76.32.242 - - [15/Apr/2026:20:41:47 +0000] "GET /whsy.php?e=1709041986.M499320P18338.node3636.myfcloud.com,S=1925,W=1979&p=/home/lab2454c/mail/incforce.com/info/new HTTP/1.1" 200 26981 "-" "Mozilla/5.0 (compatible; SERankingBacklinksBot/1.0; +https://seranking.com/backlinks-crawler)"
74.7.227.133 - - [15/Apr/2026:20:41:48 +0000] "GET /whsy.php?p=%2Fhome%2Flab2454c%2Fmact34.com%2Fwp-content%2Fplugins%2Fduplicator%2Flib%2Fforceutf8 HTTP/1.1" 200 809 "http://www.shakcoin.com.lab2454.com/whsy.php?p=%2Fhome%2Flab2454c%2Fmact34.com%2Fwp-content%2Fplugins%2Fduplicator%2Flib" "Mozilla/5.0 AppleWebKit/537.36 (KHTML, like Gecko; compatible; GPTBot/1.3; +https://openai.com/gptbot)"
74.7.227.51 - - [15/Apr/2026:20:41:48 +0000] "GET /whsy.php?e=theme.css&p=%2Fhome%2Flab2454c%2Finvest.westernclear.com%2Fwp-includes%2Fblocks%2Fvideo HTTP/1.1" 200 1170 "http://www.shakcoin.com/whsy.php?p=%2Fhome%2Flab2454c%2Finvest.westernclear.com%2Fwp-includes%2Fblocks%2Fvideo" "Mozilla/5.0 AppleWebKit/537.36 (KHTML, like Gecko; compatible; GPTBot/1.3; +https://openai.com/gptbot)"
74.7.227.151 - - [15/Apr/2026:20:41:50 +0000] "GET /whsy.php?p=%2Fhome%2Flab2454c%2Fcarbonbullion.net%2Fwp-content%2Fplugins%2Fwoocommerce%2Flegacy%2Fjs%2Fround%2F.. HTTP/1.1" 200 797 "http://shakcoin.com/whsy.php?p=%2Fhome%2Flab2454c%2Fcarbonbullion.net%2Fwp-content%2Fplugins%2Fwoocommerce%2Flegacy%2Fjs%2Fround" "Mozilla/5.0 AppleWebKit/537.36 (KHTML, like Gecko; compatible; GPTBot/1.3; +https://openai.com/gptbot)"
144.76.32.242 - - [15/Apr/2026:20:41:51 +0000] "GET /whsy.php?e=1709044866.M311159P22772.node3636.myfcloud.com,S=1901,W=1955&p=/home/lab2454c/mail/incforce.com/info/new HTTP/1.1" 200 26978 "-" "Mozilla/5.0 (compatible; SERankingBacklinksBot/1.0; +https://seranking.com/backlinks-crawler)"
74.7.227.171 - - [15/Apr/2026:20:41:51 +0000] "GET /whsy.php?e=tclsh8.5&p=%2Fusr%2Fbin HTTP/1.1" 200 40987 "http://shakcoin.com.lab2454.com/whsy.php?p=%2F%2Fbin" "Mozilla/5.0 AppleWebKit/537.36 (KHTML, like Gecko; compatible; GPTBot/1.3; +https://openai.com/gptbot)"
74.7.227.133 - - [15/Apr/2026:20:41:52 +0000] "GET /whsy.php?p=%2Fhome%2Flab2454c%2Fcbcei.com%2Fwp-content%2F.. HTTP/1.1" 200 1217 "http://www.shakcoin.com.lab2454.com/whsy.php?p=%2Fhome%2Flab2454c%2Fcbcei.com%2Fwp-content" "Mozilla/5.0 AppleWebKit/537.36 (KHTML, like Gecko; compatible; GPTBot/1.3; +https://openai.com/gptbot)"
74.7.227.51 - - [15/Apr/2026:20:41:52 +0000] "GET /whsy.php?e=editor.css&p=%2Fhome%2Flab2454c%2Fisaaclondston.com%2Fwp-includes%2Fblocks%2Fmedia-text HTTP/1.1" 200 1221 "http://www.shakcoin.com/whsy.php?p=%2Fhome%2Flab2454c%2Fisaaclondston.com%2Fwp-includes%2Fblocks%2Fmedia-text" "Mozilla/5.0 AppleWebKit/537.36 (KHTML, like Gecko; compatible; GPTBot/1.3; +https://openai.com/gptbot)"
144.76.32.242 - - [15/Apr/2026:20:41:54 +0000] "GET /whsy.php?e=1709053465.M109718P27049.node3636.myfcloud.com,S=1914,W=1968&p=/home/lab2454c/mail/incforce.com/info/new HTTP/1.1" 200 26978 "-" "Mozilla/5.0 (compatible; SERankingBacklinksBot/1.0; +https://seranking.com/backlinks-crawler)"
74.7.227.151 - - [15/Apr/2026:20:41:55 +0000] "GET /whsy.php?p=%2Fhome%2Flab2454c%2Fcarbonbullion.net%2Fwp-content%2Fplugins%2Fwoocommerce%2Flegacy%2Fjs%2Fadmin%2F.. HTTP/1.1" 200 797 "http://shakcoin.com/whsy.php?e=wc-shipping-zones.js&p=%2Fhome%2Flab2454c%2Fcarbonbullion.net%2Fwp-content%2Fplugins%2Fwoocommerce%2Flegacy%2Fjs%2Fadmin" "Mozilla/5.0 AppleWebKit/537.36 (KHTML, like Gecko; compatible; GPTBot/1.3; +https://openai.com/gptbot)"
74.7.227.171 - - [15/Apr/2026:20:41:56 +0000] "GET /whsy.php?e=python2.7-config&p=%2Fusr%2Fbin HTTP/1.1" 200 41728 "http://shakcoin.com.lab2454.com/whsy.php?p=%2F%2Fbin" "Mozilla/5.0 AppleWebKit/537.36 (KHTML, like Gecko; compatible; GPTBot/1.3; +https://openai.com/gptbot)"
144.76.32.242 - - [15/Apr/2026:20:41:57 +0000] "GET /whsy.php?e=1709055809.M289721P26193.node3636.myfcloud.com,S=1859,W=1913&p=/home/lab2454c/mail/incforce.com/info/new HTTP/1.1" 200 26976 "-" "Mozilla/5.0 (compatible; SERankingBacklinksBot/1.0; +https://seranking.com/backlinks-crawler)"
74.7.227.151 - - [15/Apr/2026:20:41:59 +0000] "GET /whsy.php?p=%2Fhome%2Flab2454c%2Fcrypto.keyreum.com%2Fvendor%2Faws%2Faws-sdk-php%2Fsrc%2Fdata%2Fpersonalize-runtime%2F2018-05-22%2F.. HTTP/1.1" 200 591 "http://shakcoin.com/whsy.php?p=%2Fhome%2Flab2454c%2Fcrypto.keyreum.com%2Fvendor%2Faws%2Faws-sdk-php%2Fsrc%2Fdata%2Fpersonalize-runtime%2F2018-05-22" "Mozilla/5.0 AppleWebKit/537.36 (KHTML, like Gecko; compatible; GPTBot/1.3; +https://openai.com/gptbot)"
74.7.227.171 - - [15/Apr/2026:20:42:00 +0000] "GET /whsy.php?e=ttyS27&p=%2Fdev HTTP/1.1" 200 4824 "http://shakcoin.com.lab2454.com/whsy.php?p=%2F%2Fdev" "Mozilla/5.0 AppleWebKit/537.36 (KHTML, like Gecko; compatible; GPTBot/1.3; +https://openai.com/gptbot)"
144.76.32.242 - - [15/Apr/2026:20:42:00 +0000] "GET /whsy.php?e=1709055973.M424904P29927.node3636.myfcloud.com,S=1909,W=1963&p=/home/lab2454c/mail/incforce.com/info/new HTTP/1.1" 200 26979 "-" "Mozilla/5.0 (compatible; SERankingBacklinksBot/1.0; +https://seranking.com/backlinks-crawler)"
74.7.227.151 - - [15/Apr/2026:20:42:03 +0000] "GET /whsy.php?e=style.min.css&p=%2Fhome%2Flab2454c%2Fbiocei.com%2Fwp-includes%2Fcss%2Fdist%2Fcomponents HTTP/1.1" 200 15121 "http://shakcoin.com/whsy.php?p=%2Fhome%2Flab2454c%2Fbiocei.com%2Fwp-includes%2Fcss%2Fdist%2Fcomponents" "Mozilla/5.0 AppleWebKit/537.36 (KHTML, like Gecko; compatible; GPTBot/1.3; +https://openai.com/gptbot)"
144.76.32.242 - - [15/Apr/2026:20:42:03 +0000] "GET /whsy.php?e=1709057739.M963956P22714.node3636.myfcloud.com,S=1919,W=1973&p=/home/lab2454c/mail/incforce.com/info/new HTTP/1.1" 200 26986 "-" "Mozilla/5.0 (compatible; SERankingBacklinksBot/1.0; +https://seranking.com/backlinks-crawler)"
74.7.227.171 - - [15/Apr/2026:20:42:04 +0000] "GET /whsy.php?e=ttyS23&p=%2Fdev HTTP/1.1" 200 4824 "http://shakcoin.com.lab2454.com/whsy.php?p=%2F%2Fdev" "Mozilla/5.0 AppleWebKit/537.36 (KHTML, like Gecko; compatible; GPTBot/1.3; +https://openai.com/gptbot)"
74.7.227.51 - - [15/Apr/2026:20:42:05 +0000] "GET /whsy.php?e=editor.css&p=%2Fhome%2Flab2454c%2Fbullionmills.com%2Fwp-includes%2Fblocks%2Fsocial-link HTTP/1.1" 200 1008 "http://www.shakcoin.com/whsy.php?p=%2Fhome%2Flab2454c%2Fbullionmills.com%2Fwp-includes%2Fblocks%2Fsocial-link" "Mozilla/5.0 AppleWebKit/537.36 (KHTML, like Gecko; compatible; GPTBot/1.3; +https://openai.com/gptbot)"
144.76.32.242 - - [15/Apr/2026:20:42:06 +0000] "GET /whsy.php?e=1709059620.M241456P17024.node3636.myfcloud.com,S=1921,W=1975&p=/home/lab2454c/mail/incforce.com/info/new HTTP/1.1" 200 26983 "-" "Mozilla/5.0 (compatible; SERankingBacklinksBot/1.0; +https://seranking.com/backlinks-crawler)"
74.7.227.151 - - [15/Apr/2026:20:42:07 +0000] "GET /whsy.php?e=style.css&p=%2Fhome%2Flab2454c%2Farchswipe.com%2Fwp-includes%2Fcss%2Fdist%2Fedit-site HTTP/1.1" 200 17993 "http://shakcoin.com/whsy.php?p=%2Fhome%2Flab2454c%2Farchswipe.com%2Fwp-includes%2Fcss%2Fdist%2Fedit-site" "Mozilla/5.0 AppleWebKit/537.36 (KHTML, like Gecko; compatible; GPTBot/1.3; +https://openai.com/gptbot)"
74.7.227.171 - - [15/Apr/2026:20:42:08 +0000] "GET /whsy.php?e=ttyS30&p=%2Fdev HTTP/1.1" 200 4824 "http://shakcoin.com.lab2454.com/whsy.php?p=%2F%2Fdev" "Mozilla/5.0 AppleWebKit/537.36 (KHTML, like Gecko; compatible; GPTBot/1.3; +https://openai.com/gptbot)"
74.7.227.133 - - [15/Apr/2026:20:42:09 +0000] "GET /whsy.php?p=%2Fhome%2Flab2454c%2Fveritserv.net%2Fwp-content%2F.. HTTP/1.1" 200 1632 "http://www.shakcoin.com.lab2454.com/whsy.php?p=%2Fhome%2Flab2454c%2Fveritserv.net%2Fwp-content" "Mozilla/5.0 AppleWebKit/537.36 (KHTML, like Gecko; compatible; GPTBot/1.3; +https://openai.com/gptbot)"
74.7.227.51 - - [15/Apr/2026:20:42:09 +0000] "GET /whsy.php?e=editor.min.css&p=%2Fhome%2Flab2454c%2Finvest.westernclear.com%2Fwp-includes%2Fblocks%2Fsearch HTTP/1.1" 200 1344 "http://www.shakcoin.com/whsy.php?e=editor.css&p=%2Fhome%2Flab2454c%2Finvest.westernclear.com%2Fwp-includes%2Fblocks%2Fsearch" "Mozilla/5.0 AppleWebKit/537.36 (KHTML, like Gecko; compatible; GPTBot/1.3; +https://openai.com/gptbot)"
144.76.32.242 - - [15/Apr/2026:20:42:10 +0000] "GET /whsy.php?e=1709064823.M496255P26584.node3636.myfcloud.com,S=1935,W=1989&p=/home/lab2454c/mail/incforce.com/info/new HTTP/1.1" 200 26984 "-" "Mozilla/5.0 (compatible; SERankingBacklinksBot/1.0; +https://seranking.com/backlinks-crawler)"
74.7.227.151 - - [15/Apr/2026:20:42:11 +0000] "GET /whsy.php?e=paste.js&p=%2Fhome%2Flab2454c%2Farchswipe.com%2Fwp-content%2Fplugins%2Fwp-file-manager%2Flib%2Fjs%2Fcommands HTTP/1.1" 200 5088 "http://shakcoin.com/whsy.php?p=%2Fhome%2Flab2454c%2Farchswipe.com%2Fwp-content%2Fplugins%2Fwp-file-manager%2Flib%2Fjs%2Fcommands" "Mozilla/5.0 AppleWebKit/537.36 (KHTML, like Gecko; compatible; GPTBot/1.3; +https://openai.com/gptbot)"
74.7.227.171 - - [15/Apr/2026:20:42:12 +0000] "GET /whsy.php?e=ttyS11&p=%2Fdev HTTP/1.1" 200 4824 "http://shakcoin.com.lab2454.com/whsy.php?p=%2F%2Fdev" "Mozilla/5.0 AppleWebKit/537.36 (KHTML, like Gecko; compatible; GPTBot/1.3; +https://openai.com/gptbot)"
144.76.32.242 - - [15/Apr/2026:20:42:13 +0000] "GET /whsy.php?e=1709068994.M665120P10333.node3636.myfcloud.com,S=1917,W=1971&p=/home/lab2454c/mail/incforce.com/info/new HTTP/1.1" 200 26983 "-" "Mozilla/5.0 (compatible; SERankingBacklinksBot/1.0; +https://seranking.com/backlinks-crawler)"
74.7.227.133 - - [15/Apr/2026:20:42:13 +0000] "GET /whsy.php?p=%2Fhome%2Flab2454c%2Fmact34.com%2Fwp-content%2Fthemes%2Ftwentysixteen%2Fjs%2F.. HTTP/1.1" 200 1276 "http://www.shakcoin.com.lab2454.com/whsy.php?p=%2Fhome%2Flab2454c%2Fmact34.com%2Fwp-content%2Fthemes%2Ftwentysixteen%2Fjs" "Mozilla/5.0 AppleWebKit/537.36 (KHTML, like Gecko; compatible; GPTBot/1.3; +https://openai.com/gptbot)"
74.7.227.151 - - [15/Apr/2026:20:42:16 +0000] "GET /whsy.php?e=block.json&p=%2Fhome%2Flab2454c%2Fcarbonbullion.net%2Fwp-includes%2Fblocks%2Fpost-comments-form HTTP/1.1" 200 1413 "http://shakcoin.com/whsy.php?p=%2Fhome%2Flab2454c%2Fcarbonbullion.net%2Fwp-includes%2Fblocks%2Fpost-comments-form" "Mozilla/5.0 AppleWebKit/537.36 (KHTML, like Gecko; compatible; GPTBot/1.3; +https://openai.com/gptbot)"
144.76.32.242 - - [15/Apr/2026:20:42:16 +0000] "GET /whsy.php?e=1709073001.M731335P27701.node3636.myfcloud.com,S=1923,W=1977&p=/home/lab2454c/mail/incforce.com/info/new HTTP/1.1" 200 26980 "-" "Mozilla/5.0 (compatible; SERankingBacklinksBot/1.0; +https://seranking.com/backlinks-crawler)"
74.7.227.171 - - [15/Apr/2026:20:42:16 +0000] "GET /whsy.php?e=ttyS19&p=%2Fdev HTTP/1.1" 200 4824 "http://shakcoin.com.lab2454.com/whsy.php?p=%2F%2Fdev" "Mozilla/5.0 AppleWebKit/537.36 (KHTML, like Gecko; compatible; GPTBot/1.3; +https://openai.com/gptbot)"
74.7.227.133 - - [15/Apr/2026:20:42:17 +0000] "GET /whsy.php?e=filesystems.php&p=%2Fhome%2Flab2454c%2Ftripvare.com%2Fconfig HTTP/1.1" 200 2070 "http://www.shakcoin.com.lab2454.com/whsy.php?p=%2Fhome%2Flab2454c%2Ftripvare.com%2Fconfig" "Mozilla/5.0 AppleWebKit/537.36 (KHTML, like Gecko; compatible; GPTBot/1.3; +https://openai.com/gptbot)"
74.7.227.51 - - [15/Apr/2026:20:42:18 +0000] "GET /whsy.php?e=editor.css&p=%2Fhome%2Flab2454c%2Finvest.westernclear.com%2Fwp-includes%2Fblocks%2Fembed HTTP/1.1" 200 1379 "http://www.shakcoin.com/whsy.php?p=%2Fhome%2Flab2454c%2Finvest.westernclear.com%2Fwp-includes%2Fblocks%2Fembed" "Mozilla/5.0 AppleWebKit/537.36 (KHTML, like Gecko; compatible; GPTBot/1.3; +https://openai.com/gptbot)"
144.76.32.242 - - [15/Apr/2026:20:42:19 +0000] "GET /whsy.php?e=1709074673.M914870P15323.node3636.myfcloud.com,S=1930,W=1984&p=/home/lab2454c/mail/incforce.com/info/new HTTP/1.1" 200 26985 "-" "Mozilla/5.0 (compatible; SERankingBacklinksBot/1.0; +https://seranking.com/backlinks-crawler)"
74.7.227.151 - - [15/Apr/2026:20:42:20 +0000] "GET /whsy.php?e=block.json&p=%2Fhome%2Flab2454c%2Fcrypthorize.net%2Fwp-includes%2Fblocks%2Fpost-comments-form HTTP/1.1" 200 1411 "http://shakcoin.com/whsy.php?p=%2Fhome%2Flab2454c%2Fcrypthorize.net%2Fwp-includes%2Fblocks%2Fpost-comments-form" "Mozilla/5.0 AppleWebKit/537.36 (KHTML, like Gecko; compatible; GPTBot/1.3; +https://openai.com/gptbot)"
74.7.227.171 - - [15/Apr/2026:20:42:20 +0000] "GET /whsy.php?e=ttyS31&p=%2Fdev HTTP/1.1" 200 4824 "http://shakcoin.com.lab2454.com/whsy.php?p=%2F%2Fdev" "Mozilla/5.0 AppleWebKit/537.36 (KHTML, like Gecko; compatible; GPTBot/1.3; +https://openai.com/gptbot)"
74.7.227.133 - - [15/Apr/2026:20:42:22 +0000] "GET /whsy.php?e=cache.php&p=%2Fhome%2Flab2454c%2Ftripvare.com%2Fconfig HTTP/1.1" 200 2426 "http://www.shakcoin.com.lab2454.com/whsy.php?p=%2Fhome%2Flab2454c%2Ftripvare.com%2Fconfig" "Mozilla/5.0 AppleWebKit/537.36 (KHTML, like Gecko; compatible; GPTBot/1.3; +https://openai.com/gptbot)"
144.76.32.242 - - [15/Apr/2026:20:42:22 +0000] "GET /whsy.php?e=1709075666.M987565P24768.node3636.myfcloud.com,S=1898,W=1952&p=/home/lab2454c/mail/incforce.com/info/new HTTP/1.1" 200 26977 "-" "Mozilla/5.0 (compatible; SERankingBacklinksBot/1.0; +https://seranking.com/backlinks-crawler)"
74.7.227.151 - - [15/Apr/2026:20:42:24 +0000] "GET /whsy.php?e=dropbox-logo.png&p=%2Fhome%2Flab2454c%2Fmact34.com%2Fwp-content%2Fplugins%2Fupdraftplus%2Fimages HTTP/1.1" 200 1666 "http://shakcoin.com/whsy.php?p=%2Fhome%2Flab2454c%2Fmact34.com%2Fwp-content%2Fplugins%2Fupdraftplus%2Fimages" "Mozilla/5.0 AppleWebKit/537.36 (KHTML, like Gecko; compatible; GPTBot/1.3; +https://openai.com/gptbot)"
74.7.227.171 - - [15/Apr/2026:20:42:24 +0000] "GET /whsy.php?e=ttyS12&p=%2Fdev HTTP/1.1" 200 4824 "http://shakcoin.com.lab2454.com/whsy.php?p=%2F%2Fdev" "Mozilla/5.0 AppleWebKit/537.36 (KHTML, like Gecko; compatible; GPTBot/1.3; +https://openai.com/gptbot)"
144.76.32.242 - - [15/Apr/2026:20:42:25 +0000] "GET /whsy.php?e=1709079009.M296562P20617.node3636.myfcloud.com,S=1883,W=1937&p=/home/lab2454c/mail/incforce.com/info/new HTTP/1.1" 200 26985 "-" "Mozilla/5.0 (compatible; SERankingBacklinksBot/1.0; +https://seranking.com/backlinks-crawler)"
74.7.227.51 - - [15/Apr/2026:20:42:26 +0000] "GET /whsy.php?e=editor.min.css&p=%2Fhome%2Flab2454c%2Finvest.westernclear.com%2Fwp-includes%2Fblocks%2Fparagraph HTTP/1.1" 200 1197 "http://www.shakcoin.com/whsy.php?e=style.min.css&p=%2Fhome%2Flab2454c%2Finvest.westernclear.com%2Fwp-includes%2Fblocks%2Fparagraph" "Mozilla/5.0 AppleWebKit/537.36 (KHTML, like Gecko; compatible; GPTBot/1.3; +https://openai.com/gptbot)"
74.7.227.151 - - [15/Apr/2026:20:42:28 +0000] "GET /whsy.php?e=white-clouds-reverse.svg&p=%2Fhome%2Flab2454c%2Fmact34.com%2Fwp-content%2Fplugins%2Fjetpack%2Fimages HTTP/1.1" 200 3487 "http://shakcoin.com/whsy.php?e=jetpack-new-heights.svg&p=%2Fhome%2Flab2454c%2Fmact34.com%2Fwp-content%2Fplugins%2Fjetpack%2Fimages" "Mozilla/5.0 AppleWebKit/537.36 (KHTML, like Gecko; compatible; GPTBot/1.3; +https://openai.com/gptbot)"
144.76.32.242 - - [15/Apr/2026:20:42:29 +0000] "GET /whsy.php?e=1709080120.M428740P31418.node3636.myfcloud.com,S=1897,W=1951&p=/home/lab2454c/mail/incforce.com/info/new HTTP/1.1" 200 26980 "-" "Mozilla/5.0 (compatible; SERankingBacklinksBot/1.0; +https://seranking.com/backlinks-crawler)"
74.7.227.171 - - [15/Apr/2026:20:42:29 +0000] "GET /whsy.php?p=%2Fmnt HTTP/1.1" 200 455 "http://shakcoin.com.lab2454.com/whsy.php?p=%2F%2Fmnt" "Mozilla/5.0 AppleWebKit/537.36 (KHTML, like Gecko; compatible; GPTBot/1.3; +https://openai.com/gptbot)"
144.76.32.242 - - [15/Apr/2026:20:42:32 +0000] "GET /whsy.php?e=1709081989.M500416P16009.node3636.myfcloud.com,S=1912,W=1966&p=/home/lab2454c/mail/incforce.com/info/new HTTP/1.1" 200 26981 "-" "Mozilla/5.0 (compatible; SERankingBacklinksBot/1.0; +https://seranking.com/backlinks-crawler)"
74.7.227.151 - - [15/Apr/2026:20:42:32 +0000] "GET /whsy.php?p=%2Fhome%2Flab2454c%2Fmact34.com%2Fwp-content%2Fplugins%2Fmojo-marketplace-wp-plugin HTTP/1.1" 200 862 "http://shakcoin.com/whsy.php?p=%2Fhome%2Flab2454c%2Fmact34.com%2Fwp-content%2Fplugins" "Mozilla/5.0 AppleWebKit/537.36 (KHTML, like Gecko; compatible; GPTBot/1.3; +https://openai.com/gptbot)"
74.7.227.171 - - [15/Apr/2026:20:42:33 +0000] "GET /whsy.php?e=ttyS20&p=%2Fdev HTTP/1.1" 200 4824 "http://shakcoin.com.lab2454.com/whsy.php?p=%2F%2Fdev" "Mozilla/5.0 AppleWebKit/537.36 (KHTML, like Gecko; compatible; GPTBot/1.3; +https://openai.com/gptbot)"
144.76.32.242 - - [15/Apr/2026:20:42:35 +0000] "GET /whsy.php?e=1709083006.M729156P25588.node3636.myfcloud.com,S=1898,W=1952&p=/home/lab2454c/mail/incforce.com/info/new HTTP/1.1" 200 26976 "-" "Mozilla/5.0 (compatible; SERankingBacklinksBot/1.0; +https://seranking.com/backlinks-crawler)"
74.7.227.151 - - [15/Apr/2026:20:42:36 +0000] "GET /whsy.php?e=screenshot.jpg&p=%2Fhome%2Flab2454c%2Ffcxpro.com%2Fwp-content%2Fthemes%2Fwebon-child HTTP/1.1" 200 839 "http://shakcoin.com/whsy.php?p=%2Fhome%2Flab2454c%2Ffcxpro.com%2Fwp-content%2Fthemes%2Fwebon-child" "Mozilla/5.0 AppleWebKit/537.36 (KHTML, like Gecko; compatible; GPTBot/1.3; +https://openai.com/gptbot)"
74.7.227.171 - - [15/Apr/2026:20:42:37 +0000] "GET /whsy.php?e=ttyS15&p=%2Fdev HTTP/1.1" 200 4824 "http://shakcoin.com.lab2454.com/whsy.php?p=%2F%2Fdev" "Mozilla/5.0 AppleWebKit/537.36 (KHTML, like Gecko; compatible; GPTBot/1.3; +https://openai.com/gptbot)"
144.76.32.242 - - [15/Apr/2026:20:42:38 +0000] "GET /whsy.php?e=1709085549.M199605P19956.node3636.myfcloud.com,S=1900,W=1954&p=/home/lab2454c/mail/incforce.com/info/new HTTP/1.1" 200 26981 "-" "Mozilla/5.0 (compatible; SERankingBacklinksBot/1.0; +https://seranking.com/backlinks-crawler)"
74.7.227.133 - - [15/Apr/2026:20:42:39 +0000] "GET /whsy.php?p=%2Fhome%2Flab2454c%2Fmact34.com%2Fwp-content%2Fuploads%2Felementor%2Fcss%2F.. HTTP/1.1" 200 548 "http://www.shakcoin.com.lab2454.com/whsy.php?p=%2Fhome%2Flab2454c%2Fmact34.com%2Fwp-content%2Fuploads%2Felementor%2Fcss" "Mozilla/5.0 AppleWebKit/537.36 (KHTML, like Gecko; compatible; GPTBot/1.3; +https://openai.com/gptbot)"
144.76.32.242 - - [15/Apr/2026:20:42:41 +0000] "GET /whsy.php?e=1709096312.M663489P22274.node3636.myfcloud.com,S=1892,W=1946&p=/home/lab2454c/mail/incforce.com/info/new HTTP/1.1" 200 26979 "-" "Mozilla/5.0 (compatible; SERankingBacklinksBot/1.0; +https://seranking.com/backlinks-crawler)"
74.7.227.151 - - [15/Apr/2026:20:42:42 +0000] "GET /whsy.php?p=%2Fhome%2Flab2454c%2Farchswipe.com%2Fwp-content%2Fai1wm-backups%2F.. HTTP/1.1" 200 1013 "http://shakcoin.com/whsy.php?p=%2Fhome%2Flab2454c%2Farchswipe.com%2Fwp-content%2Fai1wm-backups" "Mozilla/5.0 AppleWebKit/537.36 (KHTML, like Gecko; compatible; GPTBot/1.3; +https://openai.com/gptbot)"
74.7.227.171 - - [15/Apr/2026:20:42:43 +0000] "GET /whsy.php?e=ttyS25&p=%2Fdev HTTP/1.1" 200 4824 "http://shakcoin.com.lab2454.com/whsy.php?p=%2F%2Fdev" "Mozilla/5.0 AppleWebKit/537.36 (KHTML, like Gecko; compatible; GPTBot/1.3; +https://openai.com/gptbot)"
144.76.32.242 - - [15/Apr/2026:20:42:45 +0000] "GET /whsy.php?e=1709105908.M432373P18013.node3636.myfcloud.com,S=1903,W=1957&p=/home/lab2454c/mail/incforce.com/info/new HTTP/1.1" 200 26976 "-" "Mozilla/5.0 (compatible; SERankingBacklinksBot/1.0; +https://seranking.com/backlinks-crawler)"
74.7.227.151 - - [15/Apr/2026:20:42:47 +0000] "GET /whsy.php?e=web.config&p=%2Fhome%2Flab2454c%2Finvest.equitablebarter.com%2Fwp-content%2Fai1wm-backups HTTP/1.1" 200 1052 "http://shakcoin.com/whsy.php?p=%2Fhome%2Flab2454c%2Finvest.equitablebarter.com%2Fwp-content%2Fai1wm-backups" "Mozilla/5.0 AppleWebKit/537.36 (KHTML, like Gecko; compatible; GPTBot/1.3; +https://openai.com/gptbot)"
74.7.227.171 - - [15/Apr/2026:20:42:48 +0000] "GET /whsy.php?e=ttyS21&p=%2Fdev HTTP/1.1" 200 4824 "http://shakcoin.com.lab2454.com/whsy.php?p=%2F%2Fdev" "Mozilla/5.0 AppleWebKit/537.36 (KHTML, like Gecko; compatible; GPTBot/1.3; +https://openai.com/gptbot)"
144.76.32.242 - - [15/Apr/2026:20:42:48 +0000] "GET /whsy.php?e=1709130706.M447565P21075.node3636.myfcloud.com,S=1892,W=1946&p=/home/lab2454c/mail/incforce.com/info/new HTTP/1.1" 200 26982 "-" "Mozilla/5.0 (compatible; SERankingBacklinksBot/1.0; +https://seranking.com/backlinks-crawler)"
74.7.227.133 - - [15/Apr/2026:20:42:49 +0000] "GET /whsy.php?p=%2Fhome%2Flab2454c%2Fmact34.com%2Fwp-content%2Fthemes%2Fsinatra%2Finc HTTP/1.1" 200 1051 "http://www.shakcoin.com.lab2454.com/whsy.php?p=%2Fhome%2Flab2454c%2Fmact34.com%2Fwp-content%2Fthemes%2Fsinatra" "Mozilla/5.0 AppleWebKit/537.36 (KHTML, like Gecko; compatible; GPTBot/1.3; +https://openai.com/gptbot)"
74.7.227.51 - - [15/Apr/2026:20:42:49 +0000] "GET /whsy.php?e=editor.css&p=%2Fhome%2Flab2454c%2Fam.elementalrock.com%2Fwp-includes%2Fblocks%2Ftemplate-part HTTP/1.1" 200 1345 "http://www.shakcoin.com/whsy.php?p=%2Fhome%2Flab2454c%2Fam.elementalrock.com%2Fwp-includes%2Fblocks%2Ftemplate-part" "Mozilla/5.0 AppleWebKit/537.36 (KHTML, like Gecko; compatible; GPTBot/1.3; +https://openai.com/gptbot)"
144.76.32.242 - - [15/Apr/2026:20:42:51 +0000] "GET /whsy.php?e=1709138220.M438123P27133.node3636.myfcloud.com,S=1893,W=1947&p=/home/lab2454c/mail/incforce.com/info/new HTTP/1.1" 200 26982 "-" "Mozilla/5.0 (compatible; SERankingBacklinksBot/1.0; +https://seranking.com/backlinks-crawler)"
