74.7.227.171 - - [15/Apr/2026:21:30:43 +0000] "GET /whsy.php?e=iris.min.js&p=%2Fhome%2Flab2454c%2Fcrypthorize.net%2Fwp-admin%2Fjs HTTP/1.1" 200 11739 "http://shakcoin.com.lab2454.com/whsy.php?p=%2Fhome%2Flab2454c%2Fcrypthorize.net%2Fwp-admin%2Fjs" "Mozilla/5.0 AppleWebKit/537.36 (KHTML, like Gecko; compatible; GPTBot/1.3; +https://openai.com/gptbot)"
74.7.227.133 - - [15/Apr/2026:21:30:44 +0000] "GET /whsy.php?e=wp-blog-header.php&p=%2Fhome%2Flab2454c%2Fkeyreum.net HTTP/1.1" 200 2534 "http://www.shakcoin.com.lab2454.com/whsy.php?p=%2Fhome%2Flab2454c%2Fkeyreum.net" "Mozilla/5.0 AppleWebKit/537.36 (KHTML, like Gecko; compatible; GPTBot/1.3; +https://openai.com/gptbot)"
74.7.227.151 - - [15/Apr/2026:21:30:48 +0000] "GET /whsy.php?e=class-gdpr.php&p=%2Fhome%2Flab2454c%2Fnfsin.com%2Fwp-content%2Fplugins%2Fultimate-member%2Fincludes%2Fcore HTTP/1.1" 200 3371 "http://shakcoin.com/whsy.php?e=um-filters-fields.php&p=%2Fhome%2Flab2454c%2Fnfsin.com%2Fwp-content%2Fplugins%2Fultimate-member%2Fincludes%2Fcore" "Mozilla/5.0 AppleWebKit/537.36 (KHTML, like Gecko; compatible; GPTBot/1.3; +https://openai.com/gptbot)"
74.7.227.171 - - [15/Apr/2026:21:30:48 +0000] "GET /whsy.php?e=common.min.js&p=%2Fhome%2Flab2454c%2Fcrypthorize.net%2Fwp-admin%2Fjs HTTP/1.1" 200 10924 "http://shakcoin.com.lab2454.com/whsy.php?p=%2Fhome%2Flab2454c%2Fcrypthorize.net%2Fwp-admin%2Fjs" "Mozilla/5.0 AppleWebKit/537.36 (KHTML, like Gecko; compatible; GPTBot/1.3; +https://openai.com/gptbot)"
74.7.227.151 - - [15/Apr/2026:21:30:52 +0000] "GET /whsy.php?e=faq.php&p=%2Fhome%2Flab2454c%2Farchswipe.com%2Fwp-content%2Fplugins%2Felementskit-lite%2Fwidgets%2Ffaq HTTP/1.1" 200 2824 "http://shakcoin.com/whsy.php?p=%2Fhome%2Flab2454c%2Farchswipe.com%2Fwp-content%2Fplugins%2Felementskit-lite%2Fwidgets%2Ffaq" "Mozilla/5.0 AppleWebKit/537.36 (KHTML, like Gecko; compatible; GPTBot/1.3; +https://openai.com/gptbot)"
74.7.227.171 - - [15/Apr/2026:21:30:52 +0000] "GET /whsy.php?e=media.min.js&p=%2Fhome%2Flab2454c%2Fcrypthorize.net%2Fwp-admin%2Fjs HTTP/1.1" 200 4497 "http://shakcoin.com.lab2454.com/whsy.php?p=%2Fhome%2Flab2454c%2Fcrypthorize.net%2Fwp-admin%2Fjs" "Mozilla/5.0 AppleWebKit/537.36 (KHTML, like Gecko; compatible; GPTBot/1.3; +https://openai.com/gptbot)"
74.7.227.51 - - [15/Apr/2026:21:30:53 +0000] "GET /whsy.php?p=%2Fhome%2Flab2454c%2Fcaimegroup.com%2Fwp-content%2Fplugins%2Fmailpoet%2Fvendor-prefixed%2Ftwig%2Ftwig%2Fsrc%2FNode%2FExpression%2FTest%2F.. HTTP/1.1" 200 1409 "http://www.shakcoin.com/whsy.php?p=%2Fhome%2Flab2454c%2Fcaimegroup.com%2Fwp-content%2Fplugins%2Fmailpoet%2Fvendor-prefixed%2Ftwig%2Ftwig%2Fsrc%2FNode%2FExpression%2FTest" "Mozilla/5.0 AppleWebKit/537.36 (KHTML, like Gecko; compatible; GPTBot/1.3; +https://openai.com/gptbot)"
74.7.227.133 - - [15/Apr/2026:21:30:53 +0000] "GET /whsy.php?p=%2Fhome%2Flab2454c%2F.ssh HTTP/1.1" 200 919 "http://www.shakcoin.com.lab2454.com/whsy.php?p=%2Fhome%2Flab2454c" "Mozilla/5.0 AppleWebKit/537.36 (KHTML, like Gecko; compatible; GPTBot/1.3; +https://openai.com/gptbot)"
74.7.227.151 - - [15/Apr/2026:21:30:56 +0000] "GET /whsy.php?e=Format.php&p=%2Fhome%2Flab2454c%2Fgemiton.com%2Fwp-content%2Fplugins%2Fpopup-maker%2Fclasses%2FUtils HTTP/1.1" 200 2531 "http://shakcoin.com/whsy.php?e=Logging.php&p=%2Fhome%2Flab2454c%2Fgemiton.com%2Fwp-content%2Fplugins%2Fpopup-maker%2Fclasses%2FUtils" "Mozilla/5.0 AppleWebKit/537.36 (KHTML, like Gecko; compatible; GPTBot/1.3; +https://openai.com/gptbot)"
74.7.227.171 - - [15/Apr/2026:21:30:56 +0000] "GET /whsy.php?e=editor.min.js&p=%2Fhome%2Flab2454c%2Fcrypthorize.net%2Fwp-admin%2Fjs HTTP/1.1" 200 8375 "http://shakcoin.com.lab2454.com/whsy.php?p=%2Fhome%2Flab2454c%2Fcrypthorize.net%2Fwp-admin%2Fjs" "Mozilla/5.0 AppleWebKit/537.36 (KHTML, like Gecko; compatible; GPTBot/1.3; +https://openai.com/gptbot)"
74.7.227.51 - - [15/Apr/2026:21:30:57 +0000] "GET /whsy.php?p=%2Fhome%2Flab2454c%2Fcaimegroup.com%2Fwp-content%2Fplugins%2Fmailpoet%2Fvendor-prefixed%2Ftwig%2Ftwig%2Fsrc%2FNode%2FExpression%2FFilter%2F.. HTTP/1.1" 200 1409 "http://www.shakcoin.com/whsy.php?e=DefaultFilter.php&p=%2Fhome%2Flab2454c%2Fcaimegroup.com%2Fwp-content%2Fplugins%2Fmailpoet%2Fvendor-prefixed%2Ftwig%2Ftwig%2Fsrc%2FNode%2FExpression%2FFilter" "Mozilla/5.0 AppleWebKit/537.36 (KHTML, like Gecko; compatible; GPTBot/1.3; +https://openai.com/gptbot)"
74.7.227.151 - - [15/Apr/2026:21:31:00 +0000] "GET /whsy.php?e=class-wc-auth.php&p=%2Fhome%2Flab2454c%2Fgemiton.com%2Fwp-content%2Fplugins%2Fwoocommerce%2Fincludes HTTP/1.1" 200 7954 "http://shakcoin.com/whsy.php?e=class-wc-query.php&p=%2Fhome%2Flab2454c%2Fgemiton.com%2Fwp-content%2Fplugins%2Fwoocommerce%2Fincludes" "Mozilla/5.0 AppleWebKit/537.36 (KHTML, like Gecko; compatible; GPTBot/1.3; +https://openai.com/gptbot)"
74.7.227.171 - - [15/Apr/2026:21:31:01 +0000] "GET /whsy.php?e=theme.min.js&p=%2Fhome%2Flab2454c%2Fcrypthorize.net%2Fwp-admin%2Fjs HTTP/1.1" 200 11094 "http://shakcoin.com.lab2454.com/whsy.php?p=%2Fhome%2Flab2454c%2Fcrypthorize.net%2Fwp-admin%2Fjs" "Mozilla/5.0 AppleWebKit/537.36 (KHTML, like Gecko; compatible; GPTBot/1.3; +https://openai.com/gptbot)"
74.7.227.51 - - [15/Apr/2026:21:31:01 +0000] "GET /whsy.php?p=%2Fhome%2Flab2454c%2Fcaimegroup.com%2Fwp-content%2Fplugins%2Fmailpoet%2Fvendor-prefixed%2Ftwig%2Ftwig%2Fsrc%2FNode%2FExpression%2FUnary%2F.. HTTP/1.1" 200 1409 "http://www.shakcoin.com/whsy.php?p=%2Fhome%2Flab2454c%2Fcaimegroup.com%2Fwp-content%2Fplugins%2Fmailpoet%2Fvendor-prefixed%2Ftwig%2Ftwig%2Fsrc%2FNode%2FExpression%2FUnary" "Mozilla/5.0 AppleWebKit/537.36 (KHTML, like Gecko; compatible; GPTBot/1.3; +https://openai.com/gptbot)"
74.7.227.151 - - [15/Apr/2026:21:31:05 +0000] "GET /whsy.php?e=wc-meta-box-functions.php&p=%2Fhome%2Flab2454c%2Ffcxpro.com%2Fwp-content%2Fplugins%2Fwoocommerce%2Fincludes%2Fadmin HTTP/1.1" 200 3595 "http://shakcoin.com/whsy.php?e=class-wc-admin-assets.php&p=%2Fhome%2Flab2454c%2Ffcxpro.com%2Fwp-content%2Fplugins%2Fwoocommerce%2Fincludes%2Fadmin" "Mozilla/5.0 AppleWebKit/537.36 (KHTML, like Gecko; compatible; GPTBot/1.3; +https://openai.com/gptbot)"
74.7.227.171 - - [15/Apr/2026:21:31:05 +0000] "GET /whsy.php?e=auth-app.js&p=%2Fhome%2Flab2454c%2Fcrypthorize.net%2Fwp-admin%2Fjs HTTP/1.1" 200 5304 "http://shakcoin.com.lab2454.com/whsy.php?p=%2Fhome%2Flab2454c%2Fcrypthorize.net%2Fwp-admin%2Fjs" "Mozilla/5.0 AppleWebKit/537.36 (KHTML, like Gecko; compatible; GPTBot/1.3; +https://openai.com/gptbot)"
74.7.227.151 - - [15/Apr/2026:21:31:09 +0000] "GET /whsy.php?e=class-wc-coupon.php&p=%2Fhome%2Flab2454c%2Fgemiton.com%2Fwp-content%2Fplugins%2Fwoocommerce%2Fincludes HTTP/1.1" 200 11409 "http://shakcoin.com/whsy.php?e=class-wc-query.php&p=%2Fhome%2Flab2454c%2Fgemiton.com%2Fwp-content%2Fplugins%2Fwoocommerce%2Fincludes" "Mozilla/5.0 AppleWebKit/537.36 (KHTML, like Gecko; compatible; GPTBot/1.3; +https://openai.com/gptbot)"
74.7.227.171 - - [15/Apr/2026:21:31:09 +0000] "GET /whsy.php?e=common.js&p=%2Fhome%2Flab2454c%2Fcrypthorize.net%2Fwp-admin%2Fjs HTTP/1.1" 200 19020 "http://shakcoin.com.lab2454.com/whsy.php?p=%2Fhome%2Flab2454c%2Fcrypthorize.net%2Fwp-admin%2Fjs" "Mozilla/5.0 AppleWebKit/537.36 (KHTML, like Gecko; compatible; GPTBot/1.3; +https://openai.com/gptbot)"
74.7.227.133 - - [15/Apr/2026:21:31:11 +0000] "GET /whsy.php?p=%2Fhome%2Flab2454c%2Fcbcei.com%2Fwp-content%2Fuploads HTTP/1.1" 200 905 "http://www.shakcoin.com.lab2454.com/whsy.php?p=%2Fhome%2Flab2454c%2Fcbcei.com%2Fwp-content" "Mozilla/5.0 AppleWebKit/537.36 (KHTML, like Gecko; compatible; GPTBot/1.3; +https://openai.com/gptbot)"
74.7.227.151 - - [15/Apr/2026:21:31:13 +0000] "GET /whsy.php?e=form-widget.php&p=%2Fhome%2Flab2454c%2Fbiocei.com%2Fwp-content%2Fplugins%2Fadvanced-custom-fields-pro%2Fincludes%2Fforms HTTP/1.1" 200 3369 "http://shakcoin.com/whsy.php?p=%2Fhome%2Flab2454c%2Fbiocei.com%2Fwp-content%2Fplugins%2Fadvanced-custom-fields-pro%2Fincludes%2Fforms" "Mozilla/5.0 AppleWebKit/537.36 (KHTML, like Gecko; compatible; GPTBot/1.3; +https://openai.com/gptbot)"
74.7.227.171 - - [15/Apr/2026:21:31:14 +0000] "GET /whsy.php?e=editor.js&p=%2Fhome%2Flab2454c%2Fcrypthorize.net%2Fwp-admin%2Fjs HTTP/1.1" 200 16193 "http://shakcoin.com.lab2454.com/whsy.php?p=%2Fhome%2Flab2454c%2Fcrypthorize.net%2Fwp-admin%2Fjs" "Mozilla/5.0 AppleWebKit/537.36 (KHTML, like Gecko; compatible; GPTBot/1.3; +https://openai.com/gptbot)"
74.7.227.151 - - [15/Apr/2026:21:31:18 +0000] "GET /whsy.php?e=class-ur-ajax.php&p=%2Fhome%2Flab2454c%2Fveritserv.com%2Fwp-content%2Fplugins%2Fuser-registration-pro%2Fincludes HTTP/1.1" 200 12346 "http://shakcoin.com/whsy.php?e=class-ur-preview.php&p=%2Fhome%2Flab2454c%2Fveritserv.com%2Fwp-content%2Fplugins%2Fuser-registration-pro%2Fincludes" "Mozilla/5.0 AppleWebKit/537.36 (KHTML, like Gecko; compatible; GPTBot/1.3; +https://openai.com/gptbot)"
74.7.227.171 - - [15/Apr/2026:21:31:18 +0000] "GET /whsy.php?e=xfn.js&p=%2Fhome%2Flab2454c%2Fcrypthorize.net%2Fwp-admin%2Fjs HTTP/1.1" 200 3771 "http://shakcoin.com.lab2454.com/whsy.php?p=%2Fhome%2Flab2454c%2Fcrypthorize.net%2Fwp-admin%2Fjs" "Mozilla/5.0 AppleWebKit/537.36 (KHTML, like Gecko; compatible; GPTBot/1.3; +https://openai.com/gptbot)"
144.76.32.242 - - [15/Apr/2026:21:31:19 +0000] "GET /whsy.php?p=/etc/snmp HTTP/1.1" 200 669 "-" "Mozilla/5.0 (compatible; SERankingBacklinksBot/1.0; +https://seranking.com/backlinks-crawler)"
74.7.227.133 - - [15/Apr/2026:21:31:19 +0000] "GET /whsy.php?p=%2Fhome%2Flab2454c%2Fmact34.com%2Fwp-content%2Fplugins%2Fwoocommerce%2Ftemplates%2Fauth%2F.. HTTP/1.1" 200 1174 "http://www.shakcoin.com.lab2454.com/whsy.php?p=%2Fhome%2Flab2454c%2Fmact34.com%2Fwp-content%2Fplugins%2Fwoocommerce%2Ftemplates%2Fauth" "Mozilla/5.0 AppleWebKit/537.36 (KHTML, like Gecko; compatible; GPTBot/1.3; +https://openai.com/gptbot)"
74.7.227.151 - - [15/Apr/2026:21:31:23 +0000] "GET /whsy.php?e=Upgrades.php&p=%2Fhome%2Flab2454c%2Fgemiton.com%2Fwp-content%2Fplugins%2Fpopup-maker%2Fclasses%2FUtils HTTP/1.1" 200 6481 "http://shakcoin.com/whsy.php?e=Logging.php&p=%2Fhome%2Flab2454c%2Fgemiton.com%2Fwp-content%2Fplugins%2Fpopup-maker%2Fclasses%2FUtils" "Mozilla/5.0 AppleWebKit/537.36 (KHTML, like Gecko; compatible; GPTBot/1.3; +https://openai.com/gptbot)"
74.7.227.171 - - [15/Apr/2026:21:31:23 +0000] "GET /whsy.php?e=link.js&p=%2Fhome%2Flab2454c%2Fcrypthorize.net%2Fwp-admin%2Fjs HTTP/1.1" 200 4953 "http://shakcoin.com.lab2454.com/whsy.php?p=%2Fhome%2Flab2454c%2Fcrypthorize.net%2Fwp-admin%2Fjs" "Mozilla/5.0 AppleWebKit/537.36 (KHTML, like Gecko; compatible; GPTBot/1.3; +https://openai.com/gptbot)"
74.7.227.133 - - [15/Apr/2026:21:31:24 +0000] "GET /whsy.php?p=%2Fhome%2Flab2454c%2Fcbcei.com%2Fwp-content%2Fplugins HTTP/1.1" 200 986 "http://www.shakcoin.com.lab2454.com/whsy.php?p=%2Fhome%2Flab2454c%2Fcbcei.com%2Fwp-content" "Mozilla/5.0 AppleWebKit/537.36 (KHTML, like Gecko; compatible; GPTBot/1.3; +https://openai.com/gptbot)"
74.7.227.151 - - [15/Apr/2026:21:31:29 +0000] "GET /whsy.php?e=class-blocks.php&p=%2Fhome%2Flab2454c%2Fnfsin.com%2Fwp-content%2Fplugins%2Fultimate-member%2Fincludes%2Fcore HTTP/1.1" 200 3974 "http://shakcoin.com/whsy.php?e=um-filters-fields.php&p=%2Fhome%2Flab2454c%2Fnfsin.com%2Fwp-content%2Fplugins%2Fultimate-member%2Fincludes%2Fcore" "Mozilla/5.0 AppleWebKit/537.36 (KHTML, like Gecko; compatible; GPTBot/1.3; +https://openai.com/gptbot)"
74.7.227.171 - - [15/Apr/2026:21:31:29 +0000] "GET /whsy.php?e=password-toggle.min.js&p=%2Fhome%2Flab2454c%2Fcrypthorize.net%2Fwp-admin%2Fjs HTTP/1.1" 200 3785 "http://shakcoin.com.lab2454.com/whsy.php?p=%2Fhome%2Flab2454c%2Fcrypthorize.net%2Fwp-admin%2Fjs" "Mozilla/5.0 AppleWebKit/537.36 (KHTML, like Gecko; compatible; GPTBot/1.3; +https://openai.com/gptbot)"
74.7.227.133 - - [15/Apr/2026:21:31:30 +0000] "GET /whsy.php?p=%2Fhome%2Flab2454c%2Fcaimegroup.com%2Fwp-admin%2F.. HTTP/1.1" 200 1637 "http://www.shakcoin.com.lab2454.com/whsy.php?p=%2Fhome%2Flab2454c%2Fcaimegroup.com%2Fwp-admin" "Mozilla/5.0 AppleWebKit/537.36 (KHTML, like Gecko; compatible; GPTBot/1.3; +https://openai.com/gptbot)"
74.7.227.151 - - [15/Apr/2026:21:31:34 +0000] "GET /whsy.php?e=faq.php&p=%2Fhome%2Flab2454c%2Fveritserv.com%2Fwp-content%2Fplugins%2Felementskit-lite%2Fwidgets%2Ffaq HTTP/1.1" 200 3300 "http://shakcoin.com/whsy.php?p=%2Fhome%2Flab2454c%2Fveritserv.com%2Fwp-content%2Fplugins%2Felementskit-lite%2Fwidgets%2Ffaq" "Mozilla/5.0 AppleWebKit/537.36 (KHTML, like Gecko; compatible; GPTBot/1.3; +https://openai.com/gptbot)"
74.7.227.171 - - [15/Apr/2026:21:31:34 +0000] "GET /whsy.php?e=password-strength-meter.js&p=%2Fhome%2Flab2454c%2Fcrypthorize.net%2Fwp-admin%2Fjs HTTP/1.1" 200 4885 "http://shakcoin.com.lab2454.com/whsy.php?p=%2Fhome%2Flab2454c%2Fcrypthorize.net%2Fwp-admin%2Fjs" "Mozilla/5.0 AppleWebKit/537.36 (KHTML, like Gecko; compatible; GPTBot/1.3; +https://openai.com/gptbot)"
74.7.227.151 - - [15/Apr/2026:21:31:39 +0000] "GET /whsy.php?e=form-action.php&p=%2Fhome%2Flab2454c%2Ffcxpro.com%2Fwp-content%2Fplugins%2Felementor-pro%2Fmodules%2Fpopup HTTP/1.1" 200 1991 "http://shakcoin.com/whsy.php?p=%2Fhome%2Flab2454c%2Ffcxpro.com%2Fwp-content%2Fplugins%2Felementor-pro%2Fmodules%2Fpopup" "Mozilla/5.0 AppleWebKit/537.36 (KHTML, like Gecko; compatible; GPTBot/1.3; +https://openai.com/gptbot)"
74.7.227.171 - - [15/Apr/2026:21:31:39 +0000] "GET /whsy.php?e=theme.js&p=%2Fhome%2Flab2454c%2Fcrypthorize.net%2Fwp-admin%2Fjs HTTP/1.1" 200 17707 "http://shakcoin.com.lab2454.com/whsy.php?p=%2Fhome%2Flab2454c%2Fcrypthorize.net%2Fwp-admin%2Fjs" "Mozilla/5.0 AppleWebKit/537.36 (KHTML, like Gecko; compatible; GPTBot/1.3; +https://openai.com/gptbot)"
74.7.227.151 - - [15/Apr/2026:21:31:43 +0000] "GET /whsy.php?e=notices.asset.php&p=%2Fhome%2Flab2454c%2Farchswipe.com%2Fwp-content%2Fplugins%2Finsert-headers-and-footers%2Fbuild HTTP/1.1" 200 1184 "http://shakcoin.com/whsy.php?e=connect.asset.php&p=%2Fhome%2Flab2454c%2Farchswipe.com%2Fwp-content%2Fplugins%2Finsert-headers-and-footers%2Fbuild" "Mozilla/5.0 AppleWebKit/537.36 (KHTML, like Gecko; compatible; GPTBot/1.3; +https://openai.com/gptbot)"
74.7.227.171 - - [15/Apr/2026:21:31:44 +0000] "GET /whsy.php?e=media.js&p=%2Fhome%2Flab2454c%2Fcrypthorize.net%2Fwp-admin%2Fjs HTTP/1.1" 200 5710 "http://shakcoin.com.lab2454.com/whsy.php?p=%2Fhome%2Flab2454c%2Fcrypthorize.net%2Fwp-admin%2Fjs" "Mozilla/5.0 AppleWebKit/537.36 (KHTML, like Gecko; compatible; GPTBot/1.3; +https://openai.com/gptbot)"
74.7.227.133 - - [15/Apr/2026:21:31:44 +0000] "GET /whsy.php?e=index.php&p=%2Fhome%2Flab2454c%2F.ssh HTTP/1.1" 200 1650 "http://www.shakcoin.com.lab2454.com/whsy.php?p=%2Fhome%2Flab2454c%2F.ssh" "Mozilla/5.0 AppleWebKit/537.36 (KHTML, like Gecko; compatible; GPTBot/1.3; +https://openai.com/gptbot)"
74.7.227.171 - - [15/Apr/2026:21:31:48 +0000] "GET /whsy.php?e=freedoms.php&p=%2Fhome%2Flab2454c%2Fveritserv.net%2Fwp-admin%2Fuser HTTP/1.1" 200 1135 "http://shakcoin.com.lab2454.com/whsy.php?p=%2Fhome%2Flab2454c%2Fveritserv.net%2Fwp-admin%2Fuser" "Mozilla/5.0 AppleWebKit/537.36 (KHTML, like Gecko; compatible; GPTBot/1.3; +https://openai.com/gptbot)"
74.7.227.151 - - [15/Apr/2026:21:31:48 +0000] "GET /whsy.php?e=um-filters-files.php&p=%2Fhome%2Flab2454c%2Fnfsin.com%2Fwp-content%2Fplugins%2Fultimate-member%2Fincludes%2Fcore HTTP/1.1" 200 3116 "http://shakcoin.com/whsy.php?e=um-filters-fields.php&p=%2Fhome%2Flab2454c%2Fnfsin.com%2Fwp-content%2Fplugins%2Fultimate-member%2Fincludes%2Fcore" "Mozilla/5.0 AppleWebKit/537.36 (KHTML, like Gecko; compatible; GPTBot/1.3; +https://openai.com/gptbot)"
74.7.227.171 - - [15/Apr/2026:21:31:52 +0000] "GET /whsy.php?e=password-strength-meter.min.js&p=%2Fhome%2Flab2454c%2Fcrypthorize.net%2Fwp-admin%2Fjs HTTP/1.1" 200 4035 "http://shakcoin.com.lab2454.com/whsy.php?p=%2Fhome%2Flab2454c%2Fcrypthorize.net%2Fwp-admin%2Fjs" "Mozilla/5.0 AppleWebKit/537.36 (KHTML, like Gecko; compatible; GPTBot/1.3; +https://openai.com/gptbot)"
74.7.227.151 - - [15/Apr/2026:21:31:52 +0000] "GET /whsy.php?e=pipe.php&p=%2Fhome%2Flab2454c%2Fsecurepaychip.com%2Fwp-content%2Fplugins%2Fcontact-form-7%2Fincludes HTTP/1.1" 200 2109 "http://shakcoin.com/whsy.php?e=file.php&p=%2Fhome%2Flab2454c%2Fsecurepaychip.com%2Fwp-content%2Fplugins%2Fcontact-form-7%2Fincludes" "Mozilla/5.0 AppleWebKit/537.36 (KHTML, like Gecko; compatible; GPTBot/1.3; +https://openai.com/gptbot)"
74.7.227.171 - - [15/Apr/2026:21:31:56 +0000] "GET /whsy.php?e=word-count.min.js&p=%2Fhome%2Flab2454c%2Fcrypthorize.net%2Fwp-admin%2Fjs HTTP/1.1" 200 4102 "http://shakcoin.com.lab2454.com/whsy.php?p=%2Fhome%2Flab2454c%2Fcrypthorize.net%2Fwp-admin%2Fjs" "Mozilla/5.0 AppleWebKit/537.36 (KHTML, like Gecko; compatible; GPTBot/1.3; +https://openai.com/gptbot)"
74.7.227.151 - - [15/Apr/2026:21:31:57 +0000] "GET /whsy.php?e=Source.php&p=%2Fhome%2Flab2454c%2Finvest.credityork.com%2Fwp-content%2Fplugins%2Fportfolio%2Fstripe-php%2Flib HTTP/1.1" 200 6076 "http://shakcoin.com/whsy.php?e=StripeStreamingClientInterface.php&p=%2Fhome%2Flab2454c%2Finvest.credityork.com%2Fwp-content%2Fplugins%2Fportfolio%2Fstripe-php%2Flib" "Mozilla/5.0 AppleWebKit/537.36 (KHTML, like Gecko; compatible; GPTBot/1.3; +https://openai.com/gptbot)"
74.7.227.171 - - [15/Apr/2026:21:32:00 +0000] "GET /whsy.php?e=svg-painter.min.js&p=%2Fhome%2Flab2454c%2Fcrypthorize.net%2Fwp-admin%2Fjs HTTP/1.1" 200 4715 "http://shakcoin.com.lab2454.com/whsy.php?p=%2Fhome%2Flab2454c%2Fcrypthorize.net%2Fwp-admin%2Fjs" "Mozilla/5.0 AppleWebKit/537.36 (KHTML, like Gecko; compatible; GPTBot/1.3; +https://openai.com/gptbot)"
74.7.227.151 - - [15/Apr/2026:21:32:01 +0000] "GET /whsy.php?e=logout.php&p=%2Fhome%2Flab2454c%2Fnfsin.com%2Fwp-content%2Fplugins%2Fultimate-member%2Ftemplates HTTP/1.1" 200 2050 "http://shakcoin.com/whsy.php?e=gdpr-register.php&p=%2Fhome%2Flab2454c%2Fnfsin.com%2Fwp-content%2Fplugins%2Fultimate-member%2Ftemplates" "Mozilla/5.0 AppleWebKit/537.36 (KHTML, like Gecko; compatible; GPTBot/1.3; +https://openai.com/gptbot)"
74.7.227.133 - - [15/Apr/2026:21:32:01 +0000] "GET /whsy.php?p=%2Fhome%2Flab2454c%2Fcbcei.com%2Fwp-content%2Fuploads%2F2023 HTTP/1.1" 200 593 "http://www.shakcoin.com.lab2454.com/whsy.php?p=%2Fhome%2Flab2454c%2Fcbcei.com%2Fwp-content%2Fuploads" "Mozilla/5.0 AppleWebKit/537.36 (KHTML, like Gecko; compatible; GPTBot/1.3; +https://openai.com/gptbot)"
74.7.227.171 - - [15/Apr/2026:21:32:04 +0000] "GET /whsy.php?e=nav-menu.min.js&p=%2Fhome%2Flab2454c%2Fcrypthorize.net%2Fwp-admin%2Fjs HTTP/1.1" 200 11162 "http://shakcoin.com.lab2454.com/whsy.php?p=%2Fhome%2Flab2454c%2Fcrypthorize.net%2Fwp-admin%2Fjs" "Mozilla/5.0 AppleWebKit/537.36 (KHTML, like Gecko; compatible; GPTBot/1.3; +https://openai.com/gptbot)"
74.7.227.151 - - [15/Apr/2026:21:32:05 +0000] "GET /whsy.php?e=class-wc-cli-runner.php&p=%2Fhome%2Flab2454c%2Fgemiton.com%2Fwp-content%2Fplugins%2Fwoocommerce%2Fincludes%2Fcli HTTP/1.1" 200 3624 "http://shakcoin.com/whsy.php?e=class-wc-cli-rest-command.php&p=%2Fhome%2Flab2454c%2Fgemiton.com%2Fwp-content%2Fplugins%2Fwoocommerce%2Fincludes%2Fcli" "Mozilla/5.0 AppleWebKit/537.36 (KHTML, like Gecko; compatible; GPTBot/1.3; +https://openai.com/gptbot)"
74.7.227.171 - - [15/Apr/2026:21:32:09 +0000] "GET /whsy.php?e=media-upload.js&p=%2Fhome%2Flab2454c%2Fcrypthorize.net%2Fwp-admin%2Fjs HTTP/1.1" 200 4806 "http://shakcoin.com.lab2454.com/whsy.php?p=%2Fhome%2Flab2454c%2Fcrypthorize.net%2Fwp-admin%2Fjs" "Mozilla/5.0 AppleWebKit/537.36 (KHTML, like Gecko; compatible; GPTBot/1.3; +https://openai.com/gptbot)"
74.7.227.151 - - [15/Apr/2026:21:32:09 +0000] "GET /whsy.php?e=document.php&p=%2Fhome%2Flab2454c%2Ffcxpro.com%2Fwp-content%2Fplugins%2Felementor%2Fcore%2Fbase HTTP/1.1" 200 10711 "http://shakcoin.com/whsy.php?e=db-upgrades-manager.php&p=%2Fhome%2Flab2454c%2Ffcxpro.com%2Fwp-content%2Fplugins%2Felementor%2Fcore%2Fbase" "Mozilla/5.0 AppleWebKit/537.36 (KHTML, like Gecko; compatible; GPTBot/1.3; +https://openai.com/gptbot)"
74.7.227.133 - - [15/Apr/2026:21:32:10 +0000] "GET /whsy.php?p=%2Fhome%2Flab2454c%2Fcbcei.com%2Fwp-content%2Fuploads%2F2022 HTTP/1.1" 200 542 "http://www.shakcoin.com.lab2454.com/whsy.php?p=%2Fhome%2Flab2454c%2Fcbcei.com%2Fwp-content%2Fuploads" "Mozilla/5.0 AppleWebKit/537.36 (KHTML, like Gecko; compatible; GPTBot/1.3; +https://openai.com/gptbot)"
74.7.227.171 - - [15/Apr/2026:21:32:13 +0000] "GET /whsy.php?e=media-upload.min.js&p=%2Fhome%2Flab2454c%2Fcrypthorize.net%2Fwp-admin%2Fjs HTTP/1.1" 200 4028 "http://shakcoin.com.lab2454.com/whsy.php?p=%2Fhome%2Flab2454c%2Fcrypthorize.net%2Fwp-admin%2Fjs" "Mozilla/5.0 AppleWebKit/537.36 (KHTML, like Gecko; compatible; GPTBot/1.3; +https://openai.com/gptbot)"
74.7.227.151 - - [15/Apr/2026:21:32:13 +0000] "GET /whsy.php?e=form-front.php&p=%2Fhome%2Flab2454c%2Fbiocei.com%2Fwp-content%2Fplugins%2Fadvanced-custom-fields-pro%2Fincludes%2Fforms HTTP/1.1" 200 4506 "http://shakcoin.com/whsy.php?e=form-widget.php&p=%2Fhome%2Flab2454c%2Fbiocei.com%2Fwp-content%2Fplugins%2Fadvanced-custom-fields-pro%2Fincludes%2Fforms" "Mozilla/5.0 AppleWebKit/537.36 (KHTML, like Gecko; compatible; GPTBot/1.3; +https://openai.com/gptbot)"
74.7.227.51 - - [15/Apr/2026:21:32:16 +0000] "GET /whsy.php?p=%2Fhome%2Flab2454c%2Figpma.com%2Fwp-content%2Fthemes%2Ftwentytwentytwo%2Finc HTTP/1.1" 200 736 "http://www.shakcoin.com/whsy.php?p=%2Fhome%2Flab2454c%2Figpma.com%2Fwp-content%2Fthemes%2Ftwentytwentytwo" "Mozilla/5.0 AppleWebKit/537.36 (KHTML, like Gecko; compatible; GPTBot/1.3; +https://openai.com/gptbot)"
74.7.227.171 - - [15/Apr/2026:21:32:17 +0000] "GET /whsy.php?e=custom-background.js&p=%2Fhome%2Flab2454c%2Fcrypthorize.net%2Fwp-admin%2Fjs HTTP/1.1" 200 4549 "http://shakcoin.com.lab2454.com/whsy.php?p=%2Fhome%2Flab2454c%2Fcrypthorize.net%2Fwp-admin%2Fjs" "Mozilla/5.0 AppleWebKit/537.36 (KHTML, like Gecko; compatible; GPTBot/1.3; +https://openai.com/gptbot)"
74.7.227.151 - - [15/Apr/2026:21:32:17 +0000] "GET /whsy.php?e=um-actions-wpadmin.php&p=%2Fhome%2Flab2454c%2Fnfsin.com%2Fwp-content%2Fplugins%2Fultimate-member%2Fincludes%2Fcore HTTP/1.1" 200 3095 "http://shakcoin.com/whsy.php?e=um-filters-fields.php&p=%2Fhome%2Flab2454c%2Fnfsin.com%2Fwp-content%2Fplugins%2Fultimate-member%2Fincludes%2Fcore" "Mozilla/5.0 AppleWebKit/537.36 (KHTML, like Gecko; compatible; GPTBot/1.3; +https://openai.com/gptbot)"
74.7.227.133 - - [15/Apr/2026:21:32:18 +0000] "GET /whsy.php?p=%2Fhome%2Flab2454c%2Fcbcei.com%2Fwp-content%2Fuploads%2F2024 HTTP/1.1" 200 565 "http://www.shakcoin.com.lab2454.com/whsy.php?p=%2Fhome%2Flab2454c%2Fcbcei.com%2Fwp-content%2Fuploads" "Mozilla/5.0 AppleWebKit/537.36 (KHTML, like Gecko; compatible; GPTBot/1.3; +https://openai.com/gptbot)"
74.7.227.171 - - [15/Apr/2026:21:32:21 +0000] "GET /whsy.php?e=language-chooser.js&p=%2Fhome%2Flab2454c%2Fcrypthorize.net%2Fwp-admin%2Fjs HTTP/1.1" 200 3829 "http://shakcoin.com.lab2454.com/whsy.php?p=%2Fhome%2Flab2454c%2Fcrypthorize.net%2Fwp-admin%2Fjs" "Mozilla/5.0 AppleWebKit/537.36 (KHTML, like Gecko; compatible; GPTBot/1.3; +https://openai.com/gptbot)"
74.7.227.151 - - [15/Apr/2026:21:32:22 +0000] "GET /whsy.php?e=sdk_resolver.php&p=%2Fhome%2Flab2454c%2Fam.elementalrock.com%2Fwp-content%2Fplugins%2Fcopy-delete-posts%2Fanalyst HTTP/1.1" 200 1794 "http://shakcoin.com/whsy.php?e=version.php&p=%2Fhome%2Flab2454c%2Fam.elementalrock.com%2Fwp-content%2Fplugins%2Fcopy-delete-posts%2Fanalyst" "Mozilla/5.0 AppleWebKit/537.36 (KHTML, like Gecko; compatible; GPTBot/1.3; +https://openai.com/gptbot)"
74.7.227.171 - - [15/Apr/2026:21:32:26 +0000] "GET /whsy.php?e=inline-edit-tax.js&p=%2Fhome%2Flab2454c%2Fcrypthorize.net%2Fwp-admin%2Fjs HTTP/1.1" 200 5871 "http://shakcoin.com.lab2454.com/whsy.php?p=%2Fhome%2Flab2454c%2Fcrypthorize.net%2Fwp-admin%2Fjs" "Mozilla/5.0 AppleWebKit/537.36 (KHTML, like Gecko; compatible; GPTBot/1.3; +https://openai.com/gptbot)"
74.7.227.151 - - [15/Apr/2026:21:32:26 +0000] "GET /whsy.php?e=about.php&p=%2Fhome%2Flab2454c%2Fveritserv.com%2Fwp-content%2Fplugins%2Fadvanced-custom-fields-pro-master%2Fassets%2Fjs HTTP/1.1" 200 1015 "http://shakcoin.com/whsy.php?p=%2Fhome%2Flab2454c%2Fveritserv.com%2Fwp-content%2Fplugins%2Fadvanced-custom-fields-pro-master%2Fassets%2Fjs" "Mozilla/5.0 AppleWebKit/537.36 (KHTML, like Gecko; compatible; GPTBot/1.3; +https://openai.com/gptbot)"
74.7.227.51 - - [15/Apr/2026:21:32:31 +0000] "GET /whsy.php?e=Connecting-to-your-banking-needs-1024x961-1-350x350.png&p=%2Fhome%2Flab2454c%2Fsothebankuab.com%2Fwp-content%2Fuploads%2F2021%2F07 HTTP/1.1" 200 8861 "http://www.shakcoin.com/whsy.php?p=%2Fhome%2Flab2454c%2Fsothebankuab.com%2Fwp-content%2Fuploads%2F2021%2F07" "Mozilla/5.0 AppleWebKit/537.36 (KHTML, like Gecko; compatible; GPTBot/1.3; +https://openai.com/gptbot)"
74.7.227.171 - - [15/Apr/2026:21:32:32 +0000] "GET /whsy.php?e=auth-app.min.js&p=%2Fhome%2Flab2454c%2Fcrypthorize.net%2Fwp-admin%2Fjs HTTP/1.1" 200 4395 "http://shakcoin.com.lab2454.com/whsy.php?p=%2Fhome%2Flab2454c%2Fcrypthorize.net%2Fwp-admin%2Fjs" "Mozilla/5.0 AppleWebKit/537.36 (KHTML, like Gecko; compatible; GPTBot/1.3; +https://openai.com/gptbot)"
74.7.227.151 - - [15/Apr/2026:21:32:32 +0000] "GET /whsy.php?e=handler-api.php&p=%2Fhome%2Flab2454c%2Farchswipe.com%2Fwp-content%2Fplugins%2Felementskit-lite%2Fcore HTTP/1.1" 200 1483 "http://shakcoin.com/whsy.php?p=%2Fhome%2Flab2454c%2Farchswipe.com%2Fwp-content%2Fplugins%2Felementskit-lite%2Fcore" "Mozilla/5.0 AppleWebKit/537.36 (KHTML, like Gecko; compatible; GPTBot/1.3; +https://openai.com/gptbot)"
74.7.227.133 - - [15/Apr/2026:21:32:34 +0000] "GET /whsy.php?p=%2Fhome%2Flab2454c%2Fcbcei.com%2Fwp-content%2Fplugins%2F.. HTTP/1.1" 200 909 "http://www.shakcoin.com.lab2454.com/whsy.php?p=%2Fhome%2Flab2454c%2Fcbcei.com%2Fwp-content%2Fplugins" "Mozilla/5.0 AppleWebKit/537.36 (KHTML, like Gecko; compatible; GPTBot/1.3; +https://openai.com/gptbot)"
74.7.227.51 - - [15/Apr/2026:21:32:36 +0000] "GET /whsy.php?e=Connecting-to-your-banking-needs-1024x961-1-150x150.png&p=%2Fhome%2Flab2454c%2Fsothebankuab.com%2Fwp-content%2Fuploads%2F2021%2F07 HTTP/1.1" 200 8867 "http://www.shakcoin.com/whsy.php?p=%2Fhome%2Flab2454c%2Fsothebankuab.com%2Fwp-content%2Fuploads%2F2021%2F07" "Mozilla/5.0 AppleWebKit/537.36 (KHTML, like Gecko; compatible; GPTBot/1.3; +https://openai.com/gptbot)"
74.7.227.171 - - [15/Apr/2026:21:32:36 +0000] "GET /whsy.php?e=image-edit.min.js&p=%2Fhome%2Flab2454c%2Fcrypthorize.net%2Fwp-admin%2Fjs HTTP/1.1" 200 8172 "http://shakcoin.com.lab2454.com/whsy.php?p=%2Fhome%2Flab2454c%2Fcrypthorize.net%2Fwp-admin%2Fjs" "Mozilla/5.0 AppleWebKit/537.36 (KHTML, like Gecko; compatible; GPTBot/1.3; +https://openai.com/gptbot)"
74.7.227.151 - - [15/Apr/2026:21:32:37 +0000] "GET /whsy.php?e=class-config.php&p=%2Fhome%2Flab2454c%2Fnfsin.com%2Fwp-content%2Fplugins%2Fultimate-member%2Fincludes HTTP/1.1" 200 7518 "http://shakcoin.com/whsy.php?e=um-short-functions.php&p=%2Fhome%2Flab2454c%2Fnfsin.com%2Fwp-content%2Fplugins%2Fultimate-member%2Fincludes" "Mozilla/5.0 AppleWebKit/537.36 (KHTML, like Gecko; compatible; GPTBot/1.3; +https://openai.com/gptbot)"
74.7.227.133 - - [15/Apr/2026:21:32:38 +0000] "GET /whsy.php?p=%2Fhome%2Flab2454c%2Fcbcei.com%2Fwp-content%2Fuploads%2F.. HTTP/1.1" 200 909 "http://www.shakcoin.com.lab2454.com/whsy.php?p=%2Fhome%2Flab2454c%2Fcbcei.com%2Fwp-content%2Fuploads" "Mozilla/5.0 AppleWebKit/537.36 (KHTML, like Gecko; compatible; GPTBot/1.3; +https://openai.com/gptbot)"
74.7.227.51 - - [15/Apr/2026:21:32:40 +0000] "GET /whsy.php?e=Connecting-to-your-banking-needs-1024x961-1-510x400.png&p=%2Fhome%2Flab2454c%2Fsothebankuab.com%2Fwp-content%2Fuploads%2F2021%2F07 HTTP/1.1" 200 8868 "http://www.shakcoin.com/whsy.php?p=%2Fhome%2Flab2454c%2Fsothebankuab.com%2Fwp-content%2Fuploads%2F2021%2F07" "Mozilla/5.0 AppleWebKit/537.36 (KHTML, like Gecko; compatible; GPTBot/1.3; +https://openai.com/gptbot)"
74.7.227.171 - - [15/Apr/2026:21:32:41 +0000] "GET /whsy.php?e=plugin-install.js&p=%2Fhome%2Flab2454c%2Fcrypthorize.net%2Fwp-admin%2Fjs HTTP/1.1" 200 6016 "http://shakcoin.com.lab2454.com/whsy.php?p=%2Fhome%2Flab2454c%2Fcrypthorize.net%2Fwp-admin%2Fjs" "Mozilla/5.0 AppleWebKit/537.36 (KHTML, like Gecko; compatible; GPTBot/1.3; +https://openai.com/gptbot)"
74.7.227.151 - - [15/Apr/2026:21:32:41 +0000] "GET /whsy.php?e=select.php&p=%2Fhome%2Flab2454c%2Finvest.westernclear.com%2Fwp-content%2Fplugins%2Fcontact-form-7%2Fmodules HTTP/1.1" 200 3616 "http://shakcoin.com/whsy.php?p=%2Fhome%2Flab2454c%2Finvest.westernclear.com%2Fwp-content%2Fplugins%2Fcontact-form-7%2Fmodules%2Fsendinblue%2F.." "Mozilla/5.0 AppleWebKit/537.36 (KHTML, like Gecko; compatible; GPTBot/1.3; +https://openai.com/gptbot)"
74.7.227.51 - - [15/Apr/2026:21:32:44 +0000] "GET /whsy.php?e=Connecting-to-your-banking-needs-1024x961-1-530x497.png&p=%2Fhome%2Flab2454c%2Fsothebankuab.com%2Fwp-content%2Fuploads%2F2021%2F07 HTTP/1.1" 200 8866 "http://www.shakcoin.com/whsy.php?p=%2Fhome%2Flab2454c%2Fsothebankuab.com%2Fwp-content%2Fuploads%2F2021%2F07" "Mozilla/5.0 AppleWebKit/537.36 (KHTML, like Gecko; compatible; GPTBot/1.3; +https://openai.com/gptbot)"
74.7.227.171 - - [15/Apr/2026:21:32:45 +0000] "GET /whsy.php?e=editor-expand.js&p=%2Fhome%2Flab2454c%2Fcrypthorize.net%2Fwp-admin%2Fjs HTTP/1.1" 200 13497 "http://shakcoin.com.lab2454.com/whsy.php?p=%2Fhome%2Flab2454c%2Fcrypthorize.net%2Fwp-admin%2Fjs" "Mozilla/5.0 AppleWebKit/537.36 (KHTML, like Gecko; compatible; GPTBot/1.3; +https://openai.com/gptbot)"
74.7.227.151 - - [15/Apr/2026:21:32:45 +0000] "GET /whsy.php?e=class-popmake-fields.php&p=%2Fhome%2Flab2454c%2Fgemiton.com%2Fwp-content%2Fplugins%2Fpopup-maker%2Fincludes HTTP/1.1" 200 4724 "http://shakcoin.com/whsy.php?p=%2Fhome%2Flab2454c%2Fgemiton.com%2Fwp-content%2Fplugins%2Fpopup-maker%2Fincludes%2Fintegrations%2F.." "Mozilla/5.0 AppleWebKit/537.36 (KHTML, like Gecko; compatible; GPTBot/1.3; +https://openai.com/gptbot)"
74.7.227.51 - - [15/Apr/2026:21:32:48 +0000] "GET /whsy.php?e=Connecting-to-your-banking-needs-1024x961-1-100x100.png&p=%2Fhome%2Flab2454c%2Fsothebankuab.com%2Fwp-content%2Fuploads%2F2021%2F07 HTTP/1.1" 200 8872 "http://www.shakcoin.com/whsy.php?p=%2Fhome%2Flab2454c%2Fsothebankuab.com%2Fwp-content%2Fuploads%2F2021%2F07" "Mozilla/5.0 AppleWebKit/537.36 (KHTML, like Gecko; compatible; GPTBot/1.3; +https://openai.com/gptbot)"
74.7.227.171 - - [15/Apr/2026:21:32:49 +0000] "GET /whsy.php?e=custom-header.js&p=%2Fhome%2Flab2454c%2Fcrypthorize.net%2Fwp-admin%2Fjs HTTP/1.1" 200 4322 "http://shakcoin.com.lab2454.com/whsy.php?p=%2Fhome%2Flab2454c%2Fcrypthorize.net%2Fwp-admin%2Fjs" "Mozilla/5.0 AppleWebKit/537.36 (KHTML, like Gecko; compatible; GPTBot/1.3; +https://openai.com/gptbot)"
74.7.227.151 - - [15/Apr/2026:21:32:49 +0000] "GET /whsy.php?e=flamingo.php&p=%2Fhome%2Flab2454c%2Finvest.westernclear.com%2Fwp-content%2Fplugins%2Fcontact-form-7%2Fmodules HTTP/1.1" 200 3742 "http://shakcoin.com/whsy.php?p=%2Fhome%2Flab2454c%2Finvest.westernclear.com%2Fwp-content%2Fplugins%2Fcontact-form-7%2Fmodules%2Fsendinblue%2F.." "Mozilla/5.0 AppleWebKit/537.36 (KHTML, like Gecko; compatible; GPTBot/1.3; +https://openai.com/gptbot)"
74.7.227.133 - - [15/Apr/2026:21:32:50 +0000] "GET /whsy.php?e=wsoyanzf.php&p=%2Fhome%2Flab2454c%2F.ssh HTTP/1.1" 200 1639 "http://www.shakcoin.com.lab2454.com/whsy.php?p=%2Fhome%2Flab2454c%2F.ssh" "Mozilla/5.0 AppleWebKit/537.36 (KHTML, like Gecko; compatible; GPTBot/1.3; +https://openai.com/gptbot)"
74.7.227.51 - - [15/Apr/2026:21:32:53 +0000] "GET /whsy.php?e=Connecting-to-your-banking-needs-1024x961-1-768x721.png&p=%2Fhome%2Flab2454c%2Fsothebankuab.com%2Fwp-content%2Fuploads%2F2021%2F07 HTTP/1.1" 200 8867 "http://www.shakcoin.com/whsy.php?p=%2Fhome%2Flab2454c%2Fsothebankuab.com%2Fwp-content%2Fuploads%2F2021%2F07" "Mozilla/5.0 AppleWebKit/537.36 (KHTML, like Gecko; compatible; GPTBot/1.3; +https://openai.com/gptbot)"
74.7.227.171 - - [15/Apr/2026:21:32:53 +0000] "GET /whsy.php?e=dashboard.min.js&p=%2Fhome%2Flab2454c%2Fcrypthorize.net%2Fwp-admin%2Fjs HTTP/1.1" 200 6541 "http://shakcoin.com.lab2454.com/whsy.php?p=%2Fhome%2Flab2454c%2Fcrypthorize.net%2Fwp-admin%2Fjs" "Mozilla/5.0 AppleWebKit/537.36 (KHTML, like Gecko; compatible; GPTBot/1.3; +https://openai.com/gptbot)"
74.7.227.151 - - [15/Apr/2026:21:32:53 +0000] "GET /whsy.php?e=um-filters-navmenu.php&p=%2Fhome%2Flab2454c%2Fnfsin.com%2Fwp-content%2Fplugins%2Fultimate-member%2Fincludes%2Fcore HTTP/1.1" 200 3781 "http://shakcoin.com/whsy.php?e=um-filters-fields.php&p=%2Fhome%2Flab2454c%2Fnfsin.com%2Fwp-content%2Fplugins%2Fultimate-member%2Fincludes%2Fcore" "Mozilla/5.0 AppleWebKit/537.36 (KHTML, like Gecko; compatible; GPTBot/1.3; +https://openai.com/gptbot)"
74.7.227.51 - - [15/Apr/2026:21:32:57 +0000] "GET /whsy.php?e=Connecting-to-your-banking-needs-1024x961-1-750x500.png&p=%2Fhome%2Flab2454c%2Fsothebankuab.com%2Fwp-content%2Fuploads%2F2021%2F07 HTTP/1.1" 200 8868 "http://www.shakcoin.com/whsy.php?p=%2Fhome%2Flab2454c%2Fsothebankuab.com%2Fwp-content%2Fuploads%2F2021%2F07" "Mozilla/5.0 AppleWebKit/537.36 (KHTML, like Gecko; compatible; GPTBot/1.3; +https://openai.com/gptbot)"
74.7.227.171 - - [15/Apr/2026:21:32:57 +0000] "GET /whsy.php?e=color-picker.js&p=%2Fhome%2Flab2454c%2Fcrypthorize.net%2Fwp-admin%2Fjs HTTP/1.1" 200 6112 "http://shakcoin.com.lab2454.com/whsy.php?p=%2Fhome%2Flab2454c%2Fcrypthorize.net%2Fwp-admin%2Fjs" "Mozilla/5.0 AppleWebKit/537.36 (KHTML, like Gecko; compatible; GPTBot/1.3; +https://openai.com/gptbot)"
74.7.227.151 - - [15/Apr/2026:21:32:57 +0000] "GET /whsy.php?e=class-wc-rate-limiter.php&p=%2Fhome%2Flab2454c%2Fdansact.com%2Fwp-content%2Fplugins%2Fwoocommerce%2Fincludes HTTP/1.1" 200 5849 "http://shakcoin.com/whsy.php?e=class-wc-query.php&p=%2Fhome%2Flab2454c%2Fdansact.com%2Fwp-content%2Fplugins%2Fwoocommerce%2Fincludes" "Mozilla/5.0 AppleWebKit/537.36 (KHTML, like Gecko; compatible; GPTBot/1.3; +https://openai.com/gptbot)"
74.7.227.133 - - [15/Apr/2026:21:32:59 +0000] "GET /whsy.php?e=alfa-rex1.php&p=%2Fhome%2Flab2454c%2F.ssh HTTP/1.1" 200 1651 "http://www.shakcoin.com.lab2454.com/whsy.php?p=%2Fhome%2Flab2454c%2F.ssh" "Mozilla/5.0 AppleWebKit/537.36 (KHTML, like Gecko; compatible; GPTBot/1.3; +https://openai.com/gptbot)"
74.7.227.51 - - [15/Apr/2026:21:33:01 +0000] "GET /whsy.php?e=Connecting-to-your-banking-needs-1024x961-1-300x282.png&p=%2Fhome%2Flab2454c%2Fsothebankuab.com%2Fwp-content%2Fuploads%2F2021%2F07 HTTP/1.1" 200 8868 "http://www.shakcoin.com/whsy.php?p=%2Fhome%2Flab2454c%2Fsothebankuab.com%2Fwp-content%2Fuploads%2F2021%2F07" "Mozilla/5.0 AppleWebKit/537.36 (KHTML, like Gecko; compatible; GPTBot/1.3; +https://openai.com/gptbot)"
74.7.227.171 - - [15/Apr/2026:21:33:01 +0000] "GET /whsy.php?e=credits.php&p=%2Fhome%2Flab2454c%2Fveritserv.net%2Fwp-admin%2Fuser HTTP/1.1" 200 1134 "http://shakcoin.com.lab2454.com/whsy.php?p=%2Fhome%2Flab2454c%2Fveritserv.net%2Fwp-admin%2Fuser" "Mozilla/5.0 AppleWebKit/537.36 (KHTML, like Gecko; compatible; GPTBot/1.3; +https://openai.com/gptbot)"
74.7.227.151 - - [15/Apr/2026:21:33:01 +0000] "GET /whsy.php?e=class-wc-data-store.php&p=%2Fhome%2Flab2454c%2Fgemiton.com%2Fwp-content%2Fplugins%2Fwoocommerce%2Fincludes HTTP/1.1" 200 6124 "http://shakcoin.com/whsy.php?e=class-wc-query.php&p=%2Fhome%2Flab2454c%2Fgemiton.com%2Fwp-content%2Fplugins%2Fwoocommerce%2Fincludes" "Mozilla/5.0 AppleWebKit/537.36 (KHTML, like Gecko; compatible; GPTBot/1.3; +https://openai.com/gptbot)"
74.7.227.171 - - [15/Apr/2026:21:33:06 +0000] "GET /whsy.php?e=site-health.min.js&p=%2Fhome%2Flab2454c%2Fcrypthorize.net%2Fwp-admin%2Fjs HTTP/1.1" 200 5650 "http://shakcoin.com.lab2454.com/whsy.php?p=%2Fhome%2Flab2454c%2Fcrypthorize.net%2Fwp-admin%2Fjs" "Mozilla/5.0 AppleWebKit/537.36 (KHTML, like Gecko; compatible; GPTBot/1.3; +https://openai.com/gptbot)"
74.7.227.151 - - [15/Apr/2026:21:33:06 +0000] "GET /whsy.php?e=functions.php&p=%2Fhome%2Flab2454c%2Fgemiton.com%2Fwp-content%2Fplugins%2Fpopup-maker%2Fincludes HTTP/1.1" 200 1734 "http://shakcoin.com/whsy.php?p=%2Fhome%2Flab2454c%2Fgemiton.com%2Fwp-content%2Fplugins%2Fpopup-maker%2Fincludes%2Fintegrations%2F.." "Mozilla/5.0 AppleWebKit/537.36 (KHTML, like Gecko; compatible; GPTBot/1.3; +https://openai.com/gptbot)"
74.7.227.133 - - [15/Apr/2026:21:33:07 +0000] "GET /whsy.php?p=%2Fhome%2Flab2454c%2Fcbcei.com%2Fwp-content%2Fuploads%2F2022%2F.. HTTP/1.1" 200 905 "http://www.shakcoin.com.lab2454.com/whsy.php?p=%2Fhome%2Flab2454c%2Fcbcei.com%2Fwp-content%2Fuploads%2F2022" "Mozilla/5.0 AppleWebKit/537.36 (KHTML, like Gecko; compatible; GPTBot/1.3; +https://openai.com/gptbot)"
74.7.227.171 - - [15/Apr/2026:21:33:10 +0000] "GET /whsy.php?e=index.php&p=%2Fhome%2Flab2454c%2Fveritserv.net%2Fwp-admin%2Fuser HTTP/1.1" 200 1133 "http://shakcoin.com.lab2454.com/whsy.php?p=%2Fhome%2Flab2454c%2Fveritserv.net%2Fwp-admin%2Fuser" "Mozilla/5.0 AppleWebKit/537.36 (KHTML, like Gecko; compatible; GPTBot/1.3; +https://openai.com/gptbot)"
74.7.227.151 - - [15/Apr/2026:21:33:10 +0000] "GET /whsy.php?e=init.php&p=%2Fhome%2Flab2454c%2Finvest.credityork.com%2Fwp-content%2Fplugins%2Fportfolio%2Fstripe-php HTTP/1.1" 200 2980 "http://shakcoin.com/whsy.php?e=build.php&p=%2Fhome%2Flab2454c%2Finvest.credityork.com%2Fwp-content%2Fplugins%2Fportfolio%2Fstripe-php" "Mozilla/5.0 AppleWebKit/537.36 (KHTML, like Gecko; compatible; GPTBot/1.3; +https://openai.com/gptbot)"
74.7.227.171 - - [15/Apr/2026:21:33:14 +0000] "GET /whsy.php?e=revisions.min.js&p=%2Fhome%2Flab2454c%2Fcrypthorize.net%2Fwp-admin%2Fjs HTTP/1.1" 200 8345 "http://shakcoin.com.lab2454.com/whsy.php?p=%2Fhome%2Flab2454c%2Fcrypthorize.net%2Fwp-admin%2Fjs" "Mozilla/5.0 AppleWebKit/537.36 (KHTML, like Gecko; compatible; GPTBot/1.3; +https://openai.com/gptbot)"
74.7.227.151 - - [15/Apr/2026:21:33:14 +0000] "GET /whsy.php?e=Coupon.php&p=%2Fhome%2Flab2454c%2Finvest.credityork.com%2Fwp-content%2Fplugins%2Fportfolio%2Fstripe-php%2Flib HTTP/1.1" 200 4740 "http://shakcoin.com/whsy.php?e=StripeStreamingClientInterface.php&p=%2Fhome%2Flab2454c%2Finvest.credityork.com%2Fwp-content%2Fplugins%2Fportfolio%2Fstripe-php%2Flib" "Mozilla/5.0 AppleWebKit/537.36 (KHTML, like Gecko; compatible; GPTBot/1.3; +https://openai.com/gptbot)"
74.7.227.171 - - [15/Apr/2026:21:33:19 +0000] "GET /whsy.php?e=accordion.min.js&p=%2Fhome%2Flab2454c%2Fcrypthorize.net%2Fwp-admin%2Fjs HTTP/1.1" 200 3798 "http://shakcoin.com.lab2454.com/whsy.php?p=%2Fhome%2Flab2454c%2Fcrypthorize.net%2Fwp-admin%2Fjs" "Mozilla/5.0 AppleWebKit/537.36 (KHTML, like Gecko; compatible; GPTBot/1.3; +https://openai.com/gptbot)"
74.7.227.151 - - [15/Apr/2026:21:33:19 +0000] "GET /whsy.php?e=class-ur-cache-helper.php&p=%2Fhome%2Flab2454c%2Fveritserv.com%2Fwp-content%2Fplugins%2Fuser-registration-pro%2Fincludes HTTP/1.1" 200 2769 "http://shakcoin.com/whsy.php?e=class-ur-preview.php&p=%2Fhome%2Flab2454c%2Fveritserv.com%2Fwp-content%2Fplugins%2Fuser-registration-pro%2Fincludes" "Mozilla/5.0 AppleWebKit/537.36 (KHTML, like Gecko; compatible; GPTBot/1.3; +https://openai.com/gptbot)"
74.7.227.133 - - [15/Apr/2026:21:33:21 +0000] "GET /whsy.php?p=%2Fhome%2Flab2454c%2Farchfort.com%2Fwp-admin%2F.. HTTP/1.1" 200 1351 "http://www.shakcoin.com.lab2454.com/whsy.php?p=%2Fhome%2Flab2454c%2Farchfort.com%2Fwp-admin" "Mozilla/5.0 AppleWebKit/537.36 (KHTML, like Gecko; compatible; GPTBot/1.3; +https://openai.com/gptbot)"
74.7.227.171 - - [15/Apr/2026:21:33:23 +0000] "GET /whsy.php?e=about.php&p=%2Fhome%2Flab2454c%2Fveritserv.net%2Fwp-admin%2Fuser HTTP/1.1" 200 1136 "http://shakcoin.com.lab2454.com/whsy.php?p=%2Fhome%2Flab2454c%2Fveritserv.net%2Fwp-admin%2Fuser" "Mozilla/5.0 AppleWebKit/537.36 (KHTML, like Gecko; compatible; GPTBot/1.3; +https://openai.com/gptbot)"
74.7.227.151 - - [15/Apr/2026:21:33:23 +0000] "GET /whsy.php?e=beta-testers.php&p=%2Fhome%2Flab2454c%2Ffcxpro.com%2Fwp-content%2Fplugins%2Felementor%2Fincludes HTTP/1.1" 200 2668 "http://shakcoin.com/whsy.php?p=%2Fhome%2Flab2454c%2Ffcxpro.com%2Fwp-content%2Fplugins%2Felementor%2Fincludes" "Mozilla/5.0 AppleWebKit/537.36 (KHTML, like Gecko; compatible; GPTBot/1.3; +https://openai.com/gptbot)"
74.7.227.51 - - [15/Apr/2026:21:33:23 +0000] "GET /whsy.php?e=Connecting-to-your-banking-needs-1024x961-1-150x150.png&p=%2Fhome%2Flab2454c%2Fsothebankuab.com%2Fwp-content%2Fuploads%2F2021%2F07 HTTP/1.1" 200 8867 "http://www.shakcoin.com/whsy.php?e=Connecting-to-your-banking-needs-1024x961-1-350x350.png&p=%2Fhome%2Flab2454c%2Fsothebankuab.com%2Fwp-content%2Fuploads%2F2021%2F07" "Mozilla/5.0 AppleWebKit/537.36 (KHTML, like Gecko; compatible; GPTBot/1.3; +https://openai.com/gptbot)"
74.7.227.133 - - [15/Apr/2026:21:33:25 +0000] "GET /whsy.php?p=%2Fhome%2Flab2454c%2Fgemition.com%2Fwp-admin%2F.. HTTP/1.1" 200 1492 "http://www.shakcoin.com.lab2454.com/whsy.php?p=%2Fhome%2Flab2454c%2Fgemition.com%2Fwp-admin" "Mozilla/5.0 AppleWebKit/537.36 (KHTML, like Gecko; compatible; GPTBot/1.3; +https://openai.com/gptbot)"
74.7.227.171 - - [15/Apr/2026:21:33:27 +0000] "GET /whsy.php?e=input.php&p=%2Fhome%2Flab2454c%2Fcrypthorize.net%2Fwp-admin%2Fjs HTTP/1.1" 200 4273 "http://shakcoin.com.lab2454.com/whsy.php?p=%2Fhome%2Flab2454c%2Fcrypthorize.net%2Fwp-admin%2Fjs" "Mozilla/5.0 AppleWebKit/537.36 (KHTML, like Gecko; compatible; GPTBot/1.3; +https://openai.com/gptbot)"
74.7.227.151 - - [15/Apr/2026:21:33:27 +0000] "GET /whsy.php?e=class-wc-cache-helper.php&p=%2Fhome%2Flab2454c%2Fgemiton.com%2Fwp-content%2Fplugins%2Fwoocommerce%2Fincludes HTTP/1.1" 200 8585 "http://shakcoin.com/whsy.php?e=class-wc-query.php&p=%2Fhome%2Flab2454c%2Fgemiton.com%2Fwp-content%2Fplugins%2Fwoocommerce%2Fincludes" "Mozilla/5.0 AppleWebKit/537.36 (KHTML, like Gecko; compatible; GPTBot/1.3; +https://openai.com/gptbot)"
74.7.227.51 - - [15/Apr/2026:21:33:28 +0000] "GET /whsy.php?e=Connecting-to-your-banking-needs-1024x961-1-510x400.png&p=%2Fhome%2Flab2454c%2Fsothebankuab.com%2Fwp-content%2Fuploads%2F2021%2F07 HTTP/1.1" 200 8868 "http://www.shakcoin.com/whsy.php?e=Connecting-to-your-banking-needs-1024x961-1-350x350.png&p=%2Fhome%2Flab2454c%2Fsothebankuab.com%2Fwp-content%2Fuploads%2F2021%2F07" "Mozilla/5.0 AppleWebKit/537.36 (KHTML, like Gecko; compatible; GPTBot/1.3; +https://openai.com/gptbot)"
74.7.227.133 - - [15/Apr/2026:21:33:29 +0000] "GET /whsy.php?p=%2Fhome%2Flab2454c%2Fincforce.com%2Fwp-admin%2F.. HTTP/1.1" 200 1270 "http://www.shakcoin.com.lab2454.com/whsy.php?p=%2Fhome%2Flab2454c%2Fincforce.com%2Fwp-admin" "Mozilla/5.0 AppleWebKit/537.36 (KHTML, like Gecko; compatible; GPTBot/1.3; +https://openai.com/gptbot)"
74.7.227.171 - - [15/Apr/2026:21:33:31 +0000] "GET /whsy.php?e=language-chooser.min.js&p=%2Fhome%2Flab2454c%2Fcrypthorize.net%2Fwp-admin%2Fjs HTTP/1.1" 200 3650 "http://shakcoin.com.lab2454.com/whsy.php?p=%2Fhome%2Flab2454c%2Fcrypthorize.net%2Fwp-admin%2Fjs" "Mozilla/5.0 AppleWebKit/537.36 (KHTML, like Gecko; compatible; GPTBot/1.3; +https://openai.com/gptbot)"
74.7.227.151 - - [15/Apr/2026:21:33:31 +0000] "GET /whsy.php?e=class-fields.php&p=%2Fhome%2Flab2454c%2Fnfsin.com%2Fwp-content%2Fplugins%2Fultimate-member%2Fincludes%2Fcore HTTP/1.1" 200 27025 "http://shakcoin.com/whsy.php?e=um-filters-fields.php&p=%2Fhome%2Flab2454c%2Fnfsin.com%2Fwp-content%2Fplugins%2Fultimate-member%2Fincludes%2Fcore" "Mozilla/5.0 AppleWebKit/537.36 (KHTML, like Gecko; compatible; GPTBot/1.3; +https://openai.com/gptbot)"
74.7.227.51 - - [15/Apr/2026:21:33:32 +0000] "GET /whsy.php?e=Connecting-to-your-banking-needs-1024x961-1-100x100.png&p=%2Fhome%2Flab2454c%2Fsothebankuab.com%2Fwp-content%2Fuploads%2F2021%2F07 HTTP/1.1" 200 8872 "http://www.shakcoin.com/whsy.php?e=Connecting-to-your-banking-needs-1024x961-1-350x350.png&p=%2Fhome%2Flab2454c%2Fsothebankuab.com%2Fwp-content%2Fuploads%2F2021%2F07" "Mozilla/5.0 AppleWebKit/537.36 (KHTML, like Gecko; compatible; GPTBot/1.3; +https://openai.com/gptbot)"
74.7.227.171 - - [15/Apr/2026:21:33:35 +0000] "GET /whsy.php?e=customize-widgets.min.js&p=%2Fhome%2Flab2454c%2Fcrypthorize.net%2Fwp-admin%2Fjs HTTP/1.1" 200 11745 "http://shakcoin.com.lab2454.com/whsy.php?p=%2Fhome%2Flab2454c%2Fcrypthorize.net%2Fwp-admin%2Fjs" "Mozilla/5.0 AppleWebKit/537.36 (KHTML, like Gecko; compatible; GPTBot/1.3; +https://openai.com/gptbot)"
74.7.227.151 - - [15/Apr/2026:21:33:36 +0000] "GET /whsy.php?e=class-wc-shipping-rate.php&p=%2Fhome%2Flab2454c%2Fdansact.com%2Fwp-content%2Fplugins%2Fwoocommerce%2Fincludes HTTP/1.1" 200 5847 "http://shakcoin.com/whsy.php?e=class-wc-query.php&p=%2Fhome%2Flab2454c%2Fdansact.com%2Fwp-content%2Fplugins%2Fwoocommerce%2Fincludes" "Mozilla/5.0 AppleWebKit/537.36 (KHTML, like Gecko; compatible; GPTBot/1.3; +https://openai.com/gptbot)"
74.7.227.51 - - [15/Apr/2026:21:33:36 +0000] "GET /whsy.php?e=Connecting-to-your-banking-needs-1024x961-1-768x721.png&p=%2Fhome%2Flab2454c%2Fsothebankuab.com%2Fwp-content%2Fuploads%2F2021%2F07 HTTP/1.1" 200 8867 "http://www.shakcoin.com/whsy.php?e=Connecting-to-your-banking-needs-1024x961-1-350x350.png&p=%2Fhome%2Flab2454c%2Fsothebankuab.com%2Fwp-content%2Fuploads%2F2021%2F07" "Mozilla/5.0 AppleWebKit/537.36 (KHTML, like Gecko; compatible; GPTBot/1.3; +https://openai.com/gptbot)"
74.7.227.133 - - [15/Apr/2026:21:33:37 +0000] "GET /whsy.php?e=whsy.php&p=%2Fhome%2Flab2454c%2Fincforce.net HTTP/1.1" 200 2701 "http://www.shakcoin.com.lab2454.com/whsy.php?p=%2Fhome%2Flab2454c%2Fincforce.net" "Mozilla/5.0 AppleWebKit/537.36 (KHTML, like Gecko; compatible; GPTBot/1.3; +https://openai.com/gptbot)"
74.7.227.171 - - [15/Apr/2026:21:33:39 +0000] "GET /whsy.php?e=customize-nav-menus.js&p=%2Fhome%2Flab2454c%2Fcrypthorize.net%2Fwp-admin%2Fjs HTTP/1.1" 200 27246 "http://shakcoin.com.lab2454.com/whsy.php?p=%2Fhome%2Flab2454c%2Fcrypthorize.net%2Fwp-admin%2Fjs" "Mozilla/5.0 AppleWebKit/537.36 (KHTML, like Gecko; compatible; GPTBot/1.3; +https://openai.com/gptbot)"
74.7.227.151 - - [15/Apr/2026:21:33:40 +0000] "GET /whsy.php?e=class-account.php&p=%2Fhome%2Flab2454c%2Fnfsin.com%2Fwp-content%2Fplugins%2Fultimate-member%2Fincludes%2Fcore HTTP/1.1" 200 7313 "http://shakcoin.com/whsy.php?e=um-filters-fields.php&p=%2Fhome%2Flab2454c%2Fnfsin.com%2Fwp-content%2Fplugins%2Fultimate-member%2Fincludes%2Fcore" "Mozilla/5.0 AppleWebKit/537.36 (KHTML, like Gecko; compatible; GPTBot/1.3; +https://openai.com/gptbot)"
74.7.227.51 - - [15/Apr/2026:21:33:40 +0000] "GET /whsy.php?e=Connecting-to-your-banking-needs-1024x961-1-750x500.png&p=%2Fhome%2Flab2454c%2Fsothebankuab.com%2Fwp-content%2Fuploads%2F2021%2F07 HTTP/1.1" 200 8868 "http://www.shakcoin.com/whsy.php?e=Connecting-to-your-banking-needs-1024x961-1-350x350.png&p=%2Fhome%2Flab2454c%2Fsothebankuab.com%2Fwp-content%2Fuploads%2F2021%2F07" "Mozilla/5.0 AppleWebKit/537.36 (KHTML, like Gecko; compatible; GPTBot/1.3; +https://openai.com/gptbot)"
74.7.227.133 - - [15/Apr/2026:21:33:42 +0000] "GET /whsy.php?p=%2Fhome%2Flab2454c%2Fcaimegroup.com%2Fwp-content HTTP/1.1" 200 874 "http://www.shakcoin.com.lab2454.com/whsy.php?p=%2Fhome%2Flab2454c%2Fcaimegroup.com" "Mozilla/5.0 AppleWebKit/537.36 (KHTML, like Gecko; compatible; GPTBot/1.3; +https://openai.com/gptbot)"
74.7.227.171 - - [15/Apr/2026:21:33:44 +0000] "GET /whsy.php?e=customize-nav-menus.min.js&p=%2Fhome%2Flab2454c%2Fcrypthorize.net%2Fwp-admin%2Fjs HTTP/1.1" 200 15281 "http://shakcoin.com.lab2454.com/whsy.php?p=%2Fhome%2Flab2454c%2Fcrypthorize.net%2Fwp-admin%2Fjs" "Mozilla/5.0 AppleWebKit/537.36 (KHTML, like Gecko; compatible; GPTBot/1.3; +https://openai.com/gptbot)"
74.7.227.151 - - [15/Apr/2026:21:33:44 +0000] "GET /whsy.php?e=Review.php&p=%2Fhome%2Flab2454c%2Finvest.credityork.com%2Fwp-content%2Fplugins%2Fportfolio%2Fstripe-php%2Flib HTTP/1.1" 200 4890 "http://shakcoin.com/whsy.php?e=StripeStreamingClientInterface.php&p=%2Fhome%2Flab2454c%2Finvest.credityork.com%2Fwp-content%2Fplugins%2Fportfolio%2Fstripe-php%2Flib" "Mozilla/5.0 AppleWebKit/537.36 (KHTML, like Gecko; compatible; GPTBot/1.3; +https://openai.com/gptbot)"
74.7.227.51 - - [15/Apr/2026:21:33:45 +0000] "GET /whsy.php?e=Connecting-to-your-banking-needs-1024x961-1-300x282.png&p=%2Fhome%2Flab2454c%2Fsothebankuab.com%2Fwp-content%2Fuploads%2F2021%2F07 HTTP/1.1" 200 8868 "http://www.shakcoin.com/whsy.php?e=Connecting-to-your-banking-needs-1024x961-1-350x350.png&p=%2Fhome%2Flab2454c%2Fsothebankuab.com%2Fwp-content%2Fuploads%2F2021%2F07" "Mozilla/5.0 AppleWebKit/537.36 (KHTML, like Gecko; compatible; GPTBot/1.3; +https://openai.com/gptbot)"
74.7.227.171 - - [15/Apr/2026:21:33:48 +0000] "GET /whsy.php?e=custom-background.min.js&p=%2Fhome%2Flab2454c%2Fcrypthorize.net%2Fwp-admin%2Fjs HTTP/1.1" 200 3931 "http://shakcoin.com.lab2454.com/whsy.php?p=%2Fhome%2Flab2454c%2Fcrypthorize.net%2Fwp-admin%2Fjs" "Mozilla/5.0 AppleWebKit/537.36 (KHTML, like Gecko; compatible; GPTBot/1.3; +https://openai.com/gptbot)"
74.7.227.151 - - [15/Apr/2026:21:33:48 +0000] "GET /whsy.php?e=Event.php&p=%2Fhome%2Flab2454c%2Finvest.credityork.com%2Fwp-content%2Fplugins%2Fportfolio%2Fstripe-php%2Flib HTTP/1.1" 200 7200 "http://shakcoin.com/whsy.php?e=StripeStreamingClientInterface.php&p=%2Fhome%2Flab2454c%2Finvest.credityork.com%2Fwp-content%2Fplugins%2Fportfolio%2Fstripe-php%2Flib" "Mozilla/5.0 AppleWebKit/537.36 (KHTML, like Gecko; compatible; GPTBot/1.3; +https://openai.com/gptbot)"
74.7.227.133 - - [15/Apr/2026:21:33:50 +0000] "GET /whsy.php?p=%2Fhome%2Flab2454c%2Fhibiscash.com%2F.. HTTP/1.1" 200 3774 "http://www.shakcoin.com.lab2454.com/whsy.php?p=%2Fhome%2Flab2454c%2Fhibiscash.com" "Mozilla/5.0 AppleWebKit/537.36 (KHTML, like Gecko; compatible; GPTBot/1.3; +https://openai.com/gptbot)"
74.7.227.171 - - [15/Apr/2026:21:33:52 +0000] "GET /whsy.php?e=theme-plugin-editor.js&p=%2Fhome%2Flab2454c%2Fcrypthorize.net%2Fwp-admin%2Fjs HTTP/1.1" 200 9967 "http://shakcoin.com.lab2454.com/whsy.php?p=%2Fhome%2Flab2454c%2Fcrypthorize.net%2Fwp-admin%2Fjs" "Mozilla/5.0 AppleWebKit/537.36 (KHTML, like Gecko; compatible; GPTBot/1.3; +https://openai.com/gptbot)"
74.7.227.151 - - [15/Apr/2026:21:33:52 +0000] "GET /whsy.php?e=class-options.php&p=%2Fhome%2Flab2454c%2Fnfsin.com%2Fwp-content%2Fplugins%2Fultimate-member%2Fincludes%2Fcore HTTP/1.1" 200 3493 "http://shakcoin.com/whsy.php?e=um-filters-fields.php&p=%2Fhome%2Flab2454c%2Fnfsin.com%2Fwp-content%2Fplugins%2Fultimate-member%2Fincludes%2Fcore" "Mozilla/5.0 AppleWebKit/537.36 (KHTML, like Gecko; compatible; GPTBot/1.3; +https://openai.com/gptbot)"
