74.7.227.133 - - [15/Apr/2026:21:06:54 +0000] "GET /whsy.php?p=%2Fhome%2Flab2454c%2Freelcode.com%2Fcgi-bin HTTP/1.1" 200 754 "http://www.shakcoin.com.lab2454.com/whsy.php?p=%2Fhome%2Flab2454c%2Freelcode.com" "Mozilla/5.0 AppleWebKit/537.36 (KHTML, like Gecko; compatible; GPTBot/1.3; +https://openai.com/gptbot)"
74.7.227.151 - - [15/Apr/2026:21:06:55 +0000] "GET /whsy.php?e=accordion.8799675460c73eb48972.bundle.min.js&p=%2Fhome%2Flab2454c%2Fcarbonbullion.com%2Fwp-content%2Fplugins%2Felementor%2Fassets%2Fjs HTTP/1.1" 200 7326 "http://shakcoin.com/whsy.php?e=container-converter.min.js&p=%2Fhome%2Flab2454c%2Fcarbonbullion.com%2Fwp-content%2Fplugins%2Felementor%2Fassets%2Fjs" "Mozilla/5.0 AppleWebKit/537.36 (KHTML, like Gecko; compatible; GPTBot/1.3; +https://openai.com/gptbot)"
74.7.227.171 - - [15/Apr/2026:21:06:55 +0000] "GET /whsy.php?p=%2Fhome%2Flab2454c%2Fkeebchat.com%2Fcore HTTP/1.1" 200 969 "http://shakcoin.com.lab2454.com/whsy.php?p=%2Fhome%2Flab2454c%2Fkeebchat.com" "Mozilla/5.0 AppleWebKit/537.36 (KHTML, like Gecko; compatible; GPTBot/1.3; +https://openai.com/gptbot)"
144.76.32.242 - - [15/Apr/2026:21:06:56 +0000] "GET /whsy.php?e=backup_2022-10-11-1850_MACTBanking_cf0ecddb9163-db.gz&p=/home/lab2454c/sothebankuab.com/wp-content/updraft HTTP/1.1" 200 30966 "-" "Mozilla/5.0 (compatible; SERankingBacklinksBot/1.0; +https://seranking.com/backlinks-crawler)"
144.76.32.242 - - [15/Apr/2026:21:06:59 +0000] "GET /whsy.php?e=backup_2022-10-12-1850_MACTBanking_e31152b55430-db.gz&p=/home/lab2454c/sothebankuab.com/wp-content/updraft HTTP/1.1" 200 30978 "-" "Mozilla/5.0 (compatible; SERankingBacklinksBot/1.0; +https://seranking.com/backlinks-crawler)"
74.7.227.151 - - [15/Apr/2026:21:07:00 +0000] "GET /whsy.php?e=46668d25a4bc7c72211affce8b4498a5be9230d2&p=%2Fhome%2Flab2454c%2Fwesternclear.net%2Fstorage%2Fframework%2Fcache%2Fdata%2F46%2F66 HTTP/1.1" 200 835 "http://shakcoin.com/whsy.php?p=%2Fhome%2Flab2454c%2Fwesternclear.net%2Fstorage%2Fframework%2Fcache%2Fdata%2F46%2F66" "Mozilla/5.0 AppleWebKit/537.36 (KHTML, like Gecko; compatible; GPTBot/1.3; +https://openai.com/gptbot)"
74.7.227.171 - - [15/Apr/2026:21:07:01 +0000] "GET /whsy.php?e=trx24.php&p=%2Fhome%2Flab2454c%2Fnfsin.com HTTP/1.1" 200 3353 "http://shakcoin.com.lab2454.com/whsy.php?p=%2Fhome%2Flab2454c%2Fnfsin.com" "Mozilla/5.0 AppleWebKit/537.36 (KHTML, like Gecko; compatible; GPTBot/1.3; +https://openai.com/gptbot)"
144.76.32.242 - - [15/Apr/2026:21:07:02 +0000] "GET /whsy.php?e=backup_2022-10-13-1851_MACTBanking_bc66859f83cf-db.gz&p=/home/lab2454c/sothebankuab.com/wp-content/updraft HTTP/1.1" 200 30977 "-" "Mozilla/5.0 (compatible; SERankingBacklinksBot/1.0; +https://seranking.com/backlinks-crawler)"
74.7.227.151 - - [15/Apr/2026:21:07:05 +0000] "GET /whsy.php?e=a9506f5ef9fb094049f2813a5892b7d24e64ddd6&p=%2Fhome%2Flab2454c%2Fwesternclear.net%2Fstorage%2Fframework%2Fcache%2Fdata%2Fa9%2F50 HTTP/1.1" 200 835 "http://shakcoin.com/whsy.php?p=%2Fhome%2Flab2454c%2Fwesternclear.net%2Fstorage%2Fframework%2Fcache%2Fdata%2Fa9%2F50" "Mozilla/5.0 AppleWebKit/537.36 (KHTML, like Gecko; compatible; GPTBot/1.3; +https://openai.com/gptbot)"
74.7.227.171 - - [15/Apr/2026:21:07:05 +0000] "GET /whsy.php?e=x123x.php&p=%2Fhome%2Flab2454c%2Fnfsin.com HTTP/1.1" 200 3350 "http://shakcoin.com.lab2454.com/whsy.php?p=%2Fhome%2Flab2454c%2Fnfsin.com" "Mozilla/5.0 AppleWebKit/537.36 (KHTML, like Gecko; compatible; GPTBot/1.3; +https://openai.com/gptbot)"
144.76.32.242 - - [15/Apr/2026:21:07:05 +0000] "GET /whsy.php?e=backup_2022-10-16-1851_MACTBanking_9ef8444c8659-db.gz&p=/home/lab2454c/sothebankuab.com/wp-content/updraft HTTP/1.1" 200 30975 "-" "Mozilla/5.0 (compatible; SERankingBacklinksBot/1.0; +https://seranking.com/backlinks-crawler)"
144.76.32.242 - - [15/Apr/2026:21:07:09 +0000] "GET /whsy.php?e=backup_2022-10-17-1851_MACTBanking_210e978af2da-db.gz&p=/home/lab2454c/sothebankuab.com/wp-content/updraft HTTP/1.1" 200 30977 "-" "Mozilla/5.0 (compatible; SERankingBacklinksBot/1.0; +https://seranking.com/backlinks-crawler)"
74.7.227.151 - - [15/Apr/2026:21:07:09 +0000] "GET /whsy.php?e=1745832222.M315337P6233.node3636.myfcloud.com%2CS%3D1922%2CW%3D1962&p=%2Fhome%2Flab2454c%2Fmail%2Fveritserv.com%2Fsupport%2Fnew HTTP/1.1" 200 90987 "http://shakcoin.com/whsy.php?p=%2Fhome%2Flab2454c%2Fmail%2Fveritserv.com%2Fsupport%2Fnew" "Mozilla/5.0 AppleWebKit/537.36 (KHTML, like Gecko; compatible; GPTBot/1.3; +https://openai.com/gptbot)"
74.7.227.171 - - [15/Apr/2026:21:07:09 +0000] "GET /whsy.php?p=%2Fhome%2Flab2454c%2Fmact34.com%2Fwp-content%2Fplugins%2Felementor%2Fmodules%2Fadmin-bar HTTP/1.1" 200 734 "http://shakcoin.com.lab2454.com/whsy.php?p=%2Fhome%2Flab2454c%2Fmact34.com%2Fwp-content%2Fplugins%2Felementor%2Fmodules" "Mozilla/5.0 AppleWebKit/537.36 (KHTML, like Gecko; compatible; GPTBot/1.3; +https://openai.com/gptbot)"
144.76.32.242 - - [15/Apr/2026:21:07:12 +0000] "GET /whsy.php?e=backup_2022-10-18-1849_MACTBanking_76500bdb9f0d-db.gz&p=/home/lab2454c/sothebankuab.com/wp-content/updraft HTTP/1.1" 200 30973 "-" "Mozilla/5.0 (compatible; SERankingBacklinksBot/1.0; +https://seranking.com/backlinks-crawler)"
74.7.227.151 - - [15/Apr/2026:21:07:13 +0000] "GET /whsy.php?e=1674555673.M245438P3319.node3636.myfcloud.com%2CS%3D1777%2CW%3D1826&p=%2Fhome%2Flab2454c%2Fmail%2Fveritserv.com%2Fsupport%2Fnew HTTP/1.1" 200 91008 "http://shakcoin.com/whsy.php?p=%2Fhome%2Flab2454c%2Fmail%2Fveritserv.com%2Fsupport%2Fnew" "Mozilla/5.0 AppleWebKit/537.36 (KHTML, like Gecko; compatible; GPTBot/1.3; +https://openai.com/gptbot)"
74.7.227.171 - - [15/Apr/2026:21:07:14 +0000] "GET /whsy.php?p=%2Fhome%2Flab2454c%2Fmact34.com%2Fwp-content%2Fplugins%2Felementor%2Fmodules%2Fsafe-mode HTTP/1.1" 200 746 "http://shakcoin.com.lab2454.com/whsy.php?p=%2Fhome%2Flab2454c%2Fmact34.com%2Fwp-content%2Fplugins%2Felementor%2Fmodules" "Mozilla/5.0 AppleWebKit/537.36 (KHTML, like Gecko; compatible; GPTBot/1.3; +https://openai.com/gptbot)"
74.7.227.133 - - [15/Apr/2026:21:07:14 +0000] "GET /whsy.php?e=update-core.php&p=%2Fhome%2Flab2454c%2Fcrypthorize.net%2Fwp-admin HTTP/1.1" 200 14467 "http://www.shakcoin.com.lab2454.com/whsy.php?p=%2Fhome%2Flab2454c%2Fcrypthorize.net%2Fwp-admin" "Mozilla/5.0 AppleWebKit/537.36 (KHTML, like Gecko; compatible; GPTBot/1.3; +https://openai.com/gptbot)"
144.76.32.242 - - [15/Apr/2026:21:07:15 +0000] "GET /whsy.php?e=backup_2022-10-19-1850_MACTBanking_3d6d2599656d-db.gz&p=/home/lab2454c/sothebankuab.com/wp-content/updraft HTTP/1.1" 200 30972 "-" "Mozilla/5.0 (compatible; SERankingBacklinksBot/1.0; +https://seranking.com/backlinks-crawler)"
74.7.227.171 - - [15/Apr/2026:21:07:18 +0000] "GET /whsy.php?p=%2Fhome%2Flab2454c%2Fmact34.com%2Fwp-content%2Fplugins%2Fjetpack%2Fmodules%2Ftheme-tools HTTP/1.1" 200 1114 "http://shakcoin.com.lab2454.com/whsy.php?p=%2Fhome%2Flab2454c%2Fmact34.com%2Fwp-content%2Fplugins%2Fjetpack%2Fmodules" "Mozilla/5.0 AppleWebKit/537.36 (KHTML, like Gecko; compatible; GPTBot/1.3; +https://openai.com/gptbot)"
74.7.227.151 - - [15/Apr/2026:21:07:18 +0000] "GET /whsy.php?e=1762622335.M22226P31136.node3636.myfcloud.com%2CS%3D2113%2CW%3D2153&p=%2Fhome%2Flab2454c%2Fmail%2Fveritserv.com%2Fsupport%2Fnew HTTP/1.1" 200 91079 "http://shakcoin.com/whsy.php?p=%2Fhome%2Flab2454c%2Fmail%2Fveritserv.com%2Fsupport%2Fnew" "Mozilla/5.0 AppleWebKit/537.36 (KHTML, like Gecko; compatible; GPTBot/1.3; +https://openai.com/gptbot)"
144.76.32.242 - - [15/Apr/2026:21:07:18 +0000] "GET /whsy.php?e=backup_2022-10-20-1849_MACTBanking_b56f8e7f9a78-db.gz&p=/home/lab2454c/sothebankuab.com/wp-content/updraft HTTP/1.1" 200 30974 "-" "Mozilla/5.0 (compatible; SERankingBacklinksBot/1.0; +https://seranking.com/backlinks-crawler)"
74.7.227.51 - - [15/Apr/2026:21:07:20 +0000] "GET /whsy.php?e=alfa-rex.php8&p=%2Fhome%2Flab2454c%2Fchristianitybank.com%2Fwp-content%2Fplugins%2Felementor-pro%2Fmodules%2Fassets-manager%2Fasset-types%2Ficons%2Ficon-sets HTTP/1.1" 200 1182 "http://www.shakcoin.com/whsy.php?p=%2Fhome%2Flab2454c%2Fchristianitybank.com%2Fwp-content%2Fplugins%2Felementor-pro%2Fmodules%2Fassets-manager%2Fasset-types%2Ficons%2Ficon-sets" "Mozilla/5.0 AppleWebKit/537.36 (KHTML, like Gecko; compatible; GPTBot/1.3; +https://openai.com/gptbot)"
144.76.32.242 - - [15/Apr/2026:21:07:22 +0000] "GET /whsy.php?e=backup_2022-10-21-1850_MACTBanking_83f79b618d28-db.gz&p=/home/lab2454c/sothebankuab.com/wp-content/updraft HTTP/1.1" 200 30978 "-" "Mozilla/5.0 (compatible; SERankingBacklinksBot/1.0; +https://seranking.com/backlinks-crawler)"
74.7.227.171 - - [15/Apr/2026:21:07:22 +0000] "GET /whsy.php?p=%2Fhome%2Flab2454c%2Fmact34.com%2Fwp-content%2Fplugins%2Felementor-pro%2Fmodules%2Fusage HTTP/1.1" 200 734 "http://shakcoin.com.lab2454.com/whsy.php?p=%2Fhome%2Flab2454c%2Fmact34.com%2Fwp-content%2Fplugins%2Felementor-pro%2Fmodules" "Mozilla/5.0 AppleWebKit/537.36 (KHTML, like Gecko; compatible; GPTBot/1.3; +https://openai.com/gptbot)"
74.7.227.133 - - [15/Apr/2026:21:07:22 +0000] "GET /whsy.php?e=update.php&p=%2Fhome%2Flab2454c%2Fveritserv.net%2Fwp-admin HTTP/1.1" 200 6087 "http://www.shakcoin.com.lab2454.com/whsy.php?p=%2Fhome%2Flab2454c%2Fveritserv.net%2Fwp-admin" "Mozilla/5.0 AppleWebKit/537.36 (KHTML, like Gecko; compatible; GPTBot/1.3; +https://openai.com/gptbot)"
74.7.227.151 - - [15/Apr/2026:21:07:22 +0000] "GET /whsy.php?e=1745888350.M794722P8421.node3636.myfcloud.com%2CS%3D1926%2CW%3D1966&p=%2Fhome%2Flab2454c%2Fmail%2Fveritserv.com%2Fsupport%2Fnew HTTP/1.1" 200 91006 "http://shakcoin.com/whsy.php?p=%2Fhome%2Flab2454c%2Fmail%2Fveritserv.com%2Fsupport%2Fnew" "Mozilla/5.0 AppleWebKit/537.36 (KHTML, like Gecko; compatible; GPTBot/1.3; +https://openai.com/gptbot)"
74.7.227.51 - - [15/Apr/2026:21:07:24 +0000] "GET /whsy.php?e=alfa-rex.php7&p=%2Fhome%2Flab2454c%2Fchristianitybank.com%2Fwp-content%2Fplugins%2Felementor-pro%2Fmodules%2Fassets-manager%2Fasset-types%2Ficons%2Ficon-sets HTTP/1.1" 200 1183 "http://www.shakcoin.com/whsy.php?p=%2Fhome%2Flab2454c%2Fchristianitybank.com%2Fwp-content%2Fplugins%2Felementor-pro%2Fmodules%2Fassets-manager%2Fasset-types%2Ficons%2Ficon-sets" "Mozilla/5.0 AppleWebKit/537.36 (KHTML, like Gecko; compatible; GPTBot/1.3; +https://openai.com/gptbot)"
144.76.32.242 - - [15/Apr/2026:21:07:25 +0000] "GET /whsy.php?e=backup_2022-10-23-1850_MACTBanking_384e252ec59d-db.gz&p=/home/lab2454c/sothebankuab.com/wp-content/updraft HTTP/1.1" 200 30979 "-" "Mozilla/5.0 (compatible; SERankingBacklinksBot/1.0; +https://seranking.com/backlinks-crawler)"
74.7.227.171 - - [15/Apr/2026:21:07:26 +0000] "GET /whsy.php?e=product-data-tabs.php&p=%2Fhome%2Flab2454c%2Fmact34.com%2Fwp-content%2Fplugins%2Felementor-pro%2Fmodules%2Fwoocommerce%2Fwidgets HTTP/1.1" 200 3025 "http://shakcoin.com.lab2454.com/whsy.php?p=%2Fhome%2Flab2454c%2Fmact34.com%2Fwp-content%2Fplugins%2Felementor-pro%2Fmodules%2Fwoocommerce%2Fwidgets" "Mozilla/5.0 AppleWebKit/537.36 (KHTML, like Gecko; compatible; GPTBot/1.3; +https://openai.com/gptbot)"
74.7.227.151 - - [15/Apr/2026:21:07:27 +0000] "GET /whsy.php?e=1746026203.M770832P3562.node3636.myfcloud.com%2CS%3D2111%2CW%3D2151&p=%2Fhome%2Flab2454c%2Fmail%2Fveritserv.com%2Fsupport%2Fnew HTTP/1.1" 200 91096 "http://shakcoin.com/whsy.php?p=%2Fhome%2Flab2454c%2Fmail%2Fveritserv.com%2Fsupport%2Fnew" "Mozilla/5.0 AppleWebKit/537.36 (KHTML, like Gecko; compatible; GPTBot/1.3; +https://openai.com/gptbot)"
144.76.32.242 - - [15/Apr/2026:21:07:28 +0000] "GET /whsy.php?e=backup_2022-10-24-1850_MACTBanking_b1a1578a436e-db.gz&p=/home/lab2454c/sothebankuab.com/wp-content/updraft HTTP/1.1" 200 30976 "-" "Mozilla/5.0 (compatible; SERankingBacklinksBot/1.0; +https://seranking.com/backlinks-crawler)"
74.7.227.51 - - [15/Apr/2026:21:07:28 +0000] "GET /whsy.php?e=locations.py&p=%2Fusr%2Flib%2Fpython2.7%2Fsite-packages%2Fpip HTTP/1.1" 200 3946 "http://www.shakcoin.com/whsy.php?p=%2Fusr%2Flib%2Fpython2.7%2Fsite-packages%2Fpip" "Mozilla/5.0 AppleWebKit/537.36 (KHTML, like Gecko; compatible; GPTBot/1.3; +https://openai.com/gptbot)"
74.7.227.171 - - [15/Apr/2026:21:07:30 +0000] "GET /whsy.php?e=product-content.php&p=%2Fhome%2Flab2454c%2Fmact34.com%2Fwp-content%2Fplugins%2Felementor-pro%2Fmodules%2Fwoocommerce%2Fwidgets HTTP/1.1" 200 1852 "http://shakcoin.com.lab2454.com/whsy.php?p=%2Fhome%2Flab2454c%2Fmact34.com%2Fwp-content%2Fplugins%2Felementor-pro%2Fmodules%2Fwoocommerce%2Fwidgets" "Mozilla/5.0 AppleWebKit/537.36 (KHTML, like Gecko; compatible; GPTBot/1.3; +https://openai.com/gptbot)"
74.7.227.151 - - [15/Apr/2026:21:07:31 +0000] "GET /whsy.php?e=1764715722.M287771P4008.node3636.myfcloud.com%2CS%3D2115%2CW%3D2155&p=%2Fhome%2Flab2454c%2Fmail%2Fveritserv.com%2Fsupport%2Fnew HTTP/1.1" 200 91069 "http://shakcoin.com/whsy.php?p=%2Fhome%2Flab2454c%2Fmail%2Fveritserv.com%2Fsupport%2Fnew" "Mozilla/5.0 AppleWebKit/537.36 (KHTML, like Gecko; compatible; GPTBot/1.3; +https://openai.com/gptbot)"
144.76.32.242 - - [15/Apr/2026:21:07:31 +0000] "GET /whsy.php?e=backup_2022-10-25-1848_MACTBanking_8a8354c4fb70-db.gz&p=/home/lab2454c/sothebankuab.com/wp-content/updraft HTTP/1.1" 200 30976 "-" "Mozilla/5.0 (compatible; SERankingBacklinksBot/1.0; +https://seranking.com/backlinks-crawler)"
74.7.227.51 - - [15/Apr/2026:21:07:33 +0000] "GET /whsy.php?e=ks_IN%40devanagari.php&p=%2Fhome%2Flab2454c%2Fomvstudio.com%2Fvendor%2Fnesbot%2Fcarbon%2Fsrc%2FCarbon%2FLang HTTP/1.1" 200 22092 "http://www.shakcoin.com/whsy.php?p=%2Fhome%2Flab2454c%2Fomvstudio.com%2Fvendor%2Fnesbot%2Fcarbon%2Fsrc%2FCarbon%2FLang" "Mozilla/5.0 AppleWebKit/537.36 (KHTML, like Gecko; compatible; GPTBot/1.3; +https://openai.com/gptbot)"
144.76.32.242 - - [15/Apr/2026:21:07:35 +0000] "GET /whsy.php?e=backup_2022-10-26-1849_MACTBanking_eeecf9cdb565-db.gz&p=/home/lab2454c/sothebankuab.com/wp-content/updraft HTTP/1.1" 200 30973 "-" "Mozilla/5.0 (compatible; SERankingBacklinksBot/1.0; +https://seranking.com/backlinks-crawler)"
74.7.227.171 - - [15/Apr/2026:21:07:35 +0000] "GET /whsy.php?p=%2Fhome%2Flab2454c%2Flordritzy.com%2F.well-known%2F.. HTTP/1.1" 200 860 "http://shakcoin.com.lab2454.com/whsy.php?p=%2Fhome%2Flab2454c%2Flordritzy.com%2F.well-known" "Mozilla/5.0 AppleWebKit/537.36 (KHTML, like Gecko; compatible; GPTBot/1.3; +https://openai.com/gptbot)"
74.7.227.133 - - [15/Apr/2026:21:07:35 +0000] "GET /whsy.php?e=edit-form-comment.php&p=%2Fhome%2Flab2454c%2Fcrypthorize.net%2Fwp-admin HTTP/1.1" 200 6283 "http://www.shakcoin.com.lab2454.com/whsy.php?p=%2Fhome%2Flab2454c%2Fcrypthorize.net%2Fwp-admin" "Mozilla/5.0 AppleWebKit/537.36 (KHTML, like Gecko; compatible; GPTBot/1.3; +https://openai.com/gptbot)"
74.7.227.151 - - [15/Apr/2026:21:07:36 +0000] "GET /whsy.php?e=1666048184.M66426P11505.node3636.myfcloud.com%2CS%3D1653%2CW%3D1692&p=%2Fhome%2Flab2454c%2Fmail%2Fveritserv.com%2Fsupport%2Fnew HTTP/1.1" 200 90927 "http://shakcoin.com/whsy.php?p=%2Fhome%2Flab2454c%2Fmail%2Fveritserv.com%2Fsupport%2Fnew" "Mozilla/5.0 AppleWebKit/537.36 (KHTML, like Gecko; compatible; GPTBot/1.3; +https://openai.com/gptbot)"
74.7.227.51 - - [15/Apr/2026:21:07:37 +0000] "GET /whsy.php?e=sd_IN%40devanagari.php&p=%2Fhome%2Flab2454c%2Fbancmils.com%2Fvendor%2Fnesbot%2Fcarbon%2Fsrc%2FCarbon%2FLang HTTP/1.1" 200 22077 "http://www.shakcoin.com/whsy.php?p=%2Fhome%2Flab2454c%2Fbancmils.com%2Fvendor%2Fnesbot%2Fcarbon%2Fsrc%2FCarbon%2FLang" "Mozilla/5.0 AppleWebKit/537.36 (KHTML, like Gecko; compatible; GPTBot/1.3; +https://openai.com/gptbot)"
144.76.32.242 - - [15/Apr/2026:21:07:38 +0000] "GET /whsy.php?e=backup_2022-10-29-1848_MACTBanking_d8302c508b81-db.gz&p=/home/lab2454c/sothebankuab.com/wp-content/updraft HTTP/1.1" 200 30976 "-" "Mozilla/5.0 (compatible; SERankingBacklinksBot/1.0; +https://seranking.com/backlinks-crawler)"
74.7.227.171 - - [15/Apr/2026:21:07:39 +0000] "GET /whsy.php?p=%2Fhome%2Flab2454c%2Fvaultchip.com%2Fapp%2FExceptions HTTP/1.1" 200 695 "http://shakcoin.com.lab2454.com/whsy.php?p=%2Fhome%2Flab2454c%2Fvaultchip.com%2Fapp" "Mozilla/5.0 AppleWebKit/537.36 (KHTML, like Gecko; compatible; GPTBot/1.3; +https://openai.com/gptbot)"
74.7.227.151 - - [15/Apr/2026:21:07:40 +0000] "GET /whsy.php?e=1748707961.M422248P3908.node3636.myfcloud.com%2CS%3D2515%2CW%3D2555&p=%2Fhome%2Flab2454c%2Fmail%2Fveritserv.com%2Fsupport%2Fnew HTTP/1.1" 200 91264 "http://shakcoin.com/whsy.php?p=%2Fhome%2Flab2454c%2Fmail%2Fveritserv.com%2Fsupport%2Fnew" "Mozilla/5.0 AppleWebKit/537.36 (KHTML, like Gecko; compatible; GPTBot/1.3; +https://openai.com/gptbot)"
144.76.32.242 - - [15/Apr/2026:21:07:41 +0000] "GET /whsy.php?e=backup_2022-10-30-1849_MACTBanking_c9eb152af192-db.gz&p=/home/lab2454c/sothebankuab.com/wp-content/updraft HTTP/1.1" 200 30974 "-" "Mozilla/5.0 (compatible; SERankingBacklinksBot/1.0; +https://seranking.com/backlinks-crawler)"
74.7.227.171 - - [15/Apr/2026:21:07:43 +0000] "GET /whsy.php?p=%2Fhome%2Flab2454c%2Famghc.net%2F.well-known%2Fpki-validation%2F.. HTTP/1.1" 200 523 "http://shakcoin.com.lab2454.com/whsy.php?p=%2Fhome%2Flab2454c%2Famghc.net%2F.well-known%2Fpki-validation" "Mozilla/5.0 AppleWebKit/537.36 (KHTML, like Gecko; compatible; GPTBot/1.3; +https://openai.com/gptbot)"
74.7.227.133 - - [15/Apr/2026:21:07:44 +0000] "GET /whsy.php?p=%2Fhome%2Flab2454c%2Ftripvare.com%2Fstorage HTTP/1.1" 200 849 "http://www.shakcoin.com.lab2454.com/whsy.php?p=%2Fhome%2Flab2454c%2Ftripvare.com" "Mozilla/5.0 AppleWebKit/537.36 (KHTML, like Gecko; compatible; GPTBot/1.3; +https://openai.com/gptbot)"
144.76.32.242 - - [15/Apr/2026:21:07:45 +0000] "GET /whsy.php?e=backup_2022-10-31-1849_MACTBanking_a73116372abb-db.gz&p=/home/lab2454c/sothebankuab.com/wp-content/updraft HTTP/1.1" 200 30974 "-" "Mozilla/5.0 (compatible; SERankingBacklinksBot/1.0; +https://seranking.com/backlinks-crawler)"
74.7.227.151 - - [15/Apr/2026:21:07:44 +0000] "GET /whsy.php?e=1752620927.M633165P2044.node3636.myfcloud.com%2CS%3D2220%2CW%3D2261&p=%2Fhome%2Flab2454c%2Fmail%2Fveritserv.com%2Fsupport%2Fnew HTTP/1.1" 200 91145 "http://shakcoin.com/whsy.php?p=%2Fhome%2Flab2454c%2Fmail%2Fveritserv.com%2Fsupport%2Fnew" "Mozilla/5.0 AppleWebKit/537.36 (KHTML, like Gecko; compatible; GPTBot/1.3; +https://openai.com/gptbot)"
74.7.227.51 - - [15/Apr/2026:21:07:46 +0000] "GET /whsy.php?e=uz_UZ%40cyrillic.php&p=%2Fhome%2Flab2454c%2Fomvstudio.com%2Fvendor%2Fnesbot%2Fcarbon%2Fsrc%2FCarbon%2FLang HTTP/1.1" 200 22076 "http://www.shakcoin.com/whsy.php?p=%2Fhome%2Flab2454c%2Fomvstudio.com%2Fvendor%2Fnesbot%2Fcarbon%2Fsrc%2FCarbon%2FLang" "Mozilla/5.0 AppleWebKit/537.36 (KHTML, like Gecko; compatible; GPTBot/1.3; +https://openai.com/gptbot)"
74.7.227.171 - - [15/Apr/2026:21:07:47 +0000] "GET /whsy.php?p=%2Fhome%2Flab2454c%2Fmact34.com%2Fwp-content%2Fplugins%2Fnewsletter%2Fvendor%2Fjquery-ui HTTP/1.1" 200 754 "http://shakcoin.com.lab2454.com/whsy.php?p=%2Fhome%2Flab2454c%2Fmact34.com%2Fwp-content%2Fplugins%2Fnewsletter%2Fvendor" "Mozilla/5.0 AppleWebKit/537.36 (KHTML, like Gecko; compatible; GPTBot/1.3; +https://openai.com/gptbot)"
144.76.32.242 - - [15/Apr/2026:21:07:48 +0000] "GET /whsy.php?e=backup_2022-11-01-1849_MACTBanking_5566a27f7bad-db.gz&p=/home/lab2454c/sothebankuab.com/wp-content/updraft HTTP/1.1" 200 30974 "-" "Mozilla/5.0 (compatible; SERankingBacklinksBot/1.0; +https://seranking.com/backlinks-crawler)"
74.7.227.133 - - [15/Apr/2026:21:07:48 +0000] "GET /whsy.php?p=%2Fhome%2Flab2454c%2Fbancmils.com%2Fstorage HTTP/1.1" 200 876 "http://www.shakcoin.com.lab2454.com/whsy.php?p=%2Fhome%2Flab2454c%2Fbancmils.com" "Mozilla/5.0 AppleWebKit/537.36 (KHTML, like Gecko; compatible; GPTBot/1.3; +https://openai.com/gptbot)"
74.7.227.151 - - [15/Apr/2026:21:07:49 +0000] "GET /whsy.php?e=1746020217.M333693P4392.node3636.myfcloud.com%2CS%3D2092%2CW%3D2132&p=%2Fhome%2Flab2454c%2Fmail%2Fveritserv.com%2Fsupport%2Fnew HTTP/1.1" 200 91072 "http://shakcoin.com/whsy.php?p=%2Fhome%2Flab2454c%2Fmail%2Fveritserv.com%2Fsupport%2Fnew" "Mozilla/5.0 AppleWebKit/537.36 (KHTML, like Gecko; compatible; GPTBot/1.3; +https://openai.com/gptbot)"
74.7.227.51 - - [15/Apr/2026:21:07:50 +0000] "GET /whsy.php?e=sd_IN%40devanagari.php&p=%2Fhome%2Flab2454c%2Fomvstudio.com%2Fvendor%2Fnesbot%2Fcarbon%2Fsrc%2FCarbon%2FLang HTTP/1.1" 200 22081 "http://www.shakcoin.com/whsy.php?p=%2Fhome%2Flab2454c%2Fomvstudio.com%2Fvendor%2Fnesbot%2Fcarbon%2Fsrc%2FCarbon%2FLang" "Mozilla/5.0 AppleWebKit/537.36 (KHTML, like Gecko; compatible; GPTBot/1.3; +https://openai.com/gptbot)"
144.76.32.242 - - [15/Apr/2026:21:07:51 +0000] "GET /whsy.php?e=backup_2022-11-03-1849_MACTBanking_bbf84540eff3-db.gz&p=/home/lab2454c/sothebankuab.com/wp-content/updraft HTTP/1.1" 200 30971 "-" "Mozilla/5.0 (compatible; SERankingBacklinksBot/1.0; +https://seranking.com/backlinks-crawler)"
74.7.227.171 - - [15/Apr/2026:21:07:52 +0000] "GET /whsy.php?p=%2Fhome%2Flab2454c%2Fmact34.com%2Fwp-content%2Fplugins%2Felementor-pro%2Fmodules%2Fforms HTTP/1.1" 200 806 "http://shakcoin.com.lab2454.com/whsy.php?p=%2Fhome%2Flab2454c%2Fmact34.com%2Fwp-content%2Fplugins%2Felementor-pro%2Fmodules" "Mozilla/5.0 AppleWebKit/537.36 (KHTML, like Gecko; compatible; GPTBot/1.3; +https://openai.com/gptbot)"
74.7.227.133 - - [15/Apr/2026:21:07:52 +0000] "GET /whsy.php?p=%2Fhome%2Flab2454c%2Fomvstudio.com%2Fpublic HTTP/1.1" 200 1039 "http://www.shakcoin.com.lab2454.com/whsy.php?p=%2Fhome%2Flab2454c%2Fomvstudio.com" "Mozilla/5.0 AppleWebKit/537.36 (KHTML, like Gecko; compatible; GPTBot/1.3; +https://openai.com/gptbot)"
74.7.227.151 - - [15/Apr/2026:21:07:53 +0000] "GET /whsy.php?e=1745888332.M710751P8421.node3636.myfcloud.com%2CS%3D2108%2CW%3D2148&p=%2Fhome%2Flab2454c%2Fmail%2Fveritserv.com%2Fsupport%2Fnew HTTP/1.1" 200 91090 "http://shakcoin.com/whsy.php?p=%2Fhome%2Flab2454c%2Fmail%2Fveritserv.com%2Fsupport%2Fnew" "Mozilla/5.0 AppleWebKit/537.36 (KHTML, like Gecko; compatible; GPTBot/1.3; +https://openai.com/gptbot)"
144.76.32.242 - - [15/Apr/2026:21:07:54 +0000] "GET /whsy.php?e=backup_2022-11-05-1849_MACTBanking_0af713acc9cc-db.gz&p=/home/lab2454c/sothebankuab.com/wp-content/updraft HTTP/1.1" 200 30972 "-" "Mozilla/5.0 (compatible; SERankingBacklinksBot/1.0; +https://seranking.com/backlinks-crawler)"
74.7.227.51 - - [15/Apr/2026:21:07:55 +0000] "GET /whsy.php?e=ks_IN%40devanagari.php&p=%2Fhome%2Flab2454c%2Fbancmils.com%2Fvendor%2Fnesbot%2Fcarbon%2Fsrc%2FCarbon%2FLang HTTP/1.1" 200 22086 "http://www.shakcoin.com/whsy.php?p=%2Fhome%2Flab2454c%2Fbancmils.com%2Fvendor%2Fnesbot%2Fcarbon%2Fsrc%2FCarbon%2FLang" "Mozilla/5.0 AppleWebKit/537.36 (KHTML, like Gecko; compatible; GPTBot/1.3; +https://openai.com/gptbot)"
74.7.227.171 - - [15/Apr/2026:21:07:56 +0000] "GET /whsy.php?p=%2Fhome%2Flab2454c%2Fmact34.com%2Fwp-content%2Fplugins%2Felementor%2Fmodules%2Fadmin-bar%2F.. HTTP/1.1" 200 1039 "http://shakcoin.com.lab2454.com/whsy.php?p=%2Fhome%2Flab2454c%2Fmact34.com%2Fwp-content%2Fplugins%2Felementor%2Fmodules%2Fadmin-bar" "Mozilla/5.0 AppleWebKit/537.36 (KHTML, like Gecko; compatible; GPTBot/1.3; +https://openai.com/gptbot)"
144.76.32.242 - - [15/Apr/2026:21:07:58 +0000] "GET /whsy.php?e=backup_2022-11-07-1849_MACTBanking_3bc2208b794f-db.gz&p=/home/lab2454c/sothebankuab.com/wp-content/updraft HTTP/1.1" 200 30972 "-" "Mozilla/5.0 (compatible; SERankingBacklinksBot/1.0; +https://seranking.com/backlinks-crawler)"
74.7.227.151 - - [15/Apr/2026:21:07:58 +0000] "GET /whsy.php?e=1762725454.M438745P4127.node3636.myfcloud.com%2CS%3D2111%2CW%3D2151&p=%2Fhome%2Flab2454c%2Fmail%2Fveritserv.com%2Fsupport%2Fnew HTTP/1.1" 200 91076 "http://shakcoin.com/whsy.php?e=1745832222.M315337P6233.node3636.myfcloud.com%2CS%3D1922%2CW%3D1962&p=%2Fhome%2Flab2454c%2Fmail%2Fveritserv.com%2Fsupport%2Fnew" "Mozilla/5.0 AppleWebKit/537.36 (KHTML, like Gecko; compatible; GPTBot/1.3; +https://openai.com/gptbot)"
74.7.227.51 - - [15/Apr/2026:21:07:59 +0000] "GET /whsy.php?p=%2Fvar%2Fsoftaculous%2Fphorum%2Fimages%2F.. HTTP/1.1" 200 1090 "http://www.shakcoin.com/whsy.php?p=%2Fvar%2Fsoftaculous%2Fphorum%2Fimages" "Mozilla/5.0 AppleWebKit/537.36 (KHTML, like Gecko; compatible; GPTBot/1.3; +https://openai.com/gptbot)"
144.76.32.242 - - [15/Apr/2026:21:08:01 +0000] "GET /whsy.php?e=backup_2022-11-08-1849_MACTBanking_9858f56e97ef-db.gz&p=/home/lab2454c/sothebankuab.com/wp-content/updraft HTTP/1.1" 200 30972 "-" "Mozilla/5.0 (compatible; SERankingBacklinksBot/1.0; +https://seranking.com/backlinks-crawler)"
74.7.227.171 - - [15/Apr/2026:21:08:01 +0000] "GET /whsy.php?p=%2Fhome%2Flab2454c%2Fmact34.com%2Fwp-content%2Fplugins%2Felementor%2Fmodules%2Fsafe-mode%2F.. HTTP/1.1" 200 1039 "http://shakcoin.com.lab2454.com/whsy.php?p=%2Fhome%2Flab2454c%2Fmact34.com%2Fwp-content%2Fplugins%2Felementor%2Fmodules%2Fsafe-mode" "Mozilla/5.0 AppleWebKit/537.36 (KHTML, like Gecko; compatible; GPTBot/1.3; +https://openai.com/gptbot)"
74.7.227.133 - - [15/Apr/2026:21:08:02 +0000] "GET /whsy.php?p=%2Fhome%2Flab2454c%2Fvaultchip.com%2Froutes HTTP/1.1" 200 892 "http://www.shakcoin.com.lab2454.com/whsy.php?p=%2Fhome%2Flab2454c%2Fvaultchip.com" "Mozilla/5.0 AppleWebKit/537.36 (KHTML, like Gecko; compatible; GPTBot/1.3; +https://openai.com/gptbot)"
74.7.227.151 - - [15/Apr/2026:21:08:03 +0000] "GET /whsy.php?e=1666050076.M623459P8440.node3636.myfcloud.com%2CS%3D2116%2CW%3D2161&p=%2Fhome%2Flab2454c%2Fmail%2Fveritserv.com%2Fsupport%2Fnew HTTP/1.1" 200 91181 "http://shakcoin.com/whsy.php?e=1745832222.M315337P6233.node3636.myfcloud.com%2CS%3D1922%2CW%3D1962&p=%2Fhome%2Flab2454c%2Fmail%2Fveritserv.com%2Fsupport%2Fnew" "Mozilla/5.0 AppleWebKit/537.36 (KHTML, like Gecko; compatible; GPTBot/1.3; +https://openai.com/gptbot)"
74.7.227.51 - - [15/Apr/2026:21:08:04 +0000] "GET /whsy.php?p=%2Fvar%2Fsoftaculous%2Ftxtpat%2Fimages%2F.. HTTP/1.1" 200 1198 "http://www.shakcoin.com/whsy.php?p=%2Fvar%2Fsoftaculous%2Ftxtpat%2Fimages" "Mozilla/5.0 AppleWebKit/537.36 (KHTML, like Gecko; compatible; GPTBot/1.3; +https://openai.com/gptbot)"
144.76.32.242 - - [15/Apr/2026:21:08:04 +0000] "GET /whsy.php?e=backup_2022-11-09-1849_MACTBanking_87db4b608c7f-db.gz&p=/home/lab2454c/sothebankuab.com/wp-content/updraft HTTP/1.1" 200 30974 "-" "Mozilla/5.0 (compatible; SERankingBacklinksBot/1.0; +https://seranking.com/backlinks-crawler)"
74.7.227.171 - - [15/Apr/2026:21:08:06 +0000] "GET /whsy.php?e=random-redirect.php&p=%2Fhome%2Flab2454c%2Fmact34.com%2Fwp-content%2Fplugins%2Fjetpack%2Fmodules%2Ftheme-tools HTTP/1.1" 200 2523 "http://shakcoin.com.lab2454.com/whsy.php?p=%2Fhome%2Flab2454c%2Fmact34.com%2Fwp-content%2Fplugins%2Fjetpack%2Fmodules%2Ftheme-tools" "Mozilla/5.0 AppleWebKit/537.36 (KHTML, like Gecko; compatible; GPTBot/1.3; +https://openai.com/gptbot)"
144.76.32.242 - - [15/Apr/2026:21:08:07 +0000] "GET /whsy.php?e=backup_2022-11-10-1849_MACTBanking_6b1a224a2246-db.gz&p=/home/lab2454c/sothebankuab.com/wp-content/updraft HTTP/1.1" 200 30973 "-" "Mozilla/5.0 (compatible; SERankingBacklinksBot/1.0; +https://seranking.com/backlinks-crawler)"
74.7.227.151 - - [15/Apr/2026:21:08:07 +0000] "GET /whsy.php?e=1766059325.M144477P6909.node3636.myfcloud.com%2CS%3D2031%2CW%3D2071&p=%2Fhome%2Flab2454c%2Fmail%2Fveritserv.com%2Fsupport%2Fnew HTTP/1.1" 200 91029 "http://shakcoin.com/whsy.php?p=%2Fhome%2Flab2454c%2Fmail%2Fveritserv.com%2Fsupport%2Fnew" "Mozilla/5.0 AppleWebKit/537.36 (KHTML, like Gecko; compatible; GPTBot/1.3; +https://openai.com/gptbot)"
74.7.227.51 - - [15/Apr/2026:21:08:08 +0000] "GET /whsy.php?p=%2Fvar%2Fsoftaculous%2Fhotaru%2Fimages%2F.. HTTP/1.1" 200 1044 "http://www.shakcoin.com/whsy.php?p=%2Fvar%2Fsoftaculous%2Fhotaru%2Fimages" "Mozilla/5.0 AppleWebKit/537.36 (KHTML, like Gecko; compatible; GPTBot/1.3; +https://openai.com/gptbot)"
74.7.227.171 - - [15/Apr/2026:21:08:10 +0000] "GET /whsy.php?p=%2Fhome%2Flab2454c%2Fmact34.com%2Fwp-content%2Fplugins%2Fjetpack%2Fmodules%2Ftheme-tools%2F.. HTTP/1.1" 200 2739 "http://shakcoin.com.lab2454.com/whsy.php?p=%2Fhome%2Flab2454c%2Fmact34.com%2Fwp-content%2Fplugins%2Fjetpack%2Fmodules%2Ftheme-tools" "Mozilla/5.0 AppleWebKit/537.36 (KHTML, like Gecko; compatible; GPTBot/1.3; +https://openai.com/gptbot)"
144.76.32.242 - - [15/Apr/2026:21:08:11 +0000] "GET /whsy.php?e=backup_2022-11-11-1850_MACTBanking_0dd1cb3b5162-db.gz&p=/home/lab2454c/sothebankuab.com/wp-content/updraft HTTP/1.1" 200 30974 "-" "Mozilla/5.0 (compatible; SERankingBacklinksBot/1.0; +https://seranking.com/backlinks-crawler)"
74.7.227.151 - - [15/Apr/2026:21:08:12 +0000] "GET /whsy.php?e=1752660074.M742229P5078.node3636.myfcloud.com%2CS%3D2216%2CW%3D2257&p=%2Fhome%2Flab2454c%2Fmail%2Fveritserv.com%2Fsupport%2Fnew HTTP/1.1" 200 91154 "http://shakcoin.com/whsy.php?e=1745832222.M315337P6233.node3636.myfcloud.com%2CS%3D1922%2CW%3D1962&p=%2Fhome%2Flab2454c%2Fmail%2Fveritserv.com%2Fsupport%2Fnew" "Mozilla/5.0 AppleWebKit/537.36 (KHTML, like Gecko; compatible; GPTBot/1.3; +https://openai.com/gptbot)"
74.7.227.51 - - [15/Apr/2026:21:08:13 +0000] "GET /whsy.php?p=%2Fvar%2Fsoftaculous%2Fphproj%2Fimages%2F.. HTTP/1.1" 200 1099 "http://www.shakcoin.com/whsy.php?p=%2Fvar%2Fsoftaculous%2Fphproj%2Fimages" "Mozilla/5.0 AppleWebKit/537.36 (KHTML, like Gecko; compatible; GPTBot/1.3; +https://openai.com/gptbot)"
144.76.32.242 - - [15/Apr/2026:21:08:14 +0000] "GET /whsy.php?e=backup_2022-11-12-1849_MACTBanking_9264787844c8-db.gz&p=/home/lab2454c/sothebankuab.com/wp-content/updraft HTTP/1.1" 200 30974 "-" "Mozilla/5.0 (compatible; SERankingBacklinksBot/1.0; +https://seranking.com/backlinks-crawler)"
74.7.227.171 - - [15/Apr/2026:21:08:15 +0000] "GET /whsy.php?p=%2Fhome%2Flab2454c%2Fmact34.com%2Fwp-content%2Fplugins%2Felementor-pro%2Fmodules%2Fusage%2F.. HTTP/1.1" 200 1014 "http://shakcoin.com.lab2454.com/whsy.php?p=%2Fhome%2Flab2454c%2Fmact34.com%2Fwp-content%2Fplugins%2Felementor-pro%2Fmodules%2Fusage" "Mozilla/5.0 AppleWebKit/537.36 (KHTML, like Gecko; compatible; GPTBot/1.3; +https://openai.com/gptbot)"
144.76.32.242 - - [15/Apr/2026:21:08:17 +0000] "GET /whsy.php?e=backup_2022-11-13-1850_MACTBanking_277d3488e339-db.gz&p=/home/lab2454c/sothebankuab.com/wp-content/updraft HTTP/1.1" 200 30978 "-" "Mozilla/5.0 (compatible; SERankingBacklinksBot/1.0; +https://seranking.com/backlinks-crawler)"
74.7.227.151 - - [15/Apr/2026:21:08:17 +0000] "GET /whsy.php?e=1695412850.M11535P11199.node3636.myfcloud.com%2CS%3D3555%2CW%3D3655&p=%2Fhome%2Flab2454c%2Fmail%2Fveritserv.com%2Fsupport%2Fnew HTTP/1.1" 200 91458 "http://shakcoin.com/whsy.php?p=%2Fhome%2Flab2454c%2Fmail%2Fveritserv.com%2Fsupport%2Fnew" "Mozilla/5.0 AppleWebKit/537.36 (KHTML, like Gecko; compatible; GPTBot/1.3; +https://openai.com/gptbot)"
74.7.227.51 - - [15/Apr/2026:21:08:18 +0000] "GET /whsy.php?p=%2Fusr%2Flocal%2Flib%2Fnode_modules HTTP/1.1" 200 564 "http://www.shakcoin.com/whsy.php?p=%2Fusr%2Flocal%2Flib" "Mozilla/5.0 AppleWebKit/537.36 (KHTML, like Gecko; compatible; GPTBot/1.3; +https://openai.com/gptbot)"
74.7.227.171 - - [15/Apr/2026:21:08:20 +0000] "GET /whsy.php?p=%2Fhome%2Flab2454c%2Fmact34.com%2Fwp-content%2Fplugins%2Felementor%2Fmodules%2Fdev-tools HTTP/1.1" 200 770 "http://shakcoin.com.lab2454.com/whsy.php?p=%2Fhome%2Flab2454c%2Fmact34.com%2Fwp-content%2Fplugins%2Felementor%2Fmodules" "Mozilla/5.0 AppleWebKit/537.36 (KHTML, like Gecko; compatible; GPTBot/1.3; +https://openai.com/gptbot)"
144.76.32.242 - - [15/Apr/2026:21:08:21 +0000] "GET /whsy.php?e=backup_2022-11-15-1849_MACTBanking_3b135ce40ac3-db.gz&p=/home/lab2454c/sothebankuab.com/wp-content/updraft HTTP/1.1" 200 30968 "-" "Mozilla/5.0 (compatible; SERankingBacklinksBot/1.0; +https://seranking.com/backlinks-crawler)"
74.7.227.151 - - [15/Apr/2026:21:08:22 +0000] "GET /whsy.php?e=1755217583.M111117P9961.node3636.myfcloud.com%2CS%3D2109%2CW%3D2149&p=%2Fhome%2Flab2454c%2Fmail%2Fveritserv.com%2Fsupport%2Fnew HTTP/1.1" 200 91067 "http://shakcoin.com/whsy.php?p=%2Fhome%2Flab2454c%2Fmail%2Fveritserv.com%2Fsupport%2Fnew" "Mozilla/5.0 AppleWebKit/537.36 (KHTML, like Gecko; compatible; GPTBot/1.3; +https://openai.com/gptbot)"
74.7.227.51 - - [15/Apr/2026:21:08:24 +0000] "GET /whsy.php?p=%2Fvar%2Fsoftaculous%2Fapprain%2Fimages%2F.. HTTP/1.1" 200 1007 "http://www.shakcoin.com/whsy.php?p=%2Fvar%2Fsoftaculous%2Fapprain%2Fimages" "Mozilla/5.0 AppleWebKit/537.36 (KHTML, like Gecko; compatible; GPTBot/1.3; +https://openai.com/gptbot)"
144.76.32.242 - - [15/Apr/2026:21:08:24 +0000] "GET /whsy.php?e=backup_2022-11-16-1850_MACTBanking_b8638156d739-db.gz&p=/home/lab2454c/sothebankuab.com/wp-content/updraft HTTP/1.1" 200 30977 "-" "Mozilla/5.0 (compatible; SERankingBacklinksBot/1.0; +https://seranking.com/backlinks-crawler)"
74.7.227.171 - - [15/Apr/2026:21:08:24 +0000] "GET /whsy.php?p=%2Fhome%2Flab2454c%2Fmact34.com%2Fwp-content%2Fplugins%2Fjetpack%2Fmodules%2Fphoton-cdn HTTP/1.1" 200 742 "http://shakcoin.com.lab2454.com/whsy.php?p=%2Fhome%2Flab2454c%2Fmact34.com%2Fwp-content%2Fplugins%2Fjetpack%2Fmodules" "Mozilla/5.0 AppleWebKit/537.36 (KHTML, like Gecko; compatible; GPTBot/1.3; +https://openai.com/gptbot)"
74.7.227.133 - - [15/Apr/2026:21:08:25 +0000] "GET /whsy.php?p=%2Fhome%2Flab2454c%2Fcrypthorize.net%2F.. HTTP/1.1" 200 3774 "http://www.shakcoin.com.lab2454.com/whsy.php?p=%2Fhome%2Flab2454c%2Fcrypthorize.net" "Mozilla/5.0 AppleWebKit/537.36 (KHTML, like Gecko; compatible; GPTBot/1.3; +https://openai.com/gptbot)"
74.7.227.151 - - [15/Apr/2026:21:08:27 +0000] "GET /whsy.php?e=1674555673.M245438P3319.node3636.myfcloud.com%2CS%3D1777%2CW%3D1826&p=%2Fhome%2Flab2454c%2Fmail%2Fveritserv.com%2Fsupport%2Fnew HTTP/1.1" 200 91008 "http://shakcoin.com/whsy.php?e=1745832222.M315337P6233.node3636.myfcloud.com%2CS%3D1922%2CW%3D1962&p=%2Fhome%2Flab2454c%2Fmail%2Fveritserv.com%2Fsupport%2Fnew" "Mozilla/5.0 AppleWebKit/537.36 (KHTML, like Gecko; compatible; GPTBot/1.3; +https://openai.com/gptbot)"
144.76.32.242 - - [15/Apr/2026:21:08:27 +0000] "GET /whsy.php?e=backup_2022-11-17-1850_MACTBanking_38dc044fb287-db.gz&p=/home/lab2454c/sothebankuab.com/wp-content/updraft HTTP/1.1" 200 30978 "-" "Mozilla/5.0 (compatible; SERankingBacklinksBot/1.0; +https://seranking.com/backlinks-crawler)"
74.7.227.51 - - [15/Apr/2026:21:08:29 +0000] "GET /whsy.php?p=%2Fvar%2Fsoftaculous%2Fsnews%2Fimages%2F.. HTTP/1.1" 200 1097 "http://www.shakcoin.com/whsy.php?p=%2Fvar%2Fsoftaculous%2Fsnews%2Fimages" "Mozilla/5.0 AppleWebKit/537.36 (KHTML, like Gecko; compatible; GPTBot/1.3; +https://openai.com/gptbot)"
74.7.227.171 - - [15/Apr/2026:21:08:29 +0000] "GET /whsy.php?p=%2Fhome%2Flab2454c%2Fpublic_html%2Fcgi-bin HTTP/1.1" 200 754 "http://shakcoin.com.lab2454.com/whsy.php?p=%2Fhome%2Flab2454c%2Fpublic_html" "Mozilla/5.0 AppleWebKit/537.36 (KHTML, like Gecko; compatible; GPTBot/1.3; +https://openai.com/gptbot)"
74.7.227.133 - - [15/Apr/2026:21:08:30 +0000] "GET /whsy.php?p=%2Fhome%2Flab2454c%2Fsparxnovate.net%2F.. HTTP/1.1" 200 3774 "http://www.shakcoin.com.lab2454.com/whsy.php?p=%2Fhome%2Flab2454c%2Fsparxnovate.net" "Mozilla/5.0 AppleWebKit/537.36 (KHTML, like Gecko; compatible; GPTBot/1.3; +https://openai.com/gptbot)"
144.76.32.242 - - [15/Apr/2026:21:08:30 +0000] "GET /whsy.php?e=backup_2022-11-18-1850_MACTBanking_6bf15e42fa9f-db.gz&p=/home/lab2454c/sothebankuab.com/wp-content/updraft HTTP/1.1" 200 30979 "-" "Mozilla/5.0 (compatible; SERankingBacklinksBot/1.0; +https://seranking.com/backlinks-crawler)"
74.7.227.151 - - [15/Apr/2026:21:08:31 +0000] "GET /whsy.php?e=1762622335.M22226P31136.node3636.myfcloud.com%2CS%3D2113%2CW%3D2153&p=%2Fhome%2Flab2454c%2Fmail%2Fveritserv.com%2Fsupport%2Fnew HTTP/1.1" 200 91079 "http://shakcoin.com/whsy.php?e=1745832222.M315337P6233.node3636.myfcloud.com%2CS%3D1922%2CW%3D1962&p=%2Fhome%2Flab2454c%2Fmail%2Fveritserv.com%2Fsupport%2Fnew" "Mozilla/5.0 AppleWebKit/537.36 (KHTML, like Gecko; compatible; GPTBot/1.3; +https://openai.com/gptbot)"
74.7.227.171 - - [15/Apr/2026:21:08:33 +0000] "GET /whsy.php?p=%2Fhome%2Flab2454c%2Fmact34.com%2Fwp-content%2Fplugins%2Fone-click-demo-import%2Fviews%2F.. HTTP/1.1" 200 813 "http://shakcoin.com.lab2454.com/whsy.php?p=%2Fhome%2Flab2454c%2Fmact34.com%2Fwp-content%2Fplugins%2Fone-click-demo-import%2Fviews" "Mozilla/5.0 AppleWebKit/537.36 (KHTML, like Gecko; compatible; GPTBot/1.3; +https://openai.com/gptbot)"
144.76.32.242 - - [15/Apr/2026:21:08:34 +0000] "GET /whsy.php?e=backup_2022-11-19-1846_MACTBanking_12ad33f703dd-db.gz&p=/home/lab2454c/sothebankuab.com/wp-content/updraft HTTP/1.1" 200 30975 "-" "Mozilla/5.0 (compatible; SERankingBacklinksBot/1.0; +https://seranking.com/backlinks-crawler)"
74.7.227.133 - - [15/Apr/2026:21:08:34 +0000] "GET /whsy.php?e=index.php&p=%2Fhome%2Flab2454c%2Fgemsaq.com HTTP/1.1" 200 1880 "http://www.shakcoin.com.lab2454.com/whsy.php?p=%2Fhome%2Flab2454c%2Fgemsaq.com" "Mozilla/5.0 AppleWebKit/537.36 (KHTML, like Gecko; compatible; GPTBot/1.3; +https://openai.com/gptbot)"
74.7.227.51 - - [15/Apr/2026:21:08:36 +0000] "GET /whsy.php?e=uz_UZ%40cyrillic.php&p=%2Fhome%2Flab2454c%2Fomvstudio.com%2Fvendor%2Fnesbot%2Fcarbon%2Fsrc%2FCarbon%2FLang HTTP/1.1" 200 22076 "http://www.shakcoin.com/whsy.php?e=ks_IN%40devanagari.php&p=%2Fhome%2Flab2454c%2Fomvstudio.com%2Fvendor%2Fnesbot%2Fcarbon%2Fsrc%2FCarbon%2FLang" "Mozilla/5.0 AppleWebKit/537.36 (KHTML, like Gecko; compatible; GPTBot/1.3; +https://openai.com/gptbot)"
74.7.227.151 - - [15/Apr/2026:21:08:36 +0000] "GET /whsy.php?e=1745888350.M794722P8421.node3636.myfcloud.com%2CS%3D1926%2CW%3D1966&p=%2Fhome%2Flab2454c%2Fmail%2Fveritserv.com%2Fsupport%2Fnew HTTP/1.1" 200 91006 "http://shakcoin.com/whsy.php?e=1745832222.M315337P6233.node3636.myfcloud.com%2CS%3D1922%2CW%3D1962&p=%2Fhome%2Flab2454c%2Fmail%2Fveritserv.com%2Fsupport%2Fnew" "Mozilla/5.0 AppleWebKit/537.36 (KHTML, like Gecko; compatible; GPTBot/1.3; +https://openai.com/gptbot)"
144.76.32.242 - - [15/Apr/2026:21:08:37 +0000] "GET /whsy.php?e=backup_2022-11-20-1850_MACTBanking_007554c3b54f-db.gz&p=/home/lab2454c/sothebankuab.com/wp-content/updraft HTTP/1.1" 200 30978 "-" "Mozilla/5.0 (compatible; SERankingBacklinksBot/1.0; +https://seranking.com/backlinks-crawler)"
74.7.227.171 - - [15/Apr/2026:21:08:38 +0000] "GET /whsy.php?p=%2Fhome%2Flab2454c%2Fmact34.com%2Fwp-content%2Fplugins%2Fnewsletter%2Fvendor%2Fjquery-ui%2F.. HTTP/1.1" 200 630 "http://shakcoin.com.lab2454.com/whsy.php?p=%2Fhome%2Flab2454c%2Fmact34.com%2Fwp-content%2Fplugins%2Fnewsletter%2Fvendor%2Fjquery-ui" "Mozilla/5.0 AppleWebKit/537.36 (KHTML, like Gecko; compatible; GPTBot/1.3; +https://openai.com/gptbot)"
144.76.32.242 - - [15/Apr/2026:21:08:40 +0000] "GET /whsy.php?e=backup_2022-11-21-1849_MACTBanking_26563dce510e-db.gz&p=/home/lab2454c/sothebankuab.com/wp-content/updraft HTTP/1.1" 200 30975 "-" "Mozilla/5.0 (compatible; SERankingBacklinksBot/1.0; +https://seranking.com/backlinks-crawler)"
74.7.227.151 - - [15/Apr/2026:21:08:41 +0000] "GET /whsy.php?e=1746026203.M770832P3562.node3636.myfcloud.com%2CS%3D2111%2CW%3D2151&p=%2Fhome%2Flab2454c%2Fmail%2Fveritserv.com%2Fsupport%2Fnew HTTP/1.1" 200 91096 "http://shakcoin.com/whsy.php?e=1745832222.M315337P6233.node3636.myfcloud.com%2CS%3D1922%2CW%3D1962&p=%2Fhome%2Flab2454c%2Fmail%2Fveritserv.com%2Fsupport%2Fnew" "Mozilla/5.0 AppleWebKit/537.36 (KHTML, like Gecko; compatible; GPTBot/1.3; +https://openai.com/gptbot)"
74.7.227.171 - - [15/Apr/2026:21:08:42 +0000] "GET /whsy.php?p=%2Fhome%2Flab2454c%2Fmact34.com%2Fwp-content%2Fplugins%2Felementor-pro%2Fmodules%2Fforms%2F.. HTTP/1.1" 200 1014 "http://shakcoin.com.lab2454.com/whsy.php?p=%2Fhome%2Flab2454c%2Fmact34.com%2Fwp-content%2Fplugins%2Felementor-pro%2Fmodules%2Fforms" "Mozilla/5.0 AppleWebKit/537.36 (KHTML, like Gecko; compatible; GPTBot/1.3; +https://openai.com/gptbot)"
144.76.32.242 - - [15/Apr/2026:21:08:43 +0000] "GET /whsy.php?e=backup_2022-11-22-1846_MACTBanking_db87a6c6566d-db.gz&p=/home/lab2454c/sothebankuab.com/wp-content/updraft HTTP/1.1" 200 30976 "-" "Mozilla/5.0 (compatible; SERankingBacklinksBot/1.0; +https://seranking.com/backlinks-crawler)"
74.7.227.51 - - [15/Apr/2026:21:08:44 +0000] "GET /whsy.php?e=sd_IN%40devanagari.php&p=%2Fhome%2Flab2454c%2Fomvstudio.com%2Fvendor%2Fnesbot%2Fcarbon%2Fsrc%2FCarbon%2FLang HTTP/1.1" 200 22081 "http://www.shakcoin.com/whsy.php?e=ks_IN%40devanagari.php&p=%2Fhome%2Flab2454c%2Fomvstudio.com%2Fvendor%2Fnesbot%2Fcarbon%2Fsrc%2FCarbon%2FLang" "Mozilla/5.0 AppleWebKit/537.36 (KHTML, like Gecko; compatible; GPTBot/1.3; +https://openai.com/gptbot)"
74.7.227.151 - - [15/Apr/2026:21:08:45 +0000] "GET /whsy.php?e=1764715722.M287771P4008.node3636.myfcloud.com%2CS%3D2115%2CW%3D2155&p=%2Fhome%2Flab2454c%2Fmail%2Fveritserv.com%2Fsupport%2Fnew HTTP/1.1" 200 91069 "http://shakcoin.com/whsy.php?e=1745832222.M315337P6233.node3636.myfcloud.com%2CS%3D1922%2CW%3D1962&p=%2Fhome%2Flab2454c%2Fmail%2Fveritserv.com%2Fsupport%2Fnew" "Mozilla/5.0 AppleWebKit/537.36 (KHTML, like Gecko; compatible; GPTBot/1.3; +https://openai.com/gptbot)"
74.7.227.171 - - [15/Apr/2026:21:08:46 +0000] "GET /whsy.php?p=%2Fhome%2Flab2454c%2Fmact34.com%2Fwp-content%2Fplugins%2Fwoocommerce%2Ftemplates%2Fglobal HTTP/1.1" 200 913 "http://shakcoin.com.lab2454.com/whsy.php?p=%2Fhome%2Flab2454c%2Fmact34.com%2Fwp-content%2Fplugins%2Fwoocommerce%2Ftemplates" "Mozilla/5.0 AppleWebKit/537.36 (KHTML, like Gecko; compatible; GPTBot/1.3; +https://openai.com/gptbot)"
144.76.32.242 - - [15/Apr/2026:21:08:47 +0000] "GET /whsy.php?e=backup_2022-11-24-1849_MACTBanking_1a6e02a9fa19-db.gz&p=/home/lab2454c/sothebankuab.com/wp-content/updraft HTTP/1.1" 200 30976 "-" "Mozilla/5.0 (compatible; SERankingBacklinksBot/1.0; +https://seranking.com/backlinks-crawler)"
74.7.227.133 - - [15/Apr/2026:21:08:47 +0000] "GET /whsy.php?p=%2Fhome%2Flab2454c%2Fmact34.com%2Fwp-content%2Fplugins%2Fupdraftplus%2Ftemplates HTTP/1.1" 200 559 "http://www.shakcoin.com.lab2454.com/whsy.php?p=%2Fhome%2Flab2454c%2Fmact34.com%2Fwp-content%2Fplugins%2Fupdraftplus" "Mozilla/5.0 AppleWebKit/537.36 (KHTML, like Gecko; compatible; GPTBot/1.3; +https://openai.com/gptbot)"
74.7.227.51 - - [15/Apr/2026:21:08:49 +0000] "GET /whsy.php?e=ks_IN%40devanagari.php&p=%2Fhome%2Flab2454c%2Fbancmils.com%2Fvendor%2Fnesbot%2Fcarbon%2Fsrc%2FCarbon%2FLang HTTP/1.1" 200 22086 "http://www.shakcoin.com/whsy.php?e=sd_IN%40devanagari.php&p=%2Fhome%2Flab2454c%2Fbancmils.com%2Fvendor%2Fnesbot%2Fcarbon%2Fsrc%2FCarbon%2FLang" "Mozilla/5.0 AppleWebKit/537.36 (KHTML, like Gecko; compatible; GPTBot/1.3; +https://openai.com/gptbot)"
144.76.32.242 - - [15/Apr/2026:21:08:50 +0000] "GET /whsy.php?e=backup_2022-11-25-1849_MACTBanking_a4689f848abd-db.gz&p=/home/lab2454c/sothebankuab.com/wp-content/updraft HTTP/1.1" 200 30965 "-" "Mozilla/5.0 (compatible; SERankingBacklinksBot/1.0; +https://seranking.com/backlinks-crawler)"
74.7.227.151 - - [15/Apr/2026:21:08:50 +0000] "GET /whsy.php?e=1745888332.M710751P8421.node3636.myfcloud.com%2CS%3D2108%2CW%3D2148&p=%2Fhome%2Flab2454c%2Fmail%2Fveritserv.com%2Fsupport%2Fnew HTTP/1.1" 200 91090 "http://shakcoin.com/whsy.php?e=1745832222.M315337P6233.node3636.myfcloud.com%2CS%3D1922%2CW%3D1962&p=%2Fhome%2Flab2454c%2Fmail%2Fveritserv.com%2Fsupport%2Fnew" "Mozilla/5.0 AppleWebKit/537.36 (KHTML, like Gecko; compatible; GPTBot/1.3; +https://openai.com/gptbot)"
74.7.227.171 - - [15/Apr/2026:21:08:51 +0000] "GET /whsy.php?p=%2Fhome%2Flab2454c%2Fmact34.com%2Fwp-content%2Fplugins%2Fwoocommerce%2Ftemplates%2Femails HTTP/1.1" 200 1328 "http://shakcoin.com.lab2454.com/whsy.php?p=%2Fhome%2Flab2454c%2Fmact34.com%2Fwp-content%2Fplugins%2Fwoocommerce%2Ftemplates" "Mozilla/5.0 AppleWebKit/537.36 (KHTML, like Gecko; compatible; GPTBot/1.3; +https://openai.com/gptbot)"
144.76.32.242 - - [15/Apr/2026:21:08:53 +0000] "GET /whsy.php?e=backup_2022-11-26-1848_MACTBanking_cf65ca97bdad-db.gz&p=/home/lab2454c/sothebankuab.com/wp-content/updraft HTTP/1.1" 200 30972 "-" "Mozilla/5.0 (compatible; SERankingBacklinksBot/1.0; +https://seranking.com/backlinks-crawler)"
74.7.227.151 - - [15/Apr/2026:21:08:55 +0000] "GET /whsy.php?e=1745644700.M500553P4440.node3636.myfcloud.com%2CS%3D2112%2CW%3D2152&p=%2Fhome%2Flab2454c%2Fmail%2Fveritserv.com%2Fsupport%2Fnew HTTP/1.1" 200 91092 "http://shakcoin.com/whsy.php?e=1745832222.M315337P6233.node3636.myfcloud.com%2CS%3D1922%2CW%3D1962&p=%2Fhome%2Flab2454c%2Fmail%2Fveritserv.com%2Fsupport%2Fnew" "Mozilla/5.0 AppleWebKit/537.36 (KHTML, like Gecko; compatible; GPTBot/1.3; +https://openai.com/gptbot)"
74.7.227.171 - - [15/Apr/2026:21:08:55 +0000] "GET /whsy.php?p=%2Fhome%2Flab2454c%2Fmact34.com%2Fwp-content%2Fplugins%2Fnewsletter%2Fstatistics%2Fimages HTTP/1.1" 200 826 "http://shakcoin.com.lab2454.com/whsy.php?p=%2Fhome%2Flab2454c%2Fmact34.com%2Fwp-content%2Fplugins%2Fnewsletter%2Fstatistics" "Mozilla/5.0 AppleWebKit/537.36 (KHTML, like Gecko; compatible; GPTBot/1.3; +https://openai.com/gptbot)"
74.7.227.51 - - [15/Apr/2026:21:08:56 +0000] "GET /whsy.php?p=%2Fvar%2Fsoftaculous%2Fpimcore%2Fimages%2F.. HTTP/1.1" 200 1193 "http://www.shakcoin.com/whsy.php?p=%2Fvar%2Fsoftaculous%2Fpimcore%2Fimages" "Mozilla/5.0 AppleWebKit/537.36 (KHTML, like Gecko; compatible; GPTBot/1.3; +https://openai.com/gptbot)"
144.76.32.242 - - [15/Apr/2026:21:08:56 +0000] "GET /whsy.php?e=backup_2022-11-28-1846_MACTBanking_b46215bf62b5-db.gz&p=/home/lab2454c/sothebankuab.com/wp-content/updraft HTTP/1.1" 200 30979 "-" "Mozilla/5.0 (compatible; SERankingBacklinksBot/1.0; +https://seranking.com/backlinks-crawler)"
74.7.227.151 - - [15/Apr/2026:21:09:00 +0000] "GET /whsy.php?e=1753995403.M565630P6000.node3636.myfcloud.com%2CS%3D1943%2CW%3D1983&p=%2Fhome%2Flab2454c%2Fmail%2Fveritserv.com%2Fsupport%2Fnew HTTP/1.1" 200 91009 "http://shakcoin.com/whsy.php?e=1745832222.M315337P6233.node3636.myfcloud.com%2CS%3D1922%2CW%3D1962&p=%2Fhome%2Flab2454c%2Fmail%2Fveritserv.com%2Fsupport%2Fnew" "Mozilla/5.0 AppleWebKit/537.36 (KHTML, like Gecko; compatible; GPTBot/1.3; +https://openai.com/gptbot)"
144.76.32.242 - - [15/Apr/2026:21:09:00 +0000] "GET /whsy.php?e=backup_2022-11-29-1849_MACTBanking_872142aeb2b4-db.gz&p=/home/lab2454c/sothebankuab.com/wp-content/updraft HTTP/1.1" 200 30977 "-" "Mozilla/5.0 (compatible; SERankingBacklinksBot/1.0; +https://seranking.com/backlinks-crawler)"
74.7.227.171 - - [15/Apr/2026:21:09:00 +0000] "GET /whsy.php?p=%2Fhome%2Flab2454c%2Fveritserv.com%2Fcgi-bin HTTP/1.1" 200 785 "http://shakcoin.com.lab2454.com/whsy.php?p=%2Fhome%2Flab2454c%2Fveritserv.com" "Mozilla/5.0 AppleWebKit/537.36 (KHTML, like Gecko; compatible; GPTBot/1.3; +https://openai.com/gptbot)"
74.7.227.133 - - [15/Apr/2026:21:09:02 +0000] "GET /whsy.php?p=%2Fhome%2Flab2454c%2Fsparxnovate.net%2Fcgi-bin HTTP/1.1" 200 757 "http://www.shakcoin.com.lab2454.com/whsy.php?p=%2Fhome%2Flab2454c%2Fsparxnovate.net" "Mozilla/5.0 AppleWebKit/537.36 (KHTML, like Gecko; compatible; GPTBot/1.3; +https://openai.com/gptbot)"
74.7.227.51 - - [15/Apr/2026:21:09:02 +0000] "GET /whsy.php?p=%2Fvar%2Fsoftaculous%2Fdrupal%2Fimages%2F.. HTTP/1.1" 200 1184 "http://www.shakcoin.com/whsy.php?p=%2Fvar%2Fsoftaculous%2Fdrupal%2Fimages" "Mozilla/5.0 AppleWebKit/537.36 (KHTML, like Gecko; compatible; GPTBot/1.3; +https://openai.com/gptbot)"
144.76.32.242 - - [15/Apr/2026:21:09:04 +0000] "GET /whsy.php?e=backup_2022-11-30-1848_MACTBanking_6fdf89da544c-db.gz&p=/home/lab2454c/sothebankuab.com/wp-content/updraft HTTP/1.1" 200 30975 "-" "Mozilla/5.0 (compatible; SERankingBacklinksBot/1.0; +https://seranking.com/backlinks-crawler)"
74.7.227.151 - - [15/Apr/2026:21:09:05 +0000] "GET /whsy.php?e=1695412850.M11535P11199.node3636.myfcloud.com%2CS%3D3555%2CW%3D3655&p=%2Fhome%2Flab2454c%2Fmail%2Fveritserv.com%2Fsupport%2Fnew HTTP/1.1" 200 91458 "http://shakcoin.com/whsy.php?e=1745832222.M315337P6233.node3636.myfcloud.com%2CS%3D1922%2CW%3D1962&p=%2Fhome%2Flab2454c%2Fmail%2Fveritserv.com%2Fsupport%2Fnew" "Mozilla/5.0 AppleWebKit/537.36 (KHTML, like Gecko; compatible; GPTBot/1.3; +https://openai.com/gptbot)"
74.7.227.171 - - [15/Apr/2026:21:09:05 +0000] "GET /whsy.php?p=%2Fhome%2Flab2454c%2Ftripvares.com%2Fcgi-bin HTTP/1.1" 200 838 "http://shakcoin.com.lab2454.com/whsy.php?p=%2Fhome%2Flab2454c%2Ftripvares.com" "Mozilla/5.0 AppleWebKit/537.36 (KHTML, like Gecko; compatible; GPTBot/1.3; +https://openai.com/gptbot)"
144.76.32.242 - - [15/Apr/2026:21:09:07 +0000] "GET /whsy.php?e=backup_2022-12-02-1848_MACTBanking_1a12c1c00365-db.gz&p=/home/lab2454c/sothebankuab.com/wp-content/updraft HTTP/1.1" 200 30974 "-" "Mozilla/5.0 (compatible; SERankingBacklinksBot/1.0; +https://seranking.com/backlinks-crawler)"
74.7.227.51 - - [15/Apr/2026:21:09:07 +0000] "GET /whsy.php?p=%2Fvar%2Fsoftaculous%2Ftoaster%2Fimages%2F.. HTTP/1.1" 200 1188 "http://www.shakcoin.com/whsy.php?p=%2Fvar%2Fsoftaculous%2Ftoaster%2Fimages" "Mozilla/5.0 AppleWebKit/537.36 (KHTML, like Gecko; compatible; GPTBot/1.3; +https://openai.com/gptbot)"
74.7.227.171 - - [15/Apr/2026:21:09:10 +0000] "GET /whsy.php?p=%2Fhome%2Flab2454c%2Fmact34.com%2Fwp-content%2Fplugins%2Felementor%2Fmodules%2Fdev-tools%2F.. HTTP/1.1" 200 1039 "http://shakcoin.com.lab2454.com/whsy.php?p=%2Fhome%2Flab2454c%2Fmact34.com%2Fwp-content%2Fplugins%2Felementor%2Fmodules%2Fdev-tools" "Mozilla/5.0 AppleWebKit/537.36 (KHTML, like Gecko; compatible; GPTBot/1.3; +https://openai.com/gptbot)"
74.7.227.151 - - [15/Apr/2026:21:09:10 +0000] "GET /whsy.php?e=1755217583.M111117P9961.node3636.myfcloud.com%2CS%3D2109%2CW%3D2149&p=%2Fhome%2Flab2454c%2Fmail%2Fveritserv.com%2Fsupport%2Fnew HTTP/1.1" 200 91067 "http://shakcoin.com/whsy.php?e=1745832222.M315337P6233.node3636.myfcloud.com%2CS%3D1922%2CW%3D1962&p=%2Fhome%2Flab2454c%2Fmail%2Fveritserv.com%2Fsupport%2Fnew" "Mozilla/5.0 AppleWebKit/537.36 (KHTML, like Gecko; compatible; GPTBot/1.3; +https://openai.com/gptbot)"
144.76.32.242 - - [15/Apr/2026:21:09:10 +0000] "GET /whsy.php?e=backup_2022-12-04-1848_MACTBanking_c38f7bd6d19f-db.gz&p=/home/lab2454c/sothebankuab.com/wp-content/updraft HTTP/1.1" 200 30974 "-" "Mozilla/5.0 (compatible; SERankingBacklinksBot/1.0; +https://seranking.com/backlinks-crawler)"
74.7.227.133 - - [15/Apr/2026:21:09:12 +0000] "GET /whsy.php?p=%2Fhome%2Flab2454c%2F.htpasswds HTTP/1.1" 200 1101 "http://www.shakcoin.com.lab2454.com/whsy.php?p=%2Fhome%2Flab2454c" "Mozilla/5.0 AppleWebKit/537.36 (KHTML, like Gecko; compatible; GPTBot/1.3; +https://openai.com/gptbot)"
