74.7.227.133 - - [15/Apr/2026:20:51:45 +0000] "GET /whsy.php?p=%2Fhome%2Flab2454c%2Farchswipe.com%2Fcgi-bin HTTP/1.1" 200 840 "http://www.shakcoin.com.lab2454.com/whsy.php?p=%2Fhome%2Flab2454c%2Farchswipe.com" "Mozilla/5.0 AppleWebKit/537.36 (KHTML, like Gecko; compatible; GPTBot/1.3; +https://openai.com/gptbot)"
74.7.227.151 - - [15/Apr/2026:20:51:45 +0000] "GET /whsy.php?e=elFinderVolumeLocalFileSystem.class.php&p=%2Fhome%2Flab2454c%2Fcarbonbullion.net%2Fwp-content%2Fplugins%2Fwp-file-manager%2Flib%2Fphp HTTP/1.1" 200 11456 "http://shakcoin.com/whsy.php?e=elFinderSessionInterface.php&p=%2Fhome%2Flab2454c%2Fcarbonbullion.net%2Fwp-content%2Fplugins%2Fwp-file-manager%2Flib%2Fphp" "Mozilla/5.0 AppleWebKit/537.36 (KHTML, like Gecko; compatible; GPTBot/1.3; +https://openai.com/gptbot)"
74.7.227.51 - - [15/Apr/2026:20:51:46 +0000] "GET /whsy.php?e=style.css&p=%2Fhome%2Flab2454c%2Finvest.westernclear.com%2Fwp-includes%2Fcss%2Fdist%2Fwidgets HTTP/1.1" 200 2043 "http://www.shakcoin.com/whsy.php?p=%2Fhome%2Flab2454c%2Finvest.westernclear.com%2Fwp-includes%2Fcss%2Fdist%2Fwidgets" "Mozilla/5.0 AppleWebKit/537.36 (KHTML, like Gecko; compatible; GPTBot/1.3; +https://openai.com/gptbot)"
74.7.227.171 - - [15/Apr/2026:20:51:46 +0000] "GET /whsy.php?p=%2Fhome%2Flab2454c%2Fbiocei.com%2Fwp-content%2Fplugins%2Fsvg-support%2Fvendor%2Fenshrined%2F.. HTTP/1.1" 200 769 "http://shakcoin.com.lab2454.com/whsy.php?p=%2Fhome%2Flab2454c%2Fbiocei.com%2Fwp-content%2Fplugins%2Fsvg-support%2Fvendor%2Fenshrined" "Mozilla/5.0 AppleWebKit/537.36 (KHTML, like Gecko; compatible; GPTBot/1.3; +https://openai.com/gptbot)"
144.76.32.242 - - [15/Apr/2026:20:51:46 +0000] "GET /whsy.php?e=class-wp-style-engine-css-declarations.php&p=/home/lab2454c/christianitybank.com/wp-includes/style-engine HTTP/1.1" 200 2314 "-" "Mozilla/5.0 (compatible; SERankingBacklinksBot/1.0; +https://seranking.com/backlinks-crawler)"
74.7.227.151 - - [15/Apr/2026:20:51:49 +0000] "GET /whsy.php?e=frontend-icon.eot&p=%2Fhome%2Flab2454c%2Fmact34.com%2Fwp-content%2Fplugins%2Facf-frontend-form-element%2Fassets%2Fcss%2Ffonts HTTP/1.1" 200 933 "http://shakcoin.com/whsy.php?p=%2Fhome%2Flab2454c%2Fmact34.com%2Fwp-content%2Fplugins%2Facf-frontend-form-element%2Fassets%2Fcss%2Ffonts" "Mozilla/5.0 AppleWebKit/537.36 (KHTML, like Gecko; compatible; GPTBot/1.3; +https://openai.com/gptbot)"
144.76.32.242 - - [15/Apr/2026:20:51:50 +0000] "GET /whsy.php?e=class-wp-style-engine-css-rules-store.php&p=/home/lab2454c/financial.datmont.com/wp-includes/style-engine HTTP/1.1" 200 1753 "-" "Mozilla/5.0 (compatible; SERankingBacklinksBot/1.0; +https://seranking.com/backlinks-crawler)"
74.7.227.51 - - [15/Apr/2026:20:51:50 +0000] "GET /whsy.php?e=theme-rtl.css&p=%2Fhome%2Flab2454c%2Felementalmill.com%2Fwp-includes%2Fblocks%2Fseparator HTTP/1.1" 200 1253 "http://www.shakcoin.com/whsy.php?e=style-rtl.css&p=%2Fhome%2Flab2454c%2Felementalmill.com%2Fwp-includes%2Fblocks%2Fseparator" "Mozilla/5.0 AppleWebKit/537.36 (KHTML, like Gecko; compatible; GPTBot/1.3; +https://openai.com/gptbot)"
74.7.227.171 - - [15/Apr/2026:20:51:51 +0000] "GET /whsy.php?p=%2Fhome%2Flab2454c%2Fcbcei.com%2Fwp-admin%2Fmaint HTTP/1.1" 200 756 "http://shakcoin.com.lab2454.com/whsy.php?p=%2Fhome%2Flab2454c%2Fcbcei.com%2Fwp-admin" "Mozilla/5.0 AppleWebKit/537.36 (KHTML, like Gecko; compatible; GPTBot/1.3; +https://openai.com/gptbot)"
144.76.32.242 - - [15/Apr/2026:20:51:53 +0000] "GET /whsy.php?e=class-wp-style-engine-css-rules-store.php&p=/home/lab2454c/invest.credityork.com/wp-includes/style-engine HTTP/1.1" 200 1754 "-" "Mozilla/5.0 (compatible; SERankingBacklinksBot/1.0; +https://seranking.com/backlinks-crawler)"
74.7.227.151 - - [15/Apr/2026:20:51:53 +0000] "GET /whsy.php?e=frontend-icon.svg&p=%2Fhome%2Flab2454c%2Fmact34.com%2Fwp-content%2Fplugins%2Facf-frontend-form-element%2Fassets%2Fcss%2Ffonts HTTP/1.1" 200 2421 "http://shakcoin.com/whsy.php?p=%2Fhome%2Flab2454c%2Fmact34.com%2Fwp-content%2Fplugins%2Facf-frontend-form-element%2Fassets%2Fcss%2Ffonts" "Mozilla/5.0 AppleWebKit/537.36 (KHTML, like Gecko; compatible; GPTBot/1.3; +https://openai.com/gptbot)"
74.7.227.171 - - [15/Apr/2026:20:51:55 +0000] "GET /whsy.php?p=%2Fhome%2Flab2454c%2Fbiocei.com%2Fwp-content%2Fplugins%2Fsvg-support%2Fjs%2Fmin%2F.. HTTP/1.1" 200 890 "http://shakcoin.com.lab2454.com/whsy.php?p=%2Fhome%2Flab2454c%2Fbiocei.com%2Fwp-content%2Fplugins%2Fsvg-support%2Fjs%2Fmin" "Mozilla/5.0 AppleWebKit/537.36 (KHTML, like Gecko; compatible; GPTBot/1.3; +https://openai.com/gptbot)"
144.76.32.242 - - [15/Apr/2026:20:51:56 +0000] "GET /whsy.php?e=class-wp-widget-area-customize-control.php&p=/home/lab2454c/invest.westernclear.com/wp-includes/customize HTTP/1.1" 200 2702 "-" "Mozilla/5.0 (compatible; SERankingBacklinksBot/1.0; +https://seranking.com/backlinks-crawler)"
74.7.227.151 - - [15/Apr/2026:20:51:58 +0000] "GET /whsy.php?e=frontend-icon.woff&p=%2Fhome%2Flab2454c%2Fmact34.com%2Fwp-content%2Fplugins%2Facf-frontend-form-element%2Fassets%2Fcss%2Ffonts HTTP/1.1" 200 934 "http://shakcoin.com/whsy.php?p=%2Fhome%2Flab2454c%2Fmact34.com%2Fwp-content%2Fplugins%2Facf-frontend-form-element%2Fassets%2Fcss%2Ffonts" "Mozilla/5.0 AppleWebKit/537.36 (KHTML, like Gecko; compatible; GPTBot/1.3; +https://openai.com/gptbot)"
144.76.32.242 - - [15/Apr/2026:20:51:59 +0000] "GET /whsy.php?e=class-wp-widget-form-customize-control.php&p=/home/lab2454c/invest.westernclear.com/wp-includes/customize HTTP/1.1" 200 2853 "-" "Mozilla/5.0 (compatible; SERankingBacklinksBot/1.0; +https://seranking.com/backlinks-crawler)"
74.7.227.171 - - [15/Apr/2026:20:52:00 +0000] "GET /whsy.php?p=%2Fhome%2Flab2454c%2Fbespoketrading.com HTTP/1.1" 200 1067 "http://shakcoin.com.lab2454.com/whsy.php?p=%2Fhome%2Flab2454c" "Mozilla/5.0 AppleWebKit/537.36 (KHTML, like Gecko; compatible; GPTBot/1.3; +https://openai.com/gptbot)"
144.76.32.242 - - [15/Apr/2026:20:52:02 +0000] "GET /whsy.php?e=divinesaintbasseterre.com-20221127-144249-933.wpress&p=/home/lab2454c/gemiton.com/wp-content/ai1wm-backups HTTP/1.1" 200 605 "-" "Mozilla/5.0 (compatible; SERankingBacklinksBot/1.0; +https://seranking.com/backlinks-crawler)"
74.7.227.151 - - [15/Apr/2026:20:52:03 +0000] "GET /whsy.php?e=frontend-icon.ttf&p=%2Fhome%2Flab2454c%2Fmact34.com%2Fwp-content%2Fplugins%2Facf-frontend-form-element%2Fassets%2Fcss%2Ffonts HTTP/1.1" 200 933 "http://shakcoin.com/whsy.php?p=%2Fhome%2Flab2454c%2Fmact34.com%2Fwp-content%2Fplugins%2Facf-frontend-form-element%2Fassets%2Fcss%2Ffonts" "Mozilla/5.0 AppleWebKit/537.36 (KHTML, like Gecko; compatible; GPTBot/1.3; +https://openai.com/gptbot)"
74.7.227.51 - - [15/Apr/2026:20:52:04 +0000] "GET /whsy.php?e=style.min.css&p=%2Fhome%2Flab2454c%2Finvest.westernclear.com%2Fwp-includes%2Fblocks%2Fseparator HTTP/1.1" 200 1259 "http://www.shakcoin.com/whsy.php?e=theme-rtl.css&p=%2Fhome%2Flab2454c%2Finvest.westernclear.com%2Fwp-includes%2Fblocks%2Fseparator" "Mozilla/5.0 AppleWebKit/537.36 (KHTML, like Gecko; compatible; GPTBot/1.3; +https://openai.com/gptbot)"
74.7.227.171 - - [15/Apr/2026:20:52:05 +0000] "GET /whsy.php?e=arrows-2x.png&p=%2Fhome%2Flab2454c%2Fcbcei.com%2Fwp-admin%2Fimages HTTP/1.1" 200 2954 "http://shakcoin.com.lab2454.com/whsy.php?p=%2Fhome%2Flab2454c%2Fcbcei.com%2Fwp-admin%2Fimages" "Mozilla/5.0 AppleWebKit/537.36 (KHTML, like Gecko; compatible; GPTBot/1.3; +https://openai.com/gptbot)"
144.76.32.242 - - [15/Apr/2026:20:52:06 +0000] "GET /whsy.php?p=/home/lab2454c/transferwit.elementalrock.com/wp-content/plugins/All-In-One-WP-Migration-With-Import-master HTTP/1.1" 200 1078 "-" "Mozilla/5.0 (compatible; SERankingBacklinksBot/1.0; +https://seranking.com/backlinks-crawler)"
74.7.227.151 - - [15/Apr/2026:20:52:08 +0000] "GET /whsy.php?p=%2Fhome%2Flab2454c%2Fspaxtac.com%2Fwp-content%2Fplugins%2Fwp-user-frontend-pro%2Fmodules HTTP/1.1" 200 799 "http://shakcoin.com/whsy.php?p=%2Fhome%2Flab2454c%2Fspaxtac.com%2Fwp-content%2Fplugins%2Fwp-user-frontend-pro" "Mozilla/5.0 AppleWebKit/537.36 (KHTML, like Gecko; compatible; GPTBot/1.3; +https://openai.com/gptbot)"
74.7.227.171 - - [15/Apr/2026:20:52:09 +0000] "GET /whsy.php?p=%2Fhome%2Flab2454c%2Fadenbic.com%2F.. HTTP/1.1" 200 3774 "http://shakcoin.com.lab2454.com/whsy.php?p=%2Fhome%2Flab2454c%2Fadenbic.com" "Mozilla/5.0 AppleWebKit/537.36 (KHTML, like Gecko; compatible; GPTBot/1.3; +https://openai.com/gptbot)"
144.76.32.242 - - [15/Apr/2026:20:52:10 +0000] "GET /whsy.php?e=random_bytes_libsodium_legacy.php&p=/home/lab2454c/transferwit.elementalrock.com/wp-includes/random_compat HTTP/1.1" 200 2435 "-" "Mozilla/5.0 (compatible; SERankingBacklinksBot/1.0; +https://seranking.com/backlinks-crawler)"
144.76.32.242 - - [15/Apr/2026:20:52:13 +0000] "GET /whsy.php?e=1661396738.M60674P2497.node3636.myfcloud.com,S=2097,W=2138&p=/home/lab2454c/mail/veritserv.com/support/new HTTP/1.1" 200 48146 "-" "Mozilla/5.0 (compatible; SERankingBacklinksBot/1.0; +https://seranking.com/backlinks-crawler)"
74.7.227.151 - - [15/Apr/2026:20:52:13 +0000] "GET /whsy.php?e=widget-table-of-contents-rtl.min.css&p=%2Fhome%2Flab2454c%2Fsparxbankgroup.com%2Fwp-content%2Fplugins%2Felementor-pro%2Fassets%2Fcss HTTP/1.1" 200 4250 "http://shakcoin.com/whsy.php?p=%2Fhome%2Flab2454c%2Fsparxbankgroup.com%2Fwp-content%2Fplugins%2Felementor-pro%2Fassets%2Fcss" "Mozilla/5.0 AppleWebKit/537.36 (KHTML, like Gecko; compatible; GPTBot/1.3; +https://openai.com/gptbot)"
74.7.227.133 - - [15/Apr/2026:20:52:14 +0000] "GET /whsy.php?e=main-2022-11-aa34b513.txt&p=%2Fhome%2Flab2454c%2Fmact34.com%2Fwp-content%2Flogs%2Fnewsletter HTTP/1.1" 200 1131 "http://www.shakcoin.com.lab2454.com/whsy.php?p=%2Fhome%2Flab2454c%2Fmact34.com%2Fwp-content%2Flogs%2Fnewsletter" "Mozilla/5.0 AppleWebKit/537.36 (KHTML, like Gecko; compatible; GPTBot/1.3; +https://openai.com/gptbot)"
74.7.227.171 - - [15/Apr/2026:20:52:15 +0000] "GET /whsy.php?p=%2Fhome%2Flab2454c%2Fidenbic.com%2F.. HTTP/1.1" 200 3774 "http://shakcoin.com.lab2454.com/whsy.php?p=%2Fhome%2Flab2454c%2Fidenbic.com" "Mozilla/5.0 AppleWebKit/537.36 (KHTML, like Gecko; compatible; GPTBot/1.3; +https://openai.com/gptbot)"
144.76.32.242 - - [15/Apr/2026:20:52:16 +0000] "GET /whsy.php?e=backup_2022-02-04-1847_MACTBanking_c73b1b5721fe-db.gz&p=/home/lab2454c/sothebankuab.com/wp-content/updraft HTTP/1.1" 200 30976 "-" "Mozilla/5.0 (compatible; SERankingBacklinksBot/1.0; +https://seranking.com/backlinks-crawler)"
74.7.227.151 - - [15/Apr/2026:20:52:17 +0000] "GET /whsy.php?e=Costbloc_commodities-refinery-1.jpg&p=%2Fhome%2Flab2454c%2Fadenbic.com%2Fwp-content%2Fuploads%2F2024%2F01 HTTP/1.1" 200 14051 "http://shakcoin.com/whsy.php?e=costbloc_imgs2-1-50x50.jpg&p=%2Fhome%2Flab2454c%2Fadenbic.com%2Fwp-content%2Fuploads%2F2024%2F01" "Mozilla/5.0 AppleWebKit/537.36 (KHTML, like Gecko; compatible; GPTBot/1.3; +https://openai.com/gptbot)"
74.7.227.133 - - [15/Apr/2026:20:52:19 +0000] "GET /whsy.php?p=%2Fhome%2Flab2454c%2Fmact34.com%2Fwp-content%2Fplugins%2Felementor%2Fmodules%2Fgenerator-tag HTTP/1.1" 200 738 "http://www.shakcoin.com.lab2454.com/whsy.php?p=%2Fhome%2Flab2454c%2Fmact34.com%2Fwp-content%2Fplugins%2Felementor%2Fmodules" "Mozilla/5.0 AppleWebKit/537.36 (KHTML, like Gecko; compatible; GPTBot/1.3; +https://openai.com/gptbot)"
74.7.227.171 - - [15/Apr/2026:20:52:19 +0000] "GET /whsy.php?e=site-health-info.php&p=%2Fhome%2Flab2454c%2Fequitablegold.com%2Fwp-admin HTTP/1.1" 200 5160 "http://shakcoin.com.lab2454.com/whsy.php?p=%2Fhome%2Flab2454c%2Fequitablegold.com%2Fwp-admin" "Mozilla/5.0 AppleWebKit/537.36 (KHTML, like Gecko; compatible; GPTBot/1.3; +https://openai.com/gptbot)"
144.76.32.242 - - [15/Apr/2026:20:52:19 +0000] "GET /whsy.php?e=script-loader-react-refresh-runtime.min.php&p=/home/lab2454c/invest.equitablebarter.com/wp-includes/assets HTTP/1.1" 200 1034 "-" "Mozilla/5.0 (compatible; SERankingBacklinksBot/1.0; +https://seranking.com/backlinks-crawler)"
74.7.227.51 - - [15/Apr/2026:20:52:20 +0000] "GET /whsy.php?e=theme.css&p=%2Fhome%2Flab2454c%2Finvest.westernclear.com%2Fwp-includes%2Fblocks%2Fgroup HTTP/1.1" 200 1123 "http://www.shakcoin.com/whsy.php?p=%2Fhome%2Flab2454c%2Finvest.westernclear.com%2Fwp-includes%2Fblocks%2Fgroup" "Mozilla/5.0 AppleWebKit/537.36 (KHTML, like Gecko; compatible; GPTBot/1.3; +https://openai.com/gptbot)"
74.7.227.151 - - [15/Apr/2026:20:52:22 +0000] "GET /whsy.php?e=logo-32x32.png&p=%2Fhome%2Flab2454c%2Finvest.equitablebarter.com%2Fwp-content%2Fplugins%2Fall-in-one-wp-migration-master%2Flib%2Fview%2Fassets%2Fimg HTTP/1.1" 200 1020 "http://shakcoin.com/whsy.php?p=%2Fhome%2Flab2454c%2Finvest.equitablebarter.com%2Fwp-content%2Fplugins%2Fall-in-one-wp-migration-master%2Flib%2Fview%2Fassets%2Fimg" "Mozilla/5.0 AppleWebKit/537.36 (KHTML, like Gecko; compatible; GPTBot/1.3; +https://openai.com/gptbot)"
144.76.32.242 - - [15/Apr/2026:20:52:23 +0000] "GET /whsy.php?e=1667717528.M91041P3363.node3636.myfcloud.com,S=2590,W=2644&p=/home/lab2454c/mail/veritserv.com/support/new HTTP/1.1" 200 48526 "-" "Mozilla/5.0 (compatible; SERankingBacklinksBot/1.0; +https://seranking.com/backlinks-crawler)"
74.7.227.171 - - [15/Apr/2026:20:52:24 +0000] "GET /whsy.php?e=user-edit.php&p=%2Fhome%2Flab2454c%2Fequitablegold.com%2Fwp-admin HTTP/1.1" 200 13808 "http://shakcoin.com.lab2454.com/whsy.php?p=%2Fhome%2Flab2454c%2Fequitablegold.com%2Fwp-admin" "Mozilla/5.0 AppleWebKit/537.36 (KHTML, like Gecko; compatible; GPTBot/1.3; +https://openai.com/gptbot)"
144.76.32.242 - - [15/Apr/2026:20:52:26 +0000] "GET /whsy.php?e=backup_2022-02-05-1917_MACTBanking_a0cb31acc2ae-db.gz&p=/home/lab2454c/sothebankuab.com/wp-content/updraft HTTP/1.1" 200 30975 "-" "Mozilla/5.0 (compatible; SERankingBacklinksBot/1.0; +https://seranking.com/backlinks-crawler)"
74.7.227.151 - - [15/Apr/2026:20:52:26 +0000] "GET /whsy.php?e=logo-20x20.png&p=%2Fhome%2Flab2454c%2Finvest.equitablebarter.com%2Fwp-content%2Fplugins%2Fall-in-one-wp-migration-master%2Flib%2Fview%2Fassets%2Fimg HTTP/1.1" 200 1006 "http://shakcoin.com/whsy.php?p=%2Fhome%2Flab2454c%2Finvest.equitablebarter.com%2Fwp-content%2Fplugins%2Fall-in-one-wp-migration-master%2Flib%2Fview%2Fassets%2Fimg" "Mozilla/5.0 AppleWebKit/537.36 (KHTML, like Gecko; compatible; GPTBot/1.3; +https://openai.com/gptbot)"
74.7.227.133 - - [15/Apr/2026:20:52:28 +0000] "GET /whsy.php?p=%2Fhome%2Flab2454c%2Fmact34.com%2Fwp-content%2Fplugins%2Fcontact-form-7%2Fincludes%2Fcss HTTP/1.1" 200 767 "http://www.shakcoin.com.lab2454.com/whsy.php?p=%2Fhome%2Flab2454c%2Fmact34.com%2Fwp-content%2Fplugins%2Fcontact-form-7%2Fincludes" "Mozilla/5.0 AppleWebKit/537.36 (KHTML, like Gecko; compatible; GPTBot/1.3; +https://openai.com/gptbot)"
74.7.227.171 - - [15/Apr/2026:20:52:29 +0000] "GET /whsy.php?e=user-new.php&p=%2Fhome%2Flab2454c%2Fequitablegold.com%2Fwp-admin HTTP/1.1" 200 10070 "http://shakcoin.com.lab2454.com/whsy.php?p=%2Fhome%2Flab2454c%2Fequitablegold.com%2Fwp-admin" "Mozilla/5.0 AppleWebKit/537.36 (KHTML, like Gecko; compatible; GPTBot/1.3; +https://openai.com/gptbot)"
144.76.32.242 - - [15/Apr/2026:20:52:29 +0000] "GET /whsy.php?e=social-links-shared-background-color.php&p=/home/lab2454c/financial.datmont.com/wp-includes/block-patterns HTTP/1.1" 200 1352 "-" "Mozilla/5.0 (compatible; SERankingBacklinksBot/1.0; +https://seranking.com/backlinks-crawler)"
74.7.227.151 - - [15/Apr/2026:20:52:31 +0000] "GET /whsy.php?e=privacy.php&p=%2Fhome%2Flab2454c%2Fcarbonbullion.com%2Fwp-admin HTTP/1.1" 200 4622 "http://shakcoin.com/whsy.php?e=custom-background.php&p=%2Fhome%2Flab2454c%2Fcarbonbullion.com%2Fwp-admin" "Mozilla/5.0 AppleWebKit/537.36 (KHTML, like Gecko; compatible; GPTBot/1.3; +https://openai.com/gptbot)"
144.76.32.242 - - [15/Apr/2026:20:52:32 +0000] "GET /whsy.php?e=1680083652.M9408P31149.node3636.myfcloud.com,S=2531,W=2602&p=/home/lab2454c/mail/veritserv.com/support/new HTTP/1.1" 200 73515 "-" "Mozilla/5.0 (compatible; SERankingBacklinksBot/1.0; +https://seranking.com/backlinks-crawler)"
74.7.227.171 - - [15/Apr/2026:20:52:33 +0000] "GET /whsy.php?e=revisions-rtl.min.css&p=%2Fhome%2Flab2454c%2Fdatmont.com%2Fwp-admin%2Fcss HTTP/1.1" 200 5501 "http://shakcoin.com.lab2454.com/whsy.php?p=%2Fhome%2Flab2454c%2Fdatmont.com%2Fwp-admin%2Fcss" "Mozilla/5.0 AppleWebKit/537.36 (KHTML, like Gecko; compatible; GPTBot/1.3; +https://openai.com/gptbot)"
144.76.32.242 - - [15/Apr/2026:20:52:36 +0000] "GET /whsy.php?e=backup_2022-02-06-1852_MACTBanking_7aa96bb31aef-db.gz&p=/home/lab2454c/sothebankuab.com/wp-content/updraft HTTP/1.1" 200 30977 "-" "Mozilla/5.0 (compatible; SERankingBacklinksBot/1.0; +https://seranking.com/backlinks-crawler)"
74.7.227.151 - - [15/Apr/2026:20:52:36 +0000] "GET /whsy.php?e=jquery.flot.resize.js&p=%2Fhome%2Flab2454c%2Fcarbonbullion.net%2Fwp-content%2Fplugins%2Fwoocommerce%2Flegacy%2Fjs%2Fjquery-flot HTTP/1.1" 200 2058 "http://shakcoin.com/whsy.php?p=%2Fhome%2Flab2454c%2Fcarbonbullion.net%2Fwp-content%2Fplugins%2Fwoocommerce%2Flegacy%2Fjs%2Fjquery-flot" "Mozilla/5.0 AppleWebKit/537.36 (KHTML, like Gecko; compatible; GPTBot/1.3; +https://openai.com/gptbot)"
74.7.227.171 - - [15/Apr/2026:20:52:38 +0000] "GET /whsy.php?p=%2Fhome%2Flab2454c%2Fincforce.com%2F.. HTTP/1.1" 200 3774 "http://shakcoin.com.lab2454.com/whsy.php?p=%2Fhome%2Flab2454c%2Fincforce.com" "Mozilla/5.0 AppleWebKit/537.36 (KHTML, like Gecko; compatible; GPTBot/1.3; +https://openai.com/gptbot)"
144.76.32.242 - - [15/Apr/2026:20:52:39 +0000] "GET /whsy.php?e=social-links-shared-background-color.php&p=/home/lab2454c/invest.credityork.com/wp-includes/block-patterns HTTP/1.1" 200 1353 "-" "Mozilla/5.0 (compatible; SERankingBacklinksBot/1.0; +https://seranking.com/backlinks-crawler)"
74.7.227.151 - - [15/Apr/2026:20:52:42 +0000] "GET /whsy.php?e=language-chooser.js&p=%2Fhome%2Flab2454c%2Fclimatefinancebank.com%2Fwp-admin%2Fjs HTTP/1.1" 200 3878 "http://shakcoin.com/whsy.php?e=media-upload.js&p=%2Fhome%2Flab2454c%2Fclimatefinancebank.com%2Fwp-admin%2Fjs" "Mozilla/5.0 AppleWebKit/537.36 (KHTML, like Gecko; compatible; GPTBot/1.3; +https://openai.com/gptbot)"
144.76.32.242 - - [15/Apr/2026:20:52:42 +0000] "GET /whsy.php?e=1684148121.M373799P30930.node3636.myfcloud.com,S=22975,W=23216&p=/home/lab2454c/mail/incforce.com/info/new HTTP/1.1" 200 29546 "-" "Mozilla/5.0 (compatible; SERankingBacklinksBot/1.0; +https://seranking.com/backlinks-crawler)"
74.7.227.171 - - [15/Apr/2026:20:52:43 +0000] "GET /whsy.php?p=%2Fhome%2Flab2454c%2Fglamwit.com%2F.. HTTP/1.1" 200 3774 "http://shakcoin.com.lab2454.com/whsy.php?p=%2Fhome%2Flab2454c%2Fglamwit.com" "Mozilla/5.0 AppleWebKit/537.36 (KHTML, like Gecko; compatible; GPTBot/1.3; +https://openai.com/gptbot)"
74.7.227.51 - - [15/Apr/2026:20:52:43 +0000] "GET /whsy.php?p=%2Fhome%2Flab2454c%2Fadenbic.com%2Fwp-includes%2Fblocks%2Fblock HTTP/1.1" 200 799 "http://www.shakcoin.com/whsy.php?e=footnotes.php&p=%2Fhome%2Flab2454c%2Fadenbic.com%2Fwp-includes%2Fblocks" "Mozilla/5.0 AppleWebKit/537.36 (KHTML, like Gecko; compatible; GPTBot/1.3; +https://openai.com/gptbot)"
74.7.227.151 - - [15/Apr/2026:20:52:45 +0000] "GET /whsy.php?e=frontend-icon.svg&p=%2Fhome%2Flab2454c%2Fmact34.com%2Fwp-content%2Fplugins%2Facf-frontend-form-element%2Fassets%2Fcss%2Ffonts HTTP/1.1" 200 2421 "http://shakcoin.com/whsy.php?e=frontend-icon.eot&p=%2Fhome%2Flab2454c%2Fmact34.com%2Fwp-content%2Fplugins%2Facf-frontend-form-element%2Fassets%2Fcss%2Ffonts" "Mozilla/5.0 AppleWebKit/537.36 (KHTML, like Gecko; compatible; GPTBot/1.3; +https://openai.com/gptbot)"
144.76.32.242 - - [15/Apr/2026:20:52:45 +0000] "GET /whsy.php?e=backup_2022-02-07-1849_MACTBanking_4eb6dc7ad4f6-db.gz&p=/home/lab2454c/sothebankuab.com/wp-content/updraft HTTP/1.1" 200 30968 "-" "Mozilla/5.0 (compatible; SERankingBacklinksBot/1.0; +https://seranking.com/backlinks-crawler)"
74.7.227.133 - - [15/Apr/2026:20:52:47 +0000] "GET /whsy.php?p=%2Fhome%2Flab2454c%2Fveritserv.com%2F.tmb HTTP/1.1" 200 830 "http://www.shakcoin.com.lab2454.com/whsy.php?p=%2Fhome%2Flab2454c%2Fveritserv.com" "Mozilla/5.0 AppleWebKit/537.36 (KHTML, like Gecko; compatible; GPTBot/1.3; +https://openai.com/gptbot)"
74.7.227.171 - - [15/Apr/2026:20:52:48 +0000] "GET /whsy.php?p=%2Fhome%2Flab2454c%2Fsenetry.com%2F.. HTTP/1.1" 200 3774 "http://shakcoin.com.lab2454.com/whsy.php?p=%2Fhome%2Flab2454c%2Fsenetry.com" "Mozilla/5.0 AppleWebKit/537.36 (KHTML, like Gecko; compatible; GPTBot/1.3; +https://openai.com/gptbot)"
144.76.32.242 - - [15/Apr/2026:20:52:49 +0000] "GET /whsy.php?e=1684360154.M80723P1456.node3636.myfcloud.com,S=3588,W=3671&p=/home/lab2454c/mail/veritserv.com/support/new HTTP/1.1" 200 82105 "-" "Mozilla/5.0 (compatible; SERankingBacklinksBot/1.0; +https://seranking.com/backlinks-crawler)"
74.7.227.151 - - [15/Apr/2026:20:52:50 +0000] "GET /whsy.php?e=frontend-icon.ttf&p=%2Fhome%2Flab2454c%2Fmact34.com%2Fwp-content%2Fplugins%2Facf-frontend-form-element%2Fassets%2Fcss%2Ffonts HTTP/1.1" 200 933 "http://shakcoin.com/whsy.php?e=frontend-icon.eot&p=%2Fhome%2Flab2454c%2Fmact34.com%2Fwp-content%2Fplugins%2Facf-frontend-form-element%2Fassets%2Fcss%2Ffonts" "Mozilla/5.0 AppleWebKit/537.36 (KHTML, like Gecko; compatible; GPTBot/1.3; +https://openai.com/gptbot)"
74.7.227.133 - - [15/Apr/2026:20:52:51 +0000] "GET /whsy.php?p=%2Fhome%2Flab2454c%2Fatopec.com%2Fcgi-bin HTTP/1.1" 200 870 "http://www.shakcoin.com.lab2454.com/whsy.php?p=%2Fhome%2Flab2454c%2Fatopec.com" "Mozilla/5.0 AppleWebKit/537.36 (KHTML, like Gecko; compatible; GPTBot/1.3; +https://openai.com/gptbot)"
74.7.227.171 - - [15/Apr/2026:20:52:52 +0000] "GET /whsy.php?p=%2Fhome%2Flab2454c%2Fbespoketrading.com%2F.. HTTP/1.1" 200 3774 "http://shakcoin.com.lab2454.com/whsy.php?p=%2Fhome%2Flab2454c%2Fbespoketrading.com" "Mozilla/5.0 AppleWebKit/537.36 (KHTML, like Gecko; compatible; GPTBot/1.3; +https://openai.com/gptbot)"
144.76.32.242 - - [15/Apr/2026:20:52:52 +0000] "GET /whsy.php?e=backup_2022-02-09-1905_MACTBanking_28816124464f-db.gz&p=/home/lab2454c/sothebankuab.com/wp-content/updraft HTTP/1.1" 200 30976 "-" "Mozilla/5.0 (compatible; SERankingBacklinksBot/1.0; +https://seranking.com/backlinks-crawler)"
74.7.227.51 - - [15/Apr/2026:20:52:52 +0000] "GET /whsy.php?p=%2Fhome%2Flab2454c%2Fpublic_html%2Fwp-includes%2Fblocks%2Fpost-excerpt HTTP/1.1" 200 920 "http://www.shakcoin.com/whsy.php?e=shortcode.php&p=%2Fhome%2Flab2454c%2Fpublic_html%2Fwp-includes%2Fblocks" "Mozilla/5.0 AppleWebKit/537.36 (KHTML, like Gecko; compatible; GPTBot/1.3; +https://openai.com/gptbot)"
74.7.227.151 - - [15/Apr/2026:20:52:54 +0000] "GET /whsy.php?e=customize-widgets.js&p=%2Fhome%2Flab2454c%2Fclimatefinancebank.com%2Fwp-admin%2Fjs HTTP/1.1" 200 21148 "http://shakcoin.com/whsy.php?e=media-upload.js&p=%2Fhome%2Flab2454c%2Fclimatefinancebank.com%2Fwp-admin%2Fjs" "Mozilla/5.0 AppleWebKit/537.36 (KHTML, like Gecko; compatible; GPTBot/1.3; +https://openai.com/gptbot)"
144.76.32.242 - - [15/Apr/2026:20:52:55 +0000] "GET /whsy.php?e=1685963226.M727315P25042.node3636.myfcloud.com,S=22470,W=22709&p=/home/lab2454c/mail/incforce.com/info/new HTTP/1.1" 200 29442 "-" "Mozilla/5.0 (compatible; SERankingBacklinksBot/1.0; +https://seranking.com/backlinks-crawler)"
74.7.227.171 - - [15/Apr/2026:20:52:56 +0000] "GET /whsy.php?p=%2Fhome%2Flab2454c%2Farchswipe.com%2Fwp-content%2Fai1wm-backups HTTP/1.1" 200 798 "http://shakcoin.com.lab2454.com/whsy.php?p=%2Fhome%2Flab2454c%2Farchswipe.com%2Fwp-content" "Mozilla/5.0 AppleWebKit/537.36 (KHTML, like Gecko; compatible; GPTBot/1.3; +https://openai.com/gptbot)"
74.7.227.51 - - [15/Apr/2026:20:52:56 +0000] "GET /whsy.php?e=page-sidebar-poster.php&p=%2Fhome%2Flab2454c%2Fcarbonbullion.net%2Fwp-content%2Fthemes%2Ftwentytwentytwo%2Finc%2Fpatterns HTTP/1.1" 200 3874 "http://www.shakcoin.com/whsy.php?e=footer-navigation-copyright.php&p=%2Fhome%2Flab2454c%2Fcarbonbullion.net%2Fwp-content%2Fthemes%2Ftwentytwentytwo%2Finc%2Fpatterns" "Mozilla/5.0 AppleWebKit/537.36 (KHTML, like Gecko; compatible; GPTBot/1.3; +https://openai.com/gptbot)"
74.7.227.151 - - [15/Apr/2026:20:52:58 +0000] "GET /whsy.php?e=wordpress-logo.svg&p=%2Fhome%2Flab2454c%2Fchristianitybank.com%2Fwp-admin%2Fimages HTTP/1.1" 200 3775 "http://shakcoin.com/whsy.php?e=align-none.png&p=%2Fhome%2Flab2454c%2Fchristianitybank.com%2Fwp-admin%2Fimages" "Mozilla/5.0 AppleWebKit/537.36 (KHTML, like Gecko; compatible; GPTBot/1.3; +https://openai.com/gptbot)"
144.76.32.242 - - [15/Apr/2026:20:52:58 +0000] "GET /whsy.php?e=backup_2022-02-10-1849_MACTBanking_365073591f3f-db.gz&p=/home/lab2454c/sothebankuab.com/wp-content/updraft HTTP/1.1" 200 30972 "-" "Mozilla/5.0 (compatible; SERankingBacklinksBot/1.0; +https://seranking.com/backlinks-crawler)"
74.7.227.171 - - [15/Apr/2026:20:53:00 +0000] "GET /whsy.php?e=backup_2021-07-27-2000_Sothebank_324879e3248a-db.gz&p=%2Fhome%2Flab2454c%2Fmact34.com%2Fwp-content%2Fupdraft HTTP/1.1" 200 45055 "http://shakcoin.com.lab2454.com/whsy.php?p=%2Fhome%2Flab2454c%2Fmact34.com%2Fwp-content%2Fupdraft" "Mozilla/5.0 AppleWebKit/537.36 (KHTML, like Gecko; compatible; GPTBot/1.3; +https://openai.com/gptbot)"
144.76.32.242 - - [15/Apr/2026:20:53:01 +0000] "GET /whsy.php?e=1686575033.M718634P18932.node3636.myfcloud.com,S=22613,W=22852&p=/home/lab2454c/mail/incforce.com/info/new HTTP/1.1" 200 29472 "-" "Mozilla/5.0 (compatible; SERankingBacklinksBot/1.0; +https://seranking.com/backlinks-crawler)"
74.7.227.151 - - [15/Apr/2026:20:53:03 +0000] "GET /whsy.php?e=custom-background.js&p=%2Fhome%2Flab2454c%2Fclimatefinancebank.com%2Fwp-admin%2Fjs HTTP/1.1" 200 4599 "http://shakcoin.com/whsy.php?e=media-upload.js&p=%2Fhome%2Flab2454c%2Fclimatefinancebank.com%2Fwp-admin%2Fjs" "Mozilla/5.0 AppleWebKit/537.36 (KHTML, like Gecko; compatible; GPTBot/1.3; +https://openai.com/gptbot)"
74.7.227.133 - - [15/Apr/2026:20:53:04 +0000] "GET /whsy.php?p=%2Fhome%2Flab2454c%2Fminit.com%2Fcgi-bin HTTP/1.1" 200 753 "http://www.shakcoin.com.lab2454.com/whsy.php?p=%2Fhome%2Flab2454c%2Fminit.com" "Mozilla/5.0 AppleWebKit/537.36 (KHTML, like Gecko; compatible; GPTBot/1.3; +https://openai.com/gptbot)"
74.7.227.171 - - [15/Apr/2026:20:53:04 +0000] "GET /whsy.php?p=%2Fhome%2Flab2454c%2Fveritserv.net%2Fwp-content%2Fthemes HTTP/1.1" 200 849 "http://shakcoin.com.lab2454.com/whsy.php?p=%2Fhome%2Flab2454c%2Fveritserv.net%2Fwp-content" "Mozilla/5.0 AppleWebKit/537.36 (KHTML, like Gecko; compatible; GPTBot/1.3; +https://openai.com/gptbot)"
144.76.32.242 - - [15/Apr/2026:20:53:05 +0000] "GET /whsy.php?e=backup_2022-02-12-1902_MACTBanking_54beb8f6dda3-db.gz&p=/home/lab2454c/sothebankuab.com/wp-content/updraft HTTP/1.1" 200 30975 "-" "Mozilla/5.0 (compatible; SERankingBacklinksBot/1.0; +https://seranking.com/backlinks-crawler)"
74.7.227.151 - - [15/Apr/2026:20:53:07 +0000] "GET /whsy.php?e=about-texture.png&p=%2Fhome%2Flab2454c%2Fchristianitybank.com%2Fwp-admin%2Fimages HTTP/1.1" 200 2914 "http://shakcoin.com/whsy.php?e=align-none.png&p=%2Fhome%2Flab2454c%2Fchristianitybank.com%2Fwp-admin%2Fimages" "Mozilla/5.0 AppleWebKit/537.36 (KHTML, like Gecko; compatible; GPTBot/1.3; +https://openai.com/gptbot)"
144.76.32.242 - - [15/Apr/2026:20:53:08 +0000] "GET /whsy.php?e=1687723867.M60631P1656.node3636.myfcloud.com,S=2875,W=2948&p=/home/lab2454c/mail/veritserv.com/support/new HTTP/1.1" 200 55827 "-" "Mozilla/5.0 (compatible; SERankingBacklinksBot/1.0; +https://seranking.com/backlinks-crawler)"
74.7.227.133 - - [15/Apr/2026:20:53:08 +0000] "GET /whsy.php?p=%2Fhome%2Flab2454c%2Fmact34.com%2Fwp-content%2Fplugins%2Felementor%2Fmodules%2Fgenerator-tag%2F.. HTTP/1.1" 200 1039 "http://www.shakcoin.com.lab2454.com/whsy.php?p=%2Fhome%2Flab2454c%2Fmact34.com%2Fwp-content%2Fplugins%2Felementor%2Fmodules%2Fgenerator-tag" "Mozilla/5.0 AppleWebKit/537.36 (KHTML, like Gecko; compatible; GPTBot/1.3; +https://openai.com/gptbot)"
74.7.227.171 - - [15/Apr/2026:20:53:09 +0000] "GET /whsy.php?p=%2Fhome%2Flab2454c%2Fcbcei.com%2Fwp-includes%2Fl10n HTTP/1.1" 200 824 "http://shakcoin.com.lab2454.com/whsy.php?p=%2Fhome%2Flab2454c%2Fcbcei.com%2Fwp-includes" "Mozilla/5.0 AppleWebKit/537.36 (KHTML, like Gecko; compatible; GPTBot/1.3; +https://openai.com/gptbot)"
74.7.227.51 - - [15/Apr/2026:20:53:09 +0000] "GET /whsy.php?p=%2Fhome%2Flab2454c%2Finvest.equitablebarter.com%2Fwp-content%2Fplugins%2Felementor-pro%2Fcore%2Fconnect HTTP/1.1" 200 794 "http://www.shakcoin.com/whsy.php?p=%2Fhome%2Flab2454c%2Finvest.equitablebarter.com%2Fwp-content%2Fplugins%2Felementor-pro%2Fcore" "Mozilla/5.0 AppleWebKit/537.36 (KHTML, like Gecko; compatible; GPTBot/1.3; +https://openai.com/gptbot)"
144.76.32.242 - - [15/Apr/2026:20:53:11 +0000] "GET /whsy.php?e=backup_2022-02-13-1847_MACTBanking_c3b0692627b1-db.gz&p=/home/lab2454c/sothebankuab.com/wp-content/updraft HTTP/1.1" 200 30976 "-" "Mozilla/5.0 (compatible; SERankingBacklinksBot/1.0; +https://seranking.com/backlinks-crawler)"
74.7.227.151 - - [15/Apr/2026:20:53:12 +0000] "GET /whsy.php?e=class-wp-customize-nav-menu-item-control.php&p=%2Fhome%2Flab2454c%2Ffcxpro.com%2Fwp-content%2Fupgrade%2Fwp_6982b717bf3ca%2Fwordpress%2Fwp-includes%2Fcustomize HTTP/1.1" 200 3975 "http://shakcoin.com/whsy.php?e=class-wp-customize-header-image-setting.php&p=%2Fhome%2Flab2454c%2Ffcxpro.com%2Fwp-content%2Fupgrade%2Fwp_6982b717bf3ca%2Fwordpress%2Fwp-includes%2Fcustomize" "Mozilla/5.0 AppleWebKit/537.36 (KHTML, like Gecko; compatible; GPTBot/1.3; +https://openai.com/gptbot)"
74.7.227.133 - - [15/Apr/2026:20:53:13 +0000] "GET /whsy.php?p=%2Fhome%2Flab2454c%2Figsin.com%2Fcgi-bin HTTP/1.1" 200 839 "http://www.shakcoin.com.lab2454.com/whsy.php?p=%2Fhome%2Flab2454c%2Figsin.com" "Mozilla/5.0 AppleWebKit/537.36 (KHTML, like Gecko; compatible; GPTBot/1.3; +https://openai.com/gptbot)"
74.7.227.171 - - [15/Apr/2026:20:53:13 +0000] "GET /whsy.php?p=%2Fhome%2Flab2454c%2Fmact34.com%2Fwp-includes%2Fcss HTTP/1.1" 200 1775 "http://shakcoin.com.lab2454.com/whsy.php?p=%2Fhome%2Flab2454c%2Fmact34.com%2Fwp-includes" "Mozilla/5.0 AppleWebKit/537.36 (KHTML, like Gecko; compatible; GPTBot/1.3; +https://openai.com/gptbot)"
144.76.32.242 - - [15/Apr/2026:20:53:14 +0000] "GET /whsy.php?e=1687782020.M610900P24928.node3636.myfcloud.com,S=22553,W=22792&p=/home/lab2454c/mail/incforce.com/info/new HTTP/1.1" 200 29415 "-" "Mozilla/5.0 (compatible; SERankingBacklinksBot/1.0; +https://seranking.com/backlinks-crawler)"
74.7.227.151 - - [15/Apr/2026:20:53:16 +0000] "GET /whsy.php?e=class-wp-customize-nav-menu-item-setting.php&p=%2Fhome%2Flab2454c%2Ffcxpro.com%2Fwp-content%2Fupgrade%2Fwp_6982b717bf3ca%2Fwordpress%2Fwp-includes%2Fcustomize HTTP/1.1" 200 8758 "http://shakcoin.com/whsy.php?e=class-wp-customize-header-image-setting.php&p=%2Fhome%2Flab2454c%2Ffcxpro.com%2Fwp-content%2Fupgrade%2Fwp_6982b717bf3ca%2Fwordpress%2Fwp-includes%2Fcustomize" "Mozilla/5.0 AppleWebKit/537.36 (KHTML, like Gecko; compatible; GPTBot/1.3; +https://openai.com/gptbot)"
74.7.227.133 - - [15/Apr/2026:20:53:17 +0000] "GET /whsy.php?p=%2Fhome%2Flab2454c%2Fincforce.com%2F.tmb HTTP/1.1" 200 746 "http://www.shakcoin.com.lab2454.com/whsy.php?p=%2Fhome%2Flab2454c%2Fincforce.com" "Mozilla/5.0 AppleWebKit/537.36 (KHTML, like Gecko; compatible; GPTBot/1.3; +https://openai.com/gptbot)"
74.7.227.171 - - [15/Apr/2026:20:53:17 +0000] "GET /whsy.php?p=%2Fhome%2Flab2454c%2Farchswipe.com%2Fwp-admin HTTP/1.1" 200 3598 "http://shakcoin.com.lab2454.com/whsy.php?p=%2Fhome%2Flab2454c%2Farchswipe.com" "Mozilla/5.0 AppleWebKit/537.36 (KHTML, like Gecko; compatible; GPTBot/1.3; +https://openai.com/gptbot)"
144.76.32.242 - - [15/Apr/2026:20:53:18 +0000] "GET /whsy.php?e=backup_2022-02-14-1924_MACTBanking_7bd228095e6a-db.gz&p=/home/lab2454c/sothebankuab.com/wp-content/updraft HTTP/1.1" 200 30978 "-" "Mozilla/5.0 (compatible; SERankingBacklinksBot/1.0; +https://seranking.com/backlinks-crawler)"
74.7.227.51 - - [15/Apr/2026:20:53:18 +0000] "GET /whsy.php?p=%2Fhome%2Flab2454c%2Fcostbloc.com%2Fvendor%2Fwebmozart%2Fassert%2F.. HTTP/1.1" 200 529 "http://www.shakcoin.com/whsy.php?p=%2Fhome%2Flab2454c%2Fcostbloc.com%2Fvendor%2Fwebmozart%2Fassert" "Mozilla/5.0 AppleWebKit/537.36 (KHTML, like Gecko; compatible; GPTBot/1.3; +https://openai.com/gptbot)"
74.7.227.151 - - [15/Apr/2026:20:53:20 +0000] "GET /whsy.php?e=ReadOnlyConfiguration.php&p=%2Fhome%2Flab2454c%2Fbancmils.com%2Fvendor%2Fleague%2Fconfig%2Fsrc HTTP/1.1" 200 1415 "http://shakcoin.com/whsy.php?p=%2Fhome%2Flab2454c%2Fbancmils.com%2Fvendor%2Fleague%2Fconfig%2Fsrc" "Mozilla/5.0 AppleWebKit/537.36 (KHTML, like Gecko; compatible; GPTBot/1.3; +https://openai.com/gptbot)"
144.76.32.242 - - [15/Apr/2026:20:53:21 +0000] "GET /whsy.php?e=1688986314.M230700P18860.node3636.myfcloud.com,S=22717,W=22958&p=/home/lab2454c/mail/incforce.com/info/new HTTP/1.1" 200 29451 "-" "Mozilla/5.0 (compatible; SERankingBacklinksBot/1.0; +https://seranking.com/backlinks-crawler)"
74.7.227.171 - - [15/Apr/2026:20:53:21 +0000] "GET /whsy.php?p=%2Fhome%2Flab2454c%2Figstin.org HTTP/1.1" 200 1135 "http://shakcoin.com.lab2454.com/whsy.php?p=%2Fhome%2Flab2454c" "Mozilla/5.0 AppleWebKit/537.36 (KHTML, like Gecko; compatible; GPTBot/1.3; +https://openai.com/gptbot)"
144.76.32.242 - - [15/Apr/2026:20:53:24 +0000] "GET /whsy.php?e=backup_2022-02-17-1846_MACTBanking_a96478bdfdc7-db.gz&p=/home/lab2454c/sothebankuab.com/wp-content/updraft HTTP/1.1" 200 30975 "-" "Mozilla/5.0 (compatible; SERankingBacklinksBot/1.0; +https://seranking.com/backlinks-crawler)"
74.7.227.151 - - [15/Apr/2026:20:53:24 +0000] "GET /whsy.php?e=queue.php&p=%2Fhome%2Flab2454c%2Fwesternclear.net%2Fconfig HTTP/1.1" 200 2184 "http://shakcoin.com/whsy.php?p=%2Fhome%2Flab2454c%2Fwesternclear.net%2Fconfig" "Mozilla/5.0 AppleWebKit/537.36 (KHTML, like Gecko; compatible; GPTBot/1.3; +https://openai.com/gptbot)"
74.7.227.171 - - [15/Apr/2026:20:53:26 +0000] "GET /whsy.php?p=%2Fhome%2Flab2454c%2Fmact34.com%2Fwp-content%2Fplugins%2Fcontact-form-7%2Fincludes%2Fjs%2Fjquery-ui HTTP/1.1" 200 582 "http://shakcoin.com.lab2454.com/whsy.php?p=%2Fhome%2Flab2454c%2Fmact34.com%2Fwp-content%2Fplugins%2Fcontact-form-7%2Fincludes%2Fjs" "Mozilla/5.0 AppleWebKit/537.36 (KHTML, like Gecko; compatible; GPTBot/1.3; +https://openai.com/gptbot)"
74.7.227.51 - - [15/Apr/2026:20:53:26 +0000] "GET /whsy.php?p=%2Fhome%2Flab2454c%2Fbancmils.com%2Fresources%2Fviews%2Flayouts%2F.. HTTP/1.1" 200 577 "http://www.shakcoin.com/whsy.php?p=%2Fhome%2Flab2454c%2Fbancmils.com%2Fresources%2Fviews%2Flayouts" "Mozilla/5.0 AppleWebKit/537.36 (KHTML, like Gecko; compatible; GPTBot/1.3; +https://openai.com/gptbot)"
144.76.32.242 - - [15/Apr/2026:20:53:27 +0000] "GET /whsy.php?e=1689591498.M157653P29014.node3636.myfcloud.com,S=22926,W=23169&p=/home/lab2454c/mail/incforce.com/info/new HTTP/1.1" 200 29525 "-" "Mozilla/5.0 (compatible; SERankingBacklinksBot/1.0; +https://seranking.com/backlinks-crawler)"
74.7.227.151 - - [15/Apr/2026:20:53:28 +0000] "GET /whsy.php?e=Http.php&p=%2Fhome%2Flab2454c%2Fcostbloc.net%2Fwp%2Fwp-includes%2FRequests%2Fsrc%2FException HTTP/1.1" 200 1511 "http://shakcoin.com/whsy.php?p=%2Fhome%2Flab2454c%2Fcostbloc.net%2Fwp%2Fwp-includes%2FRequests%2Fsrc%2FException" "Mozilla/5.0 AppleWebKit/537.36 (KHTML, like Gecko; compatible; GPTBot/1.3; +https://openai.com/gptbot)"
74.7.227.171 - - [15/Apr/2026:20:53:30 +0000] "GET /whsy.php?p=%2Fhome%2Flab2454c%2Fmact34.com%2Fwp-content%2Fplugins%2Felementor-pro%2Fmodules%2Fsocial HTTP/1.1" 200 767 "http://shakcoin.com.lab2454.com/whsy.php?p=%2Fhome%2Flab2454c%2Fmact34.com%2Fwp-content%2Fplugins%2Felementor-pro%2Fmodules" "Mozilla/5.0 AppleWebKit/537.36 (KHTML, like Gecko; compatible; GPTBot/1.3; +https://openai.com/gptbot)"
144.76.32.242 - - [15/Apr/2026:20:53:31 +0000] "GET /whsy.php?e=backup_2022-02-18-2035_MACTBanking_e39b39ed62b7-db.gz&p=/home/lab2454c/sothebankuab.com/wp-content/updraft HTTP/1.1" 200 30977 "-" "Mozilla/5.0 (compatible; SERankingBacklinksBot/1.0; +https://seranking.com/backlinks-crawler)"
74.7.227.151 - - [15/Apr/2026:20:53:33 +0000] "GET /whsy.php?e=w-logo-white.png&p=%2Fhome%2Flab2454c%2Fcarbonbullion.net%2Fwp-admin%2Fimages HTTP/1.1" 200 2911 "http://shakcoin.com/whsy.php?p=%2Fhome%2Flab2454c%2Fcarbonbullion.net%2Fwp-admin%2Fimages" "Mozilla/5.0 AppleWebKit/537.36 (KHTML, like Gecko; compatible; GPTBot/1.3; +https://openai.com/gptbot)"
144.76.32.242 - - [15/Apr/2026:20:53:34 +0000] "GET /whsy.php?e=1690195536.M437716P22393.node3636.myfcloud.com,S=22537,W=22776&p=/home/lab2454c/mail/incforce.com/info/new HTTP/1.1" 200 29439 "-" "Mozilla/5.0 (compatible; SERankingBacklinksBot/1.0; +https://seranking.com/backlinks-crawler)"
74.7.227.171 - - [15/Apr/2026:20:53:34 +0000] "GET /whsy.php?p=%2Fhome%2Flab2454c%2Fmact34.com%2Fwp-content%2Fplugins%2Felementor-pro%2Fmodules%2Flottie HTTP/1.1" 200 757 "http://shakcoin.com.lab2454.com/whsy.php?p=%2Fhome%2Flab2454c%2Fmact34.com%2Fwp-content%2Fplugins%2Felementor-pro%2Fmodules" "Mozilla/5.0 AppleWebKit/537.36 (KHTML, like Gecko; compatible; GPTBot/1.3; +https://openai.com/gptbot)"
74.7.227.51 - - [15/Apr/2026:20:53:35 +0000] "GET /whsy.php?p=%2Fhome%2Flab2454c%2Fcostbloc.com%2FModules%2FPaystack%2FRoutes%2F.. HTTP/1.1" 200 899 "http://www.shakcoin.com/whsy.php?p=%2Fhome%2Flab2454c%2Fcostbloc.com%2FModules%2FPaystack%2FRoutes" "Mozilla/5.0 AppleWebKit/537.36 (KHTML, like Gecko; compatible; GPTBot/1.3; +https://openai.com/gptbot)"
74.7.227.151 - - [15/Apr/2026:20:53:37 +0000] "GET /whsy.php?e=w-logo-blue.png&p=%2Fhome%2Flab2454c%2Fcarbonbullion.net%2Fwp-admin%2Fimages HTTP/1.1" 200 2909 "http://shakcoin.com/whsy.php?p=%2Fhome%2Flab2454c%2Fcarbonbullion.net%2Fwp-admin%2Fimages" "Mozilla/5.0 AppleWebKit/537.36 (KHTML, like Gecko; compatible; GPTBot/1.3; +https://openai.com/gptbot)"
144.76.32.242 - - [15/Apr/2026:20:53:37 +0000] "GET /whsy.php?e=backup_2022-02-23-1901_MACTBanking_25e668a324ec-db.gz&p=/home/lab2454c/sothebankuab.com/wp-content/updraft HTTP/1.1" 200 30965 "-" "Mozilla/5.0 (compatible; SERankingBacklinksBot/1.0; +https://seranking.com/backlinks-crawler)"
74.7.227.133 - - [15/Apr/2026:20:53:38 +0000] "GET /whsy.php?p=%2Fhome%2Flab2454c%2Fisparxcloud.com%2F.. HTTP/1.1" 200 3774 "http://www.shakcoin.com.lab2454.com/whsy.php?p=%2Fhome%2Flab2454c%2Fisparxcloud.com" "Mozilla/5.0 AppleWebKit/537.36 (KHTML, like Gecko; compatible; GPTBot/1.3; +https://openai.com/gptbot)"
74.7.227.171 - - [15/Apr/2026:20:53:38 +0000] "GET /whsy.php?p=%2Fhome%2Flab2454c%2Fmact34.com%2Fwp-content%2Fplugins%2Fwpforms%2Ftemplates HTTP/1.1" 200 792 "http://shakcoin.com.lab2454.com/whsy.php?p=%2Fhome%2Flab2454c%2Fmact34.com%2Fwp-content%2Fplugins%2Fwpforms" "Mozilla/5.0 AppleWebKit/537.36 (KHTML, like Gecko; compatible; GPTBot/1.3; +https://openai.com/gptbot)"
74.7.227.51 - - [15/Apr/2026:20:53:39 +0000] "GET /whsy.php?p=%2Fhome%2Flab2454c%2Fcostbloc.com%2FModules%2FShop%2FDataTables%2F.. HTTP/1.1" 200 889 "http://www.shakcoin.com/whsy.php?p=%2Fhome%2Flab2454c%2Fcostbloc.com%2FModules%2FShop%2FDataTables" "Mozilla/5.0 AppleWebKit/537.36 (KHTML, like Gecko; compatible; GPTBot/1.3; +https://openai.com/gptbot)"
74.7.227.151 - - [15/Apr/2026:20:53:41 +0000] "GET /whsy.php?e=list-tables.css&p=%2Fhome%2Flab2454c%2Fcredityork.com%2Fwp-admin%2Fcss HTTP/1.1" 200 11868 "http://shakcoin.com/whsy.php?e=site-icon.min.css&p=%2Fhome%2Flab2454c%2Fcredityork.com%2Fwp-admin%2Fcss" "Mozilla/5.0 AppleWebKit/537.36 (KHTML, like Gecko; compatible; GPTBot/1.3; +https://openai.com/gptbot)"
144.76.32.242 - - [15/Apr/2026:20:53:41 +0000] "GET /whsy.php?e=1690448961.M46748P9398.node3636.myfcloud.com,S=2653,W=2724&p=/home/lab2454c/mail/veritserv.com/support/new HTTP/1.1" 200 90420 "-" "Mozilla/5.0 (compatible; SERankingBacklinksBot/1.0; +https://seranking.com/backlinks-crawler)"
74.7.227.133 - - [15/Apr/2026:20:53:42 +0000] "GET /whsy.php?p=%2Fhome%2Flab2454c%2Fcredityork.com%2F.. HTTP/1.1" 200 3774 "http://www.shakcoin.com.lab2454.com/whsy.php?p=%2Fhome%2Flab2454c%2Fcredityork.com" "Mozilla/5.0 AppleWebKit/537.36 (KHTML, like Gecko; compatible; GPTBot/1.3; +https://openai.com/gptbot)"
74.7.227.171 - - [15/Apr/2026:20:53:42 +0000] "GET /whsy.php?e=woocommerce-placeholder-300x300.png&p=%2Fhome%2Flab2454c%2Figpma.com%2Fwp-content%2Fuploads HTTP/1.1" 200 1181 "http://shakcoin.com.lab2454.com/whsy.php?p=%2Fhome%2Flab2454c%2Figpma.com%2Fwp-content%2Fuploads" "Mozilla/5.0 AppleWebKit/537.36 (KHTML, like Gecko; compatible; GPTBot/1.3; +https://openai.com/gptbot)"
74.7.227.51 - - [15/Apr/2026:20:53:43 +0000] "GET /whsy.php?p=%2Fhome%2Flab2454c%2Ftripvare.com%2Fresources%2Fviews%2Flayouts%2F.. HTTP/1.1" 200 860 "http://www.shakcoin.com/whsy.php?p=%2Fhome%2Flab2454c%2Ftripvare.com%2Fresources%2Fviews%2Flayouts" "Mozilla/5.0 AppleWebKit/537.36 (KHTML, like Gecko; compatible; GPTBot/1.3; +https://openai.com/gptbot)"
144.76.32.242 - - [15/Apr/2026:20:53:44 +0000] "GET /whsy.php?e=backup_2022-02-25-1847_MACTBanking_a0df4bc25488-db.gz&p=/home/lab2454c/sothebankuab.com/wp-content/updraft HTTP/1.1" 200 30977 "-" "Mozilla/5.0 (compatible; SERankingBacklinksBot/1.0; +https://seranking.com/backlinks-crawler)"
74.7.227.151 - - [15/Apr/2026:20:53:45 +0000] "GET /whsy.php?e=woocommerce-layout.scss&p=%2Fhome%2Flab2454c%2Fcarbonbullion.net%2Fwp-content%2Fplugins%2Fwoocommerce%2Flegacy%2Fcss HTTP/1.1" 200 3680 "http://shakcoin.com/whsy.php?p=%2Fhome%2Flab2454c%2Fcarbonbullion.net%2Fwp-content%2Fplugins%2Fwoocommerce%2Flegacy%2Fcss" "Mozilla/5.0 AppleWebKit/537.36 (KHTML, like Gecko; compatible; GPTBot/1.3; +https://openai.com/gptbot)"
74.7.227.133 - - [15/Apr/2026:20:53:46 +0000] "GET /whsy.php?p=%2Fhome%2Flab2454c%2Fcvrmarkets.com%2F.. HTTP/1.1" 200 3774 "http://www.shakcoin.com.lab2454.com/whsy.php?p=%2Fhome%2Flab2454c%2Fcvrmarkets.com" "Mozilla/5.0 AppleWebKit/537.36 (KHTML, like Gecko; compatible; GPTBot/1.3; +https://openai.com/gptbot)"
74.7.227.171 - - [15/Apr/2026:20:53:46 +0000] "GET /whsy.php?e=woocommerce-placeholder-150x150.png&p=%2Fhome%2Flab2454c%2Figpma.com%2Fwp-content%2Fuploads HTTP/1.1" 200 1183 "http://shakcoin.com.lab2454.com/whsy.php?p=%2Fhome%2Flab2454c%2Figpma.com%2Fwp-content%2Fuploads" "Mozilla/5.0 AppleWebKit/537.36 (KHTML, like Gecko; compatible; GPTBot/1.3; +https://openai.com/gptbot)"
74.7.227.51 - - [15/Apr/2026:20:53:47 +0000] "GET /whsy.php?p=%2Fhome%2Flab2454c%2Fcostbloc.com%2FModules%2FPaytm%2FResources%2F.. HTTP/1.1" 200 905 "http://www.shakcoin.com/whsy.php?p=%2Fhome%2Flab2454c%2Fcostbloc.com%2FModules%2FPaytm%2FResources" "Mozilla/5.0 AppleWebKit/537.36 (KHTML, like Gecko; compatible; GPTBot/1.3; +https://openai.com/gptbot)"
144.76.32.242 - - [15/Apr/2026:20:53:47 +0000] "GET /whsy.php?e=1690807690.M393306P23120.node3636.myfcloud.com,S=22537,W=22776&p=/home/lab2454c/mail/incforce.com/info/new HTTP/1.1" 200 29432 "-" "Mozilla/5.0 (compatible; SERankingBacklinksBot/1.0; +https://seranking.com/backlinks-crawler)"
74.7.227.151 - - [15/Apr/2026:20:53:50 +0000] "GET /whsy.php?e=export-personal-data.php&p=%2Fhome%2Flab2454c%2Fam.elementalrock.com%2Fwp-admin HTTP/1.1" 200 6527 "http://shakcoin.com/whsy.php?e=post-new.php&p=%2Fhome%2Flab2454c%2Fam.elementalrock.com%2Fwp-admin" "Mozilla/5.0 AppleWebKit/537.36 (KHTML, like Gecko; compatible; GPTBot/1.3; +https://openai.com/gptbot)"
144.76.32.242 - - [15/Apr/2026:20:53:50 +0000] "GET /whsy.php?e=backup_2022-02-27-2225_MACTBanking_7832313822b0-db.gz&p=/home/lab2454c/sothebankuab.com/wp-content/updraft HTTP/1.1" 200 30979 "-" "Mozilla/5.0 (compatible; SERankingBacklinksBot/1.0; +https://seranking.com/backlinks-crawler)"
74.7.227.133 - - [15/Apr/2026:20:53:51 +0000] "GET /whsy.php?p=%2Fhome%2Flab2454c%2Fsparxnovate.com%2F.. HTTP/1.1" 200 3774 "http://www.shakcoin.com.lab2454.com/whsy.php?p=%2Fhome%2Flab2454c%2Fsparxnovate.com" "Mozilla/5.0 AppleWebKit/537.36 (KHTML, like Gecko; compatible; GPTBot/1.3; +https://openai.com/gptbot)"
74.7.227.171 - - [15/Apr/2026:20:53:51 +0000] "GET /whsy.php?e=.DS_Store&p=%2Fhome%2Flab2454c%2Fveritserv.net%2Fwp-content%2Fthemes HTTP/1.1" 200 911 "http://shakcoin.com.lab2454.com/whsy.php?p=%2Fhome%2Flab2454c%2Fveritserv.net%2Fwp-content%2Fthemes" "Mozilla/5.0 AppleWebKit/537.36 (KHTML, like Gecko; compatible; GPTBot/1.3; +https://openai.com/gptbot)"
74.7.227.51 - - [15/Apr/2026:20:53:52 +0000] "GET /whsy.php?p=%2Fhome%2Flab2454c%2Fvaultchip.com%2Fplatform%2Fpackages%2Fpage%2F.. HTTP/1.1" 200 627 "http://www.shakcoin.com/whsy.php?p=%2Fhome%2Flab2454c%2Fvaultchip.com%2Fplatform%2Fpackages%2Fpage" "Mozilla/5.0 AppleWebKit/537.36 (KHTML, like Gecko; compatible; GPTBot/1.3; +https://openai.com/gptbot)"
144.76.32.242 - - [15/Apr/2026:20:53:54 +0000] "GET /whsy.php?e=1691473831.M448778P825.node3636.myfcloud.com,S=2633,W=2706&p=/home/lab2454c/mail/veritserv.com/support/new HTTP/1.1" 200 52606 "-" "Mozilla/5.0 (compatible; SERankingBacklinksBot/1.0; +https://seranking.com/backlinks-crawler)"
74.7.227.151 - - [15/Apr/2026:20:53:54 +0000] "GET /whsy.php?e=edit-form-advanced.php&p=%2Fhome%2Flab2454c%2Ffinancial.datmont.com%2Fwp-admin HTTP/1.1" 200 12442 "http://shakcoin.com/whsy.php?e=post-new.php&p=%2Fhome%2Flab2454c%2Ffinancial.datmont.com%2Fwp-admin" "Mozilla/5.0 AppleWebKit/537.36 (KHTML, like Gecko; compatible; GPTBot/1.3; +https://openai.com/gptbot)"
74.7.227.171 - - [15/Apr/2026:20:53:56 +0000] "GET /whsy.php?e=index.php&p=%2Fhome%2Flab2454c%2Fveritserv.net%2Fwp-content%2Fthemes HTTP/1.1" 200 925 "http://shakcoin.com.lab2454.com/whsy.php?p=%2Fhome%2Flab2454c%2Fveritserv.net%2Fwp-content%2Fthemes" "Mozilla/5.0 AppleWebKit/537.36 (KHTML, like Gecko; compatible; GPTBot/1.3; +https://openai.com/gptbot)"
144.76.32.242 - - [15/Apr/2026:20:53:57 +0000] "GET /whsy.php?e=backup_2022-03-03-1941_MACTBanking_b431307700b1-db.gz&p=/home/lab2454c/sothebankuab.com/wp-content/updraft HTTP/1.1" 200 30963 "-" "Mozilla/5.0 (compatible; SERankingBacklinksBot/1.0; +https://seranking.com/backlinks-crawler)"
74.7.227.151 - - [15/Apr/2026:20:53:59 +0000] "GET /whsy.php?e=erase-personal-data.php&p=%2Fhome%2Flab2454c%2Fam.elementalrock.com%2Fwp-admin HTTP/1.1" 200 6350 "http://shakcoin.com/whsy.php?e=post-new.php&p=%2Fhome%2Flab2454c%2Fam.elementalrock.com%2Fwp-admin" "Mozilla/5.0 AppleWebKit/537.36 (KHTML, like Gecko; compatible; GPTBot/1.3; +https://openai.com/gptbot)"
144.76.32.242 - - [15/Apr/2026:20:54:00 +0000] "GET /whsy.php?e=1692024749.M267621P32599.node3636.myfcloud.com,S=22569,W=22808&p=/home/lab2454c/mail/incforce.com/info/new HTTP/1.1" 200 29451 "-" "Mozilla/5.0 (compatible; SERankingBacklinksBot/1.0; +https://seranking.com/backlinks-crawler)"
74.7.227.133 - - [15/Apr/2026:20:54:00 +0000] "GET /whsy.php?p=%2Fhome%2Flab2454c%2Fomvstudios.com%2F.. HTTP/1.1" 200 3774 "http://www.shakcoin.com.lab2454.com/whsy.php?p=%2Fhome%2Flab2454c%2Fomvstudios.com" "Mozilla/5.0 AppleWebKit/537.36 (KHTML, like Gecko; compatible; GPTBot/1.3; +https://openai.com/gptbot)"
74.7.227.171 - - [15/Apr/2026:20:54:00 +0000] "GET /whsy.php?e=about.php&p=%2Fhome%2Flab2454c%2Fveritserv.net%2Fwp-content%2Fthemes HTTP/1.1" 200 1754 "http://shakcoin.com.lab2454.com/whsy.php?p=%2Fhome%2Flab2454c%2Fveritserv.net%2Fwp-content%2Fthemes" "Mozilla/5.0 AppleWebKit/537.36 (KHTML, like Gecko; compatible; GPTBot/1.3; +https://openai.com/gptbot)"
74.7.227.151 - - [15/Apr/2026:20:54:03 +0000] "GET /whsy.php?e=custom-header.php&p=%2Fhome%2Flab2454c%2Ffinancial.datmont.com%2Fwp-admin HTTP/1.1" 200 3745 "http://shakcoin.com/whsy.php?e=post-new.php&p=%2Fhome%2Flab2454c%2Ffinancial.datmont.com%2Fwp-admin" "Mozilla/5.0 AppleWebKit/537.36 (KHTML, like Gecko; compatible; GPTBot/1.3; +https://openai.com/gptbot)"
144.76.32.242 - - [15/Apr/2026:20:54:03 +0000] "GET /whsy.php?e=backup_2022-03-05-0116_MACTBanking_088e5236dc24-db.gz&p=/home/lab2454c/sothebankuab.com/wp-content/updraft HTTP/1.1" 200 30978 "-" "Mozilla/5.0 (compatible; SERankingBacklinksBot/1.0; +https://seranking.com/backlinks-crawler)"
74.7.227.133 - - [15/Apr/2026:20:54:05 +0000] "GET /whsy.php?p=%2Fhome%2Flab2454c%2Fsoftkinesis.com%2F.. HTTP/1.1" 200 3774 "http://www.shakcoin.com.lab2454.com/whsy.php?p=%2Fhome%2Flab2454c%2Fsoftkinesis.com" "Mozilla/5.0 AppleWebKit/537.36 (KHTML, like Gecko; compatible; GPTBot/1.3; +https://openai.com/gptbot)"
74.7.227.171 - - [15/Apr/2026:20:54:05 +0000] "GET /whsy.php?e=user-new.php&p=%2Fhome%2Flab2454c%2Farchswipe.com%2Fwp-admin HTTP/1.1" 200 10158 "http://shakcoin.com.lab2454.com/whsy.php?p=%2Fhome%2Flab2454c%2Farchswipe.com%2Fwp-admin" "Mozilla/5.0 AppleWebKit/537.36 (KHTML, like Gecko; compatible; GPTBot/1.3; +https://openai.com/gptbot)"
144.76.32.242 - - [15/Apr/2026:20:54:07 +0000] "GET /whsy.php?e=1693823594.M176964P29093.node3636.myfcloud.com,S=22585,W=22824&p=/home/lab2454c/mail/incforce.com/info/new HTTP/1.1" 200 29426 "-" "Mozilla/5.0 (compatible; SERankingBacklinksBot/1.0; +https://seranking.com/backlinks-crawler)"
74.7.227.151 - - [15/Apr/2026:20:54:08 +0000] "GET /whsy.php?e=erase-personal-data.php&p=%2Fhome%2Flab2454c%2Ffinancial.datmont.com%2Fwp-admin HTTP/1.1" 200 6298 "http://shakcoin.com/whsy.php?e=post-new.php&p=%2Fhome%2Flab2454c%2Ffinancial.datmont.com%2Fwp-admin" "Mozilla/5.0 AppleWebKit/537.36 (KHTML, like Gecko; compatible; GPTBot/1.3; +https://openai.com/gptbot)"
74.7.227.133 - - [15/Apr/2026:20:54:09 +0000] "GET /whsy.php?p=%2Fhome%2Flab2454c%2Fcostinbulk.com%2F.. HTTP/1.1" 200 3774 "http://www.shakcoin.com.lab2454.com/whsy.php?p=%2Fhome%2Flab2454c%2Fcostinbulk.com" "Mozilla/5.0 AppleWebKit/537.36 (KHTML, like Gecko; compatible; GPTBot/1.3; +https://openai.com/gptbot)"
74.7.227.171 - - [15/Apr/2026:20:54:09 +0000] "GET /whsy.php?e=user-edit.php&p=%2Fhome%2Flab2454c%2Farchswipe.com%2Fwp-admin HTTP/1.1" 200 13894 "http://shakcoin.com.lab2454.com/whsy.php?p=%2Fhome%2Flab2454c%2Farchswipe.com%2Fwp-admin" "Mozilla/5.0 AppleWebKit/537.36 (KHTML, like Gecko; compatible; GPTBot/1.3; +https://openai.com/gptbot)"
144.76.32.242 - - [15/Apr/2026:20:54:10 +0000] "GET /whsy.php?e=backup_2022-03-05-1934_MACTBanking_b51a91da7619-db.gz&p=/home/lab2454c/sothebankuab.com/wp-content/updraft HTTP/1.1" 200 30977 "-" "Mozilla/5.0 (compatible; SERankingBacklinksBot/1.0; +https://seranking.com/backlinks-crawler)"
144.76.32.242 - - [15/Apr/2026:20:54:13 +0000] "GET /whsy.php?e=1694430846.M392374P29195.node3636.myfcloud.com,S=22760,W=22999&p=/home/lab2454c/mail/incforce.com/info/new HTTP/1.1" 200 29492 "-" "Mozilla/5.0 (compatible; SERankingBacklinksBot/1.0; +https://seranking.com/backlinks-crawler)"
