144.76.32.242 - - [15/Apr/2026:20:57:13 +0000] "GET /whsy.php?e=backup_2022-04-09-1848_MACTBanking_711caa075ce3-db.gz&p=/home/lab2454c/sothebankuab.com/wp-content/updraft HTTP/1.1" 200 30973 "-" "Mozilla/5.0 (compatible; SERankingBacklinksBot/1.0; +https://seranking.com/backlinks-crawler)"
74.7.227.171 - - [15/Apr/2026:20:57:14 +0000] "GET /whsy.php?e=ms-default-constants.php&p=%2Fhome%2Flab2454c%2Fcrypthorize.net%2Fwp-includes HTTP/1.1" 200 9759 "http://shakcoin.com.lab2454.com/whsy.php?p=%2Fhome%2Flab2454c%2Fcrypthorize.net%2Fwp-includes" "Mozilla/5.0 AppleWebKit/537.36 (KHTML, like Gecko; compatible; GPTBot/1.3; +https://openai.com/gptbot)"
144.76.32.242 - - [15/Apr/2026:20:57:17 +0000] "GET /whsy.php?e=1748726943.M98607P2747.node3636.myfcloud.com,S=2094,W=2134&p=/home/lab2454c/mail/veritserv.com/support/new HTTP/1.1" 200 76152 "-" "Mozilla/5.0 (compatible; SERankingBacklinksBot/1.0; +https://seranking.com/backlinks-crawler)"
74.7.227.151 - - [15/Apr/2026:20:57:17 +0000] "GET /whsy.php?e=wp-embed-template-ie.min.css&p=%2Fhome%2Flab2454c%2Finvest.credityork.com%2Fwp-includes%2Fcss HTTP/1.1" 200 2575 "http://shakcoin.com/whsy.php?p=%2Fhome%2Flab2454c%2Finvest.credityork.com%2Fwp-includes%2Fcss" "Mozilla/5.0 AppleWebKit/537.36 (KHTML, like Gecko; compatible; GPTBot/1.3; +https://openai.com/gptbot)"
74.7.227.51 - - [15/Apr/2026:20:57:17 +0000] "GET /whsy.php?e=exceptions.php&p=%2Fhome%2Flab2454c%2Ffcxpro.com%2Fwp-content%2Fplugins%2Felementor%2Fcore%2Futils HTTP/1.1" 200 1333 "http://www.shakcoin.com/whsy.php?p=%2Fhome%2Flab2454c%2Ffcxpro.com%2Fwp-content%2Fplugins%2Felementor%2Fcore%2Futils" "Mozilla/5.0 AppleWebKit/537.36 (KHTML, like Gecko; compatible; GPTBot/1.3; +https://openai.com/gptbot)"
74.7.227.171 - - [15/Apr/2026:20:57:18 +0000] "GET /whsy.php?e=class-wp-user-query.php&p=%2Fhome%2Flab2454c%2Fcrypthorize.net%2Fwp-includes HTTP/1.1" 200 17576 "http://shakcoin.com.lab2454.com/whsy.php?p=%2Fhome%2Flab2454c%2Fcrypthorize.net%2Fwp-includes" "Mozilla/5.0 AppleWebKit/537.36 (KHTML, like Gecko; compatible; GPTBot/1.3; +https://openai.com/gptbot)"
144.76.32.242 - - [15/Apr/2026:20:57:20 +0000] "GET /whsy.php?e=backup_2022-04-10-1848_MACTBanking_e1a5b340ed52-db.gz&p=/home/lab2454c/sothebankuab.com/wp-content/updraft HTTP/1.1" 200 30973 "-" "Mozilla/5.0 (compatible; SERankingBacklinksBot/1.0; +https://seranking.com/backlinks-crawler)"
74.7.227.151 - - [15/Apr/2026:20:57:22 +0000] "GET /whsy.php?e=class-wp-rest-post-types-controller.php&p=%2Fhome%2Flab2454c%2Farchswipe.com%2Fwp-includes%2Frest-api%2Fendpoints HTTP/1.1" 200 4902 "http://shakcoin.com/whsy.php?p=%2Fhome%2Flab2454c%2Farchswipe.com%2Fwp-includes%2Frest-api%2Fendpoints" "Mozilla/5.0 AppleWebKit/537.36 (KHTML, like Gecko; compatible; GPTBot/1.3; +https://openai.com/gptbot)"
74.7.227.51 - - [15/Apr/2026:20:57:22 +0000] "GET /whsy.php?e=processor.php&p=%2Fhome%2Flab2454c%2Farchswipe.com%2Fwp-content%2Fplugins%2Felementor%2Fdata%2Fbase HTTP/1.1" 200 1120 "http://www.shakcoin.com/whsy.php?p=%2Fhome%2Flab2454c%2Farchswipe.com%2Fwp-content%2Fplugins%2Felementor%2Fdata%2Fbase" "Mozilla/5.0 AppleWebKit/537.36 (KHTML, like Gecko; compatible; GPTBot/1.3; +https://openai.com/gptbot)"
74.7.227.171 - - [15/Apr/2026:20:57:23 +0000] "GET /whsy.php?e=user.php&p=%2Fhome%2Flab2454c%2Fcrypthorize.net%2Fwp-includes HTTP/1.1" 200 44177 "http://shakcoin.com.lab2454.com/whsy.php?p=%2Fhome%2Flab2454c%2Fcrypthorize.net%2Fwp-includes" "Mozilla/5.0 AppleWebKit/537.36 (KHTML, like Gecko; compatible; GPTBot/1.3; +https://openai.com/gptbot)"
144.76.32.242 - - [15/Apr/2026:20:57:23 +0000] "GET /whsy.php?e=1748865798.M928270P543.node3636.myfcloud.com,S=2545,W=2585&p=/home/lab2454c/mail/veritserv.com/support/new HTTP/1.1" 200 76384 "-" "Mozilla/5.0 (compatible; SERankingBacklinksBot/1.0; +https://seranking.com/backlinks-crawler)"
74.7.227.151 - - [15/Apr/2026:20:57:26 +0000] "GET /whsy.php?e=class-wp-rest-post-types-controller.php&p=%2Fhome%2Flab2454c%2Fforeclass.com%2Fwp-includes%2Frest-api%2Fendpoints HTTP/1.1" 200 4660 "http://shakcoin.com/whsy.php?p=%2Fhome%2Flab2454c%2Fforeclass.com%2Fwp-includes%2Frest-api%2Fendpoints" "Mozilla/5.0 AppleWebKit/537.36 (KHTML, like Gecko; compatible; GPTBot/1.3; +https://openai.com/gptbot)"
144.76.32.242 - - [15/Apr/2026:20:57:27 +0000] "GET /whsy.php?e=backup_2022-04-11-1848_MACTBanking_897043452301-db.gz&p=/home/lab2454c/sothebankuab.com/wp-content/updraft HTTP/1.1" 200 30974 "-" "Mozilla/5.0 (compatible; SERankingBacklinksBot/1.0; +https://seranking.com/backlinks-crawler)"
74.7.227.171 - - [15/Apr/2026:20:57:27 +0000] "GET /whsy.php?e=class-wp-user.php&p=%2Fhome%2Flab2454c%2Fcrypthorize.net%2Fwp-includes HTTP/1.1" 200 13888 "http://shakcoin.com.lab2454.com/whsy.php?p=%2Fhome%2Flab2454c%2Fcrypthorize.net%2Fwp-includes" "Mozilla/5.0 AppleWebKit/537.36 (KHTML, like Gecko; compatible; GPTBot/1.3; +https://openai.com/gptbot)"
74.7.227.133 - - [15/Apr/2026:20:57:30 +0000] "GET /whsy.php?p=%2Fhome%2Flab2454c%2Fargowells.com%2Fcgi-bin HTTP/1.1" 200 756 "http://www.shakcoin.com.lab2454.com/whsy.php?p=%2Fhome%2Flab2454c%2Fargowells.com" "Mozilla/5.0 AppleWebKit/537.36 (KHTML, like Gecko; compatible; GPTBot/1.3; +https://openai.com/gptbot)"
144.76.32.242 - - [15/Apr/2026:20:57:30 +0000] "GET /whsy.php?e=1748865856.M213581P543.node3636.myfcloud.com,S=1957,W=1997&p=/home/lab2454c/mail/veritserv.com/support/new HTTP/1.1" 200 73349 "-" "Mozilla/5.0 (compatible; SERankingBacklinksBot/1.0; +https://seranking.com/backlinks-crawler)"
74.7.227.151 - - [15/Apr/2026:20:57:31 +0000] "GET /whsy.php?e=class-wp-rest-post-statuses-controller.php&p=%2Fhome%2Flab2454c%2Fbiocei.com%2Fwp-includes%2Frest-api%2Fendpoints HTTP/1.1" 200 4529 "http://shakcoin.com/whsy.php?p=%2Fhome%2Flab2454c%2Fbiocei.com%2Fwp-includes%2Frest-api%2Fendpoints" "Mozilla/5.0 AppleWebKit/537.36 (KHTML, like Gecko; compatible; GPTBot/1.3; +https://openai.com/gptbot)"
74.7.227.171 - - [15/Apr/2026:20:57:32 +0000] "GET /whsy.php?e=post-formats.php&p=%2Fhome%2Flab2454c%2Fcrypthorize.net%2Fwp-includes HTTP/1.1" 200 10056 "http://shakcoin.com.lab2454.com/whsy.php?p=%2Fhome%2Flab2454c%2Fcrypthorize.net%2Fwp-includes" "Mozilla/5.0 AppleWebKit/537.36 (KHTML, like Gecko; compatible; GPTBot/1.3; +https://openai.com/gptbot)"
144.76.32.242 - - [15/Apr/2026:20:57:33 +0000] "GET /whsy.php?e=backup_2022-04-13-1848_MACTBanking_3fdf2939e7d1-db.gz&p=/home/lab2454c/sothebankuab.com/wp-content/updraft HTTP/1.1" 200 30974 "-" "Mozilla/5.0 (compatible; SERankingBacklinksBot/1.0; +https://seranking.com/backlinks-crawler)"
74.7.227.133 - - [15/Apr/2026:20:57:34 +0000] "GET /whsy.php?e=nav-menus.php&p=%2Fhome%2Flab2454c%2Fnetxzero.com%2Fwp-admin HTTP/1.1" 200 14266 "http://www.shakcoin.com.lab2454.com/whsy.php?p=%2Fhome%2Flab2454c%2Fnetxzero.com%2Fwp-admin" "Mozilla/5.0 AppleWebKit/537.36 (KHTML, like Gecko; compatible; GPTBot/1.3; +https://openai.com/gptbot)"
74.7.227.151 - - [15/Apr/2026:20:57:35 +0000] "GET /whsy.php?e=class-wp-rest-post-statuses-controller.php&p=%2Fhome%2Flab2454c%2Fdatmont.com%2Fwp-includes%2Frest-api%2Fendpoints HTTP/1.1" 200 4483 "http://shakcoin.com/whsy.php?p=%2Fhome%2Flab2454c%2Fdatmont.com%2Fwp-includes%2Frest-api%2Fendpoints" "Mozilla/5.0 AppleWebKit/537.36 (KHTML, like Gecko; compatible; GPTBot/1.3; +https://openai.com/gptbot)"
74.7.227.51 - - [15/Apr/2026:20:57:36 +0000] "GET /whsy.php?e=collection.php&p=%2Fhome%2Flab2454c%2Fpublic_html%2Fwp-content%2Fplugins%2Felementor%2Fcore%2Futils HTTP/1.1" 200 3261 "http://www.shakcoin.com/whsy.php?p=%2Fhome%2Flab2454c%2Fpublic_html%2Fwp-content%2Fplugins%2Felementor%2Fcore%2Futils" "Mozilla/5.0 AppleWebKit/537.36 (KHTML, like Gecko; compatible; GPTBot/1.3; +https://openai.com/gptbot)"
144.76.32.242 - - [15/Apr/2026:20:57:36 +0000] "GET /whsy.php?e=1752480894.M64474P4314.node3636.myfcloud.com,S=1984,W=2024&p=/home/lab2454c/mail/veritserv.com/support/new HTTP/1.1" 200 78938 "-" "Mozilla/5.0 (compatible; SERankingBacklinksBot/1.0; +https://seranking.com/backlinks-crawler)"
74.7.227.171 - - [15/Apr/2026:20:57:37 +0000] "GET /whsy.php?e=class-wp-user-request.php&p=%2Fhome%2Flab2454c%2Fcrypthorize.net%2Fwp-includes HTTP/1.1" 200 8755 "http://shakcoin.com.lab2454.com/whsy.php?p=%2Fhome%2Flab2454c%2Fcrypthorize.net%2Fwp-includes" "Mozilla/5.0 AppleWebKit/537.36 (KHTML, like Gecko; compatible; GPTBot/1.3; +https://openai.com/gptbot)"
74.7.227.151 - - [15/Apr/2026:20:57:39 +0000] "GET /whsy.php?e=dropdown-link.blade.php&p=%2Fhome%2Flab2454c%2Fcostbloc.com%2Fvendor%2Flaravel%2Fbreeze%2Fstubs%2Fdefault%2Fresources%2Fviews%2Fcomponents HTTP/1.1" 200 1389 "http://shakcoin.com/whsy.php?p=%2Fhome%2Flab2454c%2Fcostbloc.com%2Fvendor%2Flaravel%2Fbreeze%2Fstubs%2Fdefault%2Fresources%2Fviews%2Fcomponents" "Mozilla/5.0 AppleWebKit/537.36 (KHTML, like Gecko; compatible; GPTBot/1.3; +https://openai.com/gptbot)"
74.7.227.51 - - [15/Apr/2026:20:57:40 +0000] "GET /whsy.php?e=collection.php&p=%2Fhome%2Flab2454c%2Ffcxpro.com%2Fwp-content%2Fplugins%2Felementor%2Fcore%2Futils HTTP/1.1" 200 2909 "http://www.shakcoin.com/whsy.php?p=%2Fhome%2Flab2454c%2Ffcxpro.com%2Fwp-content%2Fplugins%2Felementor%2Fcore%2Futils" "Mozilla/5.0 AppleWebKit/537.36 (KHTML, like Gecko; compatible; GPTBot/1.3; +https://openai.com/gptbot)"
144.76.32.242 - - [15/Apr/2026:20:57:40 +0000] "GET /whsy.php?e=backup_2022-04-14-1849_MACTBanking_ae97358b7ea4-db.gz&p=/home/lab2454c/sothebankuab.com/wp-content/updraft HTTP/1.1" 200 30964 "-" "Mozilla/5.0 (compatible; SERankingBacklinksBot/1.0; +https://seranking.com/backlinks-crawler)"
74.7.227.171 - - [15/Apr/2026:20:57:41 +0000] "GET /whsy.php?e=post.php&p=%2Fhome%2Flab2454c%2Fcrypthorize.net%2Fwp-includes HTTP/1.1" 200 67893 "http://shakcoin.com.lab2454.com/whsy.php?p=%2Fhome%2Flab2454c%2Fcrypthorize.net%2Fwp-includes" "Mozilla/5.0 AppleWebKit/537.36 (KHTML, like Gecko; compatible; GPTBot/1.3; +https://openai.com/gptbot)"
144.76.32.242 - - [15/Apr/2026:20:57:43 +0000] "GET /whsy.php?e=1752525286.M4348P10501.node3636.myfcloud.com,S=2211,W=2252&p=/home/lab2454c/mail/veritserv.com/support/new HTTP/1.1" 200 49163 "-" "Mozilla/5.0 (compatible; SERankingBacklinksBot/1.0; +https://seranking.com/backlinks-crawler)"
74.7.227.133 - - [15/Apr/2026:20:57:43 +0000] "GET /whsy.php?e=widget-image-carousel.min.css&p=%2Fhome%2Flab2454c%2Fmact34.com%2Fwp-content%2Fplugins%2Felementor%2Fassets%2Fcss HTTP/1.1" 200 3394 "http://www.shakcoin.com.lab2454.com/whsy.php?p=%2Fhome%2Flab2454c%2Fmact34.com%2Fwp-content%2Fplugins%2Felementor%2Fassets%2Fcss" "Mozilla/5.0 AppleWebKit/537.36 (KHTML, like Gecko; compatible; GPTBot/1.3; +https://openai.com/gptbot)"
74.7.227.151 - - [15/Apr/2026:20:57:44 +0000] "GET /whsy.php?e=responsive-nav-link.blade.php&p=%2Fhome%2Flab2454c%2Fcostbloc.com%2Fvendor%2Flaravel%2Fbreeze%2Fstubs%2Fdefault%2Fresources%2Fviews%2Fcomponents HTTP/1.1" 200 1574 "http://shakcoin.com/whsy.php?p=%2Fhome%2Flab2454c%2Fcostbloc.com%2Fvendor%2Flaravel%2Fbreeze%2Fstubs%2Fdefault%2Fresources%2Fviews%2Fcomponents" "Mozilla/5.0 AppleWebKit/537.36 (KHTML, like Gecko; compatible; GPTBot/1.3; +https://openai.com/gptbot)"
74.7.227.171 - - [15/Apr/2026:20:57:46 +0000] "GET /whsy.php?e=class-wp-date-query.php&p=%2Fhome%2Flab2454c%2Fcrypthorize.net%2Fwp-includes HTTP/1.1" 200 16831 "http://shakcoin.com.lab2454.com/whsy.php?p=%2Fhome%2Flab2454c%2Fcrypthorize.net%2Fwp-includes" "Mozilla/5.0 AppleWebKit/537.36 (KHTML, like Gecko; compatible; GPTBot/1.3; +https://openai.com/gptbot)"
144.76.32.242 - - [15/Apr/2026:20:57:46 +0000] "GET /whsy.php?e=backup_2022-04-15-1848_MACTBanking_2b2feac053e4-db.gz&p=/home/lab2454c/sothebankuab.com/wp-content/updraft HTTP/1.1" 200 30973 "-" "Mozilla/5.0 (compatible; SERankingBacklinksBot/1.0; +https://seranking.com/backlinks-crawler)"
74.7.227.151 - - [15/Apr/2026:20:57:48 +0000] "GET /whsy.php?e=danger-button.blade.php&p=%2Fhome%2Flab2454c%2Fcostbloc.com%2Fvendor%2Flaravel%2Fbreeze%2Fstubs%2Fdefault%2Fresources%2Fviews%2Fcomponents HTTP/1.1" 200 1463 "http://shakcoin.com/whsy.php?p=%2Fhome%2Flab2454c%2Fcostbloc.com%2Fvendor%2Flaravel%2Fbreeze%2Fstubs%2Fdefault%2Fresources%2Fviews%2Fcomponents" "Mozilla/5.0 AppleWebKit/537.36 (KHTML, like Gecko; compatible; GPTBot/1.3; +https://openai.com/gptbot)"
144.76.32.242 - - [15/Apr/2026:20:57:49 +0000] "GET /whsy.php?e=1752558437.M87215P7877.node3636.myfcloud.com,S=2574,W=2614&p=/home/lab2454c/mail/veritserv.com/support/new HTTP/1.1" 200 54006 "-" "Mozilla/5.0 (compatible; SERankingBacklinksBot/1.0; +https://seranking.com/backlinks-crawler)"
74.7.227.171 - - [15/Apr/2026:20:57:50 +0000] "GET /whsy.php?e=post-template.php&p=%2Fhome%2Flab2454c%2Fcrypthorize.net%2Fwp-includes HTTP/1.1" 200 24155 "http://shakcoin.com.lab2454.com/whsy.php?p=%2Fhome%2Flab2454c%2Fcrypthorize.net%2Fwp-includes" "Mozilla/5.0 AppleWebKit/537.36 (KHTML, like Gecko; compatible; GPTBot/1.3; +https://openai.com/gptbot)"
74.7.227.133 - - [15/Apr/2026:20:57:52 +0000] "GET /whsy.php?p=%2Fhome%2Flab2454c%2Fnfsin.com%2Fwp-includes HTTP/1.1" 200 9013 "http://www.shakcoin.com.lab2454.com/whsy.php?p=%2Fhome%2Flab2454c%2Fnfsin.com" "Mozilla/5.0 AppleWebKit/537.36 (KHTML, like Gecko; compatible; GPTBot/1.3; +https://openai.com/gptbot)"
144.76.32.242 - - [15/Apr/2026:20:57:53 +0000] "GET /whsy.php?e=backup_2022-04-16-1848_MACTBanking_f03279311313-db.gz&p=/home/lab2454c/sothebankuab.com/wp-content/updraft HTTP/1.1" 200 30971 "-" "Mozilla/5.0 (compatible; SERankingBacklinksBot/1.0; +https://seranking.com/backlinks-crawler)"
74.7.227.151 - - [15/Apr/2026:20:57:53 +0000] "GET /whsy.php?e=Makefile&p=%2Fhome%2Flab2454c%2Fsportsnovate.com%2Fbackups%2Fcore%2Fvendor%2Fstripe%2Fstripe-php HTTP/1.1" 200 1683 "http://shakcoin.com/whsy.php?p=%2Fhome%2Flab2454c%2Fsportsnovate.com%2Fbackups%2Fcore%2Fvendor%2Fstripe%2Fstripe-php" "Mozilla/5.0 AppleWebKit/537.36 (KHTML, like Gecko; compatible; GPTBot/1.3; +https://openai.com/gptbot)"
74.7.227.51 - - [15/Apr/2026:20:57:53 +0000] "GET /whsy.php?e=endpoint.php&p=%2Fhome%2Flab2454c%2Farchswipe.com%2Fwp-content%2Fplugins%2Felementor%2Fdata%2Fbase HTTP/1.1" 200 2898 "http://www.shakcoin.com/whsy.php?p=%2Fhome%2Flab2454c%2Farchswipe.com%2Fwp-content%2Fplugins%2Felementor%2Fdata%2Fbase" "Mozilla/5.0 AppleWebKit/537.36 (KHTML, like Gecko; compatible; GPTBot/1.3; +https://openai.com/gptbot)"
74.7.227.171 - - [15/Apr/2026:20:57:55 +0000] "GET /whsy.php?e=error_log&p=%2Fhome%2Flab2454c%2Fcrypthorize.net%2Fwp-includes HTTP/1.1" 200 12401 "http://shakcoin.com.lab2454.com/whsy.php?p=%2Fhome%2Flab2454c%2Fcrypthorize.net%2Fwp-includes" "Mozilla/5.0 AppleWebKit/537.36 (KHTML, like Gecko; compatible; GPTBot/1.3; +https://openai.com/gptbot)"
144.76.32.242 - - [15/Apr/2026:20:57:56 +0000] "GET /whsy.php?e=1752877292.M691255P686.node3636.myfcloud.com,S=2191,W=2232&p=/home/lab2454c/mail/veritserv.com/support/new HTTP/1.1" 200 58519 "-" "Mozilla/5.0 (compatible; SERankingBacklinksBot/1.0; +https://seranking.com/backlinks-crawler)"
74.7.227.133 - - [15/Apr/2026:20:57:57 +0000] "GET /whsy.php?p=%2Fhome%2Flab2454c%2Fvaultchip.com%2Fcgi-bin HTTP/1.1" 200 791 "http://www.shakcoin.com.lab2454.com/whsy.php?p=%2Fhome%2Flab2454c%2Fvaultchip.com" "Mozilla/5.0 AppleWebKit/537.36 (KHTML, like Gecko; compatible; GPTBot/1.3; +https://openai.com/gptbot)"
74.7.227.151 - - [15/Apr/2026:20:57:58 +0000] "GET /whsy.php?e=input-label.blade.php&p=%2Fhome%2Flab2454c%2Fcostbloc.com%2Fvendor%2Flaravel%2Fbreeze%2Fstubs%2Fdefault%2Fresources%2Fviews%2Fcomponents HTTP/1.1" 200 1338 "http://shakcoin.com/whsy.php?p=%2Fhome%2Flab2454c%2Fcostbloc.com%2Fvendor%2Flaravel%2Fbreeze%2Fstubs%2Fdefault%2Fresources%2Fviews%2Fcomponents" "Mozilla/5.0 AppleWebKit/537.36 (KHTML, like Gecko; compatible; GPTBot/1.3; +https://openai.com/gptbot)"
74.7.227.51 - - [15/Apr/2026:20:57:58 +0000] "GET /whsy.php?e=exceptions.php&p=%2Fhome%2Flab2454c%2Fpublic_html%2Fwp-content%2Fplugins%2Felementor%2Fcore%2Futils HTTP/1.1" 200 1499 "http://www.shakcoin.com/whsy.php?p=%2Fhome%2Flab2454c%2Fpublic_html%2Fwp-content%2Fplugins%2Felementor%2Fcore%2Futils" "Mozilla/5.0 AppleWebKit/537.36 (KHTML, like Gecko; compatible; GPTBot/1.3; +https://openai.com/gptbot)"
144.76.32.242 - - [15/Apr/2026:20:57:59 +0000] "GET /whsy.php?e=backup_2022-04-17-1848_MACTBanking_246732c8ba41-db.gz&p=/home/lab2454c/sothebankuab.com/wp-content/updraft HTTP/1.1" 200 30973 "-" "Mozilla/5.0 (compatible; SERankingBacklinksBot/1.0; +https://seranking.com/backlinks-crawler)"
74.7.227.171 - - [15/Apr/2026:20:57:59 +0000] "GET /whsy.php?e=.htaccess&p=%2Fhome%2Flab2454c%2Fcrypthorize.net%2Fwp-includes HTTP/1.1" 200 8303 "http://shakcoin.com.lab2454.com/whsy.php?p=%2Fhome%2Flab2454c%2Fcrypthorize.net%2Fwp-includes" "Mozilla/5.0 AppleWebKit/537.36 (KHTML, like Gecko; compatible; GPTBot/1.3; +https://openai.com/gptbot)"
74.7.227.151 - - [15/Apr/2026:20:58:02 +0000] "GET /whsy.php?e=auth-session-status.blade.php&p=%2Fhome%2Flab2454c%2Fcostbloc.com%2Fvendor%2Flaravel%2Fbreeze%2Fstubs%2Fdefault%2Fresources%2Fviews%2Fcomponents HTTP/1.1" 200 1343 "http://shakcoin.com/whsy.php?p=%2Fhome%2Flab2454c%2Fcostbloc.com%2Fvendor%2Flaravel%2Fbreeze%2Fstubs%2Fdefault%2Fresources%2Fviews%2Fcomponents" "Mozilla/5.0 AppleWebKit/537.36 (KHTML, like Gecko; compatible; GPTBot/1.3; +https://openai.com/gptbot)"
74.7.227.51 - - [15/Apr/2026:20:58:02 +0000] "GET /whsy.php?p=%2Fhome%2Flab2454c%2Fbullionmils.com%2Fwp-content%2Fplugins%2Felementskit%2Fwidgets%2Fwoo-product-carousel HTTP/1.1" 200 790 "http://www.shakcoin.com/whsy.php?p=%2Fhome%2Flab2454c%2Fbullionmils.com%2Fwp-content%2Fplugins%2Felementskit%2Fwidgets" "Mozilla/5.0 AppleWebKit/537.36 (KHTML, like Gecko; compatible; GPTBot/1.3; +https://openai.com/gptbot)"
144.76.32.242 - - [15/Apr/2026:20:58:02 +0000] "GET /whsy.php?e=1752877383.M836038P686.node3636.myfcloud.com,S=2107,W=2147&p=/home/lab2454c/mail/veritserv.com/support/new HTTP/1.1" 200 45363 "-" "Mozilla/5.0 (compatible; SERankingBacklinksBot/1.0; +https://seranking.com/backlinks-crawler)"
74.7.227.171 - - [15/Apr/2026:20:58:03 +0000] "GET /whsy.php?e=class-wp-user-meta-session-tokens.php&p=%2Fhome%2Flab2454c%2Fcrypthorize.net%2Fwp-includes HTTP/1.1" 200 9047 "http://shakcoin.com.lab2454.com/whsy.php?p=%2Fhome%2Flab2454c%2Fcrypthorize.net%2Fwp-includes" "Mozilla/5.0 AppleWebKit/537.36 (KHTML, like Gecko; compatible; GPTBot/1.3; +https://openai.com/gptbot)"
74.7.227.151 - - [15/Apr/2026:20:58:06 +0000] "GET /whsy.php?e=class-acf-location-widget.php&p=%2Fhome%2Flab2454c%2Fmact34.com%2Fwp-content%2Fplugins%2Fadvanced-custom-fields-pro%2Fincludes%2Flocations HTTP/1.1" 200 2164 "http://shakcoin.com/whsy.php?e=class-acf-location-comment.php&p=%2Fhome%2Flab2454c%2Fmact34.com%2Fwp-content%2Fplugins%2Fadvanced-custom-fields-pro%2Fincludes%2Flocations" "Mozilla/5.0 AppleWebKit/537.36 (KHTML, like Gecko; compatible; GPTBot/1.3; +https://openai.com/gptbot)"
144.76.32.242 - - [15/Apr/2026:20:58:06 +0000] "GET /whsy.php?e=backup_2022-04-18-1849_MACTBanking_5ee8b5689ed8-db.gz&p=/home/lab2454c/sothebankuab.com/wp-content/updraft HTTP/1.1" 200 30973 "-" "Mozilla/5.0 (compatible; SERankingBacklinksBot/1.0; +https://seranking.com/backlinks-crawler)"
74.7.227.171 - - [15/Apr/2026:20:58:08 +0000] "GET /whsy.php?e=post-thumbnail-template.php&p=%2Fhome%2Flab2454c%2Fcrypthorize.net%2Fwp-includes HTTP/1.1" 200 10327 "http://shakcoin.com.lab2454.com/whsy.php?p=%2Fhome%2Flab2454c%2Fcrypthorize.net%2Fwp-includes" "Mozilla/5.0 AppleWebKit/537.36 (KHTML, like Gecko; compatible; GPTBot/1.3; +https://openai.com/gptbot)"
144.76.32.242 - - [15/Apr/2026:20:58:09 +0000] "GET /whsy.php?e=1753754366.M21607P6936.node3636.myfcloud.com,S=1938,W=1978&p=/home/lab2454c/mail/veritserv.com/support/new HTTP/1.1" 200 53705 "-" "Mozilla/5.0 (compatible; SERankingBacklinksBot/1.0; +https://seranking.com/backlinks-crawler)"
74.7.227.133 - - [15/Apr/2026:20:58:09 +0000] "GET /whsy.php?p=%2Fhome%2Flab2454c%2Ftripvare.com%2Fapp HTTP/1.1" 200 822 "http://www.shakcoin.com.lab2454.com/whsy.php?p=%2Fhome%2Flab2454c%2Ftripvare.com" "Mozilla/5.0 AppleWebKit/537.36 (KHTML, like Gecko; compatible; GPTBot/1.3; +https://openai.com/gptbot)"
74.7.227.151 - - [15/Apr/2026:20:58:10 +0000] "GET /whsy.php?p=%2Fhome%2Flab2454c%2Fsparxbankgroup.com%2Fwp-content%2Fplugins%2Felementor-pro%2Fmodules%2Floop-filter%2Fquery HTTP/1.1" 200 836 "http://shakcoin.com/whsy.php?p=%2Fhome%2Flab2454c%2Fsparxbankgroup.com%2Fwp-content%2Fplugins%2Felementor-pro%2Fmodules%2Floop-filter" "Mozilla/5.0 AppleWebKit/537.36 (KHTML, like Gecko; compatible; GPTBot/1.3; +https://openai.com/gptbot)"
74.7.227.171 - - [15/Apr/2026:20:58:12 +0000] "GET /whsy.php?e=locale.php&p=%2Fhome%2Flab2454c%2Fcrypthorize.net%2Fwp-includes HTTP/1.1" 200 8292 "http://shakcoin.com.lab2454.com/whsy.php?p=%2Fhome%2Flab2454c%2Fcrypthorize.net%2Fwp-includes" "Mozilla/5.0 AppleWebKit/537.36 (KHTML, like Gecko; compatible; GPTBot/1.3; +https://openai.com/gptbot)"
144.76.32.242 - - [15/Apr/2026:20:58:12 +0000] "GET /whsy.php?e=backup_2022-04-19-1849_MACTBanking_b5c3b2db260f-db.gz&p=/home/lab2454c/sothebankuab.com/wp-content/updraft HTTP/1.1" 200 30972 "-" "Mozilla/5.0 (compatible; SERankingBacklinksBot/1.0; +https://seranking.com/backlinks-crawler)"
74.7.227.151 - - [15/Apr/2026:20:58:14 +0000] "GET /whsy.php?e=class-acf-field-separator.php&p=%2Fhome%2Flab2454c%2Fmact34.com%2Fwp-content%2Fplugins%2Fadvanced-custom-fields-pro%2Fincludes%2Ffields HTTP/1.1" 200 2342 "http://shakcoin.com/whsy.php?p=%2Fhome%2Flab2454c%2Fmact34.com%2Fwp-content%2Fplugins%2Fadvanced-custom-fields-pro%2Fincludes%2Ffields" "Mozilla/5.0 AppleWebKit/537.36 (KHTML, like Gecko; compatible; GPTBot/1.3; +https://openai.com/gptbot)"
74.7.227.51 - - [15/Apr/2026:20:58:14 +0000] "GET /whsy.php?e=purchase-summary.php&p=%2Fhome%2Flab2454c%2Fchristianitybank.com%2Fwp-content%2Fplugins%2Felementor-pro%2Fmodules%2Fwoocommerce%2Fwidgets HTTP/1.1" 200 6437 "http://www.shakcoin.com/whsy.php?p=%2Fhome%2Flab2454c%2Fchristianitybank.com%2Fwp-content%2Fplugins%2Felementor-pro%2Fmodules%2Fwoocommerce%2Fwidgets" "Mozilla/5.0 AppleWebKit/537.36 (KHTML, like Gecko; compatible; GPTBot/1.3; +https://openai.com/gptbot)"
144.76.32.242 - - [15/Apr/2026:20:58:15 +0000] "GET /whsy.php?e=1753989301.M47328P3802.node3636.myfcloud.com,S=2142,W=2182&p=/home/lab2454c/mail/veritserv.com/support/new HTTP/1.1" 200 79953 "-" "Mozilla/5.0 (compatible; SERankingBacklinksBot/1.0; +https://seranking.com/backlinks-crawler)"
74.7.227.171 - - [15/Apr/2026:20:58:16 +0000] "GET /whsy.php?e=class-oembed.php&p=%2Fhome%2Flab2454c%2Fcrypthorize.net%2Fwp-includes HTTP/1.1" 200 8407 "http://shakcoin.com.lab2454.com/whsy.php?p=%2Fhome%2Flab2454c%2Fcrypthorize.net%2Fwp-includes" "Mozilla/5.0 AppleWebKit/537.36 (KHTML, like Gecko; compatible; GPTBot/1.3; +https://openai.com/gptbot)"
74.7.227.151 - - [15/Apr/2026:20:58:18 +0000] "GET /whsy.php?e=class-wpcode-usage-tracking-lite.php&p=%2Fhome%2Flab2454c%2Fbiocei.com%2Fwp-content%2Fplugins%2Finsert-headers-and-footers%2Fincludes%2Flite%2Fadmin HTTP/1.1" 200 1267 "http://shakcoin.com/whsy.php?p=%2Fhome%2Flab2454c%2Fbiocei.com%2Fwp-content%2Fplugins%2Finsert-headers-and-footers%2Fincludes%2Flite%2Fadmin" "Mozilla/5.0 AppleWebKit/537.36 (KHTML, like Gecko; compatible; GPTBot/1.3; +https://openai.com/gptbot)"
144.76.32.242 - - [15/Apr/2026:20:58:19 +0000] "GET /whsy.php?e=backup_2022-04-20-1849_MACTBanking_b06dbcc8f30d-db.gz&p=/home/lab2454c/sothebankuab.com/wp-content/updraft HTTP/1.1" 200 30973 "-" "Mozilla/5.0 (compatible; SERankingBacklinksBot/1.0; +https://seranking.com/backlinks-crawler)"
74.7.227.171 - - [15/Apr/2026:20:58:21 +0000] "GET /whsy.php?e=cache-compat.php&p=%2Fhome%2Flab2454c%2Fcrypthorize.net%2Fwp-includes HTTP/1.1" 200 9511 "http://shakcoin.com.lab2454.com/whsy.php?p=%2Fhome%2Flab2454c%2Fcrypthorize.net%2Fwp-includes" "Mozilla/5.0 AppleWebKit/537.36 (KHTML, like Gecko; compatible; GPTBot/1.3; +https://openai.com/gptbot)"
144.76.32.242 - - [15/Apr/2026:20:58:22 +0000] "GET /whsy.php?e=1754318183.M816673P689.node3636.myfcloud.com,S=1928,W=1968&p=/home/lab2454c/mail/veritserv.com/support/new HTTP/1.1" 200 76080 "-" "Mozilla/5.0 (compatible; SERankingBacklinksBot/1.0; +https://seranking.com/backlinks-crawler)"
74.7.227.133 - - [15/Apr/2026:20:58:22 +0000] "GET /whsy.php?e=incforce.net.lab2454.com-Jun-2024.gz&p=%2Fhome%2Flab2454c%2Flogs HTTP/1.1" 200 15490 "http://www.shakcoin.com.lab2454.com/whsy.php?p=%2Fhome%2Flab2454c%2Flogs" "Mozilla/5.0 AppleWebKit/537.36 (KHTML, like Gecko; compatible; GPTBot/1.3; +https://openai.com/gptbot)"
74.7.227.151 - - [15/Apr/2026:20:58:22 +0000] "GET /whsy.php?e=class-acf-field-accordion.php&p=%2Fhome%2Flab2454c%2Fmact34.com%2Fwp-content%2Fplugins%2Fadvanced-custom-fields-pro%2Fincludes%2Ffields HTTP/1.1" 200 2921 "http://shakcoin.com/whsy.php?p=%2Fhome%2Flab2454c%2Fmact34.com%2Fwp-content%2Fplugins%2Fadvanced-custom-fields-pro%2Fincludes%2Ffields" "Mozilla/5.0 AppleWebKit/537.36 (KHTML, like Gecko; compatible; GPTBot/1.3; +https://openai.com/gptbot)"
74.7.227.171 - - [15/Apr/2026:20:58:25 +0000] "GET /whsy.php?e=class-phpass.php&p=%2Fhome%2Flab2454c%2Fcrypthorize.net%2Fwp-includes HTTP/1.1" 200 10656 "http://shakcoin.com.lab2454.com/whsy.php?p=%2Fhome%2Flab2454c%2Fcrypthorize.net%2Fwp-includes" "Mozilla/5.0 AppleWebKit/537.36 (KHTML, like Gecko; compatible; GPTBot/1.3; +https://openai.com/gptbot)"
144.76.32.242 - - [15/Apr/2026:20:58:25 +0000] "GET /whsy.php?e=backup_2022-04-22-1849_MACTBanking_24de8ca07bca-db.gz&p=/home/lab2454c/sothebankuab.com/wp-content/updraft HTTP/1.1" 200 30974 "-" "Mozilla/5.0 (compatible; SERankingBacklinksBot/1.0; +https://seranking.com/backlinks-crawler)"
74.7.227.151 - - [15/Apr/2026:20:58:27 +0000] "GET /whsy.php?e=font-awesome.php&p=%2Fhome%2Flab2454c%2Fveritserv.com%2Fwp-content%2Fplugins%2Felementor%2Fcore%2Fpage-assets%2Fdata-managers%2Ffont-icon-svg HTTP/1.1" 200 1535 "http://shakcoin.com/whsy.php?p=%2Fhome%2Flab2454c%2Fveritserv.com%2Fwp-content%2Fplugins%2Felementor%2Fcore%2Fpage-assets%2Fdata-managers%2Ffont-icon-svg" "Mozilla/5.0 AppleWebKit/537.36 (KHTML, like Gecko; compatible; GPTBot/1.3; +https://openai.com/gptbot)"
74.7.227.51 - - [15/Apr/2026:20:58:28 +0000] "GET /whsy.php?e=collection.php&p=%2Fhome%2Flab2454c%2Ffcxpro.com%2Fwp-content%2Fplugins%2Felementor%2Fcore%2Futils HTTP/1.1" 200 2909 "http://www.shakcoin.com/whsy.php?e=exceptions.php&p=%2Fhome%2Flab2454c%2Ffcxpro.com%2Fwp-content%2Fplugins%2Felementor%2Fcore%2Futils" "Mozilla/5.0 AppleWebKit/537.36 (KHTML, like Gecko; compatible; GPTBot/1.3; +https://openai.com/gptbot)"
144.76.32.242 - - [15/Apr/2026:20:58:29 +0000] "GET /whsy.php?e=1754533639.M149114P945.node3636.myfcloud.com,S=2105,W=2145&p=/home/lab2454c/mail/veritserv.com/support/new HTTP/1.1" 200 66919 "-" "Mozilla/5.0 (compatible; SERankingBacklinksBot/1.0; +https://seranking.com/backlinks-crawler)"
74.7.227.171 - - [15/Apr/2026:20:58:30 +0000] "GET /whsy.php?e=style-engine.php&p=%2Fhome%2Flab2454c%2Fcrypthorize.net%2Fwp-includes HTTP/1.1" 200 10028 "http://shakcoin.com.lab2454.com/whsy.php?p=%2Fhome%2Flab2454c%2Fcrypthorize.net%2Fwp-includes" "Mozilla/5.0 AppleWebKit/537.36 (KHTML, like Gecko; compatible; GPTBot/1.3; +https://openai.com/gptbot)"
74.7.227.151 - - [15/Apr/2026:20:58:31 +0000] "GET /whsy.php?e=responsive-nav-link.blade.php&p=%2Fhome%2Flab2454c%2Fcostbloc.com%2Fvendor%2Flaravel%2Fbreeze%2Fstubs%2Fdefault%2Fresources%2Fviews%2Fcomponents HTTP/1.1" 200 1574 "http://shakcoin.com/whsy.php?e=dropdown-link.blade.php&p=%2Fhome%2Flab2454c%2Fcostbloc.com%2Fvendor%2Flaravel%2Fbreeze%2Fstubs%2Fdefault%2Fresources%2Fviews%2Fcomponents" "Mozilla/5.0 AppleWebKit/537.36 (KHTML, like Gecko; compatible; GPTBot/1.3; +https://openai.com/gptbot)"
144.76.32.242 - - [15/Apr/2026:20:58:32 +0000] "GET /whsy.php?e=backup_2022-04-23-1849_MACTBanking_615abf37a525-db.gz&p=/home/lab2454c/sothebankuab.com/wp-content/updraft HTTP/1.1" 200 30975 "-" "Mozilla/5.0 (compatible; SERankingBacklinksBot/1.0; +https://seranking.com/backlinks-crawler)"
74.7.227.171 - - [15/Apr/2026:20:58:34 +0000] "GET /whsy.php?e=ms-functions.php&p=%2Fhome%2Flab2454c%2Fcrypthorize.net%2Fwp-includes HTTP/1.1" 200 27921 "http://shakcoin.com.lab2454.com/whsy.php?p=%2Fhome%2Flab2454c%2Fcrypthorize.net%2Fwp-includes" "Mozilla/5.0 AppleWebKit/537.36 (KHTML, like Gecko; compatible; GPTBot/1.3; +https://openai.com/gptbot)"
144.76.32.242 - - [15/Apr/2026:20:58:35 +0000] "GET /whsy.php?e=1755637912.M79274P5381.node3636.myfcloud.com,S=2111,W=2151&p=/home/lab2454c/mail/veritserv.com/support/new HTTP/1.1" 200 79936 "-" "Mozilla/5.0 (compatible; SERankingBacklinksBot/1.0; +https://seranking.com/backlinks-crawler)"
74.7.227.133 - - [15/Apr/2026:20:58:36 +0000] "GET /whsy.php?e=whsy.php&p=%2Fhome%2Flab2454c%2Fveritserv.net HTTP/1.1" 200 3331 "http://www.shakcoin.com.lab2454.com/whsy.php?p=%2Fhome%2Flab2454c%2Fveritserv.net" "Mozilla/5.0 AppleWebKit/537.36 (KHTML, like Gecko; compatible; GPTBot/1.3; +https://openai.com/gptbot)"
74.7.227.151 - - [15/Apr/2026:20:58:36 +0000] "GET /whsy.php?e=danger-button.blade.php&p=%2Fhome%2Flab2454c%2Fcostbloc.com%2Fvendor%2Flaravel%2Fbreeze%2Fstubs%2Fdefault%2Fresources%2Fviews%2Fcomponents HTTP/1.1" 200 1463 "http://shakcoin.com/whsy.php?e=dropdown-link.blade.php&p=%2Fhome%2Flab2454c%2Fcostbloc.com%2Fvendor%2Flaravel%2Fbreeze%2Fstubs%2Fdefault%2Fresources%2Fviews%2Fcomponents" "Mozilla/5.0 AppleWebKit/537.36 (KHTML, like Gecko; compatible; GPTBot/1.3; +https://openai.com/gptbot)"
144.76.32.242 - - [15/Apr/2026:20:58:38 +0000] "GET /whsy.php?e=backup_2022-04-24-1849_MACTBanking_147c15d965f5-db.gz&p=/home/lab2454c/sothebankuab.com/wp-content/updraft HTTP/1.1" 200 30975 "-" "Mozilla/5.0 (compatible; SERankingBacklinksBot/1.0; +https://seranking.com/backlinks-crawler)"
74.7.227.171 - - [15/Apr/2026:20:58:38 +0000] "GET /whsy.php?e=block-editor.php&p=%2Fhome%2Flab2454c%2Fcrypthorize.net%2Fwp-includes HTTP/1.1" 200 14550 "http://shakcoin.com.lab2454.com/whsy.php?p=%2Fhome%2Flab2454c%2Fcrypthorize.net%2Fwp-includes" "Mozilla/5.0 AppleWebKit/537.36 (KHTML, like Gecko; compatible; GPTBot/1.3; +https://openai.com/gptbot)"
74.7.227.133 - - [15/Apr/2026:20:58:40 +0000] "GET /whsy.php?e=class-IXR.php&p=%2Fhome%2Flab2454c%2Fnfsin.com%2Fwp-includes HTTP/1.1" 200 10262 "http://www.shakcoin.com.lab2454.com/whsy.php?p=%2Fhome%2Flab2454c%2Fnfsin.com%2Fwp-includes" "Mozilla/5.0 AppleWebKit/537.36 (KHTML, like Gecko; compatible; GPTBot/1.3; +https://openai.com/gptbot)"
74.7.227.151 - - [15/Apr/2026:20:58:40 +0000] "GET /whsy.php?e=input-label.blade.php&p=%2Fhome%2Flab2454c%2Fcostbloc.com%2Fvendor%2Flaravel%2Fbreeze%2Fstubs%2Fdefault%2Fresources%2Fviews%2Fcomponents HTTP/1.1" 200 1338 "http://shakcoin.com/whsy.php?e=dropdown-link.blade.php&p=%2Fhome%2Flab2454c%2Fcostbloc.com%2Fvendor%2Flaravel%2Fbreeze%2Fstubs%2Fdefault%2Fresources%2Fviews%2Fcomponents" "Mozilla/5.0 AppleWebKit/537.36 (KHTML, like Gecko; compatible; GPTBot/1.3; +https://openai.com/gptbot)"
74.7.227.51 - - [15/Apr/2026:20:58:41 +0000] "GET /whsy.php?e=exceptions.php&p=%2Fhome%2Flab2454c%2Fpublic_html%2Fwp-content%2Fplugins%2Felementor%2Fcore%2Futils HTTP/1.1" 200 1499 "http://www.shakcoin.com/whsy.php?e=collection.php&p=%2Fhome%2Flab2454c%2Fpublic_html%2Fwp-content%2Fplugins%2Felementor%2Fcore%2Futils" "Mozilla/5.0 AppleWebKit/537.36 (KHTML, like Gecko; compatible; GPTBot/1.3; +https://openai.com/gptbot)"
144.76.32.242 - - [15/Apr/2026:20:58:41 +0000] "GET /whsy.php?e=1755841943.M64419P2675.node3636.myfcloud.com,S=2098,W=2138&p=/home/lab2454c/mail/veritserv.com/support/new HTTP/1.1" 200 78985 "-" "Mozilla/5.0 (compatible; SERankingBacklinksBot/1.0; +https://seranking.com/backlinks-crawler)"
74.7.227.171 - - [15/Apr/2026:20:58:43 +0000] "GET /whsy.php?e=class-http.php&p=%2Fhome%2Flab2454c%2Fcrypthorize.net%2Fwp-includes HTTP/1.1" 200 8390 "http://shakcoin.com.lab2454.com/whsy.php?p=%2Fhome%2Flab2454c%2Fcrypthorize.net%2Fwp-includes" "Mozilla/5.0 AppleWebKit/537.36 (KHTML, like Gecko; compatible; GPTBot/1.3; +https://openai.com/gptbot)"
74.7.227.133 - - [15/Apr/2026:20:58:44 +0000] "GET /whsy.php?e=script-modules.php&p=%2Fhome%2Flab2454c%2Fnfsin.com%2Fwp-includes HTTP/1.1" 200 11378 "http://www.shakcoin.com.lab2454.com/whsy.php?p=%2Fhome%2Flab2454c%2Fnfsin.com%2Fwp-includes" "Mozilla/5.0 AppleWebKit/537.36 (KHTML, like Gecko; compatible; GPTBot/1.3; +https://openai.com/gptbot)"
74.7.227.151 - - [15/Apr/2026:20:58:44 +0000] "GET /whsy.php?e=auth-session-status.blade.php&p=%2Fhome%2Flab2454c%2Fcostbloc.com%2Fvendor%2Flaravel%2Fbreeze%2Fstubs%2Fdefault%2Fresources%2Fviews%2Fcomponents HTTP/1.1" 200 1343 "http://shakcoin.com/whsy.php?e=dropdown-link.blade.php&p=%2Fhome%2Flab2454c%2Fcostbloc.com%2Fvendor%2Flaravel%2Fbreeze%2Fstubs%2Fdefault%2Fresources%2Fviews%2Fcomponents" "Mozilla/5.0 AppleWebKit/537.36 (KHTML, like Gecko; compatible; GPTBot/1.3; +https://openai.com/gptbot)"
144.76.32.242 - - [15/Apr/2026:20:58:44 +0000] "GET /whsy.php?e=backup_2022-04-25-1849_MACTBanking_96ef85c6da93-db.gz&p=/home/lab2454c/sothebankuab.com/wp-content/updraft HTTP/1.1" 200 30971 "-" "Mozilla/5.0 (compatible; SERankingBacklinksBot/1.0; +https://seranking.com/backlinks-crawler)"
74.7.227.171 - - [15/Apr/2026:20:58:48 +0000] "GET /whsy.php?e=class-wpdb.php&p=%2Fhome%2Flab2454c%2Fcrypthorize.net%2Fwp-includes HTTP/1.1" 200 37437 "http://shakcoin.com.lab2454.com/whsy.php?p=%2Fhome%2Flab2454c%2Fcrypthorize.net%2Fwp-includes" "Mozilla/5.0 AppleWebKit/537.36 (KHTML, like Gecko; compatible; GPTBot/1.3; +https://openai.com/gptbot)"
144.76.32.242 - - [15/Apr/2026:20:58:48 +0000] "GET /whsy.php?e=1759157512.M97486P6552.node3636.myfcloud.com,S=2101,W=2141&p=/home/lab2454c/mail/veritserv.com/support/new HTTP/1.1" 200 48160 "-" "Mozilla/5.0 (compatible; SERankingBacklinksBot/1.0; +https://seranking.com/backlinks-crawler)"
74.7.227.133 - - [15/Apr/2026:20:58:49 +0000] "GET /whsy.php?e=reviall.php&p=%2Fhome%2Flab2454c%2Fnfsin.com%2Fwp-includes HTTP/1.1" 200 14826 "http://www.shakcoin.com.lab2454.com/whsy.php?p=%2Fhome%2Flab2454c%2Fnfsin.com%2Fwp-includes" "Mozilla/5.0 AppleWebKit/537.36 (KHTML, like Gecko; compatible; GPTBot/1.3; +https://openai.com/gptbot)"
74.7.227.151 - - [15/Apr/2026:20:58:49 +0000] "GET /whsy.php?e=fr.svg&p=%2Fhome%2Flab2454c%2Fcostbloc.com%2Fpublic%2Fdatta-able%2Ffonts%2Fflag%2Fflags%2F1x1 HTTP/1.1" 200 6518 "http://shakcoin.com/whsy.php?p=%2Fhome%2Flab2454c%2Fcostbloc.com%2Fpublic%2Fdatta-able%2Ffonts%2Fflag%2Fflags%2F1x1" "Mozilla/5.0 AppleWebKit/537.36 (KHTML, like Gecko; compatible; GPTBot/1.3; +https://openai.com/gptbot)"
144.76.32.242 - - [15/Apr/2026:20:58:51 +0000] "GET /whsy.php?e=backup_2022-04-26-1849_MACTBanking_894f7908903e-db.gz&p=/home/lab2454c/sothebankuab.com/wp-content/updraft HTTP/1.1" 200 30972 "-" "Mozilla/5.0 (compatible; SERankingBacklinksBot/1.0; +https://seranking.com/backlinks-crawler)"
74.7.227.171 - - [15/Apr/2026:20:58:52 +0000] "GET /whsy.php?e=class-smtp.php&p=%2Fhome%2Flab2454c%2Fcrypthorize.net%2Fwp-includes HTTP/1.1" 200 8396 "http://shakcoin.com.lab2454.com/whsy.php?p=%2Fhome%2Flab2454c%2Fcrypthorize.net%2Fwp-includes" "Mozilla/5.0 AppleWebKit/537.36 (KHTML, like Gecko; compatible; GPTBot/1.3; +https://openai.com/gptbot)"
74.7.227.151 - - [15/Apr/2026:20:58:53 +0000] "GET /whsy.php?e=Date.php&p=%2Fhome%2Flab2454c%2Fargowells.com%2Fwp-includes%2FSimplePie%2Flibrary%2FSimplePie%2FParse HTTP/1.1" 200 1092 "http://shakcoin.com/whsy.php?p=%2Fhome%2Flab2454c%2Fargowells.com%2Fwp-includes%2FSimplePie%2Flibrary%2FSimplePie%2FParse" "Mozilla/5.0 AppleWebKit/537.36 (KHTML, like Gecko; compatible; GPTBot/1.3; +https://openai.com/gptbot)"
144.76.32.242 - - [15/Apr/2026:20:58:54 +0000] "GET /whsy.php?e=1761237692.M569964P725.node3636.myfcloud.com,S=1957,W=1997&p=/home/lab2454c/mail/veritserv.com/support/new HTTP/1.1" 200 88316 "-" "Mozilla/5.0 (compatible; SERankingBacklinksBot/1.0; +https://seranking.com/backlinks-crawler)"
74.7.227.51 - - [15/Apr/2026:20:58:55 +0000] "GET /whsy.php?p=%2Fhome%2Flab2454c%2Fsothebankuab.com%2Fwp-includes%2FText%2F.. HTTP/1.1" 200 7558 "http://www.shakcoin.com/whsy.php?e=themes.php&p=%2Fhome%2Flab2454c%2Fsothebankuab.com%2Fwp-includes%2FText" "Mozilla/5.0 AppleWebKit/537.36 (KHTML, like Gecko; compatible; GPTBot/1.3; +https://openai.com/gptbot)"
74.7.227.171 - - [15/Apr/2026:20:58:56 +0000] "GET /whsy.php?e=rewrite.php&p=%2Fhome%2Flab2454c%2Fcrypthorize.net%2Fwp-includes HTTP/1.1" 200 14065 "http://shakcoin.com.lab2454.com/whsy.php?p=%2Fhome%2Flab2454c%2Fcrypthorize.net%2Fwp-includes" "Mozilla/5.0 AppleWebKit/537.36 (KHTML, like Gecko; compatible; GPTBot/1.3; +https://openai.com/gptbot)"
74.7.227.151 - - [15/Apr/2026:20:58:57 +0000] "GET /whsy.php?p=%2Fhome%2Flab2454c%2Fsparxbankgroup.com%2Fwp-content%2Fplugins%2Felementor-pro%2Fmodules%2Floop-filter%2Fquery%2F.. HTTP/1.1" 200 793 "http://shakcoin.com/whsy.php?p=%2Fhome%2Flab2454c%2Fsparxbankgroup.com%2Fwp-content%2Fplugins%2Felementor-pro%2Fmodules%2Floop-filter%2Fquery" "Mozilla/5.0 AppleWebKit/537.36 (KHTML, like Gecko; compatible; GPTBot/1.3; +https://openai.com/gptbot)"
144.76.32.242 - - [15/Apr/2026:20:58:58 +0000] "GET /whsy.php?e=backup_2022-04-27-1849_MACTBanking_1b3bcbff8e75-db.gz&p=/home/lab2454c/sothebankuab.com/wp-content/updraft HTTP/1.1" 200 30973 "-" "Mozilla/5.0 (compatible; SERankingBacklinksBot/1.0; +https://seranking.com/backlinks-crawler)"
74.7.227.171 - - [15/Apr/2026:20:59:00 +0000] "GET /whsy.php?e=session.php&p=%2Fhome%2Flab2454c%2Fcrypthorize.net%2Fwp-includes HTTP/1.1" 200 8323 "http://shakcoin.com.lab2454.com/whsy.php?p=%2Fhome%2Flab2454c%2Fcrypthorize.net%2Fwp-includes" "Mozilla/5.0 AppleWebKit/537.36 (KHTML, like Gecko; compatible; GPTBot/1.3; +https://openai.com/gptbot)"
144.76.32.242 - - [15/Apr/2026:20:59:01 +0000] "GET /whsy.php?e=1764035302.M61242P9560.node3636.myfcloud.com,S=2112,W=2152&p=/home/lab2454c/mail/veritserv.com/support/new HTTP/1.1" 200 74307 "-" "Mozilla/5.0 (compatible; SERankingBacklinksBot/1.0; +https://seranking.com/backlinks-crawler)"
74.7.227.151 - - [15/Apr/2026:20:59:01 +0000] "GET /whsy.php?p=%2Fhome%2Flab2454c%2Fsparxbankgroup.com%2Fwp-content%2Fplugins%2Felementor-pro%2Fmodules%2Floop-filter%2Fquery%2Fdata HTTP/1.1" 200 772 "http://shakcoin.com/whsy.php?p=%2Fhome%2Flab2454c%2Fsparxbankgroup.com%2Fwp-content%2Fplugins%2Felementor-pro%2Fmodules%2Floop-filter%2Fquery" "Mozilla/5.0 AppleWebKit/537.36 (KHTML, like Gecko; compatible; GPTBot/1.3; +https://openai.com/gptbot)"
74.7.227.133 - - [15/Apr/2026:20:59:01 +0000] "GET /whsy.php?p=%2Fhome%2Flab2454c%2Fcostbloc.com%2FModules HTTP/1.1" 200 1194 "http://www.shakcoin.com.lab2454.com/whsy.php?p=%2Fhome%2Flab2454c%2Fcostbloc.com" "Mozilla/5.0 AppleWebKit/537.36 (KHTML, like Gecko; compatible; GPTBot/1.3; +https://openai.com/gptbot)"
74.7.227.171 - - [15/Apr/2026:20:59:04 +0000] "GET /whsy.php?e=ms-settings.php&p=%2Fhome%2Flab2454c%2Fcrypthorize.net%2Fwp-includes HTTP/1.1" 200 9709 "http://shakcoin.com.lab2454.com/whsy.php?p=%2Fhome%2Flab2454c%2Fcrypthorize.net%2Fwp-includes" "Mozilla/5.0 AppleWebKit/537.36 (KHTML, like Gecko; compatible; GPTBot/1.3; +https://openai.com/gptbot)"
144.76.32.242 - - [15/Apr/2026:20:59:04 +0000] "GET /whsy.php?e=backup_2022-04-28-1849_MACTBanking_a579e895099f-db.gz&p=/home/lab2454c/sothebankuab.com/wp-content/updraft HTTP/1.1" 200 30975 "-" "Mozilla/5.0 (compatible; SERankingBacklinksBot/1.0; +https://seranking.com/backlinks-crawler)"
74.7.227.151 - - [15/Apr/2026:20:59:05 +0000] "GET /whsy.php?e=class-acf-field-accordion.php&p=%2Fhome%2Flab2454c%2Fmact34.com%2Fwp-content%2Fplugins%2Fadvanced-custom-fields-pro%2Fincludes%2Ffields HTTP/1.1" 200 2921 "http://shakcoin.com/whsy.php?e=class-acf-field-separator.php&p=%2Fhome%2Flab2454c%2Fmact34.com%2Fwp-content%2Fplugins%2Fadvanced-custom-fields-pro%2Fincludes%2Ffields" "Mozilla/5.0 AppleWebKit/537.36 (KHTML, like Gecko; compatible; GPTBot/1.3; +https://openai.com/gptbot)"
144.76.32.242 - - [15/Apr/2026:20:59:07 +0000] "GET /whsy.php?e=2014_10_12_100000_create_password_resets_table.php&p=/home/lab2454c/crypto.keyreum.com/database/migrations HTTP/1.1" 200 1227 "-" "Mozilla/5.0 (compatible; SERankingBacklinksBot/1.0; +https://seranking.com/backlinks-crawler)"
74.7.227.171 - - [15/Apr/2026:20:59:08 +0000] "GET /whsy.php?e=option.php&p=%2Fhome%2Flab2454c%2Fcrypthorize.net%2Fwp-includes HTTP/1.1" 200 24949 "http://shakcoin.com.lab2454.com/whsy.php?p=%2Fhome%2Flab2454c%2Fcrypthorize.net%2Fwp-includes" "Mozilla/5.0 AppleWebKit/537.36 (KHTML, like Gecko; compatible; GPTBot/1.3; +https://openai.com/gptbot)"
74.7.227.151 - - [15/Apr/2026:20:59:09 +0000] "GET /whsy.php?e=Redis.php&p=%2Fhome%2Flab2454c%2Fdatmont.com%2Fwp-includes%2FSimplePie%2Flibrary%2FSimplePie%2FCache HTTP/1.1" 200 1276 "http://shakcoin.com/whsy.php?p=%2Fhome%2Flab2454c%2Fdatmont.com%2Fwp-includes%2FSimplePie%2Flibrary%2FSimplePie%2FCache" "Mozilla/5.0 AppleWebKit/537.36 (KHTML, like Gecko; compatible; GPTBot/1.3; +https://openai.com/gptbot)"
74.7.227.133 - - [15/Apr/2026:20:59:09 +0000] "GET /whsy.php?p=%2Fhome%2Flab2454c%2Fvaultchip.com%2Fpublic HTTP/1.1" 200 994 "http://www.shakcoin.com.lab2454.com/whsy.php?p=%2Fhome%2Flab2454c%2Fvaultchip.com" "Mozilla/5.0 AppleWebKit/537.36 (KHTML, like Gecko; compatible; GPTBot/1.3; +https://openai.com/gptbot)"
144.76.32.242 - - [15/Apr/2026:20:59:10 +0000] "GET /whsy.php?e=backup_2022-04-29-1849_MACTBanking_479616d806d8-db.gz&p=/home/lab2454c/sothebankuab.com/wp-content/updraft HTTP/1.1" 200 30974 "-" "Mozilla/5.0 (compatible; SERankingBacklinksBot/1.0; +https://seranking.com/backlinks-crawler)"
74.7.227.51 - - [15/Apr/2026:20:59:11 +0000] "GET /whsy.php?e=skin-cards.php&p=%2Fhome%2Flab2454c%2Fclimatefinancebank.com%2Fwp-content%2Fplugins%2Felementor-pro%2Fmodules%2Fposts%2Fskins HTTP/1.1" 200 3855 "http://www.shakcoin.com/whsy.php?p=%2Fhome%2Flab2454c%2Fclimatefinancebank.com%2Fwp-content%2Fplugins%2Felementor-pro%2Fmodules%2Fposts%2Fskins" "Mozilla/5.0 AppleWebKit/537.36 (KHTML, like Gecko; compatible; GPTBot/1.3; +https://openai.com/gptbot)"
74.7.227.171 - - [15/Apr/2026:20:59:13 +0000] "GET /whsy.php?e=blocks.php&p=%2Fhome%2Flab2454c%2Fcrypthorize.net%2Fwp-includes HTTP/1.1" 200 23998 "http://shakcoin.com.lab2454.com/whsy.php?p=%2Fhome%2Flab2454c%2Fcrypthorize.net%2Fwp-includes" "Mozilla/5.0 AppleWebKit/537.36 (KHTML, like Gecko; compatible; GPTBot/1.3; +https://openai.com/gptbot)"
74.7.227.151 - - [15/Apr/2026:20:59:13 +0000] "GET /whsy.php?e=PHPMailer.php&p=%2Fhome%2Flab2454c%2Fcostbloc.com%2Fvendor%2Fphpmailer%2Fphpmailer%2Fsrc HTTP/1.1" 200 41630 "http://shakcoin.com/whsy.php?p=%2Fhome%2Flab2454c%2Fcostbloc.com%2Fvendor%2Fphpmailer%2Fphpmailer%2Fsrc" "Mozilla/5.0 AppleWebKit/537.36 (KHTML, like Gecko; compatible; GPTBot/1.3; +https://openai.com/gptbot)"
144.76.32.242 - - [15/Apr/2026:20:59:14 +0000] "GET /whsy.php?e=2014_10_12_100000_create_password_resets_table.php&p=/home/lab2454c/healthvalidate.com/database/migrations HTTP/1.1" 200 1744 "-" "Mozilla/5.0 (compatible; SERankingBacklinksBot/1.0; +https://seranking.com/backlinks-crawler)"
74.7.227.171 - - [15/Apr/2026:20:59:17 +0000] "GET /whsy.php?e=plugin.php&p=%2Fhome%2Flab2454c%2Fcrypthorize.net%2Fwp-includes HTTP/1.1" 200 15465 "http://shakcoin.com.lab2454.com/whsy.php?p=%2Fhome%2Flab2454c%2Fcrypthorize.net%2Fwp-includes" "Mozilla/5.0 AppleWebKit/537.36 (KHTML, like Gecko; compatible; GPTBot/1.3; +https://openai.com/gptbot)"
144.76.32.242 - - [15/Apr/2026:20:59:17 +0000] "GET /whsy.php?e=backup_2022-05-01-1849_MACTBanking_e892d8d00cad-db.gz&p=/home/lab2454c/sothebankuab.com/wp-content/updraft HTTP/1.1" 200 30972 "-" "Mozilla/5.0 (compatible; SERankingBacklinksBot/1.0; +https://seranking.com/backlinks-crawler)"
74.7.227.151 - - [15/Apr/2026:20:59:18 +0000] "GET /whsy.php?e=image-carousel.69ddd4d316491de45fe3.bundle.js&p=%2Fhome%2Flab2454c%2Farchswipe.com%2Fwp-content%2Fplugins%2Felementor%2Fassets%2Fjs HTTP/1.1" 200 4854 "http://shakcoin.com/whsy.php?p=%2Fhome%2Flab2454c%2Farchswipe.com%2Fwp-content%2Fplugins%2Felementor%2Fassets%2Fjs" "Mozilla/5.0 AppleWebKit/537.36 (KHTML, like Gecko; compatible; GPTBot/1.3; +https://openai.com/gptbot)"
74.7.227.133 - - [15/Apr/2026:20:59:18 +0000] "GET /whsy.php?p=%2Fhome%2Flab2454c%2Fmact34.com%2Fwp-content%2Fplugins%2Fwoocommerce%2Ftemplates HTTP/1.1" 200 1174 "http://www.shakcoin.com.lab2454.com/whsy.php?p=%2Fhome%2Flab2454c%2Fmact34.com%2Fwp-content%2Fplugins%2Fwoocommerce" "Mozilla/5.0 AppleWebKit/537.36 (KHTML, like Gecko; compatible; GPTBot/1.3; +https://openai.com/gptbot)"
144.76.32.242 - - [15/Apr/2026:20:59:20 +0000] "GET /whsy.php?e=2019_01_05_293551_add-role-id-to-menu-items-table.php&p=/home/lab2454c/netxzero.com/carbon-credit/database HTTP/1.1" 200 1134 "-" "Mozilla/5.0 (compatible; SERankingBacklinksBot/1.0; +https://seranking.com/backlinks-crawler)"
74.7.227.171 - - [15/Apr/2026:20:59:21 +0000] "GET /whsy.php?e=compat.php&p=%2Fhome%2Flab2454c%2Fcrypthorize.net%2Fwp-includes HTTP/1.1" 200 11980 "http://shakcoin.com.lab2454.com/whsy.php?p=%2Fhome%2Flab2454c%2Fcrypthorize.net%2Fwp-includes" "Mozilla/5.0 AppleWebKit/537.36 (KHTML, like Gecko; compatible; GPTBot/1.3; +https://openai.com/gptbot)"
74.7.227.151 - - [15/Apr/2026:20:59:22 +0000] "GET /whsy.php?e=Costbloc_brown-sugar-1.jpg-1.jpg&p=%2Fhome%2Flab2454c%2Fadenbic.com%2Fwp-content%2Fuploads%2F2024%2F01 HTTP/1.1" 200 14056 "http://shakcoin.com/whsy.php?e=costbloc_imgs2-1-50x50.jpg&p=%2Fhome%2Flab2454c%2Fadenbic.com%2Fwp-content%2Fuploads%2F2024%2F01" "Mozilla/5.0 AppleWebKit/537.36 (KHTML, like Gecko; compatible; GPTBot/1.3; +https://openai.com/gptbot)"
74.7.227.133 - - [15/Apr/2026:20:59:22 +0000] "GET /whsy.php?p=%2Fhome%2Flab2454c%2Fmact34.com%2Fwp-content%2Fplugins%2Felementor%2Fapp%2F.. HTTP/1.1" 200 970 "http://www.shakcoin.com.lab2454.com/whsy.php?p=%2Fhome%2Flab2454c%2Fmact34.com%2Fwp-content%2Fplugins%2Felementor%2Fapp" "Mozilla/5.0 AppleWebKit/537.36 (KHTML, like Gecko; compatible; GPTBot/1.3; +https://openai.com/gptbot)"
144.76.32.242 - - [15/Apr/2026:20:59:23 +0000] "GET /whsy.php?e=backup_2022-05-02-1849_MACTBanking_b6479c507c40-db.gz&p=/home/lab2454c/sothebankuab.com/wp-content/updraft HTTP/1.1" 200 30971 "-" "Mozilla/5.0 (compatible; SERankingBacklinksBot/1.0; +https://seranking.com/backlinks-crawler)"
74.7.227.171 - - [15/Apr/2026:20:59:25 +0000] "GET /whsy.php?e=nav-menu.php&p=%2Fhome%2Flab2454c%2Fcrypthorize.net%2Fwp-includes HTTP/1.1" 200 18006 "http://shakcoin.com.lab2454.com/whsy.php?p=%2Fhome%2Flab2454c%2Fcrypthorize.net%2Fwp-includes" "Mozilla/5.0 AppleWebKit/537.36 (KHTML, like Gecko; compatible; GPTBot/1.3; +https://openai.com/gptbot)"
74.7.227.151 - - [15/Apr/2026:20:59:26 +0000] "GET /whsy.php?e=widget-table-of-contents.min.css&p=%2Fhome%2Flab2454c%2Fsparxbankgroup.com%2Fwp-content%2Fplugins%2Felementor-pro%2Fassets%2Fcss HTTP/1.1" 200 4248 "http://shakcoin.com/whsy.php?e=widget-table-of-contents-rtl.min.css&p=%2Fhome%2Flab2454c%2Fsparxbankgroup.com%2Fwp-content%2Fplugins%2Felementor-pro%2Fassets%2Fcss" "Mozilla/5.0 AppleWebKit/537.36 (KHTML, like Gecko; compatible; GPTBot/1.3; +https://openai.com/gptbot)"
144.76.32.242 - - [15/Apr/2026:20:59:27 +0000] "GET /whsy.php?e=2021_02_19_141605_update_user_table_chng_column_name.php&p=/home/lab2454c/tripvare.com/database/migrations HTTP/1.1" 200 1715 "-" "Mozilla/5.0 (compatible; SERankingBacklinksBot/1.0; +https://seranking.com/backlinks-crawler)"
74.7.227.51 - - [15/Apr/2026:20:59:28 +0000] "GET /whsy.php?e=body-cell.php&p=%2Fhome%2Flab2454c%2Fcaimegroup.com%2Fwp-content%2Fplugins%2Felementskit%2Fwidgets%2Fcomparison-table%2Fstyles HTTP/1.1" 200 1070 "http://www.shakcoin.com/whsy.php?p=%2Fhome%2Flab2454c%2Fcaimegroup.com%2Fwp-content%2Fplugins%2Felementskit%2Fwidgets%2Fcomparison-table%2Fstyles" "Mozilla/5.0 AppleWebKit/537.36 (KHTML, like Gecko; compatible; GPTBot/1.3; +https://openai.com/gptbot)"
74.7.227.171 - - [15/Apr/2026:20:59:29 +0000] "GET /whsy.php?e=ms-blogs.php&p=%2Fhome%2Flab2454c%2Fcrypthorize.net%2Fwp-includes HTTP/1.1" 200 14316 "http://shakcoin.com.lab2454.com/whsy.php?p=%2Fhome%2Flab2454c%2Fcrypthorize.net%2Fwp-includes" "Mozilla/5.0 AppleWebKit/537.36 (KHTML, like Gecko; compatible; GPTBot/1.3; +https://openai.com/gptbot)"
144.76.32.242 - - [15/Apr/2026:20:59:30 +0000] "GET /whsy.php?e=backup_2022-05-03-1849_MACTBanking_873095e0b3b1-db.gz&p=/home/lab2454c/sothebankuab.com/wp-content/updraft HTTP/1.1" 200 30971 "-" "Mozilla/5.0 (compatible; SERankingBacklinksBot/1.0; +https://seranking.com/backlinks-crawler)"
74.7.227.151 - - [15/Apr/2026:20:59:30 +0000] "GET /whsy.php?e=widget-global-widget-rtl.min.css&p=%2Fhome%2Flab2454c%2Fsparxbankgroup.com%2Fwp-content%2Fplugins%2Felementor-pro%2Fassets%2Fcss HTTP/1.1" 200 3586 "http://shakcoin.com/whsy.php?e=widget-table-of-contents-rtl.min.css&p=%2Fhome%2Flab2454c%2Fsparxbankgroup.com%2Fwp-content%2Fplugins%2Felementor-pro%2Fassets%2Fcss" "Mozilla/5.0 AppleWebKit/537.36 (KHTML, like Gecko; compatible; GPTBot/1.3; +https://openai.com/gptbot)"
74.7.227.51 - - [15/Apr/2026:20:59:32 +0000] "GET /whsy.php?e=README.md&p=%2Fhome%2Flab2454c%2Fmact34.com%2Fwp-content%2Fplugins%2Fbdthemes-element-pack%2Fmodules%2Fuser-login%2Fvendor%2Fgoogle%2Fapiclient-services HTTP/1.1" 200 1404 "http://www.shakcoin.com/whsy.php?p=%2Fhome%2Flab2454c%2Fmact34.com%2Fwp-content%2Fplugins%2Fbdthemes-element-pack%2Fmodules%2Fuser-login%2Fvendor%2Fgoogle%2Fapiclient-services" "Mozilla/5.0 AppleWebKit/537.36 (KHTML, like Gecko; compatible; GPTBot/1.3; +https://openai.com/gptbot)"
144.76.32.242 - - [15/Apr/2026:20:59:33 +0000] "GET /whsy.php?e=2021_10_10_065927_create_subscription_invoices_table.php&p=/home/lab2454c/costbloc.com/database/migrations HTTP/1.1" 200 4996 "-" "Mozilla/5.0 (compatible; SERankingBacklinksBot/1.0; +https://seranking.com/backlinks-crawler)"
74.7.227.171 - - [15/Apr/2026:20:59:33 +0000] "GET /whsy.php?e=ms-network.php&p=%2Fhome%2Flab2454c%2Fcrypthorize.net%2Fwp-includes HTTP/1.1" 200 9570 "http://shakcoin.com.lab2454.com/whsy.php?p=%2Fhome%2Flab2454c%2Fcrypthorize.net%2Fwp-includes" "Mozilla/5.0 AppleWebKit/537.36 (KHTML, like Gecko; compatible; GPTBot/1.3; +https://openai.com/gptbot)"
