74.7.227.151 - - [15/Apr/2026:20:23:30 +0000] "GET /whsy.php?e=block.json&p=%2Fhome%2Flab2454c%2Fveritserv.com%2Fwp-includes%2Fblocks%2Fcomments-pagination-next HTTP/1.1" 200 1243 "http://shakcoin.com/whsy.php?p=%2Fhome%2Flab2454c%2Fveritserv.com%2Fwp-includes%2Fblocks%2Fcomments-pagination-next" "Mozilla/5.0 AppleWebKit/537.36 (KHTML, like Gecko; compatible; GPTBot/1.3; +https://openai.com/gptbot)"
74.7.227.51 - - [15/Apr/2026:20:23:30 +0000] "GET /whsy.php?e=editor.min.css&p=%2Fhome%2Flab2454c%2Finvest.westernclear.com%2Fwp-includes%2Fblocks%2Fbutton HTTP/1.1" 200 1209 "http://www.shakcoin.com/whsy.php?e=editor.css&p=%2Fhome%2Flab2454c%2Finvest.westernclear.com%2Fwp-includes%2Fblocks%2Fbutton" "Mozilla/5.0 AppleWebKit/537.36 (KHTML, like Gecko; compatible; GPTBot/1.3; +https://openai.com/gptbot)"
144.76.32.242 - - [15/Apr/2026:20:23:33 +0000] "GET /whsy.php?e=1691764311.M261779P27843.node3636.myfcloud.com,S=3475,W=3559&p=/home/lab2454c/mail/incforce.com/info/new HTTP/1.1" 200 27464 "-" "Mozilla/5.0 (compatible; SERankingBacklinksBot/1.0; +https://seranking.com/backlinks-crawler)"
74.7.227.171 - - [15/Apr/2026:20:23:34 +0000] "GET /whsy.php?e=sda&p=%2Fdev HTTP/1.1" 200 4824 "http://shakcoin.com.lab2454.com/whsy.php?p=%2F%2Fdev" "Mozilla/5.0 AppleWebKit/537.36 (KHTML, like Gecko; compatible; GPTBot/1.3; +https://openai.com/gptbot)"
74.7.227.151 - - [15/Apr/2026:20:23:34 +0000] "GET /whsy.php?p=%2Fhome%2Flab2454c%2Fnfsin.com%2F858553%2F.. HTTP/1.1" 200 3292 "http://shakcoin.com/whsy.php?p=%2Fhome%2Flab2454c%2Fnfsin.com%2F858553" "Mozilla/5.0 AppleWebKit/537.36 (KHTML, like Gecko; compatible; GPTBot/1.3; +https://openai.com/gptbot)"
74.7.227.51 - - [15/Apr/2026:20:23:34 +0000] "GET /whsy.php?e=theme.css&p=%2Fhome%2Flab2454c%2Finvest.westernclear.com%2Fwp-includes%2Fblocks%2Fsearch HTTP/1.1" 200 1258 "http://www.shakcoin.com/whsy.php?e=editor.css&p=%2Fhome%2Flab2454c%2Finvest.westernclear.com%2Fwp-includes%2Fblocks%2Fsearch" "Mozilla/5.0 AppleWebKit/537.36 (KHTML, like Gecko; compatible; GPTBot/1.3; +https://openai.com/gptbot)"
74.7.227.133 - - [15/Apr/2026:20:23:35 +0000] "GET /whsy.php?e=options-media.php&p=%2Fhome%2Flab2454c%2Fcarbonbullion.net%2Fwp-admin HTTP/1.1" 200 5594 "http://www.shakcoin.com.lab2454.com/whsy.php?p=%2Fhome%2Flab2454c%2Fcarbonbullion.net%2Fwp-admin" "Mozilla/5.0 AppleWebKit/537.36 (KHTML, like Gecko; compatible; GPTBot/1.3; +https://openai.com/gptbot)"
144.76.32.242 - - [15/Apr/2026:20:23:36 +0000] "GET /whsy.php?e=backup_2021-09-30-1855_Sothebank_4477cacaef4a-db.gz&p=/home/lab2454c/sothebankuab.com/wp-content/updraft HTTP/1.1" 200 30980 "-" "Mozilla/5.0 (compatible; SERankingBacklinksBot/1.0; +https://seranking.com/backlinks-crawler)"
74.7.227.171 - - [15/Apr/2026:20:23:38 +0000] "GET /whsy.php?e=tty44&p=%2Fdev HTTP/1.1" 200 4824 "http://shakcoin.com.lab2454.com/whsy.php?p=%2F%2Fdev" "Mozilla/5.0 AppleWebKit/537.36 (KHTML, like Gecko; compatible; GPTBot/1.3; +https://openai.com/gptbot)"
74.7.227.151 - - [15/Apr/2026:20:23:38 +0000] "GET /whsy.php?e=autoload_real.php&p=%2Fhome%2Flab2454c%2Fcarbonbullion.net%2Fwp-content%2Fplugins%2Fsvg-support%2Fvendor%2Fcomposer HTTP/1.1" 200 1703 "http://shakcoin.com/whsy.php?p=%2Fhome%2Flab2454c%2Fcarbonbullion.net%2Fwp-content%2Fplugins%2Fsvg-support%2Fvendor%2Fcomposer" "Mozilla/5.0 AppleWebKit/537.36 (KHTML, like Gecko; compatible; GPTBot/1.3; +https://openai.com/gptbot)"
144.76.32.242 - - [15/Apr/2026:20:23:39 +0000] "GET /whsy.php?e=1691839402.M531457P26628.node3636.myfcloud.com,S=7994,W=8117&p=/home/lab2454c/mail/incforce.com/info/new HTTP/1.1" 200 28549 "-" "Mozilla/5.0 (compatible; SERankingBacklinksBot/1.0; +https://seranking.com/backlinks-crawler)"
74.7.227.171 - - [15/Apr/2026:20:23:42 +0000] "GET /whsy.php?e=tty52&p=%2Fdev HTTP/1.1" 200 4824 "http://shakcoin.com.lab2454.com/whsy.php?p=%2F%2Fdev" "Mozilla/5.0 AppleWebKit/537.36 (KHTML, like Gecko; compatible; GPTBot/1.3; +https://openai.com/gptbot)"
144.76.32.242 - - [15/Apr/2026:20:23:42 +0000] "GET /whsy.php?e=backup_2021-10-01-1909_Sothebank_05b6a3c6c3f6-db.gz&p=/home/lab2454c/sothebankuab.com/wp-content/updraft HTTP/1.1" 200 30978 "-" "Mozilla/5.0 (compatible; SERankingBacklinksBot/1.0; +https://seranking.com/backlinks-crawler)"
74.7.227.151 - - [15/Apr/2026:20:23:43 +0000] "GET /whsy.php?e=screenshot.png&p=%2Fhome%2Flab2454c%2Fcrypto.keyreum.com%2Fplatform%2Fplugins%2Fsocial-login HTTP/1.1" 200 951 "http://shakcoin.com/whsy.php?p=%2Fhome%2Flab2454c%2Fcrypto.keyreum.com%2Fplatform%2Fplugins%2Fsocial-login" "Mozilla/5.0 AppleWebKit/537.36 (KHTML, like Gecko; compatible; GPTBot/1.3; +https://openai.com/gptbot)"
74.7.227.133 - - [15/Apr/2026:20:23:43 +0000] "GET /whsy.php?e=plugin-editor.php&p=%2Fhome%2Flab2454c%2Fcarbonbullion.net%2Fwp-admin HTTP/1.1" 200 8353 "http://www.shakcoin.com.lab2454.com/whsy.php?p=%2Fhome%2Flab2454c%2Fcarbonbullion.net%2Fwp-admin" "Mozilla/5.0 AppleWebKit/537.36 (KHTML, like Gecko; compatible; GPTBot/1.3; +https://openai.com/gptbot)"
144.76.32.242 - - [15/Apr/2026:20:23:45 +0000] "GET /whsy.php?e=1691842043.M580307P24673.node3636.myfcloud.com,S=7987,W=8110&p=/home/lab2454c/mail/incforce.com/info/new HTTP/1.1" 200 28559 "-" "Mozilla/5.0 (compatible; SERankingBacklinksBot/1.0; +https://seranking.com/backlinks-crawler)"
74.7.227.171 - - [15/Apr/2026:20:23:46 +0000] "GET /whsy.php?e=db_dump&p=%2Fusr%2Fbin HTTP/1.1" 200 40985 "http://shakcoin.com.lab2454.com/whsy.php?p=%2F%2Fbin" "Mozilla/5.0 AppleWebKit/537.36 (KHTML, like Gecko; compatible; GPTBot/1.3; +https://openai.com/gptbot)"
74.7.227.151 - - [15/Apr/2026:20:23:47 +0000] "GET /whsy.php?p=%2Fhome%2Flab2454c%2Fcarbonbullion.net%2Fwp-content%2Fplugins%2Fwoocommerce%2Fassets%2Fcss%2Fphotoswipe HTTP/1.1" 200 791 "http://shakcoin.com/whsy.php?e=network-order-widget-rtl.css&p=%2Fhome%2Flab2454c%2Fcarbonbullion.net%2Fwp-content%2Fplugins%2Fwoocommerce%2Fassets%2Fcss" "Mozilla/5.0 AppleWebKit/537.36 (KHTML, like Gecko; compatible; GPTBot/1.3; +https://openai.com/gptbot)"
74.7.227.133 - - [15/Apr/2026:20:23:47 +0000] "GET /whsy.php?e=custom-header.php&p=%2Fhome%2Flab2454c%2Fcarbonbullion.net%2Fwp-admin HTTP/1.1" 200 3805 "http://www.shakcoin.com.lab2454.com/whsy.php?p=%2Fhome%2Flab2454c%2Fcarbonbullion.net%2Fwp-admin" "Mozilla/5.0 AppleWebKit/537.36 (KHTML, like Gecko; compatible; GPTBot/1.3; +https://openai.com/gptbot)"
144.76.32.242 - - [15/Apr/2026:20:23:49 +0000] "GET /whsy.php?e=backup_2021-10-02-1954_Sothebank_e885783f0ad3-db.gz&p=/home/lab2454c/sothebankuab.com/wp-content/updraft HTTP/1.1" 200 30978 "-" "Mozilla/5.0 (compatible; SERankingBacklinksBot/1.0; +https://seranking.com/backlinks-crawler)"
74.7.227.171 - - [15/Apr/2026:20:23:51 +0000] "GET /whsy.php?e=chattr&p=%2Fusr%2Fbin HTTP/1.1" 200 40984 "http://shakcoin.com.lab2454.com/whsy.php?p=%2F%2Fbin" "Mozilla/5.0 AppleWebKit/537.36 (KHTML, like Gecko; compatible; GPTBot/1.3; +https://openai.com/gptbot)"
74.7.227.151 - - [15/Apr/2026:20:23:51 +0000] "GET /whsy.php?p=%2Fhome%2Flab2454c%2Ffcxpro.com%2Fwp-content%2Fplugins%2Fwoocommerce%2Fincludes%2Fadmin%2Fmeta-boxes%2Fviews%2F.. HTTP/1.1" 200 1064 "http://shakcoin.com/whsy.php?p=%2Fhome%2Flab2454c%2Ffcxpro.com%2Fwp-content%2Fplugins%2Fwoocommerce%2Fincludes%2Fadmin%2Fmeta-boxes%2Fviews" "Mozilla/5.0 AppleWebKit/537.36 (KHTML, like Gecko; compatible; GPTBot/1.3; +https://openai.com/gptbot)"
144.76.32.242 - - [15/Apr/2026:20:23:52 +0000] "GET /whsy.php?e=1691843390.M933741P12685.node3636.myfcloud.com,S=3162,W=3238&p=/home/lab2454c/mail/incforce.com/info/new HTTP/1.1" 200 27360 "-" "Mozilla/5.0 (compatible; SERankingBacklinksBot/1.0; +https://seranking.com/backlinks-crawler)"
74.7.227.171 - - [15/Apr/2026:20:23:55 +0000] "GET /whsy.php?e=xzfgrep&p=%2Fusr%2Fbin HTTP/1.1" 200 43580 "http://shakcoin.com.lab2454.com/whsy.php?p=%2F%2Fbin" "Mozilla/5.0 AppleWebKit/537.36 (KHTML, like Gecko; compatible; GPTBot/1.3; +https://openai.com/gptbot)"
144.76.32.242 - - [15/Apr/2026:20:23:55 +0000] "GET /whsy.php?e=backup_2021-10-05-2017_Sothebank_1ef10dec9ef0-db.gz&p=/home/lab2454c/sothebankuab.com/wp-content/updraft HTTP/1.1" 200 30969 "-" "Mozilla/5.0 (compatible; SERankingBacklinksBot/1.0; +https://seranking.com/backlinks-crawler)"
74.7.227.151 - - [15/Apr/2026:20:23:55 +0000] "GET /whsy.php?p=%2Fhome%2Flab2454c%2Ffcxpro.com%2Fwp-content%2Fplugins%2Fwebon-core%2Finc%2Fshortcodes%2Fvideo-button%2Ftemplates%2F.. HTTP/1.1" 200 861 "http://shakcoin.com/whsy.php?p=%2Fhome%2Flab2454c%2Ffcxpro.com%2Fwp-content%2Fplugins%2Fwebon-core%2Finc%2Fshortcodes%2Fvideo-button%2Ftemplates" "Mozilla/5.0 AppleWebKit/537.36 (KHTML, like Gecko; compatible; GPTBot/1.3; +https://openai.com/gptbot)"
144.76.32.242 - - [15/Apr/2026:20:23:58 +0000] "GET /whsy.php?e=1692093111.M186557P10938.node3636.myfcloud.com,S=2846,W=2919&p=/home/lab2454c/mail/incforce.com/info/new HTTP/1.1" 200 27314 "-" "Mozilla/5.0 (compatible; SERankingBacklinksBot/1.0; +https://seranking.com/backlinks-crawler)"
74.7.227.171 - - [15/Apr/2026:20:23:59 +0000] "GET /whsy.php?e=lessecho&p=%2Fusr%2Fbin HTTP/1.1" 200 40985 "http://shakcoin.com.lab2454.com/whsy.php?p=%2F%2Fbin" "Mozilla/5.0 AppleWebKit/537.36 (KHTML, like Gecko; compatible; GPTBot/1.3; +https://openai.com/gptbot)"
74.7.227.151 - - [15/Apr/2026:20:23:59 +0000] "GET /whsy.php?e=options-general.php&p=%2Fhome%2Flab2454c%2Fcarbonbullion.net%2Fwp-admin HTTP/1.1" 200 9922 "http://shakcoin.com/whsy.php?e=network.php&p=%2Fhome%2Flab2454c%2Fcarbonbullion.net%2Fwp-admin" "Mozilla/5.0 AppleWebKit/537.36 (KHTML, like Gecko; compatible; GPTBot/1.3; +https://openai.com/gptbot)"
144.76.32.242 - - [15/Apr/2026:20:24:01 +0000] "GET /whsy.php?e=backup_2021-10-06-2003_Sothebank_2312ef6baa6f-db.gz&p=/home/lab2454c/sothebankuab.com/wp-content/updraft HTTP/1.1" 200 30967 "-" "Mozilla/5.0 (compatible; SERankingBacklinksBot/1.0; +https://seranking.com/backlinks-crawler)"
74.7.227.171 - - [15/Apr/2026:20:24:04 +0000] "GET /whsy.php?e=sg_get_lba_status&p=%2Fusr%2Fbin HTTP/1.1" 200 40994 "http://shakcoin.com.lab2454.com/whsy.php?p=%2F%2Fbin" "Mozilla/5.0 AppleWebKit/537.36 (KHTML, like Gecko; compatible; GPTBot/1.3; +https://openai.com/gptbot)"
74.7.227.151 - - [15/Apr/2026:20:24:04 +0000] "GET /whsy.php?e=options-writing.php&p=%2Fhome%2Flab2454c%2Fcarbonbullion.net%2Fwp-admin HTTP/1.1" 200 6619 "http://shakcoin.com/whsy.php?e=network.php&p=%2Fhome%2Flab2454c%2Fcarbonbullion.net%2Fwp-admin" "Mozilla/5.0 AppleWebKit/537.36 (KHTML, like Gecko; compatible; GPTBot/1.3; +https://openai.com/gptbot)"
74.7.227.133 - - [15/Apr/2026:20:24:04 +0000] "GET /whsy.php?e=theme-install.php&p=%2Fhome%2Flab2454c%2Fcarbonbullion.net%2Fwp-admin HTTP/1.1" 200 9453 "http://www.shakcoin.com.lab2454.com/whsy.php?p=%2Fhome%2Flab2454c%2Fcarbonbullion.net%2Fwp-admin" "Mozilla/5.0 AppleWebKit/537.36 (KHTML, like Gecko; compatible; GPTBot/1.3; +https://openai.com/gptbot)"
74.7.227.51 - - [15/Apr/2026:20:24:04 +0000] "GET /whsy.php?e=style-rtl.css&p=%2Fhome%2Flab2454c%2Felementalmill.com%2Fwp-includes%2Fblocks%2Faccordion HTTP/1.1" 200 941 "http://www.shakcoin.com/whsy.php?p=%2Fhome%2Flab2454c%2Felementalmill.com%2Fwp-includes%2Fblocks%2Faccordion" "Mozilla/5.0 AppleWebKit/537.36 (KHTML, like Gecko; compatible; GPTBot/1.3; +https://openai.com/gptbot)"
144.76.32.242 - - [15/Apr/2026:20:24:05 +0000] "GET /whsy.php?e=1692199037.M591009P24678.node3636.myfcloud.com,S=2315,W=2374&p=/home/lab2454c/mail/incforce.com/info/new HTTP/1.1" 200 27111 "-" "Mozilla/5.0 (compatible; SERankingBacklinksBot/1.0; +https://seranking.com/backlinks-crawler)"
74.7.227.171 - - [15/Apr/2026:20:24:08 +0000] "GET /whsy.php?e=vimrc&p=%2Fetc HTTP/1.1" 200 10078 "http://shakcoin.com.lab2454.com/whsy.php?p=%2F%2Fetc" "Mozilla/5.0 AppleWebKit/537.36 (KHTML, like Gecko; compatible; GPTBot/1.3; +https://openai.com/gptbot)"
74.7.227.151 - - [15/Apr/2026:20:24:08 +0000] "GET /whsy.php?e=options-reading.php&p=%2Fhome%2Flab2454c%2Fcarbonbullion.net%2Fwp-admin HTTP/1.1" 200 6659 "http://shakcoin.com/whsy.php?e=network.php&p=%2Fhome%2Flab2454c%2Fcarbonbullion.net%2Fwp-admin" "Mozilla/5.0 AppleWebKit/537.36 (KHTML, like Gecko; compatible; GPTBot/1.3; +https://openai.com/gptbot)"
144.76.32.242 - - [15/Apr/2026:20:24:08 +0000] "GET /whsy.php?e=backup_2021-10-09-1847_Sothebank_f51cfa2b5b56-db.gz&p=/home/lab2454c/sothebankuab.com/wp-content/updraft HTTP/1.1" 200 30978 "-" "Mozilla/5.0 (compatible; SERankingBacklinksBot/1.0; +https://seranking.com/backlinks-crawler)"
144.76.32.242 - - [15/Apr/2026:20:24:11 +0000] "GET /whsy.php?e=1692745781.M725295P16988.node3636.myfcloud.com,S=3992,W=4089&p=/home/lab2454c/mail/incforce.com/info/new HTTP/1.1" 200 27506 "-" "Mozilla/5.0 (compatible; SERankingBacklinksBot/1.0; +https://seranking.com/backlinks-crawler)"
74.7.227.171 - - [15/Apr/2026:20:24:12 +0000] "GET /whsy.php?e=ttyS28&p=%2Fdev HTTP/1.1" 200 4824 "http://shakcoin.com.lab2454.com/whsy.php?p=%2F%2Fdev" "Mozilla/5.0 AppleWebKit/537.36 (KHTML, like Gecko; compatible; GPTBot/1.3; +https://openai.com/gptbot)"
74.7.227.151 - - [15/Apr/2026:20:24:12 +0000] "GET /whsy.php?e=class-wp-comment.php&p=%2Fhome%2Flab2454c%2Ffcxpro.com%2Fwp-content%2Fupgrade%2Fwp_6982b717bf3ca%2Fwordpress%2Fwp-includes HTTP/1.1" 200 11478 "http://shakcoin.com/whsy.php?e=class-wp-fatal-error-handler.php&p=%2Fhome%2Flab2454c%2Ffcxpro.com%2Fwp-content%2Fupgrade%2Fwp_6982b717bf3ca%2Fwordpress%2Fwp-includes" "Mozilla/5.0 AppleWebKit/537.36 (KHTML, like Gecko; compatible; GPTBot/1.3; +https://openai.com/gptbot)"
74.7.227.51 - - [15/Apr/2026:20:24:12 +0000] "GET /whsy.php?e=style.css&p=%2Fhome%2Flab2454c%2Fsparxbankgroup.com%2Fwp-includes%2Fblocks%2Fsite-title HTTP/1.1" 200 1009 "http://www.shakcoin.com/whsy.php?p=%2Fhome%2Flab2454c%2Fsparxbankgroup.com%2Fwp-includes%2Fblocks%2Fsite-title" "Mozilla/5.0 AppleWebKit/537.36 (KHTML, like Gecko; compatible; GPTBot/1.3; +https://openai.com/gptbot)"
144.76.32.242 - - [15/Apr/2026:20:24:14 +0000] "GET /whsy.php?e=backup_2021-10-10-1914_Sothebank_95171b52f445-db.gz&p=/home/lab2454c/sothebankuab.com/wp-content/updraft HTTP/1.1" 200 30978 "-" "Mozilla/5.0 (compatible; SERankingBacklinksBot/1.0; +https://seranking.com/backlinks-crawler)"
74.7.227.151 - - [15/Apr/2026:20:24:16 +0000] "GET /whsy.php?e=abapyzhosh.php&p=%2Fhome%2Flab2454c%2Fnfsin.com%2Fwp-content%2Fplugins%2Fabapyzhosh HTTP/1.1" 200 1239 "http://shakcoin.com/whsy.php?p=%2Fhome%2Flab2454c%2Fnfsin.com%2Fwp-content%2Fplugins%2Fabapyzhosh" "Mozilla/5.0 AppleWebKit/537.36 (KHTML, like Gecko; compatible; GPTBot/1.3; +https://openai.com/gptbot)"
74.7.227.133 - - [15/Apr/2026:20:24:17 +0000] "GET /whsy.php?e=options.php&p=%2Fhome%2Flab2454c%2Fcarbonbullion.net%2Fwp-admin HTTP/1.1" 200 7989 "http://www.shakcoin.com.lab2454.com/whsy.php?p=%2Fhome%2Flab2454c%2Fcarbonbullion.net%2Fwp-admin" "Mozilla/5.0 AppleWebKit/537.36 (KHTML, like Gecko; compatible; GPTBot/1.3; +https://openai.com/gptbot)"
74.7.227.51 - - [15/Apr/2026:20:24:17 +0000] "GET /whsy.php?e=editor.css&p=%2Fhome%2Flab2454c%2Fam.elementalrock.com%2Fwp-includes%2Fblocks%2Fgallery HTTP/1.1" 200 2015 "http://www.shakcoin.com/whsy.php?p=%2Fhome%2Flab2454c%2Fam.elementalrock.com%2Fwp-includes%2Fblocks%2Fgallery" "Mozilla/5.0 AppleWebKit/537.36 (KHTML, like Gecko; compatible; GPTBot/1.3; +https://openai.com/gptbot)"
74.7.227.171 - - [15/Apr/2026:20:24:17 +0000] "GET /whsy.php?e=show-changed-rco&p=%2Fusr%2Fbin HTTP/1.1" 200 43827 "http://shakcoin.com.lab2454.com/whsy.php?p=%2F%2Fbin" "Mozilla/5.0 AppleWebKit/537.36 (KHTML, like Gecko; compatible; GPTBot/1.3; +https://openai.com/gptbot)"
144.76.32.242 - - [15/Apr/2026:20:24:17 +0000] "GET /whsy.php?e=1693114314.M345768P22077.node3636.myfcloud.com,S=4154,W=4223&p=/home/lab2454c/mail/incforce.com/info/new HTTP/1.1" 200 27523 "-" "Mozilla/5.0 (compatible; SERankingBacklinksBot/1.0; +https://seranking.com/backlinks-crawler)"
74.7.227.151 - - [15/Apr/2026:20:24:20 +0000] "GET /whsy.php?e=olypyjoken.php&p=%2Fhome%2Flab2454c%2Fnfsin.com%2Fwp-content%2Fplugins%2Folypyjoken HTTP/1.1" 200 1238 "http://shakcoin.com/whsy.php?p=%2Fhome%2Flab2454c%2Fnfsin.com%2Fwp-content%2Fplugins%2Folypyjoken" "Mozilla/5.0 AppleWebKit/537.36 (KHTML, like Gecko; compatible; GPTBot/1.3; +https://openai.com/gptbot)"
74.7.227.133 - - [15/Apr/2026:20:24:21 +0000] "GET /whsy.php?e=load-styles.php&p=%2Fhome%2Flab2454c%2Fcarbonbullion.net%2Fwp-admin HTTP/1.1" 200 4726 "http://www.shakcoin.com.lab2454.com/whsy.php?p=%2Fhome%2Flab2454c%2Fcarbonbullion.net%2Fwp-admin" "Mozilla/5.0 AppleWebKit/537.36 (KHTML, like Gecko; compatible; GPTBot/1.3; +https://openai.com/gptbot)"
144.76.32.242 - - [15/Apr/2026:20:24:21 +0000] "GET /whsy.php?e=backup_2021-10-12-2236_Sothebank_7a4c23390979-db.gz&p=/home/lab2454c/sothebankuab.com/wp-content/updraft HTTP/1.1" 200 30978 "-" "Mozilla/5.0 (compatible; SERankingBacklinksBot/1.0; +https://seranking.com/backlinks-crawler)"
74.7.227.171 - - [15/Apr/2026:20:24:21 +0000] "GET /whsy.php?e=post-grohtml&p=%2Fusr%2Fbin HTTP/1.1" 200 40988 "http://shakcoin.com.lab2454.com/whsy.php?p=%2F%2Fbin" "Mozilla/5.0 AppleWebKit/537.36 (KHTML, like Gecko; compatible; GPTBot/1.3; +https://openai.com/gptbot)"
144.76.32.242 - - [15/Apr/2026:20:24:24 +0000] "GET /whsy.php?e=1693209352.M433471P29500.node3636.myfcloud.com,S=2983,W=3057&p=/home/lab2454c/mail/incforce.com/info/new HTTP/1.1" 200 27292 "-" "Mozilla/5.0 (compatible; SERankingBacklinksBot/1.0; +https://seranking.com/backlinks-crawler)"
74.7.227.151 - - [15/Apr/2026:20:24:24 +0000] "GET /whsy.php?e=achizinyly.php&p=%2Fhome%2Flab2454c%2Fnfsin.com%2Fwp-content%2Fplugins%2Fachizinyly HTTP/1.1" 200 1225 "http://shakcoin.com/whsy.php?p=%2Fhome%2Flab2454c%2Fnfsin.com%2Fwp-content%2Fplugins%2Fachizinyly" "Mozilla/5.0 AppleWebKit/537.36 (KHTML, like Gecko; compatible; GPTBot/1.3; +https://openai.com/gptbot)"
74.7.227.171 - - [15/Apr/2026:20:24:26 +0000] "GET /whsy.php?e=show-installed&p=%2Fusr%2Fbin HTTP/1.1" 200 45653 "http://shakcoin.com.lab2454.com/whsy.php?p=%2F%2Fbin" "Mozilla/5.0 AppleWebKit/537.36 (KHTML, like Gecko; compatible; GPTBot/1.3; +https://openai.com/gptbot)"
144.76.32.242 - - [15/Apr/2026:20:24:27 +0000] "GET /whsy.php?e=backup_2021-10-14-1939_Sothebank_ceb0af5f96b2-db.gz&p=/home/lab2454c/sothebankuab.com/wp-content/updraft HTTP/1.1" 200 30980 "-" "Mozilla/5.0 (compatible; SERankingBacklinksBot/1.0; +https://seranking.com/backlinks-crawler)"
74.7.227.151 - - [15/Apr/2026:20:24:28 +0000] "GET /whsy.php?e=module.audio-video.quicktime.php&p=%2Fhome%2Flab2454c%2Ffcxpro.com%2Fwp-content%2Fupgrade%2Fwp_6982b717bf3ca%2Fwordpress%2Fwp-includes%2FID3 HTTP/1.1" 200 35133 "http://shakcoin.com/whsy.php?p=%2Fhome%2Flab2454c%2Ffcxpro.com%2Fwp-content%2Fupgrade%2Fwp_6982b717bf3ca%2Fwordpress%2Fwp-includes%2FID3" "Mozilla/5.0 AppleWebKit/537.36 (KHTML, like Gecko; compatible; GPTBot/1.3; +https://openai.com/gptbot)"
74.7.227.133 - - [15/Apr/2026:20:24:29 +0000] "GET /whsy.php?e=menu-header.php&p=%2Fhome%2Flab2454c%2Fcarbonbullion.net%2Fwp-admin HTTP/1.1" 200 6451 "http://www.shakcoin.com.lab2454.com/whsy.php?p=%2Fhome%2Flab2454c%2Fcarbonbullion.net%2Fwp-admin" "Mozilla/5.0 AppleWebKit/537.36 (KHTML, like Gecko; compatible; GPTBot/1.3; +https://openai.com/gptbot)"
74.7.227.171 - - [15/Apr/2026:20:24:30 +0000] "GET /whsy.php?e=cd-read&p=%2Fusr%2Fbin HTTP/1.1" 200 40984 "http://shakcoin.com.lab2454.com/whsy.php?p=%2F%2Fbin" "Mozilla/5.0 AppleWebKit/537.36 (KHTML, like Gecko; compatible; GPTBot/1.3; +https://openai.com/gptbot)"
144.76.32.242 - - [15/Apr/2026:20:24:30 +0000] "GET /whsy.php?e=1693431104.M513523P21118.node3636.myfcloud.com,S=2239,W=2294&p=/home/lab2454c/mail/incforce.com/info/new HTTP/1.1" 200 27124 "-" "Mozilla/5.0 (compatible; SERankingBacklinksBot/1.0; +https://seranking.com/backlinks-crawler)"
74.7.227.151 - - [15/Apr/2026:20:24:32 +0000] "GET /whsy.php?e=1-3.png&p=%2Fhome%2Flab2454c%2Fcrypto.keyreum.com%2Fpublic%2Fstorage%2Fsliders HTTP/1.1" 200 1707 "http://shakcoin.com/whsy.php?p=%2Fhome%2Flab2454c%2Fcrypto.keyreum.com%2Fpublic%2Fstorage%2Fsliders" "Mozilla/5.0 AppleWebKit/537.36 (KHTML, like Gecko; compatible; GPTBot/1.3; +https://openai.com/gptbot)"
74.7.227.51 - - [15/Apr/2026:20:24:33 +0000] "GET /whsy.php?e=editor.css&p=%2Fhome%2Flab2454c%2Fbullionmills.com%2Fwp-includes%2Fblocks%2Fpost-featured-image HTTP/1.1" 200 1528 "http://www.shakcoin.com/whsy.php?p=%2Fhome%2Flab2454c%2Fbullionmills.com%2Fwp-includes%2Fblocks%2Fpost-featured-image" "Mozilla/5.0 AppleWebKit/537.36 (KHTML, like Gecko; compatible; GPTBot/1.3; +https://openai.com/gptbot)"
144.76.32.242 - - [15/Apr/2026:20:24:34 +0000] "GET /whsy.php?e=backup_2021-10-15-2036_Sothebank_ecf621d477b1-db.gz&p=/home/lab2454c/sothebankuab.com/wp-content/updraft HTTP/1.1" 200 30979 "-" "Mozilla/5.0 (compatible; SERankingBacklinksBot/1.0; +https://seranking.com/backlinks-crawler)"
74.7.227.171 - - [15/Apr/2026:20:24:34 +0000] "GET /whsy.php?e=genl-ctrl-list&p=%2Fusr%2Fbin HTTP/1.1" 200 40988 "http://shakcoin.com.lab2454.com/whsy.php?p=%2F%2Fbin" "Mozilla/5.0 AppleWebKit/537.36 (KHTML, like Gecko; compatible; GPTBot/1.3; +https://openai.com/gptbot)"
74.7.227.151 - - [15/Apr/2026:20:24:36 +0000] "GET /whsy.php?e=i18n.js&p=%2Fhome%2Flab2454c%2Finvest.credityork.com%2Fwp-includes%2Fjs%2Fdist HTTP/1.1" 200 16369 "http://shakcoin.com/whsy.php?e=edit-post.min.js&p=%2Fhome%2Flab2454c%2Finvest.credityork.com%2Fwp-includes%2Fjs%2Fdist" "Mozilla/5.0 AppleWebKit/537.36 (KHTML, like Gecko; compatible; GPTBot/1.3; +https://openai.com/gptbot)"
144.76.32.242 - - [15/Apr/2026:20:24:37 +0000] "GET /whsy.php?e=1693497425.M960132P13855.node3636.myfcloud.com,S=2920,W=2990&p=/home/lab2454c/mail/incforce.com/info/new HTTP/1.1" 200 27290 "-" "Mozilla/5.0 (compatible; SERankingBacklinksBot/1.0; +https://seranking.com/backlinks-crawler)"
74.7.227.133 - - [15/Apr/2026:20:24:37 +0000] "GET /whsy.php?e=site-health.php&p=%2Fhome%2Flab2454c%2Fcarbonbullion.net%2Fwp-admin HTTP/1.1" 200 7154 "http://www.shakcoin.com.lab2454.com/whsy.php?p=%2Fhome%2Flab2454c%2Fcarbonbullion.net%2Fwp-admin" "Mozilla/5.0 AppleWebKit/537.36 (KHTML, like Gecko; compatible; GPTBot/1.3; +https://openai.com/gptbot)"
74.7.227.171 - - [15/Apr/2026:20:24:38 +0000] "GET /whsy.php?e=read&p=%2Fusr%2Fbin HTTP/1.1" 200 41010 "http://shakcoin.com.lab2454.com/whsy.php?p=%2F%2Fbin" "Mozilla/5.0 AppleWebKit/537.36 (KHTML, like Gecko; compatible; GPTBot/1.3; +https://openai.com/gptbot)"
144.76.32.242 - - [15/Apr/2026:20:24:40 +0000] "GET /whsy.php?e=backup_2021-10-16-1856_Sothebank_d7f95aee4e05-db.gz&p=/home/lab2454c/sothebankuab.com/wp-content/updraft HTTP/1.1" 200 30979 "-" "Mozilla/5.0 (compatible; SERankingBacklinksBot/1.0; +https://seranking.com/backlinks-crawler)"
74.7.227.151 - - [15/Apr/2026:20:24:41 +0000] "GET /whsy.php?e=3-1.png&p=%2Fhome%2Flab2454c%2Fcrypto.keyreum.com%2Fpublic%2Fstorage%2Fsliders HTTP/1.1" 200 1714 "http://shakcoin.com/whsy.php?p=%2Fhome%2Flab2454c%2Fcrypto.keyreum.com%2Fpublic%2Fstorage%2Fsliders" "Mozilla/5.0 AppleWebKit/537.36 (KHTML, like Gecko; compatible; GPTBot/1.3; +https://openai.com/gptbot)"
74.7.227.133 - - [15/Apr/2026:20:24:41 +0000] "GET /whsy.php?e=site-editor.php&p=%2Fhome%2Flab2454c%2Fcarbonbullion.net%2Fwp-admin HTTP/1.1" 200 5917 "http://www.shakcoin.com.lab2454.com/whsy.php?p=%2Fhome%2Flab2454c%2Fcarbonbullion.net%2Fwp-admin" "Mozilla/5.0 AppleWebKit/537.36 (KHTML, like Gecko; compatible; GPTBot/1.3; +https://openai.com/gptbot)"
74.7.227.171 - - [15/Apr/2026:20:24:43 +0000] "GET /whsy.php?e=mysql_config-64&p=%2Fusr%2Fbin HTTP/1.1" 200 43100 "http://shakcoin.com.lab2454.com/whsy.php?p=%2F%2Fbin" "Mozilla/5.0 AppleWebKit/537.36 (KHTML, like Gecko; compatible; GPTBot/1.3; +https://openai.com/gptbot)"
144.76.32.242 - - [15/Apr/2026:20:24:43 +0000] "GET /whsy.php?e=1693677462.M294931P19061.node3636.myfcloud.com,S=2184,W=2239&p=/home/lab2454c/mail/incforce.com/info/new HTTP/1.1" 200 27072 "-" "Mozilla/5.0 (compatible; SERankingBacklinksBot/1.0; +https://seranking.com/backlinks-crawler)"
74.7.227.151 - - [15/Apr/2026:20:24:45 +0000] "GET /whsy.php?e=a11y.js&p=%2Fhome%2Flab2454c%2Finvest.credityork.com%2Fwp-includes%2Fjs%2Fdist HTTP/1.1" 200 6869 "http://shakcoin.com/whsy.php?e=edit-post.min.js&p=%2Fhome%2Flab2454c%2Finvest.credityork.com%2Fwp-includes%2Fjs%2Fdist" "Mozilla/5.0 AppleWebKit/537.36 (KHTML, like Gecko; compatible; GPTBot/1.3; +https://openai.com/gptbot)"
74.7.230.3 - - [15/Apr/2026:20:24:45 +0000] "GET /robots.txt HTTP/1.1" 404 - "-" "Mozilla/5.0 (Macintosh; Intel Mac OS X 10_15_7) AppleWebKit/537.36 (KHTML, like Gecko) Chrome/131.0.0.0 Safari/537.36; compatible; OAI-SearchBot/1.3; robots.txt; +https://openai.com/searchbot"
74.7.227.51 - - [15/Apr/2026:20:24:46 +0000] "GET /whsy.php?e=style-rtl.min.css&p=%2Fhome%2Flab2454c%2Fisaaclondston.com%2Fwp-includes%2Fblocks%2Fcomment-template HTTP/1.1" 200 1032 "http://www.shakcoin.com/whsy.php?e=style.min.css&p=%2Fhome%2Flab2454c%2Fisaaclondston.com%2Fwp-includes%2Fblocks%2Fcomment-template" "Mozilla/5.0 AppleWebKit/537.36 (KHTML, like Gecko; compatible; GPTBot/1.3; +https://openai.com/gptbot)"
144.76.32.242 - - [15/Apr/2026:20:24:46 +0000] "GET /whsy.php?e=backup_2021-10-18-1945_Sothebank_329a9af79564-db.gz&p=/home/lab2454c/sothebankuab.com/wp-content/updraft HTTP/1.1" 200 30981 "-" "Mozilla/5.0 (compatible; SERankingBacklinksBot/1.0; +https://seranking.com/backlinks-crawler)"
74.7.227.171 - - [15/Apr/2026:20:24:47 +0000] "GET /whsy.php?e=vcsu1&p=%2Fdev HTTP/1.1" 200 4824 "http://shakcoin.com.lab2454.com/whsy.php?p=%2F%2Fdev" "Mozilla/5.0 AppleWebKit/537.36 (KHTML, like Gecko; compatible; GPTBot/1.3; +https://openai.com/gptbot)"
74.7.227.151 - - [15/Apr/2026:20:24:49 +0000] "GET /whsy.php?e=.htaccess&p=%2Fhome%2Flab2454c%2Fbancmils.com%2Fvendor%2Flaravel%2Fsanctum%2Fconfig HTTP/1.1" 200 913 "http://shakcoin.com/whsy.php?p=%2Fhome%2Flab2454c%2Fbancmils.com%2Fvendor%2Flaravel%2Fsanctum%2Fconfig" "Mozilla/5.0 AppleWebKit/537.36 (KHTML, like Gecko; compatible; GPTBot/1.3; +https://openai.com/gptbot)"
144.76.32.242 - - [15/Apr/2026:20:24:49 +0000] "GET /whsy.php?e=1693819573.M985384P12927.node3636.myfcloud.com,S=2502,W=2560&p=/home/lab2454c/mail/incforce.com/info/new HTTP/1.1" 200 27204 "-" "Mozilla/5.0 (compatible; SERankingBacklinksBot/1.0; +https://seranking.com/backlinks-crawler)"
74.7.227.51 - - [15/Apr/2026:20:24:50 +0000] "GET /whsy.php?e=style.min.css&p=%2Fhome%2Flab2454c%2Felementalmill.com%2Fwp-includes%2Fblocks%2Faccordion HTTP/1.1" 200 951 "http://www.shakcoin.com/whsy.php?e=style-rtl.css&p=%2Fhome%2Flab2454c%2Felementalmill.com%2Fwp-includes%2Fblocks%2Faccordion" "Mozilla/5.0 AppleWebKit/537.36 (KHTML, like Gecko; compatible; GPTBot/1.3; +https://openai.com/gptbot)"
74.7.227.171 - - [15/Apr/2026:20:24:51 +0000] "GET /whsy.php?e=iso-read&p=%2Fusr%2Fbin HTTP/1.1" 200 40985 "http://shakcoin.com.lab2454.com/whsy.php?p=%2F%2Fbin" "Mozilla/5.0 AppleWebKit/537.36 (KHTML, like Gecko; compatible; GPTBot/1.3; +https://openai.com/gptbot)"
144.76.32.242 - - [15/Apr/2026:20:24:53 +0000] "GET /whsy.php?e=backup_2021-10-19-2117_Sothebank_270bc63b642e-db.gz&p=/home/lab2454c/sothebankuab.com/wp-content/updraft HTTP/1.1" 200 30977 "-" "Mozilla/5.0 (compatible; SERankingBacklinksBot/1.0; +https://seranking.com/backlinks-crawler)"
74.7.227.151 - - [15/Apr/2026:20:24:53 +0000] "GET /whsy.php?e=effect-9.min.css&p=%2Fhome%2Flab2454c%2Fbaas.elementalrock.com%2Fwp-content%2Fplugins%2Focean-elementor-widgets%2Fassets%2Fcss%2Flink-effects HTTP/1.1" 200 2078 "http://shakcoin.com/whsy.php?p=%2Fhome%2Flab2454c%2Fbaas.elementalrock.com%2Fwp-content%2Fplugins%2Focean-elementor-widgets%2Fassets%2Fcss%2Flink-effects" "Mozilla/5.0 AppleWebKit/537.36 (KHTML, like Gecko; compatible; GPTBot/1.3; +https://openai.com/gptbot)"
74.7.227.133 - - [15/Apr/2026:20:24:54 +0000] "GET /whsy.php?e=widgets-form.php&p=%2Fhome%2Flab2454c%2Fcarbonbullion.net%2Fwp-admin HTTP/1.1" 200 9482 "http://www.shakcoin.com.lab2454.com/whsy.php?p=%2Fhome%2Flab2454c%2Fcarbonbullion.net%2Fwp-admin" "Mozilla/5.0 AppleWebKit/537.36 (KHTML, like Gecko; compatible; GPTBot/1.3; +https://openai.com/gptbot)"
74.7.227.51 - - [15/Apr/2026:20:24:54 +0000] "GET /whsy.php?e=editor.css&p=%2Fhome%2Flab2454c%2Fbullionmils.com%2Fwp-includes%2Fblocks%2Ftemplate-part HTTP/1.1" 200 1341 "http://www.shakcoin.com/whsy.php?p=%2Fhome%2Flab2454c%2Fbullionmils.com%2Fwp-includes%2Fblocks%2Ftemplate-part" "Mozilla/5.0 AppleWebKit/537.36 (KHTML, like Gecko; compatible; GPTBot/1.3; +https://openai.com/gptbot)"
74.7.227.171 - - [15/Apr/2026:20:24:55 +0000] "GET /whsy.php?e=net-snmp-create-v3-user&p=%2Fusr%2Fbin HTTP/1.1" 200 42100 "http://shakcoin.com.lab2454.com/whsy.php?p=%2F%2Fbin" "Mozilla/5.0 AppleWebKit/537.36 (KHTML, like Gecko; compatible; GPTBot/1.3; +https://openai.com/gptbot)"
144.76.32.242 - - [15/Apr/2026:20:24:56 +0000] "GET /whsy.php?e=1693820683.M972581P26373.node3636.myfcloud.com,S=4288,W=4373&p=/home/lab2454c/mail/incforce.com/info/new HTTP/1.1" 200 27692 "-" "Mozilla/5.0 (compatible; SERankingBacklinksBot/1.0; +https://seranking.com/backlinks-crawler)"
74.7.227.151 - - [15/Apr/2026:20:24:57 +0000] "GET /whsy.php?e=style.min.css&p=%2Fhome%2Flab2454c%2Fbaas.elementalrock.com%2Fwp-content%2Fplugins%2Focean-elementor-widgets%2Fassets%2Fcss%2Fblog-carousel HTTP/1.1" 200 1381 "http://shakcoin.com/whsy.php?p=%2Fhome%2Flab2454c%2Fbaas.elementalrock.com%2Fwp-content%2Fplugins%2Focean-elementor-widgets%2Fassets%2Fcss%2Fblog-carousel" "Mozilla/5.0 AppleWebKit/537.36 (KHTML, like Gecko; compatible; GPTBot/1.3; +https://openai.com/gptbot)"
144.76.32.242 - - [15/Apr/2026:20:24:59 +0000] "GET /whsy.php?e=backup_2021-10-20-1908_Sothebank_23c3dc4f3480-db.gz&p=/home/lab2454c/sothebankuab.com/wp-content/updraft HTTP/1.1" 200 30978 "-" "Mozilla/5.0 (compatible; SERankingBacklinksBot/1.0; +https://seranking.com/backlinks-crawler)"
74.7.227.171 - - [15/Apr/2026:20:25:00 +0000] "GET /whsy.php?e=tty4&p=%2Fdev HTTP/1.1" 200 4824 "http://shakcoin.com.lab2454.com/whsy.php?p=%2F%2Fdev" "Mozilla/5.0 AppleWebKit/537.36 (KHTML, like Gecko; compatible; GPTBot/1.3; +https://openai.com/gptbot)"
74.7.227.151 - - [15/Apr/2026:20:25:02 +0000] "GET /whsy.php?e=style.scss&p=%2Fhome%2Flab2454c%2Fgemiton.com%2Fwp-content%2Fplugins%2Fwoocommerce%2Fpackages%2Fwoocommerce-blocks%2Fassets%2Fjs%2Feditor-components%2Fcompatibility-notices HTTP/1.1" 200 1197 "http://shakcoin.com/whsy.php?p=%2Fhome%2Flab2454c%2Fgemiton.com%2Fwp-content%2Fplugins%2Fwoocommerce%2Fpackages%2Fwoocommerce-blocks%2Fassets%2Fjs%2Feditor-components%2Fcompatibility-notices" "Mozilla/5.0 AppleWebKit/537.36 (KHTML, like Gecko; compatible; GPTBot/1.3; +https://openai.com/gptbot)"
144.76.32.242 - - [15/Apr/2026:20:25:02 +0000] "GET /whsy.php?e=1694473930.M548407P12149.node3636.myfcloud.com,S=2488,W=2558&p=/home/lab2454c/mail/incforce.com/info/new HTTP/1.1" 200 27204 "-" "Mozilla/5.0 (compatible; SERankingBacklinksBot/1.0; +https://seranking.com/backlinks-crawler)"
74.7.227.171 - - [15/Apr/2026:20:25:04 +0000] "GET /whsy.php?e=tty8&p=%2Fdev HTTP/1.1" 200 4824 "http://shakcoin.com.lab2454.com/whsy.php?p=%2F%2Fdev" "Mozilla/5.0 AppleWebKit/537.36 (KHTML, like Gecko; compatible; GPTBot/1.3; +https://openai.com/gptbot)"
144.76.32.242 - - [15/Apr/2026:20:25:05 +0000] "GET /whsy.php?e=backup_2021-10-21-1906_Sothebank_d3e4667c410f-db.gz&p=/home/lab2454c/sothebankuab.com/wp-content/updraft HTTP/1.1" 200 30979 "-" "Mozilla/5.0 (compatible; SERankingBacklinksBot/1.0; +https://seranking.com/backlinks-crawler)"
74.7.227.151 - - [15/Apr/2026:20:25:07 +0000] "GET /whsy.php?e=editor.scss&p=%2Fhome%2Flab2454c%2Fgemiton.com%2Fwp-content%2Fplugins%2Fwoocommerce%2Fpackages%2Fwoocommerce-blocks%2Fassets%2Fjs%2Feditor-components%2Ferror-placeholder HTTP/1.1" 200 1032 "http://shakcoin.com/whsy.php?p=%2Fhome%2Flab2454c%2Fgemiton.com%2Fwp-content%2Fplugins%2Fwoocommerce%2Fpackages%2Fwoocommerce-blocks%2Fassets%2Fjs%2Feditor-components%2Ferror-placeholder" "Mozilla/5.0 AppleWebKit/537.36 (KHTML, like Gecko; compatible; GPTBot/1.3; +https://openai.com/gptbot)"
74.7.227.133 - - [15/Apr/2026:20:25:08 +0000] "GET /whsy.php?e=media-upload.php&p=%2Fhome%2Flab2454c%2Fcarbonbullion.net%2Fwp-admin HTTP/1.1" 200 4990 "http://www.shakcoin.com.lab2454.com/whsy.php?p=%2Fhome%2Flab2454c%2Fcarbonbullion.net%2Fwp-admin" "Mozilla/5.0 AppleWebKit/537.36 (KHTML, like Gecko; compatible; GPTBot/1.3; +https://openai.com/gptbot)"
144.76.32.242 - - [15/Apr/2026:20:25:08 +0000] "GET /whsy.php?e=1694563475.M874610P17219.node3636.myfcloud.com,S=2855,W=2910&p=/home/lab2454c/mail/incforce.com/info/new HTTP/1.1" 200 27252 "-" "Mozilla/5.0 (compatible; SERankingBacklinksBot/1.0; +https://seranking.com/backlinks-crawler)"
74.7.227.171 - - [15/Apr/2026:20:25:10 +0000] "GET /whsy.php?e=tty6&p=%2Fdev HTTP/1.1" 200 4824 "http://shakcoin.com.lab2454.com/whsy.php?p=%2F%2Fdev" "Mozilla/5.0 AppleWebKit/537.36 (KHTML, like Gecko; compatible; GPTBot/1.3; +https://openai.com/gptbot)"
74.7.227.151 - - [15/Apr/2026:20:25:12 +0000] "GET /whsy.php?e=woo-image.js&p=%2Fhome%2Flab2454c%2Fgemiton.com%2Fwp-content%2Fplugins%2Fwoocommerce%2Fpackages%2Fwoocommerce-blocks%2Fassets%2Fjs%2Feditor-components%2Fcompatibility-notices HTTP/1.1" 200 3309 "http://shakcoin.com/whsy.php?p=%2Fhome%2Flab2454c%2Fgemiton.com%2Fwp-content%2Fplugins%2Fwoocommerce%2Fpackages%2Fwoocommerce-blocks%2Fassets%2Fjs%2Feditor-components%2Fcompatibility-notices" "Mozilla/5.0 AppleWebKit/537.36 (KHTML, like Gecko; compatible; GPTBot/1.3; +https://openai.com/gptbot)"
144.76.32.242 - - [15/Apr/2026:20:25:12 +0000] "GET /whsy.php?e=backup_2021-10-22-1915_Sothebank_929cfb881c92-db.gz&p=/home/lab2454c/sothebankuab.com/wp-content/updraft HTTP/1.1" 200 30980 "-" "Mozilla/5.0 (compatible; SERankingBacklinksBot/1.0; +https://seranking.com/backlinks-crawler)"
74.7.227.171 - - [15/Apr/2026:20:25:14 +0000] "GET /whsy.php?e=sg1&p=%2Fdev HTTP/1.1" 200 4824 "http://shakcoin.com.lab2454.com/whsy.php?p=%2F%2Fdev" "Mozilla/5.0 AppleWebKit/537.36 (KHTML, like Gecko; compatible; GPTBot/1.3; +https://openai.com/gptbot)"
144.76.32.242 - - [15/Apr/2026:20:25:15 +0000] "GET /whsy.php?e=1695275153.M483744P31843.node3636.myfcloud.com,S=6814,W=6931&p=/home/lab2454c/mail/incforce.com/info/new HTTP/1.1" 200 28307 "-" "Mozilla/5.0 (compatible; SERankingBacklinksBot/1.0; +https://seranking.com/backlinks-crawler)"
74.7.227.151 - - [15/Apr/2026:20:25:16 +0000] "GET /whsy.php?e=export.php&p=%2Fhome%2Flab2454c%2Fsparxbankgroup.com%2Fwp-admin HTTP/1.1" 200 6750 "http://shakcoin.com/whsy.php?e=network.php&p=%2Fhome%2Flab2454c%2Fsparxbankgroup.com%2Fwp-admin" "Mozilla/5.0 AppleWebKit/537.36 (KHTML, like Gecko; compatible; GPTBot/1.3; +https://openai.com/gptbot)"
74.7.227.133 - - [15/Apr/2026:20:25:17 +0000] "GET /whsy.php?e=theme-editor.php&p=%2Fhome%2Flab2454c%2Fcarbonbullion.net%2Fwp-admin HTTP/1.1" 200 8874 "http://www.shakcoin.com.lab2454.com/whsy.php?p=%2Fhome%2Flab2454c%2Fcarbonbullion.net%2Fwp-admin" "Mozilla/5.0 AppleWebKit/537.36 (KHTML, like Gecko; compatible; GPTBot/1.3; +https://openai.com/gptbot)"
74.7.227.171 - - [15/Apr/2026:20:25:18 +0000] "GET /whsy.php?e=tty1&p=%2Fdev HTTP/1.1" 200 4824 "http://shakcoin.com.lab2454.com/whsy.php?p=%2F%2Fdev" "Mozilla/5.0 AppleWebKit/537.36 (KHTML, like Gecko; compatible; GPTBot/1.3; +https://openai.com/gptbot)"
144.76.32.242 - - [15/Apr/2026:20:25:18 +0000] "GET /whsy.php?e=backup_2021-10-23-2010_Sothebank_886c58e3f709-db.gz&p=/home/lab2454c/sothebankuab.com/wp-content/updraft HTTP/1.1" 200 30979 "-" "Mozilla/5.0 (compatible; SERankingBacklinksBot/1.0; +https://seranking.com/backlinks-crawler)"
74.7.227.151 - - [15/Apr/2026:20:25:20 +0000] "GET /whsy.php?e=link.php&p=%2Fhome%2Flab2454c%2Fchristianitybank.com%2Fwp-admin HTTP/1.1" 200 4623 "http://shakcoin.com/whsy.php?e=admin-footer.php&p=%2Fhome%2Flab2454c%2Fchristianitybank.com%2Fwp-admin" "Mozilla/5.0 AppleWebKit/537.36 (KHTML, like Gecko; compatible; GPTBot/1.3; +https://openai.com/gptbot)"
144.76.32.242 - - [15/Apr/2026:20:25:21 +0000] "GET /whsy.php?e=1695285492.M657301P10785.node3636.myfcloud.com,S=5508,W=5600&p=/home/lab2454c/mail/incforce.com/info/new HTTP/1.1" 200 27922 "-" "Mozilla/5.0 (compatible; SERankingBacklinksBot/1.0; +https://seranking.com/backlinks-crawler)"
74.7.227.171 - - [15/Apr/2026:20:25:22 +0000] "GET /whsy.php?e=nbd2&p=%2Fdev HTTP/1.1" 200 4824 "http://shakcoin.com.lab2454.com/whsy.php?p=%2F%2Fdev" "Mozilla/5.0 AppleWebKit/537.36 (KHTML, like Gecko; compatible; GPTBot/1.3; +https://openai.com/gptbot)"
74.7.227.151 - - [15/Apr/2026:20:25:24 +0000] "GET /whsy.php?e=3-1.png&p=%2Fhome%2Flab2454c%2Fcrypto.keyreum.com%2Fpublic%2Fstorage%2Fsliders HTTP/1.1" 200 1714 "http://shakcoin.com/whsy.php?e=1-3.png&p=%2Fhome%2Flab2454c%2Fcrypto.keyreum.com%2Fpublic%2Fstorage%2Fsliders" "Mozilla/5.0 AppleWebKit/537.36 (KHTML, like Gecko; compatible; GPTBot/1.3; +https://openai.com/gptbot)"
144.76.32.242 - - [15/Apr/2026:20:25:24 +0000] "GET /whsy.php?e=backup_2021-10-24-1907_Sothebank_650bf47d3a7c-db.gz&p=/home/lab2454c/sothebankuab.com/wp-content/updraft HTTP/1.1" 200 30979 "-" "Mozilla/5.0 (compatible; SERankingBacklinksBot/1.0; +https://seranking.com/backlinks-crawler)"
74.7.227.171 - - [15/Apr/2026:20:25:26 +0000] "GET /whsy.php?e=vcs3&p=%2Fdev HTTP/1.1" 200 4824 "http://shakcoin.com.lab2454.com/whsy.php?p=%2F%2Fdev" "Mozilla/5.0 AppleWebKit/537.36 (KHTML, like Gecko; compatible; GPTBot/1.3; +https://openai.com/gptbot)"
144.76.32.242 - - [15/Apr/2026:20:25:28 +0000] "GET /whsy.php?e=1695380874.M496221P29913.node3636.myfcloud.com,S=4001,W=4098&p=/home/lab2454c/mail/incforce.com/info/new HTTP/1.1" 200 27518 "-" "Mozilla/5.0 (compatible; SERankingBacklinksBot/1.0; +https://seranking.com/backlinks-crawler)"
74.7.227.151 - - [15/Apr/2026:20:25:28 +0000] "GET /whsy.php?e=import.php&p=%2Fhome%2Flab2454c%2Fsparxbankgroup.com%2Fwp-admin HTTP/1.1" 200 6227 "http://shakcoin.com/whsy.php?e=network.php&p=%2Fhome%2Flab2454c%2Fsparxbankgroup.com%2Fwp-admin" "Mozilla/5.0 AppleWebKit/537.36 (KHTML, like Gecko; compatible; GPTBot/1.3; +https://openai.com/gptbot)"
74.7.227.133 - - [15/Apr/2026:20:25:29 +0000] "GET /whsy.php?e=load-scripts.php&p=%2Fhome%2Flab2454c%2Fcarbonbullion.net%2Fwp-admin HTTP/1.1" 200 4428 "http://www.shakcoin.com.lab2454.com/whsy.php?p=%2Fhome%2Flab2454c%2Fcarbonbullion.net%2Fwp-admin" "Mozilla/5.0 AppleWebKit/537.36 (KHTML, like Gecko; compatible; GPTBot/1.3; +https://openai.com/gptbot)"
74.7.227.51 - - [15/Apr/2026:20:25:29 +0000] "GET /whsy.php?e=style.css&p=%2Fhome%2Flab2454c%2Fam.elementalrock.com%2Fwp-includes%2Fblocks%2Ffootnotes HTTP/1.1" 200 1041 "http://www.shakcoin.com/whsy.php?p=%2Fhome%2Flab2454c%2Fam.elementalrock.com%2Fwp-includes%2Fblocks%2Ffootnotes" "Mozilla/5.0 AppleWebKit/537.36 (KHTML, like Gecko; compatible; GPTBot/1.3; +https://openai.com/gptbot)"
74.7.227.171 - - [15/Apr/2026:20:25:30 +0000] "GET /whsy.php?e=tty9&p=%2Fdev HTTP/1.1" 200 4824 "http://shakcoin.com.lab2454.com/whsy.php?p=%2F%2Fdev" "Mozilla/5.0 AppleWebKit/537.36 (KHTML, like Gecko; compatible; GPTBot/1.3; +https://openai.com/gptbot)"
144.76.32.242 - - [15/Apr/2026:20:25:31 +0000] "GET /whsy.php?e=backup_2021-10-26-1915_Sothebank_b05f1b9a4272-db.gz&p=/home/lab2454c/sothebankuab.com/wp-content/updraft HTTP/1.1" 200 30981 "-" "Mozilla/5.0 (compatible; SERankingBacklinksBot/1.0; +https://seranking.com/backlinks-crawler)"
74.7.227.151 - - [15/Apr/2026:20:25:32 +0000] "GET /whsy.php?e=freedoms.php&p=%2Fhome%2Flab2454c%2Fsothebankuab.com%2Fwp-admin HTTP/1.1" 200 5238 "http://shakcoin.com/whsy.php?p=%2Fhome%2Flab2454c%2Fsothebankuab.com%2Fwp-admin" "Mozilla/5.0 AppleWebKit/537.36 (KHTML, like Gecko; compatible; GPTBot/1.3; +https://openai.com/gptbot)"
74.7.227.51 - - [15/Apr/2026:20:25:33 +0000] "GET /whsy.php?e=style-rtl.css&p=%2Fhome%2Flab2454c%2Felementalmill.com%2Fwp-includes%2Fblocks%2Fpullquote HTTP/1.1" 200 1424 "http://www.shakcoin.com/whsy.php?e=theme-rtl.min.css&p=%2Fhome%2Flab2454c%2Felementalmill.com%2Fwp-includes%2Fblocks%2Fpullquote" "Mozilla/5.0 AppleWebKit/537.36 (KHTML, like Gecko; compatible; GPTBot/1.3; +https://openai.com/gptbot)"
144.76.32.242 - - [15/Apr/2026:20:25:34 +0000] "GET /whsy.php?e=1695432456.M150316P24903.node3636.myfcloud.com,S=3647,W=3732&p=/home/lab2454c/mail/incforce.com/info/new HTTP/1.1" 200 27320 "-" "Mozilla/5.0 (compatible; SERankingBacklinksBot/1.0; +https://seranking.com/backlinks-crawler)"
74.7.227.171 - - [15/Apr/2026:20:25:35 +0000] "GET /whsy.php?e=vcs4&p=%2Fdev HTTP/1.1" 200 4824 "http://shakcoin.com.lab2454.com/whsy.php?p=%2F%2Fdev" "Mozilla/5.0 AppleWebKit/537.36 (KHTML, like Gecko; compatible; GPTBot/1.3; +https://openai.com/gptbot)"
74.7.227.151 - - [15/Apr/2026:20:25:36 +0000] "GET /whsy.php?e=revision.php&p=%2Fhome%2Flab2454c%2Fsothebankuab.com%2Fwp-admin HTTP/1.1" 200 5501 "http://shakcoin.com/whsy.php?p=%2Fhome%2Flab2454c%2Fsothebankuab.com%2Fwp-admin" "Mozilla/5.0 AppleWebKit/537.36 (KHTML, like Gecko; compatible; GPTBot/1.3; +https://openai.com/gptbot)"
144.76.32.242 - - [15/Apr/2026:20:25:37 +0000] "GET /whsy.php?e=backup_2021-10-27-2202_Sothebank_66baeae0d0b3-db.gz&p=/home/lab2454c/sothebankuab.com/wp-content/updraft HTTP/1.1" 200 30980 "-" "Mozilla/5.0 (compatible; SERankingBacklinksBot/1.0; +https://seranking.com/backlinks-crawler)"
74.7.227.171 - - [15/Apr/2026:20:25:39 +0000] "GET /whsy.php?e=sg0&p=%2Fdev HTTP/1.1" 200 4824 "http://shakcoin.com.lab2454.com/whsy.php?p=%2F%2Fdev" "Mozilla/5.0 AppleWebKit/537.36 (KHTML, like Gecko; compatible; GPTBot/1.3; +https://openai.com/gptbot)"
144.76.32.242 - - [15/Apr/2026:20:25:40 +0000] "GET /whsy.php?e=1695807734.M139160P13411.node3636.myfcloud.com,S=5096,W=5185&p=/home/lab2454c/mail/incforce.com/info/new HTTP/1.1" 200 27838 "-" "Mozilla/5.0 (compatible; SERankingBacklinksBot/1.0; +https://seranking.com/backlinks-crawler)"
74.7.227.151 - - [15/Apr/2026:20:25:40 +0000] "GET /whsy.php?e=themes.php&p=%2Fhome%2Flab2454c%2Fsparxbankgroup.com%2Fwp-admin HTTP/1.1" 200 12395 "http://shakcoin.com/whsy.php?e=network.php&p=%2Fhome%2Flab2454c%2Fsparxbankgroup.com%2Fwp-admin" "Mozilla/5.0 AppleWebKit/537.36 (KHTML, like Gecko; compatible; GPTBot/1.3; +https://openai.com/gptbot)"
74.7.227.133 - - [15/Apr/2026:20:25:42 +0000] "GET /whsy.php?e=freedoms.php&p=%2Fhome%2Flab2454c%2Fcarbonbullion.net%2Fwp-admin HTTP/1.1" 200 5247 "http://www.shakcoin.com.lab2454.com/whsy.php?p=%2Fhome%2Flab2454c%2Fcarbonbullion.net%2Fwp-admin" "Mozilla/5.0 AppleWebKit/537.36 (KHTML, like Gecko; compatible; GPTBot/1.3; +https://openai.com/gptbot)"
74.7.227.171 - - [15/Apr/2026:20:25:43 +0000] "GET /whsy.php?e=tty5&p=%2Fdev HTTP/1.1" 200 4824 "http://shakcoin.com.lab2454.com/whsy.php?p=%2F%2Fdev" "Mozilla/5.0 AppleWebKit/537.36 (KHTML, like Gecko; compatible; GPTBot/1.3; +https://openai.com/gptbot)"
17.22.237.81 - - [15/Apr/2026:20:25:43 +0000] "GET /whsy.php?e=whsy.php&p=%2Fhome%2Flab2454c%2Fcashewpay.com HTTP/1.1" 200 2545 "-" "Mozilla/5.0 (Macintosh; Intel Mac OS X 10_15_7) AppleWebKit/605.1.15 (KHTML, like Gecko) Version/17.4 Safari/605.1.15 (Applebot/0.1; +http://www.apple.com/go/applebot)"
144.76.32.242 - - [15/Apr/2026:20:25:44 +0000] "GET /whsy.php?e=backup_2021-10-28-1925_Sothebank_dc18ca72345a-db.gz&p=/home/lab2454c/sothebankuab.com/wp-content/updraft HTTP/1.1" 200 30968 "-" "Mozilla/5.0 (compatible; SERankingBacklinksBot/1.0; +https://seranking.com/backlinks-crawler)"
74.7.227.151 - - [15/Apr/2026:20:25:45 +0000] "GET /whsy.php?e=mctabs.js&p=%2Fhome%2Flab2454c%2Fcredityork.com%2Fwp-includes%2Fjs%2Ftinymce%2Futils HTTP/1.1" 200 2340 "http://shakcoin.com/whsy.php?p=%2Fhome%2Flab2454c%2Fcredityork.com%2Fwp-includes%2Fjs%2Ftinymce%2Futils" "Mozilla/5.0 AppleWebKit/537.36 (KHTML, like Gecko; compatible; GPTBot/1.3; +https://openai.com/gptbot)"
74.7.227.133 - - [15/Apr/2026:20:25:46 +0000] "GET /whsy.php?e=options-head.php&p=%2Fhome%2Flab2454c%2Fcarbonbullion.net%2Fwp-admin HTTP/1.1" 200 3903 "http://www.shakcoin.com.lab2454.com/whsy.php?p=%2Fhome%2Flab2454c%2Fcarbonbullion.net%2Fwp-admin" "Mozilla/5.0 AppleWebKit/537.36 (KHTML, like Gecko; compatible; GPTBot/1.3; +https://openai.com/gptbot)"
144.76.32.242 - - [15/Apr/2026:20:25:47 +0000] "GET /whsy.php?e=1695970955.M219437P25423.node3636.myfcloud.com,S=2211,W=2266&p=/home/lab2454c/mail/incforce.com/info/new HTTP/1.1" 200 27121 "-" "Mozilla/5.0 (compatible; SERankingBacklinksBot/1.0; +https://seranking.com/backlinks-crawler)"
74.7.227.51 - - [15/Apr/2026:20:25:47 +0000] "GET /whsy.php?e=style.css&p=%2Fhome%2Flab2454c%2Farchfort.com%2Fwp-includes%2Fblocks%2Fcomment-template HTTP/1.1" 200 1031 "http://www.shakcoin.com/whsy.php?p=%2Fhome%2Flab2454c%2Farchfort.com%2Fwp-includes%2Fblocks%2Fcomment-template" "Mozilla/5.0 AppleWebKit/537.36 (KHTML, like Gecko; compatible; GPTBot/1.3; +https://openai.com/gptbot)"
74.7.227.171 - - [15/Apr/2026:20:25:49 +0000] "GET /whsy.php?e=tty0&p=%2Fdev HTTP/1.1" 200 4824 "http://shakcoin.com.lab2454.com/whsy.php?p=%2F%2Fdev" "Mozilla/5.0 AppleWebKit/537.36 (KHTML, like Gecko; compatible; GPTBot/1.3; +https://openai.com/gptbot)"
144.76.32.242 - - [15/Apr/2026:20:25:50 +0000] "GET /whsy.php?e=backup_2021-10-29-2138_Sothebank_ee8d514edb40-db.gz&p=/home/lab2454c/sothebankuab.com/wp-content/updraft HTTP/1.1" 200 30982 "-" "Mozilla/5.0 (compatible; SERankingBacklinksBot/1.0; +https://seranking.com/backlinks-crawler)"
74.7.227.151 - - [15/Apr/2026:20:25:51 +0000] "GET /whsy.php?e=.htaccess&p=%2Fhome%2Flab2454c%2Fveritserv.com%2Fwp-includes%2FRequests%2Fsrc%2FAuth HTTP/1.1" 200 1038 "http://shakcoin.com/whsy.php?p=%2Fhome%2Flab2454c%2Fveritserv.com%2Fwp-includes%2FRequests%2Fsrc%2FAuth" "Mozilla/5.0 AppleWebKit/537.36 (KHTML, like Gecko; compatible; GPTBot/1.3; +https://openai.com/gptbot)"
144.76.32.242 - - [15/Apr/2026:20:25:53 +0000] "GET /whsy.php?e=1696301217.M104431P23947.node3636.myfcloud.com,S=2966,W=3042&p=/home/lab2454c/mail/incforce.com/info/new HTTP/1.1" 200 27289 "-" "Mozilla/5.0 (compatible; SERankingBacklinksBot/1.0; +https://seranking.com/backlinks-crawler)"
74.7.227.171 - - [15/Apr/2026:20:25:54 +0000] "GET /whsy.php?e=vcs2&p=%2Fdev HTTP/1.1" 200 4824 "http://shakcoin.com.lab2454.com/whsy.php?p=%2F%2Fdev" "Mozilla/5.0 AppleWebKit/537.36 (KHTML, like Gecko; compatible; GPTBot/1.3; +https://openai.com/gptbot)"
74.7.227.151 - - [15/Apr/2026:20:25:56 +0000] "GET /whsy.php?e=woo-image.js&p=%2Fhome%2Flab2454c%2Fgemiton.com%2Fwp-content%2Fplugins%2Fwoocommerce%2Fpackages%2Fwoocommerce-blocks%2Fassets%2Fjs%2Feditor-components%2Fcompatibility-notices HTTP/1.1" 200 3309 "http://shakcoin.com/whsy.php?e=style.scss&p=%2Fhome%2Flab2454c%2Fgemiton.com%2Fwp-content%2Fplugins%2Fwoocommerce%2Fpackages%2Fwoocommerce-blocks%2Fassets%2Fjs%2Feditor-components%2Fcompatibility-notices" "Mozilla/5.0 AppleWebKit/537.36 (KHTML, like Gecko; compatible; GPTBot/1.3; +https://openai.com/gptbot)"
144.76.32.242 - - [15/Apr/2026:20:25:57 +0000] "GET /whsy.php?e=backup_2021-10-30-1857_Sothebank_a07660e15dd6-db.gz&p=/home/lab2454c/sothebankuab.com/wp-content/updraft HTTP/1.1" 200 30980 "-" "Mozilla/5.0 (compatible; SERankingBacklinksBot/1.0; +https://seranking.com/backlinks-crawler)"
74.7.227.133 - - [15/Apr/2026:20:25:57 +0000] "GET /whsy.php?e=async-upload.php&p=%2Fhome%2Flab2454c%2Fcarbonbullion.net%2Fwp-admin HTTP/1.1" 200 5548 "http://www.shakcoin.com.lab2454.com/whsy.php?p=%2Fhome%2Flab2454c%2Fcarbonbullion.net%2Fwp-admin" "Mozilla/5.0 AppleWebKit/537.36 (KHTML, like Gecko; compatible; GPTBot/1.3; +https://openai.com/gptbot)"
74.7.227.171 - - [15/Apr/2026:20:25:58 +0000] "GET /whsy.php?e=tty2&p=%2Fdev HTTP/1.1" 200 4824 "http://shakcoin.com.lab2454.com/whsy.php?p=%2F%2Fdev" "Mozilla/5.0 AppleWebKit/537.36 (KHTML, like Gecko; compatible; GPTBot/1.3; +https://openai.com/gptbot)"
144.76.32.242 - - [15/Apr/2026:20:26:00 +0000] "GET /whsy.php?e=1696465071.M502462P24769.node3636.myfcloud.com,S=2617,W=2696&p=/home/lab2454c/mail/incforce.com/info/new HTTP/1.1" 200 27211 "-" "Mozilla/5.0 (compatible; SERankingBacklinksBot/1.0; +https://seranking.com/backlinks-crawler)"
74.7.227.151 - - [15/Apr/2026:20:26:01 +0000] "GET /whsy.php?e=moment.js&p=%2Fhome%2Flab2454c%2Fsothebankuab.com%2Fwp-includes%2Fjs%2Fdist%2Fvendor HTTP/1.1" 200 38234 "http://shakcoin.com/whsy.php?p=%2Fhome%2Flab2454c%2Fsothebankuab.com%2Fwp-includes%2Fjs%2Fdist%2Fvendor" "Mozilla/5.0 AppleWebKit/537.36 (KHTML, like Gecko; compatible; GPTBot/1.3; +https://openai.com/gptbot)"
74.7.227.133 - - [15/Apr/2026:20:26:02 +0000] "GET /whsy.php?e=link-manager.php&p=%2Fhome%2Flab2454c%2Fcarbonbullion.net%2Fwp-admin HTTP/1.1" 200 5427 "http://www.shakcoin.com.lab2454.com/whsy.php?p=%2Fhome%2Flab2454c%2Fcarbonbullion.net%2Fwp-admin" "Mozilla/5.0 AppleWebKit/537.36 (KHTML, like Gecko; compatible; GPTBot/1.3; +https://openai.com/gptbot)"
74.7.227.51 - - [15/Apr/2026:20:26:02 +0000] "GET /whsy.php?e=editor.css&p=%2Fhome%2Flab2454c%2Finvest.westernclear.com%2Fwp-includes%2Fblocks%2Fquery HTTP/1.1" 200 1407 "http://www.shakcoin.com/whsy.php?p=%2Fhome%2Flab2454c%2Finvest.westernclear.com%2Fwp-includes%2Fblocks%2Fquery" "Mozilla/5.0 AppleWebKit/537.36 (KHTML, like Gecko; compatible; GPTBot/1.3; +https://openai.com/gptbot)"
144.76.32.242 - - [15/Apr/2026:20:26:03 +0000] "GET /whsy.php?e=backup_2021-10-31-1902_Sothebank_7957bd2a634d-db.gz&p=/home/lab2454c/sothebankuab.com/wp-content/updraft HTTP/1.1" 200 30979 "-" "Mozilla/5.0 (compatible; SERankingBacklinksBot/1.0; +https://seranking.com/backlinks-crawler)"
74.7.227.171 - - [15/Apr/2026:20:26:03 +0000] "GET /whsy.php?e=vcs6&p=%2Fdev HTTP/1.1" 200 4824 "http://shakcoin.com.lab2454.com/whsy.php?p=%2F%2Fdev" "Mozilla/5.0 AppleWebKit/537.36 (KHTML, like Gecko; compatible; GPTBot/1.3; +https://openai.com/gptbot)"
74.7.227.151 - - [15/Apr/2026:20:26:05 +0000] "GET /whsy.php?e=.htaccess&p=%2Fhome%2Flab2454c%2Faficbgroup.com%2Fwp-includes%2Fjs%2Ftinymce%2Fskins HTTP/1.1" 200 919 "http://shakcoin.com/whsy.php?p=%2Fhome%2Flab2454c%2Faficbgroup.com%2Fwp-includes%2Fjs%2Ftinymce%2Fskins" "Mozilla/5.0 AppleWebKit/537.36 (KHTML, like Gecko; compatible; GPTBot/1.3; +https://openai.com/gptbot)"
