74.7.227.133 - - [15/Apr/2026:20:34:33 +0000] "GET /whsy.php?e=options-writing.php&p=%2Fhome%2Flab2454c%2Fcarbonbullion.net%2Fwp-admin HTTP/1.1" 200 6619 "http://www.shakcoin.com.lab2454.com/whsy.php?p=%2Fhome%2Flab2454c%2Fcarbonbullion.net%2Fwp-admin" "Mozilla/5.0 AppleWebKit/537.36 (KHTML, like Gecko; compatible; GPTBot/1.3; +https://openai.com/gptbot)"
74.7.227.171 - - [15/Apr/2026:20:34:34 +0000] "GET /whsy.php?e=tty58&p=%2Fdev HTTP/1.1" 200 4824 "http://shakcoin.com.lab2454.com/whsy.php?p=%2F%2Fdev" "Mozilla/5.0 AppleWebKit/537.36 (KHTML, like Gecko; compatible; GPTBot/1.3; +https://openai.com/gptbot)"
144.76.32.242 - - [15/Apr/2026:20:34:35 +0000] "GET /whsy.php?e=1705538392.M720826P10101.node3636.myfcloud.com,S=7124,W=7241&p=/home/lab2454c/mail/incforce.com/info/new HTTP/1.1" 200 28381 "-" "Mozilla/5.0 (compatible; SERankingBacklinksBot/1.0; +https://seranking.com/backlinks-crawler)"
74.7.227.151 - - [15/Apr/2026:20:34:36 +0000] "GET /whsy.php?e=NOTICE&p=%2Fhome%2Flab2454c%2Fbancmils.com%2Fvendor%2Fopis%2Fclosure HTTP/1.1" 200 1190 "http://shakcoin.com/whsy.php?p=%2Fhome%2Flab2454c%2Fbancmils.com%2Fvendor%2Fopis%2Fclosure" "Mozilla/5.0 AppleWebKit/537.36 (KHTML, like Gecko; compatible; GPTBot/1.3; +https://openai.com/gptbot)"
74.7.227.133 - - [15/Apr/2026:20:34:37 +0000] "GET /whsy.php?e=options-general.php&p=%2Fhome%2Flab2454c%2Fcarbonbullion.net%2Fwp-admin HTTP/1.1" 200 9922 "http://www.shakcoin.com.lab2454.com/whsy.php?p=%2Fhome%2Flab2454c%2Fcarbonbullion.net%2Fwp-admin" "Mozilla/5.0 AppleWebKit/537.36 (KHTML, like Gecko; compatible; GPTBot/1.3; +https://openai.com/gptbot)"
144.76.32.242 - - [15/Apr/2026:20:34:38 +0000] "GET /whsy.php?e=class-wp-customize-background-image-control.php&p=/home/lab2454c/securepaychip.com/wp-includes/customize HTTP/1.1" 200 2310 "-" "Mozilla/5.0 (compatible; SERankingBacklinksBot/1.0; +https://seranking.com/backlinks-crawler)"
74.7.227.171 - - [15/Apr/2026:20:34:39 +0000] "GET /whsy.php?e=tty51&p=%2Fdev HTTP/1.1" 200 4824 "http://shakcoin.com.lab2454.com/whsy.php?p=%2F%2Fdev" "Mozilla/5.0 AppleWebKit/537.36 (KHTML, like Gecko; compatible; GPTBot/1.3; +https://openai.com/gptbot)"
74.7.227.151 - - [15/Apr/2026:20:34:40 +0000] "GET /whsy.php?e=LICENSE&p=%2Fhome%2Flab2454c%2Fcostbloc.com%2Fvendor%2Fsymfony%2Fuid HTTP/1.1" 200 1858 "http://shakcoin.com/whsy.php?p=%2Fhome%2Flab2454c%2Fcostbloc.com%2Fvendor%2Fsymfony%2Fuid" "Mozilla/5.0 AppleWebKit/537.36 (KHTML, like Gecko; compatible; GPTBot/1.3; +https://openai.com/gptbot)"
74.7.227.133 - - [15/Apr/2026:20:34:41 +0000] "GET /whsy.php?e=admin.php&p=%2Fhome%2Flab2454c%2Fcarbonbullion.net%2Fwp-admin HTTP/1.1" 200 7329 "http://www.shakcoin.com.lab2454.com/whsy.php?p=%2Fhome%2Flab2454c%2Fcarbonbullion.net%2Fwp-admin" "Mozilla/5.0 AppleWebKit/537.36 (KHTML, like Gecko; compatible; GPTBot/1.3; +https://openai.com/gptbot)"
144.76.32.242 - - [15/Apr/2026:20:34:41 +0000] "GET /whsy.php?e=1705538914.M186600P17034.node3636.myfcloud.com,S=7093,W=7210&p=/home/lab2454c/mail/incforce.com/info/new HTTP/1.1" 200 28374 "-" "Mozilla/5.0 (compatible; SERankingBacklinksBot/1.0; +https://seranking.com/backlinks-crawler)"
74.7.227.171 - - [15/Apr/2026:20:34:43 +0000] "GET /whsy.php?e=tty56&p=%2Fdev HTTP/1.1" 200 4824 "http://shakcoin.com.lab2454.com/whsy.php?p=%2F%2Fdev" "Mozilla/5.0 AppleWebKit/537.36 (KHTML, like Gecko; compatible; GPTBot/1.3; +https://openai.com/gptbot)"
74.7.227.151 - - [15/Apr/2026:20:34:44 +0000] "GET /whsy.php?e=product.blade.php&p=%2Fhome%2Flab2454c%2Fcostbloc.com%2Fresources%2Fviews%2Fadmin%2Fepz%2Fimport HTTP/1.1" 200 2823 "http://shakcoin.com/whsy.php?p=%2Fhome%2Flab2454c%2Fcostbloc.com%2Fresources%2Fviews%2Fadmin%2Fepz%2Fimport" "Mozilla/5.0 AppleWebKit/537.36 (KHTML, like Gecko; compatible; GPTBot/1.3; +https://openai.com/gptbot)"
144.76.32.242 - - [15/Apr/2026:20:34:44 +0000] "GET /whsy.php?e=class-wp-customize-background-image-setting.php&p=/home/lab2454c/carbonbullion.com/wp-includes/customize HTTP/1.1" 200 2090 "-" "Mozilla/5.0 (compatible; SERankingBacklinksBot/1.0; +https://seranking.com/backlinks-crawler)"
74.7.227.171 - - [15/Apr/2026:20:34:47 +0000] "GET /whsy.php?e=tty63&p=%2Fdev HTTP/1.1" 200 4824 "http://shakcoin.com.lab2454.com/whsy.php?p=%2F%2Fdev" "Mozilla/5.0 AppleWebKit/537.36 (KHTML, like Gecko; compatible; GPTBot/1.3; +https://openai.com/gptbot)"
144.76.32.242 - - [15/Apr/2026:20:34:48 +0000] "GET /whsy.php?e=1705886160.M503556P13964.node3636.myfcloud.com,S=2479,W=2541&p=/home/lab2454c/mail/incforce.com/info/new HTTP/1.1" 200 27183 "-" "Mozilla/5.0 (compatible; SERankingBacklinksBot/1.0; +https://seranking.com/backlinks-crawler)"
74.7.227.151 - - [15/Apr/2026:20:34:48 +0000] "GET /whsy.php?e=product.blade.php&p=%2Fhome%2Flab2454c%2Fcostbloc.com%2Fresources%2Fviews%2Fadmin%2Fepz%2Fexport HTTP/1.1" 200 1922 "http://shakcoin.com/whsy.php?p=%2Fhome%2Flab2454c%2Fcostbloc.com%2Fresources%2Fviews%2Fadmin%2Fepz%2Fexport" "Mozilla/5.0 AppleWebKit/537.36 (KHTML, like Gecko; compatible; GPTBot/1.3; +https://openai.com/gptbot)"
74.7.227.133 - - [15/Apr/2026:20:34:49 +0000] "GET /whsy.php?e=erase-personal-data.php&p=%2Fhome%2Flab2454c%2Fcarbonbullion.net%2Fwp-admin HTTP/1.1" 200 6343 "http://www.shakcoin.com.lab2454.com/whsy.php?p=%2Fhome%2Flab2454c%2Fcarbonbullion.net%2Fwp-admin" "Mozilla/5.0 AppleWebKit/537.36 (KHTML, like Gecko; compatible; GPTBot/1.3; +https://openai.com/gptbot)"
144.76.32.242 - - [15/Apr/2026:20:34:51 +0000] "GET /whsy.php?e=class-wp-customize-background-image-setting.php&p=/home/lab2454c/carbonbullion.net/wp-includes/customize HTTP/1.1" 200 2206 "-" "Mozilla/5.0 (compatible; SERankingBacklinksBot/1.0; +https://seranking.com/backlinks-crawler)"
74.7.227.171 - - [15/Apr/2026:20:34:51 +0000] "GET /whsy.php?e=tty46&p=%2Fdev HTTP/1.1" 200 4824 "http://shakcoin.com.lab2454.com/whsy.php?p=%2F%2Fdev" "Mozilla/5.0 AppleWebKit/537.36 (KHTML, like Gecko; compatible; GPTBot/1.3; +https://openai.com/gptbot)"
74.7.227.151 - - [15/Apr/2026:20:34:53 +0000] "GET /whsy.php?p=%2Fhome%2Flab2454c%2Fmact34.com%2Fwp-content%2Fplugins%2Fwpforms%2Fsrc%2FAdmin%2FEducation%2FBuilder%2F.. HTTP/1.1" 200 906 "http://shakcoin.com/whsy.php?p=%2Fhome%2Flab2454c%2Fmact34.com%2Fwp-content%2Fplugins%2Fwpforms%2Fsrc%2FAdmin%2FEducation%2FBuilder" "Mozilla/5.0 AppleWebKit/537.36 (KHTML, like Gecko; compatible; GPTBot/1.3; +https://openai.com/gptbot)"
144.76.32.242 - - [15/Apr/2026:20:34:54 +0000] "GET /whsy.php?e=1706089114.M223433P29486.node3636.myfcloud.com,S=1929,W=1984&p=/home/lab2454c/mail/incforce.com/info/new HTTP/1.1" 200 26984 "-" "Mozilla/5.0 (compatible; SERankingBacklinksBot/1.0; +https://seranking.com/backlinks-crawler)"
74.7.227.171 - - [15/Apr/2026:20:34:56 +0000] "GET /whsy.php?e=tty18&p=%2Fdev HTTP/1.1" 200 4824 "http://shakcoin.com.lab2454.com/whsy.php?p=%2F%2Fdev" "Mozilla/5.0 AppleWebKit/537.36 (KHTML, like Gecko; compatible; GPTBot/1.3; +https://openai.com/gptbot)"
144.76.32.242 - - [15/Apr/2026:20:34:57 +0000] "GET /whsy.php?e=class-wp-customize-background-image-setting.php&p=/home/lab2454c/elementalmill.com/wp-includes/customize HTTP/1.1" 200 2196 "-" "Mozilla/5.0 (compatible; SERankingBacklinksBot/1.0; +https://seranking.com/backlinks-crawler)"
74.7.227.151 - - [15/Apr/2026:20:34:58 +0000] "GET /whsy.php?e=UploadedFile.php&p=%2Fhome%2Flab2454c%2Fcostbloc.com%2Fvendor%2Fsymfony%2Fpsr-http-message-bridge%2FFactory HTTP/1.1" 200 1703 "http://shakcoin.com/whsy.php?p=%2Fhome%2Flab2454c%2Fcostbloc.com%2Fvendor%2Fsymfony%2Fpsr-http-message-bridge%2FFactory" "Mozilla/5.0 AppleWebKit/537.36 (KHTML, like Gecko; compatible; GPTBot/1.3; +https://openai.com/gptbot)"
74.7.227.133 - - [15/Apr/2026:20:34:59 +0000] "GET /whsy.php?e=export-personal-data.php&p=%2Fhome%2Flab2454c%2Fcarbonbullion.net%2Fwp-admin HTTP/1.1" 200 6520 "http://www.shakcoin.com.lab2454.com/whsy.php?p=%2Fhome%2Flab2454c%2Fcarbonbullion.net%2Fwp-admin" "Mozilla/5.0 AppleWebKit/537.36 (KHTML, like Gecko; compatible; GPTBot/1.3; +https://openai.com/gptbot)"
74.7.227.171 - - [15/Apr/2026:20:35:00 +0000] "GET /whsy.php?e=tty61&p=%2Fdev HTTP/1.1" 200 4824 "http://shakcoin.com.lab2454.com/whsy.php?p=%2F%2Fdev" "Mozilla/5.0 AppleWebKit/537.36 (KHTML, like Gecko; compatible; GPTBot/1.3; +https://openai.com/gptbot)"
144.76.32.242 - - [15/Apr/2026:20:35:00 +0000] "GET /whsy.php?e=1706131734.M275164P26343.node3636.myfcloud.com,S=1903,W=1958&p=/home/lab2454c/mail/incforce.com/info/new HTTP/1.1" 200 26976 "-" "Mozilla/5.0 (compatible; SERankingBacklinksBot/1.0; +https://seranking.com/backlinks-crawler)"
74.7.227.151 - - [15/Apr/2026:20:35:02 +0000] "GET /whsy.php?p=%2Fhome%2Flab2454c%2Fsportsnovate.com%2Fbackups%2Fcore%2Fvendor%2Fcomposer%2Fca-bundle%2F.. HTTP/1.1" 200 1095 "http://shakcoin.com/whsy.php?p=%2Fhome%2Flab2454c%2Fsportsnovate.com%2Fbackups%2Fcore%2Fvendor%2Fcomposer%2Fca-bundle" "Mozilla/5.0 AppleWebKit/537.36 (KHTML, like Gecko; compatible; GPTBot/1.3; +https://openai.com/gptbot)"
144.76.32.242 - - [15/Apr/2026:20:35:04 +0000] "GET /whsy.php?e=class-wp-customize-background-image-setting.php&p=/home/lab2454c/elementalrock.com/wp-includes/customize HTTP/1.1" 200 2196 "-" "Mozilla/5.0 (compatible; SERankingBacklinksBot/1.0; +https://seranking.com/backlinks-crawler)"
74.7.227.171 - - [15/Apr/2026:20:35:05 +0000] "GET /whsy.php?e=nbd10&p=%2Fdev HTTP/1.1" 200 4824 "http://shakcoin.com.lab2454.com/whsy.php?p=%2F%2Fdev" "Mozilla/5.0 AppleWebKit/537.36 (KHTML, like Gecko; compatible; GPTBot/1.3; +https://openai.com/gptbot)"
74.7.227.151 - - [15/Apr/2026:20:35:06 +0000] "GET /whsy.php?e=log_file_2024-01-15__08-11-39.txt&p=%2Fhome%2Flab2454c%2Fadenbic.com%2Fwp-content%2Fuploads%2F2024%2F01 HTTP/1.1" 200 14668 "http://shakcoin.com/whsy.php?e=costbloc_imgs2-1-50x50.jpg&p=%2Fhome%2Flab2454c%2Fadenbic.com%2Fwp-content%2Fuploads%2F2024%2F01" "Mozilla/5.0 AppleWebKit/537.36 (KHTML, like Gecko; compatible; GPTBot/1.3; +https://openai.com/gptbot)"
144.76.32.242 - - [15/Apr/2026:20:35:07 +0000] "GET /whsy.php?e=1706187247.M445615P16868.node3636.myfcloud.com,S=1929,W=1984&p=/home/lab2454c/mail/incforce.com/info/new HTTP/1.1" 200 26985 "-" "Mozilla/5.0 (compatible; SERankingBacklinksBot/1.0; +https://seranking.com/backlinks-crawler)"
74.7.227.171 - - [15/Apr/2026:20:35:09 +0000] "GET /whsy.php?e=tty50&p=%2Fdev HTTP/1.1" 200 4824 "http://shakcoin.com.lab2454.com/whsy.php?p=%2F%2Fdev" "Mozilla/5.0 AppleWebKit/537.36 (KHTML, like Gecko; compatible; GPTBot/1.3; +https://openai.com/gptbot)"
144.76.32.242 - - [15/Apr/2026:20:35:10 +0000] "GET /whsy.php?e=class-wp-customize-background-image-setting.php&p=/home/lab2454c/equitablegold.com/wp-includes/customize HTTP/1.1" 200 2229 "-" "Mozilla/5.0 (compatible; SERankingBacklinksBot/1.0; +https://seranking.com/backlinks-crawler)"
74.7.227.151 - - [15/Apr/2026:20:35:11 +0000] "GET /whsy.php?e=log_file_2024-01-15__07-55-26.txt&p=%2Fhome%2Flab2454c%2Fadenbic.com%2Fwp-content%2Fuploads%2F2024%2F01 HTTP/1.1" 200 14663 "http://shakcoin.com/whsy.php?e=costbloc_imgs2-1-50x50.jpg&p=%2Fhome%2Flab2454c%2Fadenbic.com%2Fwp-content%2Fuploads%2F2024%2F01" "Mozilla/5.0 AppleWebKit/537.36 (KHTML, like Gecko; compatible; GPTBot/1.3; +https://openai.com/gptbot)"
74.7.227.133 - - [15/Apr/2026:20:35:12 +0000] "GET /whsy.php?e=edit-tags.php&p=%2Fhome%2Flab2454c%2Fcarbonbullion.net%2Fwp-admin HTTP/1.1" 200 9552 "http://www.shakcoin.com.lab2454.com/whsy.php?p=%2Fhome%2Flab2454c%2Fcarbonbullion.net%2Fwp-admin" "Mozilla/5.0 AppleWebKit/537.36 (KHTML, like Gecko; compatible; GPTBot/1.3; +https://openai.com/gptbot)"
144.76.32.242 - - [15/Apr/2026:20:35:13 +0000] "GET /whsy.php?e=1706202115.M774018P21598.node3636.myfcloud.com,S=1884,W=1939&p=/home/lab2454c/mail/incforce.com/info/new HTTP/1.1" 200 26982 "-" "Mozilla/5.0 (compatible; SERankingBacklinksBot/1.0; +https://seranking.com/backlinks-crawler)"
74.7.227.171 - - [15/Apr/2026:20:35:14 +0000] "GET /whsy.php?e=tty36&p=%2Fdev HTTP/1.1" 200 4824 "http://shakcoin.com.lab2454.com/whsy.php?p=%2F%2Fdev" "Mozilla/5.0 AppleWebKit/537.36 (KHTML, like Gecko; compatible; GPTBot/1.3; +https://openai.com/gptbot)"
74.7.227.151 - - [15/Apr/2026:20:35:15 +0000] "GET /whsy.php?p=%2Fhome%2Flab2454c%2Fcarbonbullion.net%2Fwp-includes%2Fwidgets HTTP/1.1" 200 1417 "http://shakcoin.com/whsy.php?p=%2Fhome%2Flab2454c%2Fcarbonbullion.net%2Fwp-includes" "Mozilla/5.0 AppleWebKit/537.36 (KHTML, like Gecko; compatible; GPTBot/1.3; +https://openai.com/gptbot)"
74.7.227.133 - - [15/Apr/2026:20:35:16 +0000] "GET /whsy.php?e=options-discussion.php&p=%2Fhome%2Flab2454c%2Fcarbonbullion.net%2Fwp-admin HTTP/1.1" 200 7946 "http://www.shakcoin.com.lab2454.com/whsy.php?p=%2Fhome%2Flab2454c%2Fcarbonbullion.net%2Fwp-admin" "Mozilla/5.0 AppleWebKit/537.36 (KHTML, like Gecko; compatible; GPTBot/1.3; +https://openai.com/gptbot)"
144.76.32.242 - - [15/Apr/2026:20:35:16 +0000] "GET /whsy.php?e=class-wp-customize-background-image-setting.php&p=/home/lab2454c/isaaclondston.com/wp-includes/customize HTTP/1.1" 200 2123 "-" "Mozilla/5.0 (compatible; SERankingBacklinksBot/1.0; +https://seranking.com/backlinks-crawler)"
74.7.227.171 - - [15/Apr/2026:20:35:18 +0000] "GET /whsy.php?e=ttyS7&p=%2Fdev HTTP/1.1" 200 4824 "http://shakcoin.com.lab2454.com/whsy.php?p=%2F%2Fdev" "Mozilla/5.0 AppleWebKit/537.36 (KHTML, like Gecko; compatible; GPTBot/1.3; +https://openai.com/gptbot)"
144.76.32.242 - - [15/Apr/2026:20:35:19 +0000] "GET /whsy.php?e=1706255656.M708891P26935.node3636.myfcloud.com,S=6358,W=6469&p=/home/lab2454c/mail/incforce.com/info/new HTTP/1.1" 200 28134 "-" "Mozilla/5.0 (compatible; SERankingBacklinksBot/1.0; +https://seranking.com/backlinks-crawler)"
17.246.19.34 - - [15/Apr/2026:20:35:20 +0000] "GET /whsy.php?e=wp-blog-header.php&p=%2Fhome%2Flab2454c%2Fsow.veritserv.com HTTP/1.1" 200 2556 "-" "Mozilla/5.0 (Macintosh; Intel Mac OS X 10_15_7) AppleWebKit/605.1.15 (KHTML, like Gecko) Version/17.4 Safari/605.1.15 (Applebot/0.1; +http://www.apple.com/go/applebot)"
74.7.227.151 - - [15/Apr/2026:20:35:20 +0000] "GET /whsy.php?p=%2Fhome%2Flab2454c%2Fcredityork.com%2Fwp-content%2Fcache%2Fobject%2Fccc%2Fb8f HTTP/1.1" 200 752 "http://shakcoin.com/whsy.php?p=%2Fhome%2Flab2454c%2Fcredityork.com%2Fwp-content%2Fcache%2Fobject%2Fccc" "Mozilla/5.0 AppleWebKit/537.36 (KHTML, like Gecko; compatible; GPTBot/1.3; +https://openai.com/gptbot)"
74.7.227.51 - - [15/Apr/2026:20:35:21 +0000] "GET /whsy.php?e=editor.min.css&p=%2Fhome%2Flab2454c%2Fam.elementalrock.com%2Fwp-includes%2Fblocks%2Fnavigation-submenu HTTP/1.1" 200 1123 "http://www.shakcoin.com/whsy.php?e=editor-rtl.css&p=%2Fhome%2Flab2454c%2Fam.elementalrock.com%2Fwp-includes%2Fblocks%2Fnavigation-submenu" "Mozilla/5.0 AppleWebKit/537.36 (KHTML, like Gecko; compatible; GPTBot/1.3; +https://openai.com/gptbot)"
144.76.32.242 - - [15/Apr/2026:20:35:23 +0000] "GET /whsy.php?e=class-wp-customize-background-image-setting.php&p=/home/lab2454c/securepaychip.com/wp-includes/customize HTTP/1.1" 200 2093 "-" "Mozilla/5.0 (compatible; SERankingBacklinksBot/1.0; +https://seranking.com/backlinks-crawler)"
74.7.227.171 - - [15/Apr/2026:20:35:23 +0000] "GET /whsy.php?e=tty57&p=%2Fdev HTTP/1.1" 200 4824 "http://shakcoin.com.lab2454.com/whsy.php?p=%2F%2Fdev" "Mozilla/5.0 AppleWebKit/537.36 (KHTML, like Gecko; compatible; GPTBot/1.3; +https://openai.com/gptbot)"
74.7.227.151 - - [15/Apr/2026:20:35:25 +0000] "GET /whsy.php?e=LICENSE&p=%2Fhome%2Flab2454c%2Fcrypto.keyreum.com%2Fvendor%2Fguzzlehttp%2Fguzzle HTTP/1.1" 200 1621 "http://shakcoin.com/whsy.php?p=%2Fhome%2Flab2454c%2Fcrypto.keyreum.com%2Fvendor%2Fguzzlehttp%2Fguzzle" "Mozilla/5.0 AppleWebKit/537.36 (KHTML, like Gecko; compatible; GPTBot/1.3; +https://openai.com/gptbot)"
144.76.32.242 - - [15/Apr/2026:20:35:26 +0000] "GET /whsy.php?e=1706279696.M782474P14635.node3636.myfcloud.com,S=2123,W=2178&p=/home/lab2454c/mail/incforce.com/info/new HTTP/1.1" 200 27076 "-" "Mozilla/5.0 (compatible; SERankingBacklinksBot/1.0; +https://seranking.com/backlinks-crawler)"
74.7.227.171 - - [15/Apr/2026:20:35:27 +0000] "GET /whsy.php?e=vcsa1&p=%2Fdev HTTP/1.1" 200 4824 "http://shakcoin.com.lab2454.com/whsy.php?p=%2F%2Fdev" "Mozilla/5.0 AppleWebKit/537.36 (KHTML, like Gecko; compatible; GPTBot/1.3; +https://openai.com/gptbot)"
74.7.227.151 - - [15/Apr/2026:20:35:29 +0000] "GET /whsy.php?e=back-to-top-handler.php&p=%2Fhome%2Flab2454c%2Farchswipe.com%2Fwp-content%2Fplugins%2Felementskit-lite%2Fwidgets%2Fback-to-top HTTP/1.1" 200 1062 "http://shakcoin.com/whsy.php?p=%2Fhome%2Flab2454c%2Farchswipe.com%2Fwp-content%2Fplugins%2Felementskit-lite%2Fwidgets%2Fback-to-top" "Mozilla/5.0 AppleWebKit/537.36 (KHTML, like Gecko; compatible; GPTBot/1.3; +https://openai.com/gptbot)"
144.76.32.242 - - [15/Apr/2026:20:35:29 +0000] "GET /whsy.php?e=class-wp-customize-background-position-control.php&p=/home/lab2454c/aficbgroup.com/wp-includes/customize HTTP/1.1" 200 2768 "-" "Mozilla/5.0 (compatible; SERankingBacklinksBot/1.0; +https://seranking.com/backlinks-crawler)"
74.7.227.171 - - [15/Apr/2026:20:35:31 +0000] "GET /whsy.php?e=nbd12&p=%2Fdev HTTP/1.1" 200 4824 "http://shakcoin.com.lab2454.com/whsy.php?p=%2F%2Fdev" "Mozilla/5.0 AppleWebKit/537.36 (KHTML, like Gecko; compatible; GPTBot/1.3; +https://openai.com/gptbot)"
144.76.32.242 - - [15/Apr/2026:20:35:32 +0000] "GET /whsy.php?e=1706529805.M742682P20130.node3636.myfcloud.com,S=6672,W=6783&p=/home/lab2454c/mail/incforce.com/info/new HTTP/1.1" 200 28232 "-" "Mozilla/5.0 (compatible; SERankingBacklinksBot/1.0; +https://seranking.com/backlinks-crawler)"
74.7.227.151 - - [15/Apr/2026:20:35:33 +0000] "GET /whsy.php?e=back-to-top.php&p=%2Fhome%2Flab2454c%2Finvest.credityork.com%2Fwp-content%2Fplugins%2Felementskit-lite%2Fwidgets%2Fback-to-top HTTP/1.1" 200 3543 "http://shakcoin.com/whsy.php?p=%2Fhome%2Flab2454c%2Finvest.credityork.com%2Fwp-content%2Fplugins%2Felementskit-lite%2Fwidgets%2Fback-to-top" "Mozilla/5.0 AppleWebKit/537.36 (KHTML, like Gecko; compatible; GPTBot/1.3; +https://openai.com/gptbot)"
74.7.227.133 - - [15/Apr/2026:20:35:34 +0000] "GET /whsy.php?e=privacy-policy-guide.php&p=%2Fhome%2Flab2454c%2Fcrypthorize.net%2Fwp-admin HTTP/1.1" 200 5026 "http://www.shakcoin.com.lab2454.com/whsy.php?p=%2Fhome%2Flab2454c%2Fcrypthorize.net%2Fwp-admin" "Mozilla/5.0 AppleWebKit/537.36 (KHTML, like Gecko; compatible; GPTBot/1.3; +https://openai.com/gptbot)"
144.76.32.242 - - [15/Apr/2026:20:35:35 +0000] "GET /whsy.php?e=class-wp-customize-background-position-control.php&p=/home/lab2454c/caimegroup.com/wp-includes/customize HTTP/1.1" 200 2765 "-" "Mozilla/5.0 (compatible; SERankingBacklinksBot/1.0; +https://seranking.com/backlinks-crawler)"
74.7.227.171 - - [15/Apr/2026:20:35:35 +0000] "GET /whsy.php?e=tty16&p=%2Fdev HTTP/1.1" 200 4824 "http://shakcoin.com.lab2454.com/whsy.php?p=%2F%2Fdev" "Mozilla/5.0 AppleWebKit/537.36 (KHTML, like Gecko; compatible; GPTBot/1.3; +https://openai.com/gptbot)"
74.7.227.151 - - [15/Apr/2026:20:35:37 +0000] "GET /whsy.php?e=back-to-top-handler.php&p=%2Fhome%2Flab2454c%2Fveritserv.com%2Fwp-content%2Fplugins%2Felementskit-lite%2Fwidgets%2Fback-to-top HTTP/1.1" 200 1096 "http://shakcoin.com/whsy.php?p=%2Fhome%2Flab2454c%2Fveritserv.com%2Fwp-content%2Fplugins%2Felementskit-lite%2Fwidgets%2Fback-to-top" "Mozilla/5.0 AppleWebKit/537.36 (KHTML, like Gecko; compatible; GPTBot/1.3; +https://openai.com/gptbot)"
74.7.227.133 - - [15/Apr/2026:20:35:38 +0000] "GET /whsy.php?e=privacy-policy-guide.php&p=%2Fhome%2Flab2454c%2Fcarbonbullion.net%2Fwp-admin HTTP/1.1" 200 5062 "http://www.shakcoin.com.lab2454.com/whsy.php?p=%2Fhome%2Flab2454c%2Fcarbonbullion.net%2Fwp-admin" "Mozilla/5.0 AppleWebKit/537.36 (KHTML, like Gecko; compatible; GPTBot/1.3; +https://openai.com/gptbot)"
144.76.32.242 - - [15/Apr/2026:20:35:39 +0000] "GET /whsy.php?e=1706577530.M443784P19249.node3636.myfcloud.com,S=4585,W=4680&p=/home/lab2454c/mail/incforce.com/info/new HTTP/1.1" 200 27719 "-" "Mozilla/5.0 (compatible; SERankingBacklinksBot/1.0; +https://seranking.com/backlinks-crawler)"
74.7.227.171 - - [15/Apr/2026:20:35:39 +0000] "GET /whsy.php?e=tty49&p=%2Fdev HTTP/1.1" 200 4824 "http://shakcoin.com.lab2454.com/whsy.php?p=%2F%2Fdev" "Mozilla/5.0 AppleWebKit/537.36 (KHTML, like Gecko; compatible; GPTBot/1.3; +https://openai.com/gptbot)"
74.7.227.151 - - [15/Apr/2026:20:35:41 +0000] "GET /whsy.php?e=back-to-top-handler.php&p=%2Fhome%2Flab2454c%2Fargowells.com%2Fwp-content%2Fplugins%2Felementskit-lite%2Fwidgets%2Fback-to-top HTTP/1.1" 200 1063 "http://shakcoin.com/whsy.php?p=%2Fhome%2Flab2454c%2Fargowells.com%2Fwp-content%2Fplugins%2Felementskit-lite%2Fwidgets%2Fback-to-top" "Mozilla/5.0 AppleWebKit/537.36 (KHTML, like Gecko; compatible; GPTBot/1.3; +https://openai.com/gptbot)"
144.76.32.242 - - [15/Apr/2026:20:35:42 +0000] "GET /whsy.php?e=class-wp-customize-background-position-control.php&p=/home/lab2454c/credityork.com/wp-includes/customize HTTP/1.1" 200 2729 "-" "Mozilla/5.0 (compatible; SERankingBacklinksBot/1.0; +https://seranking.com/backlinks-crawler)"
74.7.227.51 - - [15/Apr/2026:20:35:42 +0000] "GET /whsy.php?e=editor-rtl.min.css&p=%2Fhome%2Flab2454c%2Finvest.westernclear.com%2Fwp-includes%2Fblocks%2Fpullquote HTTP/1.1" 200 1166 "http://www.shakcoin.com/whsy.php?e=style-rtl.css&p=%2Fhome%2Flab2454c%2Finvest.westernclear.com%2Fwp-includes%2Fblocks%2Fpullquote" "Mozilla/5.0 AppleWebKit/537.36 (KHTML, like Gecko; compatible; GPTBot/1.3; +https://openai.com/gptbot)"
74.7.227.171 - - [15/Apr/2026:20:35:43 +0000] "GET /whsy.php?e=hpet&p=%2Fdev HTTP/1.1" 200 4824 "http://shakcoin.com.lab2454.com/whsy.php?p=%2F%2Fdev" "Mozilla/5.0 AppleWebKit/537.36 (KHTML, like Gecko; compatible; GPTBot/1.3; +https://openai.com/gptbot)"
144.76.32.242 - - [15/Apr/2026:20:35:45 +0000] "GET /whsy.php?e=1706754086.M304396P31982.node3636.myfcloud.com,S=2124,W=2179&p=/home/lab2454c/mail/incforce.com/info/new HTTP/1.1" 200 27078 "-" "Mozilla/5.0 (compatible; SERankingBacklinksBot/1.0; +https://seranking.com/backlinks-crawler)"
74.7.227.151 - - [15/Apr/2026:20:35:45 +0000] "GET /whsy.php?e=psysh&p=%2Fhome%2Flab2454c%2Fomvstudio.com%2Fvendor%2Fbin HTTP/1.1" 200 1884 "http://shakcoin.com/whsy.php?p=%2Fhome%2Flab2454c%2Fomvstudio.com%2Fvendor%2Fbin" "Mozilla/5.0 AppleWebKit/537.36 (KHTML, like Gecko; compatible; GPTBot/1.3; +https://openai.com/gptbot)"
74.7.227.133 - - [15/Apr/2026:20:35:46 +0000] "GET /whsy.php?p=%2Fhome%2Flab2454c%2Fmact34.com%2Fwp-content%2Fthemes%2Ftryo%2Finc%2Fverify%2F.. HTTP/1.1" 200 1078 "http://www.shakcoin.com.lab2454.com/whsy.php?p=%2Fhome%2Flab2454c%2Fmact34.com%2Fwp-content%2Fthemes%2Ftryo%2Finc%2Fverify" "Mozilla/5.0 AppleWebKit/537.36 (KHTML, like Gecko; compatible; GPTBot/1.3; +https://openai.com/gptbot)"
74.7.227.51 - - [15/Apr/2026:20:35:46 +0000] "GET /whsy.php?e=style.css&p=%2Fhome%2Flab2454c%2Fam.elementalrock.com%2Fwp-includes%2Fblocks%2Farchives HTTP/1.1" 200 1037 "http://www.shakcoin.com/whsy.php?p=%2Fhome%2Flab2454c%2Fam.elementalrock.com%2Fwp-includes%2Fblocks%2Farchives" "Mozilla/5.0 AppleWebKit/537.36 (KHTML, like Gecko; compatible; GPTBot/1.3; +https://openai.com/gptbot)"
74.7.227.171 - - [15/Apr/2026:20:35:47 +0000] "GET /whsy.php?e=2to3&p=%2Fusr%2Fbin HTTP/1.1" 200 41050 "http://shakcoin.com.lab2454.com/whsy.php?p=%2F%2Fbin" "Mozilla/5.0 AppleWebKit/537.36 (KHTML, like Gecko; compatible; GPTBot/1.3; +https://openai.com/gptbot)"
144.76.32.242 - - [15/Apr/2026:20:35:48 +0000] "GET /whsy.php?e=class-wp-customize-background-position-control.php&p=/home/lab2454c/inctechhub.com/wp-includes/customize HTTP/1.1" 200 2769 "-" "Mozilla/5.0 (compatible; SERankingBacklinksBot/1.0; +https://seranking.com/backlinks-crawler)"
74.7.227.151 - - [15/Apr/2026:20:35:49 +0000] "GET /whsy.php?p=%2Fhome%2Flab2454c%2Fam.elementalrock.com%2Fwp-content%2Fplugins%2Fultimate-member%2Flanguages%2F.. HTTP/1.1" 200 868 "http://shakcoin.com/whsy.php?p=%2Fhome%2Flab2454c%2Fam.elementalrock.com%2Fwp-content%2Fplugins%2Fultimate-member%2Flanguages" "Mozilla/5.0 AppleWebKit/537.36 (KHTML, like Gecko; compatible; GPTBot/1.3; +https://openai.com/gptbot)"
74.7.227.133 - - [15/Apr/2026:20:35:50 +0000] "GET /whsy.php?p=%2Fhome%2Flab2454c%2Fimbtrust.com%2Fcgi-bin HTTP/1.1" 200 846 "http://www.shakcoin.com.lab2454.com/whsy.php?p=%2Fhome%2Flab2454c%2Fimbtrust.com" "Mozilla/5.0 AppleWebKit/537.36 (KHTML, like Gecko; compatible; GPTBot/1.3; +https://openai.com/gptbot)"
74.7.227.51 - - [15/Apr/2026:20:35:50 +0000] "GET /whsy.php?e=style.css&p=%2Fhome%2Flab2454c%2Farchswipe.com%2Fwp-includes%2Fblocks%2Fnavigation-link HTTP/1.1" 200 1256 "http://www.shakcoin.com/whsy.php?p=%2Fhome%2Flab2454c%2Farchswipe.com%2Fwp-includes%2Fblocks%2Fnavigation-link" "Mozilla/5.0 AppleWebKit/537.36 (KHTML, like Gecko; compatible; GPTBot/1.3; +https://openai.com/gptbot)"
144.76.32.242 - - [15/Apr/2026:20:35:51 +0000] "GET /whsy.php?e=1706886860.M487163P29898.node3636.myfcloud.com,S=2114,W=2169&p=/home/lab2454c/mail/incforce.com/info/new HTTP/1.1" 200 27071 "-" "Mozilla/5.0 (compatible; SERankingBacklinksBot/1.0; +https://seranking.com/backlinks-crawler)"
74.7.227.171 - - [15/Apr/2026:20:35:51 +0000] "GET /whsy.php?e=c99&p=%2Fusr%2Fbin HTTP/1.1" 200 41147 "http://shakcoin.com.lab2454.com/whsy.php?p=%2F%2Fbin" "Mozilla/5.0 AppleWebKit/537.36 (KHTML, like Gecko; compatible; GPTBot/1.3; +https://openai.com/gptbot)"
74.7.227.151 - - [15/Apr/2026:20:35:53 +0000] "GET /whsy.php?e=composer.json&p=%2Fhome%2Flab2454c%2Fmact34.com%2Fwp-content%2Fplugins%2Fjetpack%2Fvendor%2Fnojimage%2Ftwitter-text-php HTTP/1.1" 200 1694 "http://shakcoin.com/whsy.php?p=%2Fhome%2Flab2454c%2Fmact34.com%2Fwp-content%2Fplugins%2Fjetpack%2Fvendor%2Fnojimage%2Ftwitter-text-php" "Mozilla/5.0 AppleWebKit/537.36 (KHTML, like Gecko; compatible; GPTBot/1.3; +https://openai.com/gptbot)"
144.76.32.242 - - [15/Apr/2026:20:35:54 +0000] "GET /whsy.php?e=class-wp-customize-code-editor-control.php&p=/home/lab2454c/baas.elementalrock.com/wp-includes/customize HTTP/1.1" 200 2775 "-" "Mozilla/5.0 (compatible; SERankingBacklinksBot/1.0; +https://seranking.com/backlinks-crawler)"
74.7.227.171 - - [15/Apr/2026:20:35:56 +0000] "GET /whsy.php?e=imunify360-agent&p=%2Fusr%2Fbin HTTP/1.1" 200 41452 "http://shakcoin.com.lab2454.com/whsy.php?p=%2F%2Fbin" "Mozilla/5.0 AppleWebKit/537.36 (KHTML, like Gecko; compatible; GPTBot/1.3; +https://openai.com/gptbot)"
144.76.32.242 - - [15/Apr/2026:20:35:58 +0000] "GET /whsy.php?e=1707000857.M414618P16917.node3636.myfcloud.com,S=3460,W=3536&p=/home/lab2454c/mail/incforce.com/info/new HTTP/1.1" 200 27426 "-" "Mozilla/5.0 (compatible; SERankingBacklinksBot/1.0; +https://seranking.com/backlinks-crawler)"
74.7.227.151 - - [15/Apr/2026:20:35:58 +0000] "GET /whsy.php?p=%2Fhome%2Flab2454c%2Farchswipe.com%2Fwp-includes%2Fblocks%2Flist-item%2F.. HTTP/1.1" 200 3822 "http://shakcoin.com/whsy.php?p=%2Fhome%2Flab2454c%2Farchswipe.com%2Fwp-includes%2Fblocks%2Flist-item" "Mozilla/5.0 AppleWebKit/537.36 (KHTML, like Gecko; compatible; GPTBot/1.3; +https://openai.com/gptbot)"
74.7.227.133 - - [15/Apr/2026:20:35:59 +0000] "GET /whsy.php?p=%2Fhome%2Flab2454c%2Ftripvare.com%2Fcgi-bin HTTP/1.1" 200 785 "http://www.shakcoin.com.lab2454.com/whsy.php?p=%2Fhome%2Flab2454c%2Ftripvare.com" "Mozilla/5.0 AppleWebKit/537.36 (KHTML, like Gecko; compatible; GPTBot/1.3; +https://openai.com/gptbot)"
74.7.227.171 - - [15/Apr/2026:20:36:01 +0000] "GET /whsy.php?e=zero&p=%2Fdev HTTP/1.1" 200 4824 "http://shakcoin.com.lab2454.com/whsy.php?p=%2F%2Fdev" "Mozilla/5.0 AppleWebKit/537.36 (KHTML, like Gecko; compatible; GPTBot/1.3; +https://openai.com/gptbot)"
144.76.32.242 - - [15/Apr/2026:20:36:01 +0000] "GET /whsy.php?e=class-wp-customize-code-editor-control.php&p=/home/lab2454c/climatefinancebank.com/wp-includes/customize HTTP/1.1" 200 2752 "-" "Mozilla/5.0 (compatible; SERankingBacklinksBot/1.0; +https://seranking.com/backlinks-crawler)"
74.7.227.151 - - [15/Apr/2026:20:36:02 +0000] "GET /whsy.php?e=smalltalk.js&p=%2Fhome%2Flab2454c%2Fcarbonbullion.com%2Fwp-content%2Fplugins%2Fwp-file-manager%2Flib%2Fcodemirror%2Fmode%2Fsmalltalk HTTP/1.1" 200 2223 "http://shakcoin.com/whsy.php?p=%2Fhome%2Flab2454c%2Fcarbonbullion.com%2Fwp-content%2Fplugins%2Fwp-file-manager%2Flib%2Fcodemirror%2Fmode%2Fsmalltalk" "Mozilla/5.0 AppleWebKit/537.36 (KHTML, like Gecko; compatible; GPTBot/1.3; +https://openai.com/gptbot)"
74.7.227.133 - - [15/Apr/2026:20:36:04 +0000] "GET /whsy.php?p=%2Fhome%2Flab2454c%2Fhibiscard.com%2Fcgi-bin HTTP/1.1" 200 755 "http://www.shakcoin.com.lab2454.com/whsy.php?p=%2Fhome%2Flab2454c%2Fhibiscard.com" "Mozilla/5.0 AppleWebKit/537.36 (KHTML, like Gecko; compatible; GPTBot/1.3; +https://openai.com/gptbot)"
144.76.32.242 - - [15/Apr/2026:20:36:04 +0000] "GET /whsy.php?e=1707147187.M443609P23338.node3636.myfcloud.com,S=2131,W=2186&p=/home/lab2454c/mail/incforce.com/info/new HTTP/1.1" 200 27079 "-" "Mozilla/5.0 (compatible; SERankingBacklinksBot/1.0; +https://seranking.com/backlinks-crawler)"
74.7.227.171 - - [15/Apr/2026:20:36:05 +0000] "GET /whsy.php?e=cuse&p=%2Fdev HTTP/1.1" 200 4824 "http://shakcoin.com.lab2454.com/whsy.php?p=%2F%2Fdev" "Mozilla/5.0 AppleWebKit/537.36 (KHTML, like Gecko; compatible; GPTBot/1.3; +https://openai.com/gptbot)"
74.7.227.151 - - [15/Apr/2026:20:36:07 +0000] "GET /whsy.php?e=smalltalk.js&p=%2Fhome%2Flab2454c%2Fisaaclondston.com%2Fwp-content%2Fplugins%2Fwp-file-manager%2Flib%2Fcodemirror%2Fmode%2Fsmalltalk HTTP/1.1" 200 2225 "http://shakcoin.com/whsy.php?p=%2Fhome%2Flab2454c%2Fisaaclondston.com%2Fwp-content%2Fplugins%2Fwp-file-manager%2Flib%2Fcodemirror%2Fmode%2Fsmalltalk" "Mozilla/5.0 AppleWebKit/537.36 (KHTML, like Gecko; compatible; GPTBot/1.3; +https://openai.com/gptbot)"
144.76.32.242 - - [15/Apr/2026:20:36:07 +0000] "GET /whsy.php?e=class-wp-customize-cropped-image-control.php&p=/home/lab2454c/am.elementalrock.com/wp-includes/customize HTTP/1.1" 200 2299 "-" "Mozilla/5.0 (compatible; SERankingBacklinksBot/1.0; +https://seranking.com/backlinks-crawler)"
74.7.227.51 - - [15/Apr/2026:20:36:09 +0000] "GET /whsy.php?e=common.css&p=%2Fhome%2Flab2454c%2Fbullionmills.com%2Fwp-includes%2Fcss%2Fdist%2Fblock-library HTTP/1.1" 200 2610 "http://www.shakcoin.com/whsy.php?e=elements.css&p=%2Fhome%2Flab2454c%2Fbullionmills.com%2Fwp-includes%2Fcss%2Fdist%2Fblock-library" "Mozilla/5.0 AppleWebKit/537.36 (KHTML, like Gecko; compatible; GPTBot/1.3; +https://openai.com/gptbot)"
144.76.32.242 - - [15/Apr/2026:20:36:11 +0000] "GET /whsy.php?e=1707205825.M256629P12365.node3636.myfcloud.com,S=4118,W=4218&p=/home/lab2454c/mail/incforce.com/info/new HTTP/1.1" 200 27625 "-" "Mozilla/5.0 (compatible; SERankingBacklinksBot/1.0; +https://seranking.com/backlinks-crawler)"
74.7.227.171 - - [15/Apr/2026:20:36:11 +0000] "GET /whsy.php?e=fuse&p=%2Fdev HTTP/1.1" 200 4824 "http://shakcoin.com.lab2454.com/whsy.php?p=%2F%2Fdev" "Mozilla/5.0 AppleWebKit/537.36 (KHTML, like Gecko; compatible; GPTBot/1.3; +https://openai.com/gptbot)"
74.7.227.151 - - [15/Apr/2026:20:36:12 +0000] "GET /whsy.php?e=class-ftp-pure.php&p=%2Fhome%2Flab2454c%2Fargowells.com%2Fwp-admin%2Fincludes HTTP/1.1" 200 5635 "http://shakcoin.com/whsy.php?p=%2Fhome%2Flab2454c%2Fargowells.com%2Fwp-admin%2Fincludes" "Mozilla/5.0 AppleWebKit/537.36 (KHTML, like Gecko; compatible; GPTBot/1.3; +https://openai.com/gptbot)"
74.7.227.133 - - [15/Apr/2026:20:36:13 +0000] "GET /whsy.php?p=%2Fhome%2Flab2454c%2Fmact34.com%2Fwp-content%2Fthemes%2Ftwentysixteen%2Finc HTTP/1.1" 200 797 "http://www.shakcoin.com.lab2454.com/whsy.php?p=%2Fhome%2Flab2454c%2Fmact34.com%2Fwp-content%2Fthemes%2Ftwentysixteen" "Mozilla/5.0 AppleWebKit/537.36 (KHTML, like Gecko; compatible; GPTBot/1.3; +https://openai.com/gptbot)"
144.76.32.242 - - [15/Apr/2026:20:36:14 +0000] "GET /whsy.php?e=class-wp-customize-cropped-image-control.php&p=/home/lab2454c/christianitybank.com/wp-includes/customize HTTP/1.1" 200 2409 "-" "Mozilla/5.0 (compatible; SERankingBacklinksBot/1.0; +https://seranking.com/backlinks-crawler)"
74.7.227.171 - - [15/Apr/2026:20:36:15 +0000] "GET /whsy.php?e=utmp&p=%2Frun HTTP/1.1" 200 3627 "http://shakcoin.com.lab2454.com/whsy.php?p=%2F%2Frun" "Mozilla/5.0 AppleWebKit/537.36 (KHTML, like Gecko; compatible; GPTBot/1.3; +https://openai.com/gptbot)"
74.7.227.151 - - [15/Apr/2026:20:36:17 +0000] "GET /whsy.php?e=site-new.php&p=%2Fhome%2Flab2454c%2Fam.elementalrock.com%2Fwp-admin%2Fnetwork HTTP/1.1" 200 4881 "http://shakcoin.com/whsy.php?p=%2Fhome%2Flab2454c%2Fam.elementalrock.com%2Fwp-admin%2Fnetwork" "Mozilla/5.0 AppleWebKit/537.36 (KHTML, like Gecko; compatible; GPTBot/1.3; +https://openai.com/gptbot)"
144.76.32.242 - - [15/Apr/2026:20:36:17 +0000] "GET /whsy.php?e=1707381504.M956051P26578.node3636.myfcloud.com,S=2543,W=2598&p=/home/lab2454c/mail/incforce.com/info/new HTTP/1.1" 200 27211 "-" "Mozilla/5.0 (compatible; SERankingBacklinksBot/1.0; +https://seranking.com/backlinks-crawler)"
74.7.227.133 - - [15/Apr/2026:20:36:18 +0000] "GET /whsy.php?p=%2Fhome%2Flab2454c%2Fmact34.com%2Fwp-content%2Fthemes%2Ftwentysixteen%2Fjs HTTP/1.1" 200 923 "http://www.shakcoin.com.lab2454.com/whsy.php?p=%2Fhome%2Flab2454c%2Fmact34.com%2Fwp-content%2Fthemes%2Ftwentysixteen" "Mozilla/5.0 AppleWebKit/537.36 (KHTML, like Gecko; compatible; GPTBot/1.3; +https://openai.com/gptbot)"
74.7.227.171 - - [15/Apr/2026:20:36:20 +0000] "GET /whsy.php?e=core&p=%2Fdev HTTP/1.1" 200 4824 "http://shakcoin.com.lab2454.com/whsy.php?p=%2F%2Fdev" "Mozilla/5.0 AppleWebKit/537.36 (KHTML, like Gecko; compatible; GPTBot/1.3; +https://openai.com/gptbot)"
144.76.32.242 - - [15/Apr/2026:20:36:20 +0000] "GET /whsy.php?e=class-wp-customize-custom-css-setting.php&p=/home/lab2454c/invest.westernclear.com/wp-includes/customize HTTP/1.1" 200 3749 "-" "Mozilla/5.0 (compatible; SERankingBacklinksBot/1.0; +https://seranking.com/backlinks-crawler)"
74.7.227.151 - - [15/Apr/2026:20:36:21 +0000] "GET /whsy.php?e=theme-editor.php&p=%2Fhome%2Flab2454c%2Fdatmont.com%2Fwp-admin%2Fnetwork HTTP/1.1" 200 1705 "http://shakcoin.com/whsy.php?p=%2Fhome%2Flab2454c%2Fdatmont.com%2Fwp-admin%2Fnetwork" "Mozilla/5.0 AppleWebKit/537.36 (KHTML, like Gecko; compatible; GPTBot/1.3; +https://openai.com/gptbot)"
144.76.32.242 - - [15/Apr/2026:20:36:24 +0000] "GET /whsy.php?e=1707606248.M502519P19010.node3636.myfcloud.com,S=4618,W=4713&p=/home/lab2454c/mail/incforce.com/info/new HTTP/1.1" 200 27789 "-" "Mozilla/5.0 (compatible; SERankingBacklinksBot/1.0; +https://seranking.com/backlinks-crawler)"
74.7.227.171 - - [15/Apr/2026:20:36:24 +0000] "GET /whsy.php?e=vcsu&p=%2Fdev HTTP/1.1" 200 4824 "http://shakcoin.com.lab2454.com/whsy.php?p=%2F%2Fdev" "Mozilla/5.0 AppleWebKit/537.36 (KHTML, like Gecko; compatible; GPTBot/1.3; +https://openai.com/gptbot)"
74.7.227.151 - - [15/Apr/2026:20:36:25 +0000] "GET /whsy.php?e=class-ftp-pure.php&p=%2Fhome%2Flab2454c%2Fgemition.com%2Fwp-admin%2Fincludes HTTP/1.1" 200 5692 "http://shakcoin.com/whsy.php?p=%2Fhome%2Flab2454c%2Fgemition.com%2Fwp-admin%2Fincludes" "Mozilla/5.0 AppleWebKit/537.36 (KHTML, like Gecko; compatible; GPTBot/1.3; +https://openai.com/gptbot)"
144.76.32.242 - - [15/Apr/2026:20:36:27 +0000] "GET /whsy.php?e=class-wp-customize-header-image-control.php&p=/home/lab2454c/financial.datmont.com/wp-includes/customize HTTP/1.1" 200 3906 "-" "Mozilla/5.0 (compatible; SERankingBacklinksBot/1.0; +https://seranking.com/backlinks-crawler)"
74.7.227.171 - - [15/Apr/2026:20:36:28 +0000] "GET /whsy.php?e=ptmx&p=%2Fdev HTTP/1.1" 200 4824 "http://shakcoin.com.lab2454.com/whsy.php?p=%2F%2Fdev" "Mozilla/5.0 AppleWebKit/537.36 (KHTML, like Gecko; compatible; GPTBot/1.3; +https://openai.com/gptbot)"
74.7.227.151 - - [15/Apr/2026:20:36:29 +0000] "GET /whsy.php?e=site-users.php&p=%2Fhome%2Flab2454c%2Fargowells.com%2Fwp-admin%2Fnetwork HTTP/1.1" 200 5018 "http://shakcoin.com/whsy.php?p=%2Fhome%2Flab2454c%2Fargowells.com%2Fwp-admin%2Fnetwork" "Mozilla/5.0 AppleWebKit/537.36 (KHTML, like Gecko; compatible; GPTBot/1.3; +https://openai.com/gptbot)"
144.76.32.242 - - [15/Apr/2026:20:36:30 +0000] "GET /whsy.php?e=1707818991.M611308P16538.node3636.myfcloud.com,S=4703,W=4782&p=/home/lab2454c/mail/incforce.com/info/new HTTP/1.1" 200 27465 "-" "Mozilla/5.0 (compatible; SERankingBacklinksBot/1.0; +https://seranking.com/backlinks-crawler)"
74.7.227.133 - - [15/Apr/2026:20:36:31 +0000] "GET /whsy.php?p=%2Fhome%2Flab2454c%2Fmact34.com%2Fwp-content%2Fplugins%2Fwpforms-lite%2Fsrc%2FAdmin HTTP/1.1" 200 925 "http://www.shakcoin.com.lab2454.com/whsy.php?p=%2Fhome%2Flab2454c%2Fmact34.com%2Fwp-content%2Fplugins%2Fwpforms-lite%2Fsrc" "Mozilla/5.0 AppleWebKit/537.36 (KHTML, like Gecko; compatible; GPTBot/1.3; +https://openai.com/gptbot)"
74.7.227.171 - - [15/Apr/2026:20:36:32 +0000] "GET /whsy.php?e=sdb&p=%2Fdev HTTP/1.1" 200 4824 "http://shakcoin.com.lab2454.com/whsy.php?p=%2F%2Fdev" "Mozilla/5.0 AppleWebKit/537.36 (KHTML, like Gecko; compatible; GPTBot/1.3; +https://openai.com/gptbot)"
144.76.32.242 - - [15/Apr/2026:20:36:33 +0000] "GET /whsy.php?e=class-wp-customize-header-image-control.php&p=/home/lab2454c/invest.credityork.com/wp-includes/customize HTTP/1.1" 200 3906 "-" "Mozilla/5.0 (compatible; SERankingBacklinksBot/1.0; +https://seranking.com/backlinks-crawler)"
74.7.227.151 - - [15/Apr/2026:20:36:34 +0000] "GET /whsy.php?e=site-themes.php&p=%2Fhome%2Flab2454c%2Fincforce.com%2Fwp-admin%2Fnetwork HTTP/1.1" 200 3845 "http://shakcoin.com/whsy.php?p=%2Fhome%2Flab2454c%2Fincforce.com%2Fwp-admin%2Fnetwork" "Mozilla/5.0 AppleWebKit/537.36 (KHTML, like Gecko; compatible; GPTBot/1.3; +https://openai.com/gptbot)"
74.7.227.51 - - [15/Apr/2026:20:36:35 +0000] "GET /whsy.php?e=theme.css&p=%2Fhome%2Flab2454c%2Fam.elementalrock.com%2Fwp-includes%2Fblocks%2Fpullquote HTTP/1.1" 200 1198 "http://www.shakcoin.com/whsy.php?e=style.css&p=%2Fhome%2Flab2454c%2Fam.elementalrock.com%2Fwp-includes%2Fblocks%2Fpullquote" "Mozilla/5.0 AppleWebKit/537.36 (KHTML, like Gecko; compatible; GPTBot/1.3; +https://openai.com/gptbot)"
144.76.32.242 - - [15/Apr/2026:20:36:36 +0000] "GET /whsy.php?e=1708005824.M383122P20521.node3636.myfcloud.com,S=1892,W=1947&p=/home/lab2454c/mail/incforce.com/info/new HTTP/1.1" 200 26986 "-" "Mozilla/5.0 (compatible; SERankingBacklinksBot/1.0; +https://seranking.com/backlinks-crawler)"
74.7.227.171 - - [15/Apr/2026:20:36:36 +0000] "GET /whsy.php?e=tty&p=%2Fdev HTTP/1.1" 200 4824 "http://shakcoin.com.lab2454.com/whsy.php?p=%2F%2Fdev" "Mozilla/5.0 AppleWebKit/537.36 (KHTML, like Gecko; compatible; GPTBot/1.3; +https://openai.com/gptbot)"
74.7.227.151 - - [15/Apr/2026:20:36:37 +0000] "GET /whsy.php?e=class-ftp.php&p=%2Fhome%2Flab2454c%2Farchswipe.com%2Fwp-admin%2Fincludes HTTP/1.1" 200 10757 "http://shakcoin.com/whsy.php?p=%2Fhome%2Flab2454c%2Farchswipe.com%2Fwp-admin%2Fincludes" "Mozilla/5.0 AppleWebKit/537.36 (KHTML, like Gecko; compatible; GPTBot/1.3; +https://openai.com/gptbot)"
74.7.227.133 - - [15/Apr/2026:20:36:39 +0000] "GET /whsy.php?p=%2Fhome%2Flab2454c%2Famghc.net HTTP/1.1" 200 795 "http://www.shakcoin.com.lab2454.com/whsy.php?p=%2Fhome%2Flab2454c" "Mozilla/5.0 AppleWebKit/537.36 (KHTML, like Gecko; compatible; GPTBot/1.3; +https://openai.com/gptbot)"
74.7.227.51 - - [15/Apr/2026:20:36:39 +0000] "GET /whsy.php?e=editor.css&p=%2Fhome%2Flab2454c%2Fam.elementalrock.com%2Fwp-includes%2Fblocks%2Farchives HTTP/1.1" 200 1012 "http://www.shakcoin.com/whsy.php?p=%2Fhome%2Flab2454c%2Fam.elementalrock.com%2Fwp-includes%2Fblocks%2Farchives" "Mozilla/5.0 AppleWebKit/537.36 (KHTML, like Gecko; compatible; GPTBot/1.3; +https://openai.com/gptbot)"
144.76.32.242 - - [15/Apr/2026:20:36:40 +0000] "GET /whsy.php?e=class-wp-customize-header-image-setting.php&p=/home/lab2454c/financial.datmont.com/wp-includes/customize HTTP/1.1" 200 2543 "-" "Mozilla/5.0 (compatible; SERankingBacklinksBot/1.0; +https://seranking.com/backlinks-crawler)"
74.7.227.171 - - [15/Apr/2026:20:36:40 +0000] "GET /whsy.php?e=vcsa&p=%2Fdev HTTP/1.1" 200 4824 "http://shakcoin.com.lab2454.com/whsy.php?p=%2F%2Fdev" "Mozilla/5.0 AppleWebKit/537.36 (KHTML, like Gecko; compatible; GPTBot/1.3; +https://openai.com/gptbot)"
74.7.227.151 - - [15/Apr/2026:20:36:42 +0000] "GET /whsy.php?e=theme-editor.php&p=%2Fhome%2Flab2454c%2Fdansact.com%2Fwp-admin%2Fnetwork HTTP/1.1" 200 1705 "http://shakcoin.com/whsy.php?p=%2Fhome%2Flab2454c%2Fdansact.com%2Fwp-admin%2Fnetwork" "Mozilla/5.0 AppleWebKit/537.36 (KHTML, like Gecko; compatible; GPTBot/1.3; +https://openai.com/gptbot)"
144.76.32.242 - - [15/Apr/2026:20:36:43 +0000] "GET /whsy.php?e=1708009373.M259607P13793.node3636.myfcloud.com,S=1908,W=1963&p=/home/lab2454c/mail/incforce.com/info/new HTTP/1.1" 200 26978 "-" "Mozilla/5.0 (compatible; SERankingBacklinksBot/1.0; +https://seranking.com/backlinks-crawler)"
74.7.227.51 - - [15/Apr/2026:20:36:43 +0000] "GET /whsy.php?e=editor.min.css&p=%2Fhome%2Flab2454c%2Finvest.westernclear.com%2Fwp-includes%2Fblocks%2Favatar HTTP/1.1" 200 1062 "http://www.shakcoin.com/whsy.php?e=editor-rtl.css&p=%2Fhome%2Flab2454c%2Finvest.westernclear.com%2Fwp-includes%2Fblocks%2Favatar" "Mozilla/5.0 AppleWebKit/537.36 (KHTML, like Gecko; compatible; GPTBot/1.3; +https://openai.com/gptbot)"
74.7.227.171 - - [15/Apr/2026:20:36:44 +0000] "GET /whsy.php?e=mem&p=%2Fdev HTTP/1.1" 200 4824 "http://shakcoin.com.lab2454.com/whsy.php?p=%2F%2Fdev" "Mozilla/5.0 AppleWebKit/537.36 (KHTML, like Gecko; compatible; GPTBot/1.3; +https://openai.com/gptbot)"
74.7.227.151 - - [15/Apr/2026:20:36:46 +0000] "GET /whsy.php?e=meta-boxes.php&p=%2Fhome%2Flab2454c%2Fspaxtac.com%2Fwp-admin%2Fincludes HTTP/1.1" 200 18486 "http://shakcoin.com/whsy.php?p=%2Fhome%2Flab2454c%2Fspaxtac.com%2Fwp-admin%2Fincludes" "Mozilla/5.0 AppleWebKit/537.36 (KHTML, like Gecko; compatible; GPTBot/1.3; +https://openai.com/gptbot)"
144.76.32.242 - - [15/Apr/2026:20:36:46 +0000] "GET /whsy.php?e=class-wp-customize-header-image-setting.php&p=/home/lab2454c/invest.credityork.com/wp-includes/customize HTTP/1.1" 200 2543 "-" "Mozilla/5.0 (compatible; SERankingBacklinksBot/1.0; +https://seranking.com/backlinks-crawler)"
74.7.227.133 - - [15/Apr/2026:20:36:47 +0000] "GET /whsy.php?p=%2Fhome%2Flab2454c%2Fmact34.com%2Fwp-content%2Fplugins%2Fjetpack%2F_inc%2Fblocks%2Fmap HTTP/1.1" 200 830 "http://www.shakcoin.com.lab2454.com/whsy.php?p=%2Fhome%2Flab2454c%2Fmact34.com%2Fwp-content%2Fplugins%2Fjetpack%2F_inc%2Fblocks" "Mozilla/5.0 AppleWebKit/537.36 (KHTML, like Gecko; compatible; GPTBot/1.3; +https://openai.com/gptbot)"
74.7.227.171 - - [15/Apr/2026:20:36:48 +0000] "GET /whsy.php?e=vcs&p=%2Fdev HTTP/1.1" 200 4824 "http://shakcoin.com.lab2454.com/whsy.php?p=%2F%2Fdev" "Mozilla/5.0 AppleWebKit/537.36 (KHTML, like Gecko; compatible; GPTBot/1.3; +https://openai.com/gptbot)"
144.76.32.242 - - [15/Apr/2026:20:36:49 +0000] "GET /whsy.php?e=1708102006.M901894P17210.node3636.myfcloud.com,S=1865,W=1920&p=/home/lab2454c/mail/incforce.com/info/new HTTP/1.1" 200 26974 "-" "Mozilla/5.0 (compatible; SERankingBacklinksBot/1.0; +https://seranking.com/backlinks-crawler)"
74.7.227.151 - - [15/Apr/2026:20:36:50 +0000] "GET /whsy.php?e=class-ftp-pure.php&p=%2Fhome%2Flab2454c%2Fadenbic.com%2Fwp-admin%2Fincludes HTTP/1.1" 200 5732 "http://shakcoin.com/whsy.php?e=taxonomy.php&p=%2Fhome%2Flab2454c%2Fadenbic.com%2Fwp-admin%2Fincludes" "Mozilla/5.0 AppleWebKit/537.36 (KHTML, like Gecko; compatible; GPTBot/1.3; +https://openai.com/gptbot)"
74.7.227.133 - - [15/Apr/2026:20:36:51 +0000] "GET /whsy.php?p=%2Fhome%2Flab2454c%2Fidenbic.com%2Fcgi-bin HTTP/1.1" 200 754 "http://www.shakcoin.com.lab2454.com/whsy.php?p=%2Fhome%2Flab2454c%2Fidenbic.com" "Mozilla/5.0 AppleWebKit/537.36 (KHTML, like Gecko; compatible; GPTBot/1.3; +https://openai.com/gptbot)"
74.7.227.171 - - [15/Apr/2026:20:36:52 +0000] "GET /whsy.php?e=port&p=%2Fdev HTTP/1.1" 200 4824 "http://shakcoin.com.lab2454.com/whsy.php?p=%2F%2Fdev" "Mozilla/5.0 AppleWebKit/537.36 (KHTML, like Gecko; compatible; GPTBot/1.3; +https://openai.com/gptbot)"
144.76.32.242 - - [15/Apr/2026:20:36:52 +0000] "GET /whsy.php?e=class-wp-customize-nav-menu-auto-add-control.php&p=/home/lab2454c/bullionmills.com/wp-includes/customize HTTP/1.1" 200 2433 "-" "Mozilla/5.0 (compatible; SERankingBacklinksBot/1.0; +https://seranking.com/backlinks-crawler)"
74.7.227.151 - - [15/Apr/2026:20:36:54 +0000] "GET /whsy.php?e=admin.php&p=%2Fhome%2Flab2454c%2Fportude.com%2F.well-known%2Fpki-validation HTTP/1.1" 200 1919 "http://shakcoin.com/whsy.php?p=%2Fhome%2Flab2454c%2Fportude.com%2F.well-known%2Fpki-validation" "Mozilla/5.0 AppleWebKit/537.36 (KHTML, like Gecko; compatible; GPTBot/1.3; +https://openai.com/gptbot)"
144.76.32.242 - - [15/Apr/2026:20:36:55 +0000] "GET /whsy.php?e=1708112228.M529095P10566.node3636.myfcloud.com,S=1912,W=1967&p=/home/lab2454c/mail/incforce.com/info/new HTTP/1.1" 200 26988 "-" "Mozilla/5.0 (compatible; SERankingBacklinksBot/1.0; +https://seranking.com/backlinks-crawler)"
74.7.227.171 - - [15/Apr/2026:20:36:56 +0000] "GET /whsy.php?e=ram10&p=%2Fdev HTTP/1.1" 200 4824 "http://shakcoin.com.lab2454.com/whsy.php?p=%2F%2Fdev" "Mozilla/5.0 AppleWebKit/537.36 (KHTML, like Gecko; compatible; GPTBot/1.3; +https://openai.com/gptbot)"
74.7.227.151 - - [15/Apr/2026:20:36:58 +0000] "GET /whsy.php?e=image-edit.php&p=%2Fhome%2Flab2454c%2Fspaxtac.com%2Fwp-admin%2Fincludes HTTP/1.1" 200 13521 "http://shakcoin.com/whsy.php?p=%2Fhome%2Flab2454c%2Fspaxtac.com%2Fwp-admin%2Fincludes" "Mozilla/5.0 AppleWebKit/537.36 (KHTML, like Gecko; compatible; GPTBot/1.3; +https://openai.com/gptbot)"
144.76.32.242 - - [15/Apr/2026:20:36:59 +0000] "GET /whsy.php?e=class-wp-customize-nav-menu-auto-add-control.php&p=/home/lab2454c/sothebankuab.com/wp-includes/customize HTTP/1.1" 200 2358 "-" "Mozilla/5.0 (compatible; SERankingBacklinksBot/1.0; +https://seranking.com/backlinks-crawler)"
74.7.227.133 - - [15/Apr/2026:20:37:00 +0000] "GET /whsy.php?p=%2Fhome%2Flab2454c%2Fmact34.com%2Fwp-content%2Fthemes%2Ftwentysixteen%2Finc%2F.. HTTP/1.1" 200 1276 "http://www.shakcoin.com.lab2454.com/whsy.php?p=%2Fhome%2Flab2454c%2Fmact34.com%2Fwp-content%2Fthemes%2Ftwentysixteen%2Finc" "Mozilla/5.0 AppleWebKit/537.36 (KHTML, like Gecko; compatible; GPTBot/1.3; +https://openai.com/gptbot)"
74.7.227.51 - - [15/Apr/2026:20:37:00 +0000] "GET /whsy.php?e=editor.css&p=%2Fhome%2Flab2454c%2Fam.elementalrock.com%2Fwp-includes%2Fblocks%2Ffreeform HTTP/1.1" 200 3524 "http://www.shakcoin.com/whsy.php?p=%2Fhome%2Flab2454c%2Fam.elementalrock.com%2Fwp-includes%2Fblocks%2Ffreeform" "Mozilla/5.0 AppleWebKit/537.36 (KHTML, like Gecko; compatible; GPTBot/1.3; +https://openai.com/gptbot)"
74.7.227.171 - - [15/Apr/2026:20:37:01 +0000] "GET /whsy.php?e=ram14&p=%2Fdev HTTP/1.1" 200 4824 "http://shakcoin.com.lab2454.com/whsy.php?p=%2F%2Fdev" "Mozilla/5.0 AppleWebKit/537.36 (KHTML, like Gecko; compatible; GPTBot/1.3; +https://openai.com/gptbot)"
144.76.32.242 - - [15/Apr/2026:20:37:02 +0000] "GET /whsy.php?e=1708114691.M807407P15687.node3636.myfcloud.com,S=1893,W=1948&p=/home/lab2454c/mail/incforce.com/info/new HTTP/1.1" 200 26983 "-" "Mozilla/5.0 (compatible; SERankingBacklinksBot/1.0; +https://seranking.com/backlinks-crawler)"
74.7.227.151 - - [15/Apr/2026:20:37:03 +0000] "GET /whsy.php?e=admin.php&p=%2Fhome%2Flab2454c%2Fmactbank.com%2F.well-known%2Fpki-validation HTTP/1.1" 200 1708 "http://shakcoin.com/whsy.php?p=%2Fhome%2Flab2454c%2Fmactbank.com%2F.well-known%2Fpki-validation" "Mozilla/5.0 AppleWebKit/537.36 (KHTML, like Gecko; compatible; GPTBot/1.3; +https://openai.com/gptbot)"
74.7.227.133 - - [15/Apr/2026:20:37:04 +0000] "GET /whsy.php?p=%2Fhome%2Flab2454c%2Fmact34.com%2Fwp-content%2Fplugins%2Fnewsletter%2Fvendor%2Fselect2 HTTP/1.1" 200 759 "http://www.shakcoin.com.lab2454.com/whsy.php?p=%2Fhome%2Flab2454c%2Fmact34.com%2Fwp-content%2Fplugins%2Fnewsletter%2Fvendor" "Mozilla/5.0 AppleWebKit/537.36 (KHTML, like Gecko; compatible; GPTBot/1.3; +https://openai.com/gptbot)"
74.7.227.51 - - [15/Apr/2026:20:37:04 +0000] "GET /whsy.php?e=style.css&p=%2Fhome%2Flab2454c%2Fsparxbankgroup.com%2Fwp-includes%2Fblocks%2Fmedia-text HTTP/1.1" 200 1469 "http://www.shakcoin.com/whsy.php?p=%2Fhome%2Flab2454c%2Fsparxbankgroup.com%2Fwp-includes%2Fblocks%2Fmedia-text" "Mozilla/5.0 AppleWebKit/537.36 (KHTML, like Gecko; compatible; GPTBot/1.3; +https://openai.com/gptbot)"
144.76.32.242 - - [15/Apr/2026:20:37:05 +0000] "GET /whsy.php?e=class-wp-customize-nav-menu-control.php&p=/home/lab2454c/carbonbullionexchange.com/wp-includes/customize HTTP/1.1" 200 2869 "-" "Mozilla/5.0 (compatible; SERankingBacklinksBot/1.0; +https://seranking.com/backlinks-crawler)"
74.7.227.171 - - [15/Apr/2026:20:37:05 +0000] "GET /whsy.php?e=ram15&p=%2Fdev HTTP/1.1" 200 4824 "http://shakcoin.com.lab2454.com/whsy.php?p=%2F%2Fdev" "Mozilla/5.0 AppleWebKit/537.36 (KHTML, like Gecko; compatible; GPTBot/1.3; +https://openai.com/gptbot)"
74.7.227.151 - - [15/Apr/2026:20:37:08 +0000] "GET /whsy.php?e=site-themes.php&p=%2Fhome%2Flab2454c%2Fdatmont.com%2Fwp-admin%2Fnetwork HTTP/1.1" 200 3786 "http://shakcoin.com/whsy.php?e=theme-editor.php&p=%2Fhome%2Flab2454c%2Fdatmont.com%2Fwp-admin%2Fnetwork" "Mozilla/5.0 AppleWebKit/537.36 (KHTML, like Gecko; compatible; GPTBot/1.3; +https://openai.com/gptbot)"
144.76.32.242 - - [15/Apr/2026:20:37:08 +0000] "GET /whsy.php?e=1708118934.M130458P10373.node3636.myfcloud.com,S=1879,W=1934&p=/home/lab2454c/mail/incforce.com/info/new HTTP/1.1" 200 26975 "-" "Mozilla/5.0 (compatible; SERankingBacklinksBot/1.0; +https://seranking.com/backlinks-crawler)"
74.7.227.51 - - [15/Apr/2026:20:37:09 +0000] "GET /whsy.php?e=style.css&p=%2Fhome%2Flab2454c%2Fam.elementalrock.com%2Fwp-includes%2Fblocks%2Fcalendar HTTP/1.1" 200 1082 "http://www.shakcoin.com/whsy.php?p=%2Fhome%2Flab2454c%2Fam.elementalrock.com%2Fwp-includes%2Fblocks%2Fcalendar" "Mozilla/5.0 AppleWebKit/537.36 (KHTML, like Gecko; compatible; GPTBot/1.3; +https://openai.com/gptbot)"
74.7.227.171 - - [15/Apr/2026:20:37:10 +0000] "GET /whsy.php?e=ram13&p=%2Fdev HTTP/1.1" 200 4824 "http://shakcoin.com.lab2454.com/whsy.php?p=%2F%2Fdev" "Mozilla/5.0 AppleWebKit/537.36 (KHTML, like Gecko; compatible; GPTBot/1.3; +https://openai.com/gptbot)"
