74.7.243.227 - - [15/Apr/2026:21:08:48 +0000] "GET /shop/pg/1618254699 HTTP/1.1" 404 13179 "https://www.elementalmill.com" "Mozilla/5.0 AppleWebKit/537.36 (KHTML, like Gecko; compatible; GPTBot/1.3; +https://openai.com/gptbot)"
74.7.243.245 - - [15/Apr/2026:21:08:55 +0000] "GET /shop/pg/2068622 HTTP/1.1" 301 839 "https://www.elementalmill.com/shop/pg/2067457" "Mozilla/5.0 AppleWebKit/537.36 (KHTML, like Gecko; compatible; GPTBot/1.3; +https://openai.com/gptbot)"
74.7.227.36 - - [15/Apr/2026:21:08:55 +0000] "GET /shop/pg/1562701 HTTP/1.1" 404 13198 "https://www.elementalmill.com.lab2454.com/shop/pg/16201346244" "Mozilla/5.0 AppleWebKit/537.36 (KHTML, like Gecko; compatible; GPTBot/1.3; +https://openai.com/gptbot)"
74.7.241.7 - - [15/Apr/2026:21:08:59 +0000] "GET /shopping/products/16201475629 HTTP/1.1" 404 13198 "https://elementalmill.com.lab2454.com/shopping/products/16201092418" "Mozilla/5.0 AppleWebKit/537.36 (KHTML, like Gecko; compatible; GPTBot/1.3; +https://openai.com/gptbot)"
95.108.213.115 - - [15/Apr/2026:21:09:01 +0000] "GET /robots.txt HTTP/1.1" 200 2045 "-" "Mozilla/5.0 (compatible; YandexBot/3.0; +http://yandex.com/bots)"
213.180.203.8 - - [15/Apr/2026:21:09:05 +0000] "GET /shopping/products/16225120087 HTTP/1.1" 404 13179 "-" "Mozilla/5.0 (compatible; YandexBot/3.0; +http://yandex.com/bots)"
66.249.64.39 - - [15/Apr/2026:21:09:08 +0000] "GET /category/162110022 HTTP/1.1" 200 27509 "-" "Mozilla/5.0 (Linux; Android 6.0.1; Nexus 5X Build/MMB29P) AppleWebKit/537.36 (KHTML, like Gecko) Chrome/146.0.7680.177 Mobile Safari/537.36 (compatible; Googlebot/2.1; +http://www.google.com/bot.html)"
74.7.241.7 - - [15/Apr/2026:21:09:07 +0000] "GET /shopping/products/16201339730 HTTP/1.1" 404 13198 "https://elementalmill.com.lab2454.com/shopping/products/16201186844" "Mozilla/5.0 AppleWebKit/537.36 (KHTML, like Gecko; compatible; GPTBot/1.3; +https://openai.com/gptbot)"
74.7.243.227 - - [15/Apr/2026:21:09:14 +0000] "GET /shop/pg/1618297605 HTTP/1.1" 404 13179 "https://www.elementalmill.com" "Mozilla/5.0 AppleWebKit/537.36 (KHTML, like Gecko; compatible; GPTBot/1.3; +https://openai.com/gptbot)"
74.7.241.7 - - [15/Apr/2026:21:09:15 +0000] "GET /shopping/products/16211728922 HTTP/1.1" 404 13198 "https://elementalmill.com.lab2454.com/shopping/products/16201020752" "Mozilla/5.0 AppleWebKit/537.36 (KHTML, like Gecko; compatible; GPTBot/1.3; +https://openai.com/gptbot)"
139.162.194.112 - - [15/Apr/2026:21:09:17 +0000] "POST /wp-cron.php?doing_wp_cron=1776287357.2460749149322509765625 HTTP/1.1" 404 13179 "-" "WordPress/6.9.1; https://elementalmill.com"
139.162.194.112 - - [15/Apr/2026:21:09:18 +0000] "POST /wp-cron.php?doing_wp_cron=1776287358.6760880947113037109375 HTTP/1.1" 404 13169 "-" "WordPress/6.9.1; https://elementalmill.com"
74.7.227.36 - - [15/Apr/2026:21:09:18 +0000] "GET /shop/pg/1088796 HTTP/1.1" 404 13198 "https://www.elementalmill.com.lab2454.com/shopping/products/16201088796" "Mozilla/5.0 AppleWebKit/537.36 (KHTML, like Gecko; compatible; GPTBot/1.3; +https://openai.com/gptbot)"
74.7.241.7 - - [15/Apr/2026:21:09:24 +0000] "GET /shopping/products/16211775831 HTTP/1.1" 404 13198 "https://elementalmill.com.lab2454.com/shopping/products/16201016749" "Mozilla/5.0 AppleWebKit/537.36 (KHTML, like Gecko; compatible; GPTBot/1.3; +https://openai.com/gptbot)"
74.7.227.36 - - [15/Apr/2026:21:09:27 +0000] "GET /shop/pg/1470697 HTTP/1.1" 404 13198 "https://www.elementalmill.com.lab2454.com/shop/pg/1469528" "Mozilla/5.0 AppleWebKit/537.36 (KHTML, like Gecko; compatible; GPTBot/1.3; +https://openai.com/gptbot)"
74.7.241.7 - - [15/Apr/2026:21:09:31 +0000] "GET /shopping/products/16232635310 HTTP/1.1" 404 13198 "https://elementalmill.com.lab2454.com/shopping/products/16201450220" "Mozilla/5.0 AppleWebKit/537.36 (KHTML, like Gecko; compatible; GPTBot/1.3; +https://openai.com/gptbot)"
74.7.227.36 - - [15/Apr/2026:21:09:34 +0000] "GET /shop/pg/1709561 HTTP/1.1" 404 13198 "https://www.elementalmill.com.lab2454.com/shop/pg/16201493105" "Mozilla/5.0 AppleWebKit/537.36 (KHTML, like Gecko; compatible; GPTBot/1.3; +https://openai.com/gptbot)"
74.7.243.245 - - [15/Apr/2026:21:09:37 +0000] "GET /shop/pg/2324753 HTTP/1.1" 301 839 "https://www.elementalmill.com/shop/customer/bookmark.php?shopping/products/16222324753" "Mozilla/5.0 AppleWebKit/537.36 (KHTML, like Gecko; compatible; GPTBot/1.3; +https://openai.com/gptbot)"
74.7.241.7 - - [15/Apr/2026:21:09:38 +0000] "GET /shopping/products/16211607055 HTTP/1.1" 404 13198 "https://elementalmill.com.lab2454.com/shopping/products/16211593720" "Mozilla/5.0 AppleWebKit/537.36 (KHTML, like Gecko; compatible; GPTBot/1.3; +https://openai.com/gptbot)"
74.7.243.227 - - [15/Apr/2026:21:09:40 +0000] "GET /shop/pg/1618497628 HTTP/1.1" 404 13179 "https://www.elementalmill.com" "Mozilla/5.0 AppleWebKit/537.36 (KHTML, like Gecko; compatible; GPTBot/1.3; +https://openai.com/gptbot)"
74.7.241.7 - - [15/Apr/2026:21:09:46 +0000] "GET /shopping/products/16201031572 HTTP/1.1" 404 13198 "https://elementalmill.com.lab2454.com/shopping/products/16211750403" "Mozilla/5.0 AppleWebKit/537.36 (KHTML, like Gecko; compatible; GPTBot/1.3; +https://openai.com/gptbot)"
74.7.243.227 - - [15/Apr/2026:21:09:47 +0000] "GET /shop/pg/1789922 HTTP/1.1" 404 13198 "https://mail.elementalmill.com/?shopping/products/16211789922" "Mozilla/5.0 AppleWebKit/537.36 (KHTML, like Gecko; compatible; GPTBot/1.3; +https://openai.com/gptbot)"
74.7.227.36 - - [15/Apr/2026:21:09:49 +0000] "GET /shop/pg/1433002 HTTP/1.1" 404 13198 "https://www.elementalmill.com.lab2454.com/shop/pg/16201216545" "Mozilla/5.0 AppleWebKit/537.36 (KHTML, like Gecko; compatible; GPTBot/1.3; +https://openai.com/gptbot)"
74.7.241.7 - - [15/Apr/2026:21:09:53 +0000] "GET /shopping/products/16201249218 HTTP/1.1" 404 13198 "https://elementalmill.com.lab2454.com/shopping/products/16201147083" "Mozilla/5.0 AppleWebKit/537.36 (KHTML, like Gecko; compatible; GPTBot/1.3; +https://openai.com/gptbot)"
74.7.227.36 - - [15/Apr/2026:21:09:56 +0000] "GET /shop/pg/1551153 HTTP/1.1" 404 13198 "https://www.elementalmill.com.lab2454.com/shop/pg/16201334692" "Mozilla/5.0 AppleWebKit/537.36 (KHTML, like Gecko; compatible; GPTBot/1.3; +https://openai.com/gptbot)"
74.7.243.245 - - [15/Apr/2026:21:09:57 +0000] "GET /shop/pg/1914970 HTTP/1.1" 301 839 "https://www.elementalmill.com/shopping/products/16211914970" "Mozilla/5.0 AppleWebKit/537.36 (KHTML, like Gecko; compatible; GPTBot/1.3; +https://openai.com/gptbot)"
74.7.227.36 - - [15/Apr/2026:21:10:03 +0000] "GET /shop/pg/2178638 HTTP/1.1" 404 13198 "https://www.elementalmill.com.lab2454.com/shop/pg/2177473" "Mozilla/5.0 AppleWebKit/537.36 (KHTML, like Gecko; compatible; GPTBot/1.3; +https://openai.com/gptbot)"
74.7.243.227 - - [15/Apr/2026:21:10:05 +0000] "GET /shop/pg/1619877345 HTTP/1.1" 404 13179 "https://www.elementalmill.com" "Mozilla/5.0 AppleWebKit/537.36 (KHTML, like Gecko; compatible; GPTBot/1.3; +https://openai.com/gptbot)"
74.7.241.7 - - [15/Apr/2026:21:10:06 +0000] "GET /shopping/products/16232524324 HTTP/1.1" 404 13198 "https://elementalmill.com.lab2454.com/shopping/products/16201019771" "Mozilla/5.0 AppleWebKit/537.36 (KHTML, like Gecko; compatible; GPTBot/1.3; +https://openai.com/gptbot)"
74.7.227.36 - - [15/Apr/2026:21:10:10 +0000] "GET /shop/pg/1600177 HTTP/1.1" 404 13198 "https://www.elementalmill.com.lab2454.com/shop/pg/16201383720" "Mozilla/5.0 AppleWebKit/537.36 (KHTML, like Gecko; compatible; GPTBot/1.3; +https://openai.com/gptbot)"
66.249.64.39 - - [15/Apr/2026:21:10:13 +0000] "GET /shopping/products/16201339404 HTTP/1.1" 200 27064 "-" "Mozilla/5.0 (Linux; Android 6.0.1; Nexus 5X Build/MMB29P) AppleWebKit/537.36 (KHTML, like Gecko) Chrome/146.0.7680.177 Mobile Safari/537.36 (compatible; Googlebot/2.1; +http://www.google.com/bot.html)"
74.7.241.7 - - [15/Apr/2026:21:10:13 +0000] "GET /shopping/products/16211582192 HTTP/1.1" 404 13198 "https://elementalmill.com.lab2454.com/shopping/products/16211576858" "Mozilla/5.0 AppleWebKit/537.36 (KHTML, like Gecko; compatible; GPTBot/1.3; +https://openai.com/gptbot)"
74.7.227.36 - - [15/Apr/2026:21:10:16 +0000] "GET /shop/pg/1164189 HTTP/1.1" 404 13198 "https://www.elementalmill.com.lab2454.com/shop/pg/16211539277" "Mozilla/5.0 AppleWebKit/537.36 (KHTML, like Gecko; compatible; GPTBot/1.3; +https://openai.com/gptbot)"
74.7.241.7 - - [15/Apr/2026:21:10:23 +0000] "GET /shopping/products/16232527387 HTTP/1.1" 404 13198 "https://elementalmill.com.lab2454.com/shopping/products/16211685242" "Mozilla/5.0 AppleWebKit/537.36 (KHTML, like Gecko; compatible; GPTBot/1.3; +https://openai.com/gptbot)"
74.7.227.36 - - [15/Apr/2026:21:10:23 +0000] "GET /shop/pg/1456033 HTTP/1.1" 404 13198 "https://www.elementalmill.com.lab2454.com/shop/pg/16201239567" "Mozilla/5.0 AppleWebKit/537.36 (KHTML, like Gecko; compatible; GPTBot/1.3; +https://openai.com/gptbot)"
74.7.243.227 - - [15/Apr/2026:21:10:29 +0000] "GET /shop/pg/1461608 HTTP/1.1" 404 13198 "https://mail.elementalmill.com/?shopping/products/16201461608" "Mozilla/5.0 AppleWebKit/537.36 (KHTML, like Gecko; compatible; GPTBot/1.3; +https://openai.com/gptbot)"
74.7.243.227 - - [15/Apr/2026:21:10:31 +0000] "GET /shop/pg/1619834748 HTTP/1.1" 404 13179 "https://elementalmill.com/shop/customer/bookmark.php?shopping/products/1619827864" "Mozilla/5.0 AppleWebKit/537.36 (KHTML, like Gecko; compatible; GPTBot/1.3; +https://openai.com/gptbot)"
74.7.241.7 - - [15/Apr/2026:21:10:31 +0000] "GET /shopping/products/16211802145 HTTP/1.1" 404 13198 "https://elementalmill.com.lab2454.com/shopping/products/16201294228" "Mozilla/5.0 AppleWebKit/537.36 (KHTML, like Gecko; compatible; GPTBot/1.3; +https://openai.com/gptbot)"
74.7.227.36 - - [15/Apr/2026:21:10:33 +0000] "GET /shop/pg/1585295 HTTP/1.1" 404 13198 "https://www.elementalmill.com.lab2454.com/shop/pg/16201368827" "Mozilla/5.0 AppleWebKit/537.36 (KHTML, like Gecko; compatible; GPTBot/1.3; +https://openai.com/gptbot)"
74.7.241.7 - - [15/Apr/2026:21:10:38 +0000] "GET /shopping/products/16232632024 HTTP/1.1" 404 13198 "https://elementalmill.com.lab2454.com/shopping/products/16211566081" "Mozilla/5.0 AppleWebKit/537.36 (KHTML, like Gecko; compatible; GPTBot/1.3; +https://openai.com/gptbot)"
74.7.227.36 - - [15/Apr/2026:21:10:40 +0000] "GET /shop/pg/1260016 HTTP/1.1" 404 13198 "https://www.elementalmill.com.lab2454.com/shop/pg/1258847" "Mozilla/5.0 AppleWebKit/537.36 (KHTML, like Gecko; compatible; GPTBot/1.3; +https://openai.com/gptbot)"
74.7.241.7 - - [15/Apr/2026:21:10:47 +0000] "GET /shopping/products/16232585743 HTTP/1.1" 404 13198 "https://elementalmill.com.lab2454.com/shopping/products/16232624016" "Mozilla/5.0 AppleWebKit/537.36 (KHTML, like Gecko; compatible; GPTBot/1.3; +https://openai.com/gptbot)"
74.7.227.36 - - [15/Apr/2026:21:10:49 +0000] "GET /shop/pg/1534994 HTTP/1.1" 404 13198 "https://www.elementalmill.com.lab2454.com/shop/pg/1533829" "Mozilla/5.0 AppleWebKit/537.36 (KHTML, like Gecko; compatible; GPTBot/1.3; +https://openai.com/gptbot)"
74.7.241.7 - - [15/Apr/2026:21:10:54 +0000] "GET /shopping/products/16211950726 HTTP/1.1" 404 13198 "https://elementalmill.com.lab2454.com/shopping/products/16201399567" "Mozilla/5.0 AppleWebKit/537.36 (KHTML, like Gecko; compatible; GPTBot/1.3; +https://openai.com/gptbot)"
66.249.64.40 - - [15/Apr/2026:21:10:57 +0000] "GET /shop/8888187487.html HTTP/1.1" 200 26783 "-" "Mozilla/5.0 (Linux; Android 6.0.1; Nexus 5X Build/MMB29P) AppleWebKit/537.36 (KHTML, like Gecko) Chrome/146.0.7680.177 Mobile Safari/537.36 (compatible; Googlebot/2.1; +http://www.google.com/bot.html)"
74.7.227.36 - - [15/Apr/2026:21:10:56 +0000] "GET /shop/pg/1786049 HTTP/1.1" 404 13198 "https://www.elementalmill.com.lab2454.com/shop/customer/bookmark.php?shopping/products/16211786049" "Mozilla/5.0 AppleWebKit/537.36 (KHTML, like Gecko; compatible; GPTBot/1.3; +https://openai.com/gptbot)"
74.7.241.7 - - [15/Apr/2026:21:11:01 +0000] "GET /shopping/products/16211975684 HTTP/1.1" 404 13198 "https://elementalmill.com.lab2454.com/shopping/products/16232610207" "Mozilla/5.0 AppleWebKit/537.36 (KHTML, like Gecko; compatible; GPTBot/1.3; +https://openai.com/gptbot)"
74.7.227.36 - - [15/Apr/2026:21:11:03 +0000] "GET /shop/pg/1382343 HTTP/1.1" 404 13198 "https://www.elementalmill.com.lab2454.com/shop/pg/16201165876" "Mozilla/5.0 AppleWebKit/537.36 (KHTML, like Gecko; compatible; GPTBot/1.3; +https://openai.com/gptbot)"
74.7.243.227 - - [15/Apr/2026:21:11:06 +0000] "GET /shop/pg/1938807 HTTP/1.1" 404 13198 "https://mail.elementalmill.com/?shopping/products/16211938807" "Mozilla/5.0 AppleWebKit/537.36 (KHTML, like Gecko; compatible; GPTBot/1.3; +https://openai.com/gptbot)"
74.7.241.7 - - [15/Apr/2026:21:11:08 +0000] "GET /shopping/products/16201130653 HTTP/1.1" 404 13198 "https://elementalmill.com.lab2454.com/shopping/products/16201109317" "Mozilla/5.0 AppleWebKit/537.36 (KHTML, like Gecko; compatible; GPTBot/1.3; +https://openai.com/gptbot)"
74.7.227.36 - - [15/Apr/2026:21:11:10 +0000] "GET /shop/pg/1536070 HTTP/1.1" 404 13198 "https://www.elementalmill.com.lab2454.com/shop/pg/16201319613" "Mozilla/5.0 AppleWebKit/537.36 (KHTML, like Gecko; compatible; GPTBot/1.3; +https://openai.com/gptbot)"
74.7.241.7 - - [15/Apr/2026:21:11:16 +0000] "GET /shopping/products/16201148064 HTTP/1.1" 404 13198 "https://elementalmill.com.lab2454.com/shopping/products/16201462432" "Mozilla/5.0 AppleWebKit/537.36 (KHTML, like Gecko; compatible; GPTBot/1.3; +https://openai.com/gptbot)"
74.7.227.36 - - [15/Apr/2026:21:11:17 +0000] "GET /shop/pg/1914210 HTTP/1.1" 404 13198 "https://www.elementalmill.com.lab2454.com/?shopping/products/16211914210" "Mozilla/5.0 AppleWebKit/537.36 (KHTML, like Gecko; compatible; GPTBot/1.3; +https://openai.com/gptbot)"
74.7.243.227 - - [15/Apr/2026:21:11:23 +0000] "GET /shop/pg/1619560274 HTTP/1.1" 404 13179 "https://www.elementalmill.com" "Mozilla/5.0 AppleWebKit/537.36 (KHTML, like Gecko; compatible; GPTBot/1.3; +https://openai.com/gptbot)"
74.7.241.7 - - [15/Apr/2026:21:11:24 +0000] "GET /shopping/products/16232572688 HTTP/1.1" 404 13198 "https://elementalmill.com.lab2454.com/shopping/products/16201254071" "Mozilla/5.0 AppleWebKit/537.36 (KHTML, like Gecko; compatible; GPTBot/1.3; +https://openai.com/gptbot)"
74.7.227.36 - - [15/Apr/2026:21:11:28 +0000] "GET /shop/pg/1196765 HTTP/1.1" 404 13198 "https://www.elementalmill.com.lab2454.com/shop/pg/16211571855" "Mozilla/5.0 AppleWebKit/537.36 (KHTML, like Gecko; compatible; GPTBot/1.3; +https://openai.com/gptbot)"
74.7.241.7 - - [15/Apr/2026:21:11:35 +0000] "GET /shopping/products/16201031228 HTTP/1.1" 404 13198 "https://elementalmill.com.lab2454.com/shopping/products/16201489433" "Mozilla/5.0 AppleWebKit/537.36 (KHTML, like Gecko; compatible; GPTBot/1.3; +https://openai.com/gptbot)"
74.7.227.36 - - [15/Apr/2026:21:11:37 +0000] "GET /shop/pg/1519303 HTTP/1.1" 404 13198 "https://www.elementalmill.com.lab2454.com/shop/pg/16201302846" "Mozilla/5.0 AppleWebKit/537.36 (KHTML, like Gecko; compatible; GPTBot/1.3; +https://openai.com/gptbot)"
74.7.243.245 - - [15/Apr/2026:21:11:43 +0000] "GET /shop/pg/2408328 HTTP/1.1" 301 839 "https://www.elementalmill.com/?shopping/products/16222408328" "Mozilla/5.0 AppleWebKit/537.36 (KHTML, like Gecko; compatible; GPTBot/1.3; +https://openai.com/gptbot)"
74.7.241.7 - - [15/Apr/2026:21:11:46 +0000] "GET /shopping/products/16211553201 HTTP/1.1" 404 13198 "https://elementalmill.com.lab2454.com/shopping/products/16211546603" "Mozilla/5.0 AppleWebKit/537.36 (KHTML, like Gecko; compatible; GPTBot/1.3; +https://openai.com/gptbot)"
74.7.243.227 - - [15/Apr/2026:21:11:48 +0000] "GET /shop/pg/1618237350 HTTP/1.1" 404 13179 "https://www.elementalmill.com" "Mozilla/5.0 AppleWebKit/537.36 (KHTML, like Gecko; compatible; GPTBot/1.3; +https://openai.com/gptbot)"
43.159.128.247 - - [15/Apr/2026:21:11:50 +0000] "GET / HTTP/1.1" 200 19387 "http://elementalmill.com" "Mozilla/5.0 (iPhone; CPU iPhone OS 13_2_3 like Mac OS X) AppleWebKit/605.1.15 (KHTML, like Gecko) Version/13.0.3 Mobile/15E148 Safari/604.1"
74.7.241.7 - - [15/Apr/2026:21:11:54 +0000] "GET /shopping/products/16232598610 HTTP/1.1" 404 13198 "https://elementalmill.com.lab2454.com/shopping/products/16232585275" "Mozilla/5.0 AppleWebKit/537.36 (KHTML, like Gecko; compatible; GPTBot/1.3; +https://openai.com/gptbot)"
74.7.243.227 - - [15/Apr/2026:21:11:54 +0000] "GET /shop/pg/2210161 HTTP/1.1" 404 13198 "https://mail.elementalmill.com/shopping/products/16222210161" "Mozilla/5.0 AppleWebKit/537.36 (KHTML, like Gecko; compatible; GPTBot/1.3; +https://openai.com/gptbot)"
74.7.227.36 - - [15/Apr/2026:21:11:59 +0000] "GET /shop/pg/1608967 HTTP/1.1" 404 13198 "https://www.elementalmill.com.lab2454.com/shop/pg/16201392507" "Mozilla/5.0 AppleWebKit/537.36 (KHTML, like Gecko; compatible; GPTBot/1.3; +https://openai.com/gptbot)"
213.180.203.83 - - [15/Apr/2026:21:11:59 +0000] "GET /shopping/products/1619537502 HTTP/1.1" 404 13179 "-" "Mozilla/5.0 (compatible; YandexBot/3.0; +http://yandex.com/bots)"
74.7.241.7 - - [15/Apr/2026:21:12:00 +0000] "GET /shopping/products/16201279948 HTTP/1.1" 404 13198 "https://elementalmill.com.lab2454.com/shopping/products/16211840288" "Mozilla/5.0 AppleWebKit/537.36 (KHTML, like Gecko; compatible; GPTBot/1.3; +https://openai.com/gptbot)"
74.7.243.227 - - [15/Apr/2026:21:12:01 +0000] "GET /shop/pg/1659913 HTTP/1.1" 404 13198 "https://mail.elementalmill.com/?shopping/products/16211659913" "Mozilla/5.0 AppleWebKit/537.36 (KHTML, like Gecko; compatible; GPTBot/1.3; +https://openai.com/gptbot)"
74.7.243.245 - - [15/Apr/2026:21:12:04 +0000] "GET /shop/pg/1376884 HTTP/1.1" 301 839 "https://www.elementalmill.com/?shopping/products/16201376884" "Mozilla/5.0 AppleWebKit/537.36 (KHTML, like Gecko; compatible; GPTBot/1.3; +https://openai.com/gptbot)"
74.7.227.36 - - [15/Apr/2026:21:12:06 +0000] "GET /shop/pg/1871231 HTTP/1.1" 404 13198 "https://www.elementalmill.com.lab2454.com/shop/pg/1870072" "Mozilla/5.0 AppleWebKit/537.36 (KHTML, like Gecko; compatible; GPTBot/1.3; +https://openai.com/gptbot)"
74.7.241.7 - - [15/Apr/2026:21:12:08 +0000] "GET /shopping/products/16201379635 HTTP/1.1" 404 13198 "https://elementalmill.com.lab2454.com/shopping/products/16211837637" "Mozilla/5.0 AppleWebKit/537.36 (KHTML, like Gecko; compatible; GPTBot/1.3; +https://openai.com/gptbot)"
74.7.243.227 - - [15/Apr/2026:21:12:08 +0000] "GET /shop/pg/2035958 HTTP/1.1" 404 13198 "https://mail.elementalmill.com/shopping/products/16222035958" "Mozilla/5.0 AppleWebKit/537.36 (KHTML, like Gecko; compatible; GPTBot/1.3; +https://openai.com/gptbot)"
74.7.227.36 - - [15/Apr/2026:21:12:13 +0000] "GET /shop/pg/1842954 HTTP/1.1" 404 13198 "https://www.elementalmill.com.lab2454.com/shopping/products/16211842954" "Mozilla/5.0 AppleWebKit/537.36 (KHTML, like Gecko; compatible; GPTBot/1.3; +https://openai.com/gptbot)"
74.7.243.227 - - [15/Apr/2026:21:12:13 +0000] "GET /shop/pg/1618346775 HTTP/1.1" 404 13179 "https://www.elementalmill.com" "Mozilla/5.0 AppleWebKit/537.36 (KHTML, like Gecko; compatible; GPTBot/1.3; +https://openai.com/gptbot)"
74.7.241.7 - - [15/Apr/2026:21:12:15 +0000] "GET /shopping/products/16201243263 HTTP/1.1" 404 13198 "https://elementalmill.com.lab2454.com/shopping/products/16201398484" "Mozilla/5.0 AppleWebKit/537.36 (KHTML, like Gecko; compatible; GPTBot/1.3; +https://openai.com/gptbot)"
74.7.243.227 - - [15/Apr/2026:21:12:15 +0000] "GET /shop/pg/1475579 HTTP/1.1" 404 13198 "https://mail.elementalmill.com/?shopping/products/16201475579" "Mozilla/5.0 AppleWebKit/537.36 (KHTML, like Gecko; compatible; GPTBot/1.3; +https://openai.com/gptbot)"
74.7.227.36 - - [15/Apr/2026:21:12:20 +0000] "GET /shop/pg/1782508 HTTP/1.1" 404 13198 "https://www.elementalmill.com.lab2454.com/shop/customer/bookmark.php?shopping/products/16211782508" "Mozilla/5.0 AppleWebKit/537.36 (KHTML, like Gecko; compatible; GPTBot/1.3; +https://openai.com/gptbot)"
74.7.241.7 - - [15/Apr/2026:21:12:22 +0000] "GET /shopping/products/16201179882 HTTP/1.1" 404 13198 "https://elementalmill.com.lab2454.com/shopping/products/16211657445" "Mozilla/5.0 AppleWebKit/537.36 (KHTML, like Gecko; compatible; GPTBot/1.3; +https://openai.com/gptbot)"
74.7.243.227 - - [15/Apr/2026:21:12:23 +0000] "GET /shop/pg/1422065 HTTP/1.1" 404 13198 "https://mail.elementalmill.com/?shopping/products/16201422065" "Mozilla/5.0 AppleWebKit/537.36 (KHTML, like Gecko; compatible; GPTBot/1.3; +https://openai.com/gptbot)"
139.162.194.112 - - [15/Apr/2026:21:12:25 +0000] "POST /wp-cron.php?doing_wp_cron=1776287545.0629980564117431640625 HTTP/1.1" 404 13179 "-" "WordPress/6.9.1; https://elementalmill.com"
139.162.194.112 - - [15/Apr/2026:21:12:26 +0000] "POST /wp-cron.php?doing_wp_cron=1776287546.2000141143798828125000 HTTP/1.1" 404 13179 "-" "WordPress/6.9.1; https://elementalmill.com"
74.7.227.36 - - [15/Apr/2026:21:12:27 +0000] "GET /shop/pg/1237153 HTTP/1.1" 404 13198 "https://www.elementalmill.com.lab2454.com/shop/pg/1235990" "Mozilla/5.0 AppleWebKit/537.36 (KHTML, like Gecko; compatible; GPTBot/1.3; +https://openai.com/gptbot)"
74.7.241.7 - - [15/Apr/2026:21:12:29 +0000] "GET /shopping/products/16201140789 HTTP/1.1" 404 13198 "https://elementalmill.com.lab2454.com/shopping/products/16211991724" "Mozilla/5.0 AppleWebKit/537.36 (KHTML, like Gecko; compatible; GPTBot/1.3; +https://openai.com/gptbot)"
74.7.227.36 - - [15/Apr/2026:21:12:36 +0000] "GET /shop/pg/1670597 HTTP/1.1" 404 13198 "https://www.elementalmill.com.lab2454.com/shop/pg/16201454138" "Mozilla/5.0 AppleWebKit/537.36 (KHTML, like Gecko; compatible; GPTBot/1.3; +https://openai.com/gptbot)"
74.7.241.7 - - [15/Apr/2026:21:12:37 +0000] "GET /shopping/products/16211769360 HTTP/1.1" 404 13198 "https://elementalmill.com.lab2454.com/shopping/products/16201064901" "Mozilla/5.0 AppleWebKit/537.36 (KHTML, like Gecko; compatible; GPTBot/1.3; +https://openai.com/gptbot)"
74.7.243.227 - - [15/Apr/2026:21:12:40 +0000] "GET /shop/pg/1619763408 HTTP/1.1" 404 13179 "https://www.elementalmill.com" "Mozilla/5.0 AppleWebKit/537.36 (KHTML, like Gecko; compatible; GPTBot/1.3; +https://openai.com/gptbot)"
74.7.227.36 - - [15/Apr/2026:21:12:43 +0000] "GET /shop/pg/1131332 HTTP/1.1" 404 13198 "https://www.elementalmill.com.lab2454.com/shop/pg/16211506428" "Mozilla/5.0 AppleWebKit/537.36 (KHTML, like Gecko; compatible; GPTBot/1.3; +https://openai.com/gptbot)"
74.7.241.7 - - [15/Apr/2026:21:12:44 +0000] "GET /shopping/products/16211705826 HTTP/1.1" 404 13198 "https://elementalmill.com.lab2454.com/shopping/products/16211540352" "Mozilla/5.0 AppleWebKit/537.36 (KHTML, like Gecko; compatible; GPTBot/1.3; +https://openai.com/gptbot)"
66.249.64.41 - - [15/Apr/2026:21:12:47 +0000] "GET /shop/8888255197.html HTTP/1.1" 200 26973 "-" "Mozilla/5.0 (Linux; Android 6.0.1; Nexus 5X Build/MMB29P) AppleWebKit/537.36 (KHTML, like Gecko) Chrome/146.0.7680.177 Mobile Safari/537.36 (compatible; Googlebot/2.1; +http://www.google.com/bot.html)"
74.7.243.245 - - [15/Apr/2026:21:12:48 +0000] "GET /shop/pg/2105289 HTTP/1.1" 301 839 "https://www.elementalmill.com/?shopping/products/16222105289" "Mozilla/5.0 AppleWebKit/537.36 (KHTML, like Gecko; compatible; GPTBot/1.3; +https://openai.com/gptbot)"
74.7.227.36 - - [15/Apr/2026:21:12:50 +0000] "GET /shop/pg/2142546 HTTP/1.1" 404 13198 "https://www.elementalmill.com.lab2454.com/shopping/products/16222142546" "Mozilla/5.0 AppleWebKit/537.36 (KHTML, like Gecko; compatible; GPTBot/1.3; +https://openai.com/gptbot)"
74.7.227.36 - - [15/Apr/2026:21:12:57 +0000] "GET /shop/pg/1505701 HTTP/1.1" 404 13198 "https://www.elementalmill.com.lab2454.com/shop/pg/16201289241" "Mozilla/5.0 AppleWebKit/537.36 (KHTML, like Gecko; compatible; GPTBot/1.3; +https://openai.com/gptbot)"
74.7.241.7 - - [15/Apr/2026:21:13:01 +0000] "GET /shopping/products/16211933102 HTTP/1.1" 404 13198 "https://elementalmill.com.lab2454.com/shopping/products/16232563715" "Mozilla/5.0 AppleWebKit/537.36 (KHTML, like Gecko; compatible; GPTBot/1.3; +https://openai.com/gptbot)"
45.61.184.165 - - [15/Apr/2026:21:13:03 +0000] "GET /wp-login.php HTTP/1.1" 200 2814 "-" "Mozilla/5.0 (Windows NT 10.0; Win64; x64) AppleWebKit/537.36 (KHTML, like Gecko) Chrome/134.0.0.0 Safari/537.36"
74.7.227.36 - - [15/Apr/2026:21:13:03 +0000] "GET /shop/pg/1272963 HTTP/1.1" 404 13198 "https://www.elementalmill.com.lab2454.com/shop/pg/16211648060" "Mozilla/5.0 AppleWebKit/537.36 (KHTML, like Gecko; compatible; GPTBot/1.3; +https://openai.com/gptbot)"
74.7.243.227 - - [15/Apr/2026:21:13:06 +0000] "GET /shop/pg/1619853832 HTTP/1.1" 404 13179 "https://www.elementalmill.com" "Mozilla/5.0 AppleWebKit/537.36 (KHTML, like Gecko; compatible; GPTBot/1.3; +https://openai.com/gptbot)"
74.7.243.227 - - [15/Apr/2026:21:13:06 +0000] "GET /shop/pg/1657135 HTTP/1.1" 404 13198 "https://mail.elementalmill.com/?shopping/products/16211657135" "Mozilla/5.0 AppleWebKit/537.36 (KHTML, like Gecko; compatible; GPTBot/1.3; +https://openai.com/gptbot)"
74.7.241.7 - - [15/Apr/2026:21:13:08 +0000] "GET /shopping/products/16211570647 HTTP/1.1" 404 13198 "https://elementalmill.com.lab2454.com/shopping/products/16211698172" "Mozilla/5.0 AppleWebKit/537.36 (KHTML, like Gecko; compatible; GPTBot/1.3; +https://openai.com/gptbot)"
74.7.243.245 - - [15/Apr/2026:21:13:09 +0000] "GET /shop/pg/1388789 HTTP/1.1" 301 839 "https://www.elementalmill.com/shopping/products/16201388789" "Mozilla/5.0 AppleWebKit/537.36 (KHTML, like Gecko; compatible; GPTBot/1.3; +https://openai.com/gptbot)"
74.7.227.36 - - [15/Apr/2026:21:13:10 +0000] "GET /shop/pg/1195374 HTTP/1.1" 404 13198 "https://www.elementalmill.com.lab2454.com/shop/pg/1194216" "Mozilla/5.0 AppleWebKit/537.36 (KHTML, like Gecko; compatible; GPTBot/1.3; +https://openai.com/gptbot)"
66.249.64.39 - - [15/Apr/2026:21:13:15 +0000] "GET /shopping/products/1619531095 HTTP/1.1" 200 27310 "-" "Mozilla/5.0 (Linux; Android 6.0.1; Nexus 5X Build/MMB29P) AppleWebKit/537.36 (KHTML, like Gecko) Chrome/146.0.7680.177 Mobile Safari/537.36 (compatible; Googlebot/2.1; +http://www.google.com/bot.html)"
74.7.241.7 - - [15/Apr/2026:21:13:15 +0000] "GET /shopping/products/16232517662 HTTP/1.1" 404 13198 "https://elementalmill.com.lab2454.com/shopping/products/16232509661" "Mozilla/5.0 AppleWebKit/537.36 (KHTML, like Gecko; compatible; GPTBot/1.3; +https://openai.com/gptbot)"
74.7.227.36 - - [15/Apr/2026:21:13:18 +0000] "GET /shop/pg/1209307 HTTP/1.1" 404 13198 "https://www.elementalmill.com.lab2454.com/shop/pg/1208153" "Mozilla/5.0 AppleWebKit/537.36 (KHTML, like Gecko; compatible; GPTBot/1.3; +https://openai.com/gptbot)"
74.7.243.227 - - [15/Apr/2026:21:13:20 +0000] "GET /shop/pg/2442052 HTTP/1.1" 404 13198 "https://mail.elementalmill.com/shopping/products/16222442052" "Mozilla/5.0 AppleWebKit/537.36 (KHTML, like Gecko; compatible; GPTBot/1.3; +https://openai.com/gptbot)"
74.7.241.7 - - [15/Apr/2026:21:13:22 +0000] "GET /shopping/products/16211705629 HTTP/1.1" 404 13198 "https://elementalmill.com.lab2454.com/shopping/products/16201285942" "Mozilla/5.0 AppleWebKit/537.36 (KHTML, like Gecko; compatible; GPTBot/1.3; +https://openai.com/gptbot)"
66.249.64.39 - - [15/Apr/2026:21:13:26 +0000] "GET /?shop/89037481170.html HTTP/1.1" 200 27077 "-" "Mozilla/5.0 (Linux; Android 6.0.1; Nexus 5X Build/MMB29P) AppleWebKit/537.36 (KHTML, like Gecko) Chrome/146.0.7680.177 Mobile Safari/537.36 (compatible; Googlebot/2.1; +http://www.google.com/bot.html)"
74.7.227.36 - - [15/Apr/2026:21:13:24 +0000] "GET /shop/pg/1631141 HTTP/1.1" 404 13198 "https://www.elementalmill.com.lab2454.com/shop/pg/16201414682" "Mozilla/5.0 AppleWebKit/537.36 (KHTML, like Gecko; compatible; GPTBot/1.3; +https://openai.com/gptbot)"
139.162.194.112 - - [15/Apr/2026:21:13:28 +0000] "POST /wp-cron.php?doing_wp_cron=1776287608.2487280368804931640625 HTTP/1.1" 404 13169 "-" "WordPress/6.9.1; https://elementalmill.com"
74.7.241.7 - - [15/Apr/2026:21:13:29 +0000] "GET /shopping/products/16211867229 HTTP/1.1" 404 13198 "https://elementalmill.com.lab2454.com/shopping/products/16211912033" "Mozilla/5.0 AppleWebKit/537.36 (KHTML, like Gecko; compatible; GPTBot/1.3; +https://openai.com/gptbot)"
74.7.243.245 - - [15/Apr/2026:21:13:31 +0000] "GET /shop/pg/2436162 HTTP/1.1" 301 839 "https://www.elementalmill.com/?shopping/products/16222436162" "Mozilla/5.0 AppleWebKit/537.36 (KHTML, like Gecko; compatible; GPTBot/1.3; +https://openai.com/gptbot)"
74.7.227.36 - - [15/Apr/2026:21:13:33 +0000] "GET /shop/pg/1632510 HTTP/1.1" 404 13198 "https://www.elementalmill.com.lab2454.com/shop/pg/16201416055" "Mozilla/5.0 AppleWebKit/537.36 (KHTML, like Gecko; compatible; GPTBot/1.3; +https://openai.com/gptbot)"
45.61.184.165 - - [15/Apr/2026:21:13:35 +0000] "POST /wp-login.php HTTP/1.1" 200 2940 "https://elementalmill.com/wp-admin/" "Mozilla/5.0 (Windows NT 10.0; Win64; x64) AppleWebKit/537.36 (KHTML, like Gecko) Chrome/134.0.0.0 Safari/537.36"
74.7.243.227 - - [15/Apr/2026:21:13:34 +0000] "GET /shop/pg/1618371042 HTTP/1.1" 404 13179 "https://www.elementalmill.com" "Mozilla/5.0 AppleWebKit/537.36 (KHTML, like Gecko; compatible; GPTBot/1.3; +https://openai.com/gptbot)"
74.7.241.7 - - [15/Apr/2026:21:13:38 +0000] "GET /shopping/products/16201447450 HTTP/1.1" 404 13198 "https://elementalmill.com.lab2454.com/shopping/products/16201027179" "Mozilla/5.0 AppleWebKit/537.36 (KHTML, like Gecko; compatible; GPTBot/1.3; +https://openai.com/gptbot)"
74.7.227.36 - - [15/Apr/2026:21:13:43 +0000] "GET /shop/pg/1491767 HTTP/1.1" 404 13198 "https://www.elementalmill.com.lab2454.com/shop/pg/16201275308" "Mozilla/5.0 AppleWebKit/537.36 (KHTML, like Gecko; compatible; GPTBot/1.3; +https://openai.com/gptbot)"
74.7.241.7 - - [15/Apr/2026:21:13:46 +0000] "GET /shopping/products/16201190217 HTTP/1.1" 404 13198 "https://elementalmill.com.lab2454.com/shopping/products/16201197545" "Mozilla/5.0 AppleWebKit/537.36 (KHTML, like Gecko; compatible; GPTBot/1.3; +https://openai.com/gptbot)"
74.7.227.36 - - [15/Apr/2026:21:13:50 +0000] "GET /shop/pg/1237752 HTTP/1.1" 404 13198 "https://www.elementalmill.com.lab2454.com/shop/pg/16211612846" "Mozilla/5.0 AppleWebKit/537.36 (KHTML, like Gecko; compatible; GPTBot/1.3; +https://openai.com/gptbot)"
74.7.243.245 - - [15/Apr/2026:21:13:52 +0000] "GET /shop/pg/1757674 HTTP/1.1" 301 839 "https://www.elementalmill.com/shop/customer/bookmark.php?shopping/products/16211757674" "Mozilla/5.0 AppleWebKit/537.36 (KHTML, like Gecko; compatible; GPTBot/1.3; +https://openai.com/gptbot)"
74.7.241.7 - - [15/Apr/2026:21:13:53 +0000] "GET /shopping/products/16201330568 HTTP/1.1" 404 13198 "https://elementalmill.com.lab2454.com/shopping/products/16201284017" "Mozilla/5.0 AppleWebKit/537.36 (KHTML, like Gecko; compatible; GPTBot/1.3; +https://openai.com/gptbot)"
74.7.227.36 - - [15/Apr/2026:21:13:57 +0000] "GET /shop/pg/1719430 HTTP/1.1" 404 13198 "https://www.elementalmill.com.lab2454.com/shop/pg/16201502967" "Mozilla/5.0 AppleWebKit/537.36 (KHTML, like Gecko; compatible; GPTBot/1.3; +https://openai.com/gptbot)"
74.7.243.227 - - [15/Apr/2026:21:13:59 +0000] "GET /shop/pg/1619702475 HTTP/1.1" 404 13179 "https://www.elementalmill.com" "Mozilla/5.0 AppleWebKit/537.36 (KHTML, like Gecko; compatible; GPTBot/1.3; +https://openai.com/gptbot)"
74.7.227.36 - - [15/Apr/2026:21:14:04 +0000] "GET /shop/pg/1346423 HTTP/1.1" 404 13198 "https://www.elementalmill.com.lab2454.com/shop/pg/16211721519" "Mozilla/5.0 AppleWebKit/537.36 (KHTML, like Gecko; compatible; GPTBot/1.3; +https://openai.com/gptbot)"
74.7.241.7 - - [15/Apr/2026:21:14:09 +0000] "GET /shopping/products/16232529130 HTTP/1.1" 404 13198 "https://elementalmill.com.lab2454.com/shopping/products/16211845319" "Mozilla/5.0 AppleWebKit/537.36 (KHTML, like Gecko; compatible; GPTBot/1.3; +https://openai.com/gptbot)"
74.7.227.36 - - [15/Apr/2026:21:14:12 +0000] "GET /shop/pg/1489810 HTTP/1.1" 404 13198 "https://www.elementalmill.com.lab2454.com/shop/pg/16201273353" "Mozilla/5.0 AppleWebKit/537.36 (KHTML, like Gecko; compatible; GPTBot/1.3; +https://openai.com/gptbot)"
74.7.243.245 - - [15/Apr/2026:21:14:14 +0000] "GET /shop/pg/2395046 HTTP/1.1" 301 839 "https://www.elementalmill.com/shopping/products/16222395046" "Mozilla/5.0 AppleWebKit/537.36 (KHTML, like Gecko; compatible; GPTBot/1.3; +https://openai.com/gptbot)"
74.7.227.36 - - [15/Apr/2026:21:14:18 +0000] "GET /shop/pg/1155689 HTTP/1.1" 404 13198 "https://www.elementalmill.com.lab2454.com/shop/pg/16211530779" "Mozilla/5.0 AppleWebKit/537.36 (KHTML, like Gecko; compatible; GPTBot/1.3; +https://openai.com/gptbot)"
74.7.241.7 - - [15/Apr/2026:21:14:19 +0000] "GET /shopping/products/16211669857 HTTP/1.1" 404 13198 "https://elementalmill.com.lab2454.com/shopping/products/16201243855" "Mozilla/5.0 AppleWebKit/537.36 (KHTML, like Gecko; compatible; GPTBot/1.3; +https://openai.com/gptbot)"
98.159.37.65 - - [15/Apr/2026:21:14:25 +0000] "POST /wp-login.php HTTP/1.1" 200 10781 "-" "Mozilla/5.0"
74.7.243.227 - - [15/Apr/2026:21:14:25 +0000] "GET /shop/pg/1619590438 HTTP/1.1" 404 13179 "https://www.elementalmill.com" "Mozilla/5.0 AppleWebKit/537.36 (KHTML, like Gecko; compatible; GPTBot/1.3; +https://openai.com/gptbot)"
74.7.227.36 - - [15/Apr/2026:21:14:25 +0000] "GET /shop/pg/1320158 HTTP/1.1" 404 13198 "https://www.elementalmill.com.lab2454.com/shop/pg/16211695251" "Mozilla/5.0 AppleWebKit/537.36 (KHTML, like Gecko; compatible; GPTBot/1.3; +https://openai.com/gptbot)"
66.249.64.40 - - [15/Apr/2026:21:14:30 +0000] "GET /?shop/891111543443.html HTTP/1.1" 200 27517 "-" "Mozilla/5.0 (Linux; Android 6.0.1; Nexus 5X Build/MMB29P) AppleWebKit/537.36 (KHTML, like Gecko) Chrome/146.0.7680.177 Mobile Safari/537.36 (compatible; Googlebot/2.1; +http://www.google.com/bot.html)"
74.7.227.36 - - [15/Apr/2026:21:14:31 +0000] "GET /shop/pg/1232750 HTTP/1.1" 404 13198 "https://www.elementalmill.com.lab2454.com/shop/pg/16211607843" "Mozilla/5.0 AppleWebKit/537.36 (KHTML, like Gecko; compatible; GPTBot/1.3; +https://openai.com/gptbot)"
74.7.241.7 - - [15/Apr/2026:21:14:32 +0000] "GET /shopping/products/16211942766 HTTP/1.1" 404 13198 "https://elementalmill.com.lab2454.com/shopping/products/16211703938" "Mozilla/5.0 AppleWebKit/537.36 (KHTML, like Gecko; compatible; GPTBot/1.3; +https://openai.com/gptbot)"
66.249.64.39 - - [15/Apr/2026:21:14:36 +0000] "GET /?shop/88901233448.html HTTP/1.1" 200 27701 "-" "Mozilla/5.0 (Linux; Android 6.0.1; Nexus 5X Build/MMB29P) AppleWebKit/537.36 (KHTML, like Gecko) Chrome/146.0.7680.177 Mobile Safari/537.36 (compatible; Googlebot/2.1; +http://www.google.com/bot.html)"
74.7.227.36 - - [15/Apr/2026:21:14:38 +0000] "GET /shop/pg/1380199 HTTP/1.1" 404 13198 "https://www.elementalmill.com.lab2454.com/shop/pg/16201163742" "Mozilla/5.0 AppleWebKit/537.36 (KHTML, like Gecko; compatible; GPTBot/1.3; +https://openai.com/gptbot)"
74.7.241.7 - - [15/Apr/2026:21:14:39 +0000] "GET /shopping/products/16232592706 HTTP/1.1" 404 13198 "https://elementalmill.com.lab2454.com/shopping/products/16232518984" "Mozilla/5.0 AppleWebKit/537.36 (KHTML, like Gecko; compatible; GPTBot/1.3; +https://openai.com/gptbot)"
74.7.227.36 - - [15/Apr/2026:21:14:45 +0000] "GET /shop/pg/1594033 HTTP/1.1" 404 13198 "https://www.elementalmill.com.lab2454.com/shop/pg/16201377570" "Mozilla/5.0 AppleWebKit/537.36 (KHTML, like Gecko; compatible; GPTBot/1.3; +https://openai.com/gptbot)"
74.7.241.7 - - [15/Apr/2026:21:14:45 +0000] "GET /shopping/products/16211538801 HTTP/1.1" 404 13198 "https://elementalmill.com.lab2454.com/shopping/products/16211936146" "Mozilla/5.0 AppleWebKit/537.36 (KHTML, like Gecko; compatible; GPTBot/1.3; +https://openai.com/gptbot)"
74.7.227.36 - - [15/Apr/2026:21:14:51 +0000] "GET /shop/pg/1175814 HTTP/1.1" 404 13198 "https://www.elementalmill.com.lab2454.com/shop/pg/1174653" "Mozilla/5.0 AppleWebKit/537.36 (KHTML, like Gecko; compatible; GPTBot/1.3; +https://openai.com/gptbot)"
74.7.241.7 - - [15/Apr/2026:21:14:52 +0000] "GET /shopping/products/16211673920 HTTP/1.1" 404 13198 "https://elementalmill.com.lab2454.com/shopping/products/16201122829" "Mozilla/5.0 AppleWebKit/537.36 (KHTML, like Gecko; compatible; GPTBot/1.3; +https://openai.com/gptbot)"
74.7.227.36 - - [15/Apr/2026:21:14:58 +0000] "GET /shop/pg/1191446 HTTP/1.1" 404 13198 "https://www.elementalmill.com.lab2454.com/shop/pg/16211566536" "Mozilla/5.0 AppleWebKit/537.36 (KHTML, like Gecko; compatible; GPTBot/1.3; +https://openai.com/gptbot)"
74.7.241.7 - - [15/Apr/2026:21:14:59 +0000] "GET /shopping/products/16211732760 HTTP/1.1" 404 13198 "https://elementalmill.com.lab2454.com/shopping/products/16201148027" "Mozilla/5.0 AppleWebKit/537.36 (KHTML, like Gecko; compatible; GPTBot/1.3; +https://openai.com/gptbot)"
74.7.243.227 - - [15/Apr/2026:21:15:01 +0000] "GET /shop/pg/1530268 HTTP/1.1" 404 13198 "https://mail.elementalmill.com/?shopping/products/16211530268" "Mozilla/5.0 AppleWebKit/537.36 (KHTML, like Gecko; compatible; GPTBot/1.3; +https://openai.com/gptbot)"
74.7.227.36 - - [15/Apr/2026:21:15:07 +0000] "GET /shop/pg/1467334 HTTP/1.1" 404 13198 "https://www.elementalmill.com.lab2454.com/shop/pg/1466168" "Mozilla/5.0 AppleWebKit/537.36 (KHTML, like Gecko; compatible; GPTBot/1.3; +https://openai.com/gptbot)"
74.7.241.7 - - [15/Apr/2026:21:15:07 +0000] "GET /shopping/products/16211556697 HTTP/1.1" 404 13198 "https://elementalmill.com.lab2454.com/shopping/products/16211908324" "Mozilla/5.0 AppleWebKit/537.36 (KHTML, like Gecko; compatible; GPTBot/1.3; +https://openai.com/gptbot)"
74.7.227.36 - - [15/Apr/2026:21:15:13 +0000] "GET /shop/pg/1358272 HTTP/1.1" 404 13198 "https://www.elementalmill.com.lab2454.com/shop/pg/16201141821" "Mozilla/5.0 AppleWebKit/537.36 (KHTML, like Gecko; compatible; GPTBot/1.3; +https://openai.com/gptbot)"
74.7.241.7 - - [15/Apr/2026:21:15:14 +0000] "GET /shopping/products/16201095263 HTTP/1.1" 404 13198 "https://elementalmill.com.lab2454.com/shopping/products/16211757228" "Mozilla/5.0 AppleWebKit/537.36 (KHTML, like Gecko; compatible; GPTBot/1.3; +https://openai.com/gptbot)"
74.7.243.245 - - [15/Apr/2026:21:15:16 +0000] "GET /shop/pg/1070920 HTTP/1.1" 301 839 "https://www.elementalmill.com/shopping/products/16201070920" "Mozilla/5.0 AppleWebKit/537.36 (KHTML, like Gecko; compatible; GPTBot/1.3; +https://openai.com/gptbot)"
66.249.64.39 - - [15/Apr/2026:21:15:18 +0000] "GET /?shop/88922438432.html HTTP/1.1" 200 27844 "-" "Mozilla/5.0 (Linux; Android 6.0.1; Nexus 5X Build/MMB29P) AppleWebKit/537.36 (KHTML, like Gecko) Chrome/146.0.7680.177 Mobile Safari/537.36 (compatible; Googlebot/2.1; +http://www.google.com/bot.html)"
74.7.227.36 - - [15/Apr/2026:21:15:20 +0000] "GET /shop/pg/1561360 HTTP/1.1" 404 13198 "https://www.elementalmill.com.lab2454.com/shop/pg/16201344894" "Mozilla/5.0 AppleWebKit/537.36 (KHTML, like Gecko; compatible; GPTBot/1.3; +https://openai.com/gptbot)"
74.7.241.7 - - [15/Apr/2026:21:15:20 +0000] "GET /shopping/products/16201388701 HTTP/1.1" 404 13198 "https://elementalmill.com.lab2454.com/shopping/products/16232527326" "Mozilla/5.0 AppleWebKit/537.36 (KHTML, like Gecko; compatible; GPTBot/1.3; +https://openai.com/gptbot)"
74.7.227.36 - - [15/Apr/2026:21:15:26 +0000] "GET /shop/pg/1228478 HTTP/1.1" 404 13198 "https://www.elementalmill.com.lab2454.com/shop/pg/16211603574" "Mozilla/5.0 AppleWebKit/537.36 (KHTML, like Gecko; compatible; GPTBot/1.3; +https://openai.com/gptbot)"
74.7.241.7 - - [15/Apr/2026:21:15:30 +0000] "GET /shopping/products/16232514671 HTTP/1.1" 404 13198 "https://elementalmill.com.lab2454.com/shopping/products/16211767842" "Mozilla/5.0 AppleWebKit/537.36 (KHTML, like Gecko; compatible; GPTBot/1.3; +https://openai.com/gptbot)"
139.162.194.112 - - [15/Apr/2026:21:15:33 +0000] "POST /wp-cron.php?doing_wp_cron=1776287733.8389759063720703125000 HTTP/1.1" 404 13169 "-" "WordPress/6.9.1; https://elementalmill.com"
74.7.227.36 - - [15/Apr/2026:21:15:33 +0000] "GET /shop/pg/1224209 HTTP/1.1" 404 13198 "https://www.elementalmill.com.lab2454.com/shop/pg/16211599302" "Mozilla/5.0 AppleWebKit/537.36 (KHTML, like Gecko; compatible; GPTBot/1.3; +https://openai.com/gptbot)"
74.7.243.245 - - [15/Apr/2026:21:15:37 +0000] "GET /shop/pg/1684553 HTTP/1.1" 301 839 "https://www.elementalmill.com/shopping/products/16211684553" "Mozilla/5.0 AppleWebKit/537.36 (KHTML, like Gecko; compatible; GPTBot/1.3; +https://openai.com/gptbot)"
87.250.224.234 - - [15/Apr/2026:21:15:38 +0000] "GET /shopping/products/16222135463 HTTP/1.1" 404 13179 "-" "Mozilla/5.0 (compatible; YandexBot/3.0; +http://yandex.com/bots)"
74.7.227.36 - - [15/Apr/2026:21:15:41 +0000] "GET /shop/pg/1236297 HTTP/1.1" 404 13198 "https://www.elementalmill.com.lab2454.com/shop/pg/16211611403" "Mozilla/5.0 AppleWebKit/537.36 (KHTML, like Gecko; compatible; GPTBot/1.3; +https://openai.com/gptbot)"
74.7.241.7 - - [15/Apr/2026:21:15:46 +0000] "GET /shopping/products/16201169514 HTTP/1.1" 404 13198 "https://elementalmill.com.lab2454.com/shopping/products/16201009472" "Mozilla/5.0 AppleWebKit/537.36 (KHTML, like Gecko; compatible; GPTBot/1.3; +https://openai.com/gptbot)"
74.7.243.227 - - [15/Apr/2026:21:15:47 +0000] "GET /shop/pg/1619822053 HTTP/1.1" 404 13179 "https://www.elementalmill.com" "Mozilla/5.0 AppleWebKit/537.36 (KHTML, like Gecko; compatible; GPTBot/1.3; +https://openai.com/gptbot)"
74.7.227.36 - - [15/Apr/2026:21:15:49 +0000] "GET /shop/pg/1604396 HTTP/1.1" 404 13198 "https://www.elementalmill.com.lab2454.com/shop/pg/16201387931" "Mozilla/5.0 AppleWebKit/537.36 (KHTML, like Gecko; compatible; GPTBot/1.3; +https://openai.com/gptbot)"
74.7.241.7 - - [15/Apr/2026:21:15:53 +0000] "GET /shopping/products/16201297515 HTTP/1.1" 404 13198 "https://elementalmill.com.lab2454.com/shopping/products/16211821973" "Mozilla/5.0 AppleWebKit/537.36 (KHTML, like Gecko; compatible; GPTBot/1.3; +https://openai.com/gptbot)"
74.7.227.36 - - [15/Apr/2026:21:15:56 +0000] "GET /shop/pg/1271162 HTTP/1.1" 404 13198 "https://www.elementalmill.com.lab2454.com/shop/pg/16211646255" "Mozilla/5.0 AppleWebKit/537.36 (KHTML, like Gecko; compatible; GPTBot/1.3; +https://openai.com/gptbot)"
74.7.243.245 - - [15/Apr/2026:21:15:59 +0000] "GET /shop/pg/1933422 HTTP/1.1" 301 839 "https://www.elementalmill.com/?shopping/products/16211933422" "Mozilla/5.0 AppleWebKit/537.36 (KHTML, like Gecko; compatible; GPTBot/1.3; +https://openai.com/gptbot)"
74.7.241.7 - - [15/Apr/2026:21:16:01 +0000] "GET /shopping/products/16201088539 HTTP/1.1" 404 13198 "https://elementalmill.com.lab2454.com/shopping/products/16201493774" "Mozilla/5.0 AppleWebKit/537.36 (KHTML, like Gecko; compatible; GPTBot/1.3; +https://openai.com/gptbot)"
74.7.227.36 - - [15/Apr/2026:21:16:04 +0000] "GET /shop/pg/1338614 HTTP/1.1" 404 13198 "https://www.elementalmill.com.lab2454.com/?shopping/products/16201338614" "Mozilla/5.0 AppleWebKit/537.36 (KHTML, like Gecko; compatible; GPTBot/1.3; +https://openai.com/gptbot)"
74.7.241.7 - - [15/Apr/2026:21:16:09 +0000] "GET /shopping/products/16211985209 HTTP/1.1" 404 13198 "https://elementalmill.com.lab2454.com/shopping/products/16232504550" "Mozilla/5.0 AppleWebKit/537.36 (KHTML, like Gecko; compatible; GPTBot/1.3; +https://openai.com/gptbot)"
74.7.227.36 - - [15/Apr/2026:21:16:11 +0000] "GET /shop/pg/1564093 HTTP/1.1" 404 13198 "https://www.elementalmill.com.lab2454.com/shop/pg/16211939182" "Mozilla/5.0 AppleWebKit/537.36 (KHTML, like Gecko; compatible; GPTBot/1.3; +https://openai.com/gptbot)"
74.7.243.227 - - [15/Apr/2026:21:16:14 +0000] "GET /shop/pg/1618446907 HTTP/1.1" 404 13179 "https://elementalmill.com/index.php?shopping/products/1618441771" "Mozilla/5.0 AppleWebKit/537.36 (KHTML, like Gecko; compatible; GPTBot/1.3; +https://openai.com/gptbot)"
74.7.241.7 - - [15/Apr/2026:21:16:16 +0000] "GET /shopping/products/16232576304 HTTP/1.1" 404 13198 "https://elementalmill.com.lab2454.com/shopping/products/16201262851" "Mozilla/5.0 AppleWebKit/537.36 (KHTML, like Gecko; compatible; GPTBot/1.3; +https://openai.com/gptbot)"
74.7.227.36 - - [15/Apr/2026:21:16:19 +0000] "GET /shop/pg/1437649 HTTP/1.1" 404 13198 "https://www.elementalmill.com.lab2454.com/shop/pg/16201221195" "Mozilla/5.0 AppleWebKit/537.36 (KHTML, like Gecko; compatible; GPTBot/1.3; +https://openai.com/gptbot)"
74.7.243.245 - - [15/Apr/2026:21:16:21 +0000] "GET /shop/pg/2379467 HTTP/1.1" 301 839 "https://www.elementalmill.com/shop/customer/bookmark.php?shopping/products/16222379467" "Mozilla/5.0 AppleWebKit/537.36 (KHTML, like Gecko; compatible; GPTBot/1.3; +https://openai.com/gptbot)"
74.7.241.7 - - [15/Apr/2026:21:16:23 +0000] "GET /shopping/products/16211904554 HTTP/1.1" 404 13198 "https://elementalmill.com.lab2454.com/shopping/products/16201396837" "Mozilla/5.0 AppleWebKit/537.36 (KHTML, like Gecko; compatible; GPTBot/1.3; +https://openai.com/gptbot)"
74.7.227.36 - - [15/Apr/2026:21:16:25 +0000] "GET /shop/pg/1436159 HTTP/1.1" 404 13198 "https://www.elementalmill.com.lab2454.com/shop/pg/16201219703" "Mozilla/5.0 AppleWebKit/537.36 (KHTML, like Gecko; compatible; GPTBot/1.3; +https://openai.com/gptbot)"
66.249.64.39 - - [15/Apr/2026:21:16:31 +0000] "GET /shop/customer/bookmark.php?shopping/products/1619789220 HTTP/1.1" 200 27871 "-" "Mozilla/5.0 (Linux; Android 6.0.1; Nexus 5X Build/MMB29P) AppleWebKit/537.36 (KHTML, like Gecko) Chrome/146.0.7680.177 Mobile Safari/537.36 (compatible; Googlebot/2.1; +http://www.google.com/bot.html)"
74.7.241.7 - - [15/Apr/2026:21:16:36 +0000] "GET /shopping/products/16211815748 HTTP/1.1" 404 13198 "https://elementalmill.com.lab2454.com/shopping/products/16201352084" "Mozilla/5.0 AppleWebKit/537.36 (KHTML, like Gecko; compatible; GPTBot/1.3; +https://openai.com/gptbot)"
66.249.64.39 - - [15/Apr/2026:21:16:40 +0000] "GET /?shop/891111827799.html HTTP/1.1" 200 28282 "-" "Mozilla/5.0 (Linux; Android 6.0.1; Nexus 5X Build/MMB29P) AppleWebKit/537.36 (KHTML, like Gecko) Chrome/146.0.7680.177 Mobile Safari/537.36 (compatible; Googlebot/2.1; +http://www.google.com/bot.html)"
66.249.64.39 - - [15/Apr/2026:21:16:41 +0000] "GET /?shop/891413302391.html HTTP/1.1" 200 27760 "-" "Mozilla/5.0 (Linux; Android 6.0.1; Nexus 5X Build/MMB29P) AppleWebKit/537.36 (KHTML, like Gecko) Chrome/146.0.7680.177 Mobile Safari/537.36 (compatible; Googlebot/2.1; +http://www.google.com/bot.html)"
74.7.227.36 - - [15/Apr/2026:21:16:40 +0000] "GET /shop/pg/1287119 HTTP/1.1" 404 13198 "https://www.elementalmill.com.lab2454.com/shop/pg/16211662221" "Mozilla/5.0 AppleWebKit/537.36 (KHTML, like Gecko; compatible; GPTBot/1.3; +https://openai.com/gptbot)"
74.7.243.227 - - [15/Apr/2026:21:16:40 +0000] "GET /shop/pg/1619728328 HTTP/1.1" 404 13179 "https://www.elementalmill.com" "Mozilla/5.0 AppleWebKit/537.36 (KHTML, like Gecko; compatible; GPTBot/1.3; +https://openai.com/gptbot)"
74.7.243.245 - - [15/Apr/2026:21:16:44 +0000] "GET /shop/pg/1463363 HTTP/1.1" 301 839 "https://www.elementalmill.com/shop/customer/bookmark.php?shopping/products/16201463363" "Mozilla/5.0 AppleWebKit/537.36 (KHTML, like Gecko; compatible; GPTBot/1.3; +https://openai.com/gptbot)"
74.7.241.7 - - [15/Apr/2026:21:16:48 +0000] "GET /shopping/products/16211925938 HTTP/1.1" 404 13198 "https://elementalmill.com.lab2454.com/shopping/products/16211901942" "Mozilla/5.0 AppleWebKit/537.36 (KHTML, like Gecko; compatible; GPTBot/1.3; +https://openai.com/gptbot)"
74.7.227.36 - - [15/Apr/2026:21:16:48 +0000] "GET /shop/pg/1682817 HTTP/1.1" 404 13198 "https://www.elementalmill.com.lab2454.com/shopping/products/16211682817" "Mozilla/5.0 AppleWebKit/537.36 (KHTML, like Gecko; compatible; GPTBot/1.3; +https://openai.com/gptbot)"
74.7.227.36 - - [15/Apr/2026:21:16:55 +0000] "GET /shop/pg/1576219 HTTP/1.1" 404 13198 "https://www.elementalmill.com.lab2454.com/shop/pg/16201359753" "Mozilla/5.0 AppleWebKit/537.36 (KHTML, like Gecko; compatible; GPTBot/1.3; +https://openai.com/gptbot)"
74.7.241.7 - - [15/Apr/2026:21:16:55 +0000] "GET /shopping/products/16211775963 HTTP/1.1" 404 13198 "https://elementalmill.com.lab2454.com/shopping/products/16211842375" "Mozilla/5.0 AppleWebKit/537.36 (KHTML, like Gecko; compatible; GPTBot/1.3; +https://openai.com/gptbot)"
74.7.243.227 - - [15/Apr/2026:21:16:57 +0000] "GET /shop/pg/2177821 HTTP/1.1" 404 13198 "https://mail.elementalmill.com/shop/customer/bookmark.php?shopping/products/16222177821" "Mozilla/5.0 AppleWebKit/537.36 (KHTML, like Gecko; compatible; GPTBot/1.3; +https://openai.com/gptbot)"
74.7.241.7 - - [15/Apr/2026:21:17:02 +0000] "GET /shopping/products/16211838465 HTTP/1.1" 404 13198 "https://elementalmill.com.lab2454.com/shopping/products/16211830464" "Mozilla/5.0 AppleWebKit/537.36 (KHTML, like Gecko; compatible; GPTBot/1.3; +https://openai.com/gptbot)"
74.7.227.36 - - [15/Apr/2026:21:17:02 +0000] "GET /shop/pg/1627035 HTTP/1.1" 404 13198 "https://www.elementalmill.com.lab2454.com/shop/pg/16201410577" "Mozilla/5.0 AppleWebKit/537.36 (KHTML, like Gecko; compatible; GPTBot/1.3; +https://openai.com/gptbot)"
74.7.243.245 - - [15/Apr/2026:21:17:03 +0000] "GET /shop/pg/1459352 HTTP/1.1" 301 839 "https://www.elementalmill.com/shopping/products/16201459352" "Mozilla/5.0 AppleWebKit/537.36 (KHTML, like Gecko; compatible; GPTBot/1.3; +https://openai.com/gptbot)"
74.7.241.7 - - [15/Apr/2026:21:17:10 +0000] "GET /shopping/products/16201384565 HTTP/1.1" 404 13198 "https://elementalmill.com.lab2454.com/shopping/products/16211750099" "Mozilla/5.0 AppleWebKit/537.36 (KHTML, like Gecko; compatible; GPTBot/1.3; +https://openai.com/gptbot)"
74.7.227.36 - - [15/Apr/2026:21:17:10 +0000] "GET /shop/pg/1482094 HTTP/1.1" 404 13198 "https://www.elementalmill.com.lab2454.com/shop/pg/16201265634" "Mozilla/5.0 AppleWebKit/537.36 (KHTML, like Gecko; compatible; GPTBot/1.3; +https://openai.com/gptbot)"
74.7.241.7 - - [15/Apr/2026:21:17:17 +0000] "GET /shopping/products/16211535393 HTTP/1.1" 404 13198 "https://elementalmill.com.lab2454.com/shopping/products/16232506258" "Mozilla/5.0 AppleWebKit/537.36 (KHTML, like Gecko; compatible; GPTBot/1.3; +https://openai.com/gptbot)"
74.7.227.36 - - [15/Apr/2026:21:17:17 +0000] "GET /shop/pg/1682181 HTTP/1.1" 404 13198 "https://www.elementalmill.com.lab2454.com/shop/pg/16201465717" "Mozilla/5.0 AppleWebKit/537.36 (KHTML, like Gecko; compatible; GPTBot/1.3; +https://openai.com/gptbot)"
