74.7.243.227 - - [15/Apr/2026:20:43:59 +0000] "GET /shop/pg/1619924475 HTTP/1.1" 404 13179 "https://www.elementalmill.com" "Mozilla/5.0 AppleWebKit/537.36 (KHTML, like Gecko; compatible; GPTBot/1.3; +https://openai.com/gptbot)"
74.7.243.245 - - [15/Apr/2026:20:44:05 +0000] "GET /shop/pg/1214315 HTTP/1.1" 301 839 "https://www.elementalmill.com/shopping/products/16201214315" "Mozilla/5.0 AppleWebKit/537.36 (KHTML, like Gecko; compatible; GPTBot/1.3; +https://openai.com/gptbot)"
74.7.227.36 - - [15/Apr/2026:20:44:05 +0000] "GET /shop/pg/1136199 HTTP/1.1" 404 13198 "https://www.elementalmill.com.lab2454.com/shop/pg/16211511296" "Mozilla/5.0 AppleWebKit/537.36 (KHTML, like Gecko; compatible; GPTBot/1.3; +https://openai.com/gptbot)"
74.7.227.36 - - [15/Apr/2026:20:44:13 +0000] "GET /shop/pg/1312912 HTTP/1.1" 404 13198 "https://www.elementalmill.com.lab2454.com/?shopping/products/16201312912" "Mozilla/5.0 AppleWebKit/537.36 (KHTML, like Gecko; compatible; GPTBot/1.3; +https://openai.com/gptbot)"
139.162.194.112 - - [15/Apr/2026:20:44:16 +0000] "POST /wp-cron.php?doing_wp_cron=1776285855.9593379497528076171875 HTTP/1.1" 404 13169 "-" "WordPress/6.9.1; https://elementalmill.com"
74.7.241.7 - - [15/Apr/2026:20:44:17 +0000] "GET /shopping/products/16211842833 HTTP/1.1" 404 13198 "https://elementalmill.com.lab2454.com/shopping/products/16211642791" "Mozilla/5.0 AppleWebKit/537.36 (KHTML, like Gecko; compatible; GPTBot/1.3; +https://openai.com/gptbot)"
74.7.227.36 - - [15/Apr/2026:20:44:21 +0000] "GET /shop/pg/1700643 HTTP/1.1" 404 13198 "https://www.elementalmill.com.lab2454.com/shop/customer/bookmark.php?shopping/products/16211700643" "Mozilla/5.0 AppleWebKit/537.36 (KHTML, like Gecko; compatible; GPTBot/1.3; +https://openai.com/gptbot)"
74.7.243.245 - - [15/Apr/2026:20:44:22 +0000] "GET /shop/pg/2259206 HTTP/1.1" 301 839 "https://www.elementalmill.com/shopping/products/16222259206" "Mozilla/5.0 AppleWebKit/537.36 (KHTML, like Gecko; compatible; GPTBot/1.3; +https://openai.com/gptbot)"
74.7.241.7 - - [15/Apr/2026:20:44:25 +0000] "GET /shopping/products/16201343504 HTTP/1.1" 404 13198 "https://elementalmill.com.lab2454.com/shopping/products/16211854527" "Mozilla/5.0 AppleWebKit/537.36 (KHTML, like Gecko; compatible; GPTBot/1.3; +https://openai.com/gptbot)"
74.7.243.227 - - [15/Apr/2026:20:44:26 +0000] "GET /shop/pg/1026573 HTTP/1.1" 404 13198 "https://mail.elementalmill.com/?shopping/products/16201026573" "Mozilla/5.0 AppleWebKit/537.36 (KHTML, like Gecko; compatible; GPTBot/1.3; +https://openai.com/gptbot)"
66.249.64.41 - - [15/Apr/2026:20:44:30 +0000] "GET /shopping/products/1619712498 HTTP/1.1" 200 27092 "-" "Mozilla/5.0 (Linux; Android 6.0.1; Nexus 5X Build/MMB29P) AppleWebKit/537.36 (KHTML, like Gecko) Chrome/146.0.7680.177 Mobile Safari/537.36 (compatible; Googlebot/2.1; +http://www.google.com/bot.html)"
74.7.227.36 - - [15/Apr/2026:20:44:29 +0000] "GET /shop/pg/1187829 HTTP/1.1" 404 13198 "https://www.elementalmill.com.lab2454.com/shop/pg/16211562923" "Mozilla/5.0 AppleWebKit/537.36 (KHTML, like Gecko; compatible; GPTBot/1.3; +https://openai.com/gptbot)"
74.7.241.7 - - [15/Apr/2026:20:44:33 +0000] "GET /shopping/products/16211893762 HTTP/1.1" 404 13198 "https://elementalmill.com.lab2454.com/shopping/products/16211896486" "Mozilla/5.0 AppleWebKit/537.36 (KHTML, like Gecko; compatible; GPTBot/1.3; +https://openai.com/gptbot)"
74.7.227.36 - - [15/Apr/2026:20:44:36 +0000] "GET /shop/pg/1259637 HTTP/1.1" 404 13198 "https://www.elementalmill.com.lab2454.com/shop/pg/16201043179" "Mozilla/5.0 AppleWebKit/537.36 (KHTML, like Gecko; compatible; GPTBot/1.3; +https://openai.com/gptbot)"
74.7.241.7 - - [15/Apr/2026:20:44:40 +0000] "GET /shopping/products/16201155146 HTTP/1.1" 404 13198 "https://elementalmill.com.lab2454.com/shopping/products/16201128476" "Mozilla/5.0 AppleWebKit/537.36 (KHTML, like Gecko; compatible; GPTBot/1.3; +https://openai.com/gptbot)"
74.7.227.36 - - [15/Apr/2026:20:44:45 +0000] "GET /shop/pg/1507922 HTTP/1.1" 404 13198 "https://www.elementalmill.com.lab2454.com/shop/pg/16201291463" "Mozilla/5.0 AppleWebKit/537.36 (KHTML, like Gecko; compatible; GPTBot/1.3; +https://openai.com/gptbot)"
74.7.241.7 - - [15/Apr/2026:20:44:50 +0000] "GET /shopping/products/16201189624 HTTP/1.1" 404 13198 "https://elementalmill.com.lab2454.com/shopping/products/16232608285" "Mozilla/5.0 AppleWebKit/537.36 (KHTML, like Gecko; compatible; GPTBot/1.3; +https://openai.com/gptbot)"
74.7.227.36 - - [15/Apr/2026:20:44:54 +0000] "GET /shop/pg/1377868 HTTP/1.1" 404 13198 "https://www.elementalmill.com.lab2454.com/shop/pg/16201161420" "Mozilla/5.0 AppleWebKit/537.36 (KHTML, like Gecko; compatible; GPTBot/1.3; +https://openai.com/gptbot)"
74.7.241.7 - - [15/Apr/2026:20:44:58 +0000] "GET /shopping/products/16201370144 HTTP/1.1" 404 13198 "https://elementalmill.com.lab2454.com/shopping/products/16211770496" "Mozilla/5.0 AppleWebKit/537.36 (KHTML, like Gecko; compatible; GPTBot/1.3; +https://openai.com/gptbot)"
74.7.227.36 - - [15/Apr/2026:20:45:02 +0000] "GET /shop/pg/1594119 HTTP/1.1" 404 13198 "https://www.elementalmill.com.lab2454.com/shop/pg/16201377649" "Mozilla/5.0 AppleWebKit/537.36 (KHTML, like Gecko; compatible; GPTBot/1.3; +https://openai.com/gptbot)"
74.7.243.245 - - [15/Apr/2026:20:45:03 +0000] "GET /shop/pg/2279085 HTTP/1.1" 301 839 "https://www.elementalmill.com/?shopping/products/16222279085" "Mozilla/5.0 AppleWebKit/537.36 (KHTML, like Gecko; compatible; GPTBot/1.3; +https://openai.com/gptbot)"
213.180.203.160 - - [15/Apr/2026:20:45:03 +0000] "GET /shopping/products/1619874567 HTTP/1.1" 404 13179 "-" "Mozilla/5.0 (compatible; YandexBot/3.0; +http://yandex.com/bots)"
213.180.203.122 - - [15/Apr/2026:20:45:03 +0000] "GET /shopping/products/162139051938 HTTP/1.1" 404 13179 "-" "Mozilla/5.0 (compatible; YandexBot/3.0; +http://yandex.com/bots)"
74.7.241.7 - - [15/Apr/2026:20:45:06 +0000] "GET /shopping/products/16211998923 HTTP/1.1" 404 13198 "https://elementalmill.com.lab2454.com/shopping/products/16201006377" "Mozilla/5.0 AppleWebKit/537.36 (KHTML, like Gecko; compatible; GPTBot/1.3; +https://openai.com/gptbot)"
74.7.227.36 - - [15/Apr/2026:20:45:11 +0000] "GET /shop/pg/1377358 HTTP/1.1" 404 13198 "https://www.elementalmill.com.lab2454.com/shop/pg/16201160895" "Mozilla/5.0 AppleWebKit/537.36 (KHTML, like Gecko; compatible; GPTBot/1.3; +https://openai.com/gptbot)"
74.7.243.227 - - [15/Apr/2026:20:45:14 +0000] "GET /shop/pg/1619842943 HTTP/1.1" 404 13179 "https://www.elementalmill.com" "Mozilla/5.0 AppleWebKit/537.36 (KHTML, like Gecko; compatible; GPTBot/1.3; +https://openai.com/gptbot)"
74.7.241.7 - - [15/Apr/2026:20:45:15 +0000] "GET /shopping/products/16211540146 HTTP/1.1" 404 13198 "https://elementalmill.com.lab2454.com/shopping/products/16201456239" "Mozilla/5.0 AppleWebKit/537.36 (KHTML, like Gecko; compatible; GPTBot/1.3; +https://openai.com/gptbot)"
139.162.194.112 - - [15/Apr/2026:20:45:18 +0000] "POST /wp-cron.php?doing_wp_cron=1776285918.1237220764160156250000 HTTP/1.1" 404 13179 "-" "WordPress/6.9.1; https://elementalmill.com"
87.250.224.98 - - [15/Apr/2026:20:45:18 +0000] "GET /shopping/products/1619612769 HTTP/1.1" 404 13179 "-" "Mozilla/5.0 (compatible; YandexBot/3.0; +http://yandex.com/bots)"
139.162.194.112 - - [15/Apr/2026:20:45:18 +0000] "POST /wp-cron.php?doing_wp_cron=1776285918.9755918979644775390625 HTTP/1.1" 404 13179 "-" "WordPress/6.9.1; https://elementalmill.com"
74.7.227.36 - - [15/Apr/2026:20:45:21 +0000] "GET /shop/pg/1311609 HTTP/1.1" 404 13198 "https://www.elementalmill.com.lab2454.com/shop/pg/16211686688" "Mozilla/5.0 AppleWebKit/537.36 (KHTML, like Gecko; compatible; GPTBot/1.3; +https://openai.com/gptbot)"
74.7.241.7 - - [15/Apr/2026:20:45:24 +0000] "GET /shopping/products/16201127196 HTTP/1.1" 404 13198 "https://elementalmill.com.lab2454.com/shopping/products/16211659478" "Mozilla/5.0 AppleWebKit/537.36 (KHTML, like Gecko; compatible; GPTBot/1.3; +https://openai.com/gptbot)"
74.7.227.36 - - [15/Apr/2026:20:45:29 +0000] "GET /shop/pg/1573143 HTTP/1.1" 404 13198 "https://www.elementalmill.com.lab2454.com/shop/pg/16211948234" "Mozilla/5.0 AppleWebKit/537.36 (KHTML, like Gecko; compatible; GPTBot/1.3; +https://openai.com/gptbot)"
74.7.241.7 - - [15/Apr/2026:20:45:33 +0000] "GET /shopping/products/16211605195 HTTP/1.1" 404 13198 "https://elementalmill.com.lab2454.com/shopping/products/16201165360" "Mozilla/5.0 AppleWebKit/537.36 (KHTML, like Gecko; compatible; GPTBot/1.3; +https://openai.com/gptbot)"
87.250.224.85 - - [15/Apr/2026:20:45:34 +0000] "GET /shopping/products/16211967886 HTTP/1.1" 404 13179 "-" "Mozilla/5.0 (compatible; YandexBot/3.0; +http://yandex.com/bots)"
74.7.227.36 - - [15/Apr/2026:20:45:37 +0000] "GET /shop/pg/1297892 HTTP/1.1" 404 13198 "https://www.elementalmill.com.lab2454.com/shop/pg/16211672976" "Mozilla/5.0 AppleWebKit/537.36 (KHTML, like Gecko; compatible; GPTBot/1.3; +https://openai.com/gptbot)"
74.7.243.227 - - [15/Apr/2026:20:45:39 +0000] "GET /shop/pg/1618426952 HTTP/1.1" 404 13179 "https://www.elementalmill.com" "Mozilla/5.0 AppleWebKit/537.36 (KHTML, like Gecko; compatible; GPTBot/1.3; +https://openai.com/gptbot)"
74.7.227.36 - - [15/Apr/2026:20:45:44 +0000] "GET /shop/pg/1504368 HTTP/1.1" 404 13198 "https://www.elementalmill.com.lab2454.com/shop/pg/16201287895" "Mozilla/5.0 AppleWebKit/537.36 (KHTML, like Gecko; compatible; GPTBot/1.3; +https://openai.com/gptbot)"
74.7.241.7 - - [15/Apr/2026:20:45:44 +0000] "GET /shopping/products/16201078818 HTTP/1.1" 404 13198 "https://elementalmill.com.lab2454.com/shopping/products/16201037752" "Mozilla/5.0 AppleWebKit/537.36 (KHTML, like Gecko; compatible; GPTBot/1.3; +https://openai.com/gptbot)"
74.7.241.7 - - [15/Apr/2026:20:45:51 +0000] "GET /shopping/products/16211864532 HTTP/1.1" 404 13198 "https://elementalmill.com.lab2454.com/shopping/products/16232585815" "Mozilla/5.0 AppleWebKit/537.36 (KHTML, like Gecko; compatible; GPTBot/1.3; +https://openai.com/gptbot)"
74.7.227.36 - - [15/Apr/2026:20:45:51 +0000] "GET /shop/pg/1432306 HTTP/1.1" 404 13198 "https://www.elementalmill.com.lab2454.com/shop/pg/16201215846" "Mozilla/5.0 AppleWebKit/537.36 (KHTML, like Gecko; compatible; GPTBot/1.3; +https://openai.com/gptbot)"
74.7.243.227 - - [15/Apr/2026:20:45:53 +0000] "GET /shop/pg/1758773 HTTP/1.1" 404 13198 "https://mail.elementalmill.com/?shopping/products/16211758773" "Mozilla/5.0 AppleWebKit/537.36 (KHTML, like Gecko; compatible; GPTBot/1.3; +https://openai.com/gptbot)"
74.7.241.7 - - [15/Apr/2026:20:45:58 +0000] "GET /shopping/products/16232586412 HTTP/1.1" 404 13198 "https://elementalmill.com.lab2454.com/shopping/products/16201025589" "Mozilla/5.0 AppleWebKit/537.36 (KHTML, like Gecko; compatible; GPTBot/1.3; +https://openai.com/gptbot)"
74.7.227.36 - - [15/Apr/2026:20:45:58 +0000] "GET /shop/pg/1457780 HTTP/1.1" 404 13198 "https://www.elementalmill.com.lab2454.com/shop/pg/1456621" "Mozilla/5.0 AppleWebKit/537.36 (KHTML, like Gecko; compatible; GPTBot/1.3; +https://openai.com/gptbot)"
74.7.243.227 - - [15/Apr/2026:20:46:00 +0000] "GET /shop/pg/2249080 HTTP/1.1" 404 13198 "https://mail.elementalmill.com/shop/customer/bookmark.php?shopping/products/16222249080" "Mozilla/5.0 AppleWebKit/537.36 (KHTML, like Gecko; compatible; GPTBot/1.3; +https://openai.com/gptbot)"
74.7.241.7 - - [15/Apr/2026:20:46:05 +0000] "GET /shopping/products/16232567958 HTTP/1.1" 404 13198 "https://elementalmill.com.lab2454.com/shopping/products/16211984679" "Mozilla/5.0 AppleWebKit/537.36 (KHTML, like Gecko; compatible; GPTBot/1.3; +https://openai.com/gptbot)"
74.7.243.227 - - [15/Apr/2026:20:46:04 +0000] "GET /shop/pg/1618409285 HTTP/1.1" 404 13179 "https://www.elementalmill.com" "Mozilla/5.0 AppleWebKit/537.36 (KHTML, like Gecko; compatible; GPTBot/1.3; +https://openai.com/gptbot)"
74.7.227.36 - - [15/Apr/2026:20:46:05 +0000] "GET /shop/pg/1014974 HTTP/1.1" 404 13198 "https://www.elementalmill.com.lab2454.com/?shopping/products/16201014974" "Mozilla/5.0 AppleWebKit/537.36 (KHTML, like Gecko; compatible; GPTBot/1.3; +https://openai.com/gptbot)"
74.7.243.227 - - [15/Apr/2026:20:46:10 +0000] "GET /shop/pg/1594816 HTTP/1.1" 404 13198 "https://mail.elementalmill.com/?shopping/products/16211594816" "Mozilla/5.0 AppleWebKit/537.36 (KHTML, like Gecko; compatible; GPTBot/1.3; +https://openai.com/gptbot)"
74.7.241.7 - - [15/Apr/2026:20:46:13 +0000] "GET /shopping/products/16188391963 HTTP/1.1" 404 13198 "https://elementalmill.com.lab2454.com/sitemap744.xml" "Mozilla/5.0 AppleWebKit/537.36 (KHTML, like Gecko; compatible; GPTBot/1.3; +https://openai.com/gptbot)"
74.7.227.36 - - [15/Apr/2026:20:46:14 +0000] "GET /shop/pg/1509204 HTTP/1.1" 404 13198 "https://www.elementalmill.com.lab2454.com/shopping/products/16211509204" "Mozilla/5.0 AppleWebKit/537.36 (KHTML, like Gecko; compatible; GPTBot/1.3; +https://openai.com/gptbot)"
74.7.241.7 - - [15/Apr/2026:20:46:22 +0000] "GET /shopping/products/16201040635 HTTP/1.1" 404 13198 "https://elementalmill.com.lab2454.com/shopping/products/16232547207" "Mozilla/5.0 AppleWebKit/537.36 (KHTML, like Gecko; compatible; GPTBot/1.3; +https://openai.com/gptbot)"
74.7.227.36 - - [15/Apr/2026:20:46:22 +0000] "GET /shop/pg/1722136 HTTP/1.1" 404 13198 "https://www.elementalmill.com.lab2454.com/shop/pg/1720973" "Mozilla/5.0 AppleWebKit/537.36 (KHTML, like Gecko; compatible; GPTBot/1.3; +https://openai.com/gptbot)"
74.7.243.245 - - [15/Apr/2026:20:46:28 +0000] "GET /shop/pg/2334062 HTTP/1.1" 301 839 "https://www.elementalmill.com/?shopping/products/16222334062" "Mozilla/5.0 AppleWebKit/537.36 (KHTML, like Gecko; compatible; GPTBot/1.3; +https://openai.com/gptbot)"
74.7.241.7 - - [15/Apr/2026:20:46:30 +0000] "GET /shopping/products/16211744974 HTTP/1.1" 404 13198 "https://elementalmill.com.lab2454.com/shopping/products/16232545953" "Mozilla/5.0 AppleWebKit/537.36 (KHTML, like Gecko; compatible; GPTBot/1.3; +https://openai.com/gptbot)"
74.7.227.36 - - [15/Apr/2026:20:46:31 +0000] "GET /shop/pg/1178087 HTTP/1.1" 404 13198 "https://www.elementalmill.com.lab2454.com/shop/pg/16211553183" "Mozilla/5.0 AppleWebKit/537.36 (KHTML, like Gecko; compatible; GPTBot/1.3; +https://openai.com/gptbot)"
74.7.241.7 - - [15/Apr/2026:20:46:37 +0000] "GET /shopping/products/16201458807 HTTP/1.1" 404 13198 "https://elementalmill.com.lab2454.com/shopping/products/16201381447" "Mozilla/5.0 AppleWebKit/537.36 (KHTML, like Gecko; compatible; GPTBot/1.3; +https://openai.com/gptbot)"
74.7.227.36 - - [15/Apr/2026:20:46:37 +0000] "GET /shop/pg/1340840 HTTP/1.1" 404 13198 "https://www.elementalmill.com.lab2454.com/shop/pg/16211715933" "Mozilla/5.0 AppleWebKit/537.36 (KHTML, like Gecko; compatible; GPTBot/1.3; +https://openai.com/gptbot)"
74.7.227.36 - - [15/Apr/2026:20:46:44 +0000] "GET /shop/pg/1201917 HTTP/1.1" 404 13198 "https://www.elementalmill.com.lab2454.com/shop/pg/1200759" "Mozilla/5.0 AppleWebKit/537.36 (KHTML, like Gecko; compatible; GPTBot/1.3; +https://openai.com/gptbot)"
74.7.243.245 - - [15/Apr/2026:20:46:48 +0000] "GET /shop/pg/1456882 HTTP/1.1" 301 839 "https://www.elementalmill.com/?shopping/products/16201456882" "Mozilla/5.0 AppleWebKit/537.36 (KHTML, like Gecko; compatible; GPTBot/1.3; +https://openai.com/gptbot)"
74.7.241.7 - - [15/Apr/2026:20:46:50 +0000] "GET /shopping/products/16201439988 HTTP/1.1" 404 13198 "https://elementalmill.com.lab2454.com/shopping/products/16211884334" "Mozilla/5.0 AppleWebKit/537.36 (KHTML, like Gecko; compatible; GPTBot/1.3; +https://openai.com/gptbot)"
74.7.227.36 - - [15/Apr/2026:20:46:52 +0000] "GET /shop/pg/1294565 HTTP/1.1" 404 13198 "https://www.elementalmill.com.lab2454.com/shop/pg/16211669652" "Mozilla/5.0 AppleWebKit/537.36 (KHTML, like Gecko; compatible; GPTBot/1.3; +https://openai.com/gptbot)"
74.7.243.227 - - [15/Apr/2026:20:46:56 +0000] "GET /shop/pg/1619974862 HTTP/1.1" 404 13179 "https://www.elementalmill.com" "Mozilla/5.0 AppleWebKit/537.36 (KHTML, like Gecko; compatible; GPTBot/1.3; +https://openai.com/gptbot)"
74.7.227.36 - - [15/Apr/2026:20:46:59 +0000] "GET /shop/pg/1004697 HTTP/1.1" 404 13198 "https://www.elementalmill.com.lab2454.com/shopping/products/16201004697" "Mozilla/5.0 AppleWebKit/537.36 (KHTML, like Gecko; compatible; GPTBot/1.3; +https://openai.com/gptbot)"
74.7.241.7 - - [15/Apr/2026:20:47:00 +0000] "GET /shopping/products/16232647854 HTTP/1.1" 404 13198 "https://elementalmill.com.lab2454.com/shopping/products/16201389622" "Mozilla/5.0 AppleWebKit/537.36 (KHTML, like Gecko; compatible; GPTBot/1.3; +https://openai.com/gptbot)"
74.7.227.36 - - [15/Apr/2026:20:47:05 +0000] "GET /shop/pg/1425124 HTTP/1.1" 404 13198 "https://www.elementalmill.com.lab2454.com/shop/pg/16201208664" "Mozilla/5.0 AppleWebKit/537.36 (KHTML, like Gecko; compatible; GPTBot/1.3; +https://openai.com/gptbot)"
74.7.241.7 - - [15/Apr/2026:20:47:07 +0000] "GET /shopping/products/16235211774 HTTP/1.1" 404 13198 "https://elementalmill.com.lab2454.com/sitemap744.xml" "Mozilla/5.0 AppleWebKit/537.36 (KHTML, like Gecko; compatible; GPTBot/1.3; +https://openai.com/gptbot)"
74.7.243.245 - - [15/Apr/2026:20:47:08 +0000] "GET /shop/pg/1020270 HTTP/1.1" 301 839 "https://www.elementalmill.com/?shopping/products/16201020270" "Mozilla/5.0 AppleWebKit/537.36 (KHTML, like Gecko; compatible; GPTBot/1.3; +https://openai.com/gptbot)"
66.249.64.39 - - [15/Apr/2026:20:47:16 +0000] "GET /category/16181000868 HTTP/1.1" 200 27497 "-" "Mozilla/5.0 (Linux; Android 6.0.1; Nexus 5X Build/MMB29P) AppleWebKit/537.36 (KHTML, like Gecko) Chrome/146.0.7680.177 Mobile Safari/537.36 (compatible; Googlebot/2.1; +http://www.google.com/bot.html)"
74.7.227.36 - - [15/Apr/2026:20:47:14 +0000] "GET /shop/pg/1491854 HTTP/1.1" 404 13198 "https://www.elementalmill.com.lab2454.com/shop/pg/16201275392" "Mozilla/5.0 AppleWebKit/537.36 (KHTML, like Gecko; compatible; GPTBot/1.3; +https://openai.com/gptbot)"
74.7.243.227 - - [15/Apr/2026:20:47:18 +0000] "GET /shop/pg/2043734 HTTP/1.1" 404 13198 "https://mail.elementalmill.com/?shopping/products/16222043734" "Mozilla/5.0 AppleWebKit/537.36 (KHTML, like Gecko; compatible; GPTBot/1.3; +https://openai.com/gptbot)"
139.162.194.112 - - [15/Apr/2026:20:47:21 +0000] "POST /wp-cron.php?doing_wp_cron=1776286041.8586161136627197265625 HTTP/1.1" 404 13169 "-" "WordPress/6.9.1; https://elementalmill.com"
74.7.227.36 - - [15/Apr/2026:20:47:22 +0000] "GET /shop/pg/1598795 HTTP/1.1" 404 13198 "https://www.elementalmill.com.lab2454.com/shop/pg/16201382336" "Mozilla/5.0 AppleWebKit/537.36 (KHTML, like Gecko; compatible; GPTBot/1.3; +https://openai.com/gptbot)"
74.7.241.7 - - [15/Apr/2026:20:47:24 +0000] "GET /shopping/products/16232539070 HTTP/1.1" 404 13198 "https://elementalmill.com.lab2454.com/shopping/products/16201332781" "Mozilla/5.0 AppleWebKit/537.36 (KHTML, like Gecko; compatible; GPTBot/1.3; +https://openai.com/gptbot)"
74.7.243.245 - - [15/Apr/2026:20:47:30 +0000] "GET /shop/pg/2060905 HTTP/1.1" 301 839 "https://www.elementalmill.com/shopping/products/16222060905" "Mozilla/5.0 AppleWebKit/537.36 (KHTML, like Gecko; compatible; GPTBot/1.3; +https://openai.com/gptbot)"
74.7.227.36 - - [15/Apr/2026:20:47:31 +0000] "GET /shop/pg/1372360 HTTP/1.1" 404 13198 "https://www.elementalmill.com.lab2454.com/shop/pg/16201155894" "Mozilla/5.0 AppleWebKit/537.36 (KHTML, like Gecko; compatible; GPTBot/1.3; +https://openai.com/gptbot)"
74.7.241.7 - - [15/Apr/2026:20:47:33 +0000] "GET /shopping/products/16201385951 HTTP/1.1" 404 13198 "https://elementalmill.com.lab2454.com/shopping/products/16201495464" "Mozilla/5.0 AppleWebKit/537.36 (KHTML, like Gecko; compatible; GPTBot/1.3; +https://openai.com/gptbot)"
74.7.227.36 - - [15/Apr/2026:20:47:40 +0000] "GET /shop/pg/1682804 HTTP/1.1" 404 13198 "https://www.elementalmill.com.lab2454.com/shopping/products/16211682804" "Mozilla/5.0 AppleWebKit/537.36 (KHTML, like Gecko; compatible; GPTBot/1.3; +https://openai.com/gptbot)"
74.7.241.7 - - [15/Apr/2026:20:47:41 +0000] "GET /shopping/products/16211826543 HTTP/1.1" 404 13198 "https://elementalmill.com.lab2454.com/shopping/products/16201034937" "Mozilla/5.0 AppleWebKit/537.36 (KHTML, like Gecko; compatible; GPTBot/1.3; +https://openai.com/gptbot)"
74.7.227.36 - - [15/Apr/2026:20:47:47 +0000] "GET /shop/pg/1236303 HTTP/1.1" 404 13198 "https://www.elementalmill.com.lab2454.com/shop/pg/16211611397" "Mozilla/5.0 AppleWebKit/537.36 (KHTML, like Gecko; compatible; GPTBot/1.3; +https://openai.com/gptbot)"
74.7.243.227 - - [15/Apr/2026:20:47:47 +0000] "GET /shop/pg/1619548678 HTTP/1.1" 404 13179 "https://www.elementalmill.com" "Mozilla/5.0 AppleWebKit/537.36 (KHTML, like Gecko; compatible; GPTBot/1.3; +https://openai.com/gptbot)"
74.7.243.245 - - [15/Apr/2026:20:47:51 +0000] "GET /shop/pg/1080018 HTTP/1.1" 301 839 "https://www.elementalmill.com/shopping/products/16201080018" "Mozilla/5.0 AppleWebKit/537.36 (KHTML, like Gecko; compatible; GPTBot/1.3; +https://openai.com/gptbot)"
5.255.231.184 - - [15/Apr/2026:20:47:53 +0000] "GET /robots.txt HTTP/1.1" 200 2045 "-" "Mozilla/5.0 (compatible; YandexBot/3.0; +http://yandex.com/bots)"
74.7.227.36 - - [15/Apr/2026:20:47:54 +0000] "GET /shop/pg/1483466 HTTP/1.1" 404 13198 "https://www.elementalmill.com.lab2454.com/shop/pg/16201267013" "Mozilla/5.0 AppleWebKit/537.36 (KHTML, like Gecko; compatible; GPTBot/1.3; +https://openai.com/gptbot)"
74.7.241.7 - - [15/Apr/2026:20:47:55 +0000] "GET /shopping/products/16211858564 HTTP/1.1" 404 13198 "https://elementalmill.com.lab2454.com/shopping/products/16201294228" "Mozilla/5.0 AppleWebKit/537.36 (KHTML, like Gecko; compatible; GPTBot/1.3; +https://openai.com/gptbot)"
95.108.213.120 - - [15/Apr/2026:20:47:57 +0000] "GET /shopping/products/161818900454 HTTP/1.1" 404 13179 "-" "Mozilla/5.0 (compatible; YandexBot/3.0; +http://yandex.com/bots)"
74.7.227.36 - - [15/Apr/2026:20:48:00 +0000] "GET /shop/pg/1494954 HTTP/1.1" 404 13198 "https://www.elementalmill.com.lab2454.com/shop/pg/1493784" "Mozilla/5.0 AppleWebKit/537.36 (KHTML, like Gecko; compatible; GPTBot/1.3; +https://openai.com/gptbot)"
74.7.241.7 - - [15/Apr/2026:20:48:02 +0000] "GET /shopping/products/16201074639 HTTP/1.1" 404 13198 "https://elementalmill.com.lab2454.com/shopping/products/16201375238" "Mozilla/5.0 AppleWebKit/537.36 (KHTML, like Gecko; compatible; GPTBot/1.3; +https://openai.com/gptbot)"
74.7.227.36 - - [15/Apr/2026:20:48:07 +0000] "GET /shop/pg/1366190 HTTP/1.1" 404 13198 "https://www.elementalmill.com.lab2454.com/shop/pg/1365034" "Mozilla/5.0 AppleWebKit/537.36 (KHTML, like Gecko; compatible; GPTBot/1.3; +https://openai.com/gptbot)"
74.7.241.7 - - [15/Apr/2026:20:48:09 +0000] "GET /shopping/products/16201034024 HTTP/1.1" 404 13198 "https://elementalmill.com.lab2454.com/shopping/products/16201010377" "Mozilla/5.0 AppleWebKit/537.36 (KHTML, like Gecko; compatible; GPTBot/1.3; +https://openai.com/gptbot)"
74.7.227.36 - - [15/Apr/2026:20:48:13 +0000] "GET /shop/pg/2123026 HTTP/1.1" 404 13198 "https://www.elementalmill.com.lab2454.com/shopping/products/16222123026" "Mozilla/5.0 AppleWebKit/537.36 (KHTML, like Gecko; compatible; GPTBot/1.3; +https://openai.com/gptbot)"
74.7.243.227 - - [15/Apr/2026:20:48:14 +0000] "GET /shop/pg/1619754286 HTTP/1.1" 404 13179 "https://www.elementalmill.com" "Mozilla/5.0 AppleWebKit/537.36 (KHTML, like Gecko; compatible; GPTBot/1.3; +https://openai.com/gptbot)"
74.7.241.7 - - [15/Apr/2026:20:48:18 +0000] "GET /shopping/products/16232575960 HTTP/1.1" 404 13198 "https://elementalmill.com.lab2454.com/shopping/products/16232570626" "Mozilla/5.0 AppleWebKit/537.36 (KHTML, like Gecko; compatible; GPTBot/1.3; +https://openai.com/gptbot)"
74.7.227.36 - - [15/Apr/2026:20:48:20 +0000] "GET /shop/pg/2611517 HTTP/1.1" 404 13198 "https://www.elementalmill.com.lab2454.com/shop/pg/2610358" "Mozilla/5.0 AppleWebKit/537.36 (KHTML, like Gecko; compatible; GPTBot/1.3; +https://openai.com/gptbot)"
139.162.194.112 - - [15/Apr/2026:20:48:22 +0000] "POST /wp-cron.php?doing_wp_cron=1776286102.2327179908752441406250 HTTP/1.1" 404 13169 "-" "WordPress/6.9.1; https://elementalmill.com"
139.162.194.112 - - [15/Apr/2026:20:48:23 +0000] "POST /wp-cron.php?doing_wp_cron=1776286103.5532839298248291015625 HTTP/1.1" 404 13169 "-" "WordPress/6.9.1; https://elementalmill.com"
66.249.64.39 - - [15/Apr/2026:20:48:26 +0000] "GET /?shop/88911682977.html HTTP/1.1" 200 27022 "-" "Mozilla/5.0 (Linux; Android 6.0.1; Nexus 5X Build/MMB29P) AppleWebKit/537.36 (KHTML, like Gecko) Chrome/146.0.7680.177 Mobile Safari/537.36 (compatible; Googlebot/2.1; +http://www.google.com/bot.html)"
74.7.241.7 - - [15/Apr/2026:20:48:26 +0000] "GET /shopping/products/16211858844 HTTP/1.1" 404 13198 "https://elementalmill.com.lab2454.com/shopping/products/16201295609" "Mozilla/5.0 AppleWebKit/537.36 (KHTML, like Gecko; compatible; GPTBot/1.3; +https://openai.com/gptbot)"
74.7.227.36 - - [15/Apr/2026:20:48:27 +0000] "GET /shop/pg/1330758 HTTP/1.1" 404 13198 "https://www.elementalmill.com.lab2454.com/shop/pg/16211705852" "Mozilla/5.0 AppleWebKit/537.36 (KHTML, like Gecko; compatible; GPTBot/1.3; +https://openai.com/gptbot)"
74.7.227.36 - - [15/Apr/2026:20:48:34 +0000] "GET /shop/pg/1281452 HTTP/1.1" 404 13198 "https://www.elementalmill.com.lab2454.com/shop/pg/16211656539" "Mozilla/5.0 AppleWebKit/537.36 (KHTML, like Gecko; compatible; GPTBot/1.3; +https://openai.com/gptbot)"
74.7.243.245 - - [15/Apr/2026:20:48:32 +0000] "GET /shop/pg/2378119 HTTP/1.1" 301 839 "https://www.elementalmill.com/shop/customer/bookmark.php?shopping/products/16222378119" "Mozilla/5.0 AppleWebKit/537.36 (KHTML, like Gecko; compatible; GPTBot/1.3; +https://openai.com/gptbot)"
74.7.241.7 - - [15/Apr/2026:20:48:38 +0000] "GET /shopping/products/16211889130 HTTP/1.1" 404 13198 "https://elementalmill.com.lab2454.com/shopping/products/16201128858" "Mozilla/5.0 AppleWebKit/537.36 (KHTML, like Gecko; compatible; GPTBot/1.3; +https://openai.com/gptbot)"
74.7.243.227 - - [15/Apr/2026:20:48:39 +0000] "GET /shop/pg/1619928344 HTTP/1.1" 404 13179 "https://elementalmill.com/shopping/products/1619924180" "Mozilla/5.0 AppleWebKit/537.36 (KHTML, like Gecko; compatible; GPTBot/1.3; +https://openai.com/gptbot)"
74.7.227.36 - - [15/Apr/2026:20:48:41 +0000] "GET /shop/pg/1673224 HTTP/1.1" 404 13198 "https://www.elementalmill.com.lab2454.com/shop/pg/1672064" "Mozilla/5.0 AppleWebKit/537.36 (KHTML, like Gecko; compatible; GPTBot/1.3; +https://openai.com/gptbot)"
74.7.241.7 - - [15/Apr/2026:20:48:45 +0000] "GET /shopping/products/16201446250 HTTP/1.1" 404 13198 "https://elementalmill.com.lab2454.com/shopping/products/16211890580" "Mozilla/5.0 AppleWebKit/537.36 (KHTML, like Gecko; compatible; GPTBot/1.3; +https://openai.com/gptbot)"
66.249.64.40 - - [15/Apr/2026:20:48:47 +0000] "GET /?shop/891413176892.html HTTP/1.1" 200 27906 "-" "Mozilla/5.0 (Linux; Android 6.0.1; Nexus 5X Build/MMB29P) AppleWebKit/537.36 (KHTML, like Gecko) Chrome/146.0.7680.177 Mobile Safari/537.36 (compatible; Googlebot/2.1; +http://www.google.com/bot.html)"
74.7.227.36 - - [15/Apr/2026:20:48:47 +0000] "GET /shop/pg/1793500 HTTP/1.1" 404 13198 "https://www.elementalmill.com.lab2454.com/shopping/products/16211793500" "Mozilla/5.0 AppleWebKit/537.36 (KHTML, like Gecko; compatible; GPTBot/1.3; +https://openai.com/gptbot)"
74.7.227.36 - - [15/Apr/2026:20:48:54 +0000] "GET /shop/pg/1158651 HTTP/1.1" 404 13198 "https://www.elementalmill.com.lab2454.com/shop/pg/16211533745" "Mozilla/5.0 AppleWebKit/537.36 (KHTML, like Gecko; compatible; GPTBot/1.3; +https://openai.com/gptbot)"
74.7.243.227 - - [15/Apr/2026:20:48:57 +0000] "GET /shop/pg/1807718 HTTP/1.1" 404 13198 "https://mail.elementalmill.com/?shopping/products/16211807718" "Mozilla/5.0 AppleWebKit/537.36 (KHTML, like Gecko; compatible; GPTBot/1.3; +https://openai.com/gptbot)"
74.7.241.7 - - [15/Apr/2026:20:48:58 +0000] "GET /shopping/products/16201367574 HTTP/1.1" 404 13198 "https://elementalmill.com.lab2454.com/shopping/products/16232592434" "Mozilla/5.0 AppleWebKit/537.36 (KHTML, like Gecko; compatible; GPTBot/1.3; +https://openai.com/gptbot)"
74.7.227.36 - - [15/Apr/2026:20:49:00 +0000] "GET /shop/pg/1209474 HTTP/1.1" 404 13198 "https://www.elementalmill.com.lab2454.com/shop/pg/16211584559" "Mozilla/5.0 AppleWebKit/537.36 (KHTML, like Gecko; compatible; GPTBot/1.3; +https://openai.com/gptbot)"
66.249.64.39 - - [15/Apr/2026:20:49:05 +0000] "GET /category/16201001164 HTTP/1.1" 200 27249 "-" "Mozilla/5.0 (Linux; Android 6.0.1; Nexus 5X Build/MMB29P) AppleWebKit/537.36 (KHTML, like Gecko) Chrome/146.0.7680.177 Mobile Safari/537.36 (compatible; Googlebot/2.1; +http://www.google.com/bot.html)"
74.7.243.227 - - [15/Apr/2026:20:49:04 +0000] "GET /shop/pg/2187957 HTTP/1.1" 404 13198 "https://mail.elementalmill.com/shopping/products/16222187957" "Mozilla/5.0 AppleWebKit/537.36 (KHTML, like Gecko; compatible; GPTBot/1.3; +https://openai.com/gptbot)"
74.7.241.7 - - [15/Apr/2026:20:49:04 +0000] "GET /shopping/products/16211505706 HTTP/1.1" 404 13198 "https://elementalmill.com.lab2454.com/shopping/products/16201153421" "Mozilla/5.0 AppleWebKit/537.36 (KHTML, like Gecko; compatible; GPTBot/1.3; +https://openai.com/gptbot)"
74.7.243.227 - - [15/Apr/2026:20:49:06 +0000] "GET /shop/pg/1618350879 HTTP/1.1" 404 13179 "https://www.elementalmill.com" "Mozilla/5.0 AppleWebKit/537.36 (KHTML, like Gecko; compatible; GPTBot/1.3; +https://openai.com/gptbot)"
74.7.227.36 - - [15/Apr/2026:20:49:07 +0000] "GET /shop/pg/1311641 HTTP/1.1" 404 13198 "https://www.elementalmill.com.lab2454.com/shop/customer/bookmark.php?shopping/products/16201311641" "Mozilla/5.0 AppleWebKit/537.36 (KHTML, like Gecko; compatible; GPTBot/1.3; +https://openai.com/gptbot)"
74.7.241.7 - - [15/Apr/2026:20:49:11 +0000] "GET /shopping/products/16211798850 HTTP/1.1" 404 13198 "https://elementalmill.com.lab2454.com/shopping/products/16201019943" "Mozilla/5.0 AppleWebKit/537.36 (KHTML, like Gecko; compatible; GPTBot/1.3; +https://openai.com/gptbot)"
66.249.64.40 - - [15/Apr/2026:20:49:14 +0000] "GET /shopping/products/16211640438 HTTP/1.1" 200 27162 "-" "Mozilla/5.0 (Linux; Android 6.0.1; Nexus 5X Build/MMB29P) AppleWebKit/537.36 (KHTML, like Gecko) Chrome/146.0.7680.177 Mobile Safari/537.36 (compatible; Googlebot/2.1; +http://www.google.com/bot.html)"
74.7.227.36 - - [15/Apr/2026:20:49:13 +0000] "GET /shop/pg/2216039 HTTP/1.1" 404 13198 "https://www.elementalmill.com.lab2454.com/shopping/products/16222216039" "Mozilla/5.0 AppleWebKit/537.36 (KHTML, like Gecko; compatible; GPTBot/1.3; +https://openai.com/gptbot)"
74.7.243.245 - - [15/Apr/2026:20:49:16 +0000] "GET /shop/pg/2458936 HTTP/1.1" 301 839 "https://www.elementalmill.com/shopping/products/16222458936" "Mozilla/5.0 AppleWebKit/537.36 (KHTML, like Gecko; compatible; GPTBot/1.3; +https://openai.com/gptbot)"
74.7.241.7 - - [15/Apr/2026:20:49:18 +0000] "GET /shopping/products/16201465600 HTTP/1.1" 404 13198 "https://elementalmill.com.lab2454.com/shopping/products/16201383703" "Mozilla/5.0 AppleWebKit/537.36 (KHTML, like Gecko; compatible; GPTBot/1.3; +https://openai.com/gptbot)"
66.249.64.39 - - [15/Apr/2026:20:49:21 +0000] "GET /shopping/products/16201277329 HTTP/1.1" 200 28105 "-" "Mozilla/5.0 (Linux; Android 6.0.1; Nexus 5X Build/MMB29P) AppleWebKit/537.36 (KHTML, like Gecko) Chrome/146.0.7680.177 Mobile Safari/537.36 (compatible; Googlebot/2.1; +http://www.google.com/bot.html)"
74.7.227.36 - - [15/Apr/2026:20:49:20 +0000] "GET /shop/pg/1362254 HTTP/1.1" 404 13198 "https://www.elementalmill.com.lab2454.com/shop/pg/1361095" "Mozilla/5.0 AppleWebKit/537.36 (KHTML, like Gecko; compatible; GPTBot/1.3; +https://openai.com/gptbot)"
74.7.227.36 - - [15/Apr/2026:20:49:26 +0000] "GET /shop/pg/1515705 HTTP/1.1" 404 13198 "https://www.elementalmill.com.lab2454.com/shop/pg/16201299238" "Mozilla/5.0 AppleWebKit/537.36 (KHTML, like Gecko; compatible; GPTBot/1.3; +https://openai.com/gptbot)"
95.108.213.122 - - [15/Apr/2026:20:49:27 +0000] "GET /shopping/products/16198585482 HTTP/1.1" 404 13179 "-" "Mozilla/5.0 (compatible; YandexBot/3.0; +http://yandex.com/bots)"
74.7.241.7 - - [15/Apr/2026:20:49:28 +0000] "GET /shopping/products/16201043925 HTTP/1.1" 404 13198 "https://elementalmill.com.lab2454.com/shopping/products/16201209526" "Mozilla/5.0 AppleWebKit/537.36 (KHTML, like Gecko; compatible; GPTBot/1.3; +https://openai.com/gptbot)"
74.7.243.227 - - [15/Apr/2026:20:49:32 +0000] "GET /shop/pg/1618457720 HTTP/1.1" 404 13179 "https://www.elementalmill.com" "Mozilla/5.0 AppleWebKit/537.36 (KHTML, like Gecko; compatible; GPTBot/1.3; +https://openai.com/gptbot)"
74.7.227.36 - - [15/Apr/2026:20:49:32 +0000] "GET /shop/pg/1322090 HTTP/1.1" 404 13198 "https://www.elementalmill.com.lab2454.com/?shopping/products/16201322090" "Mozilla/5.0 AppleWebKit/537.36 (KHTML, like Gecko; compatible; GPTBot/1.3; +https://openai.com/gptbot)"
74.7.241.7 - - [15/Apr/2026:20:49:34 +0000] "GET /shopping/products/16232514847 HTTP/1.1" 404 13198 "https://elementalmill.com.lab2454.com/shopping/products/16211563692" "Mozilla/5.0 AppleWebKit/537.36 (KHTML, like Gecko; compatible; GPTBot/1.3; +https://openai.com/gptbot)"
74.7.243.245 - - [15/Apr/2026:20:49:37 +0000] "GET /shop/pg/1794643 HTTP/1.1" 301 839 "https://www.elementalmill.com/?shopping/products/16211794643" "Mozilla/5.0 AppleWebKit/537.36 (KHTML, like Gecko; compatible; GPTBot/1.3; +https://openai.com/gptbot)"
74.7.227.36 - - [15/Apr/2026:20:49:39 +0000] "GET /shop/pg/1492806 HTTP/1.1" 404 13198 "https://www.elementalmill.com.lab2454.com/shop/pg/16201276345" "Mozilla/5.0 AppleWebKit/537.36 (KHTML, like Gecko; compatible; GPTBot/1.3; +https://openai.com/gptbot)"
74.7.241.7 - - [15/Apr/2026:20:49:41 +0000] "GET /shopping/products/16209211923 HTTP/1.1" 404 13198 "https://elementalmill.com.lab2454.com/sitemap771.xml" "Mozilla/5.0 AppleWebKit/537.36 (KHTML, like Gecko; compatible; GPTBot/1.3; +https://openai.com/gptbot)"
74.7.227.36 - - [15/Apr/2026:20:49:45 +0000] "GET /shop/pg/1371691 HTTP/1.1" 404 13198 "https://www.elementalmill.com.lab2454.com/shop/pg/16201155240" "Mozilla/5.0 AppleWebKit/537.36 (KHTML, like Gecko; compatible; GPTBot/1.3; +https://openai.com/gptbot)"
74.7.241.7 - - [15/Apr/2026:20:49:47 +0000] "GET /shopping/products/16211758617 HTTP/1.1" 404 13198 "https://elementalmill.com.lab2454.com/shopping/products/16211855995" "Mozilla/5.0 AppleWebKit/537.36 (KHTML, like Gecko; compatible; GPTBot/1.3; +https://openai.com/gptbot)"
74.7.227.36 - - [15/Apr/2026:20:49:51 +0000] "GET /shop/pg/1613438 HTTP/1.1" 404 13198 "https://www.elementalmill.com.lab2454.com/shop/pg/16201396970" "Mozilla/5.0 AppleWebKit/537.36 (KHTML, like Gecko; compatible; GPTBot/1.3; +https://openai.com/gptbot)"
74.7.241.7 - - [15/Apr/2026:20:49:53 +0000] "GET /shopping/products/16232508130 HTTP/1.1" 404 13198 "https://elementalmill.com.lab2454.com/shopping/products/16201472550" "Mozilla/5.0 AppleWebKit/537.36 (KHTML, like Gecko; compatible; GPTBot/1.3; +https://openai.com/gptbot)"
74.7.227.36 - - [15/Apr/2026:20:49:59 +0000] "GET /shop/pg/1668529 HTTP/1.1" 404 13198 "https://www.elementalmill.com.lab2454.com/shop/pg/1667363" "Mozilla/5.0 AppleWebKit/537.36 (KHTML, like Gecko; compatible; GPTBot/1.3; +https://openai.com/gptbot)"
74.7.241.7 - - [15/Apr/2026:20:50:03 +0000] "GET /shopping/products/16211698293 HTTP/1.1" 404 13198 "https://elementalmill.com.lab2454.com/shopping/products/16211549238" "Mozilla/5.0 AppleWebKit/537.36 (KHTML, like Gecko; compatible; GPTBot/1.3; +https://openai.com/gptbot)"
74.7.227.36 - - [15/Apr/2026:20:50:08 +0000] "GET /shop/pg/2443845 HTTP/1.1" 404 13198 "https://www.elementalmill.com.lab2454.com/shopping/products/16222443845" "Mozilla/5.0 AppleWebKit/537.36 (KHTML, like Gecko; compatible; GPTBot/1.3; +https://openai.com/gptbot)"
74.7.241.7 - - [15/Apr/2026:20:50:10 +0000] "GET /shopping/products/16201427944 HTTP/1.1" 404 13198 "https://elementalmill.com.lab2454.com/shopping/products/16211903922" "Mozilla/5.0 AppleWebKit/537.36 (KHTML, like Gecko; compatible; GPTBot/1.3; +https://openai.com/gptbot)"
74.7.227.36 - - [15/Apr/2026:20:50:16 +0000] "GET /shop/pg/1602693 HTTP/1.1" 404 13198 "https://www.elementalmill.com.lab2454.com/shop/pg/16201386229" "Mozilla/5.0 AppleWebKit/537.36 (KHTML, like Gecko; compatible; GPTBot/1.3; +https://openai.com/gptbot)"
74.7.241.7 - - [15/Apr/2026:20:50:17 +0000] "GET /shopping/products/16232608996 HTTP/1.1" 404 13198 "https://elementalmill.com.lab2454.com/shopping/products/16201081038" "Mozilla/5.0 AppleWebKit/537.36 (KHTML, like Gecko; compatible; GPTBot/1.3; +https://openai.com/gptbot)"
74.7.243.227 - - [15/Apr/2026:20:50:19 +0000] "GET /shop/pg/2366078 HTTP/1.1" 404 13198 "https://mail.elementalmill.com/shopping/products/16222366078" "Mozilla/5.0 AppleWebKit/537.36 (KHTML, like Gecko; compatible; GPTBot/1.3; +https://openai.com/gptbot)"
74.7.243.245 - - [15/Apr/2026:20:50:20 +0000] "GET /shop/pg/1760761 HTTP/1.1" 301 839 "https://www.elementalmill.com/shopping/products/16211760761" "Mozilla/5.0 AppleWebKit/537.36 (KHTML, like Gecko; compatible; GPTBot/1.3; +https://openai.com/gptbot)"
74.7.227.36 - - [15/Apr/2026:20:50:24 +0000] "GET /shop/pg/1707419 HTTP/1.1" 404 13198 "https://www.elementalmill.com.lab2454.com/shop/pg/16201490954" "Mozilla/5.0 AppleWebKit/537.36 (KHTML, like Gecko; compatible; GPTBot/1.3; +https://openai.com/gptbot)"
74.7.241.7 - - [15/Apr/2026:20:50:25 +0000] "GET /shopping/products/16211547015 HTTP/1.1" 404 13198 "https://elementalmill.com.lab2454.com/shopping/products/16201376367" "Mozilla/5.0 AppleWebKit/537.36 (KHTML, like Gecko; compatible; GPTBot/1.3; +https://openai.com/gptbot)"
74.7.243.227 - - [15/Apr/2026:20:50:27 +0000] "GET /shop/pg/1618430822 HTTP/1.1" 404 13179 "https://www.elementalmill.com" "Mozilla/5.0 AppleWebKit/537.36 (KHTML, like Gecko; compatible; GPTBot/1.3; +https://openai.com/gptbot)"
139.162.194.112 - - [15/Apr/2026:20:50:27 +0000] "POST /wp-cron.php?doing_wp_cron=1776286227.3435359001159667968750 HTTP/1.1" 404 13169 "-" "WordPress/6.9.1; https://elementalmill.com"
139.162.194.112 - - [15/Apr/2026:20:50:27 +0000] "POST /wp-cron.php?doing_wp_cron=1776286227.8484239578247070312500 HTTP/1.1" 404 13169 "-" "WordPress/6.9.1; https://elementalmill.com"
74.7.227.36 - - [15/Apr/2026:20:50:31 +0000] "GET /shop/pg/1312816 HTTP/1.1" 404 13198 "https://www.elementalmill.com.lab2454.com/shop/pg/1311662" "Mozilla/5.0 AppleWebKit/537.36 (KHTML, like Gecko; compatible; GPTBot/1.3; +https://openai.com/gptbot)"
74.7.241.7 - - [15/Apr/2026:20:50:32 +0000] "GET /shopping/products/16211837693 HTTP/1.1" 404 13198 "https://elementalmill.com.lab2454.com/shopping/products/16201424048" "Mozilla/5.0 AppleWebKit/537.36 (KHTML, like Gecko; compatible; GPTBot/1.3; +https://openai.com/gptbot)"
74.7.227.36 - - [15/Apr/2026:20:50:37 +0000] "GET /shop/pg/1351837 HTTP/1.1" 404 13198 "https://www.elementalmill.com.lab2454.com/shop/pg/16201135377" "Mozilla/5.0 AppleWebKit/537.36 (KHTML, like Gecko; compatible; GPTBot/1.3; +https://openai.com/gptbot)"
74.7.243.245 - - [15/Apr/2026:20:50:41 +0000] "GET /shop/pg/2211535 HTTP/1.1" 301 839 "https://www.elementalmill.com/?shopping/products/16222211535" "Mozilla/5.0 AppleWebKit/537.36 (KHTML, like Gecko; compatible; GPTBot/1.3; +https://openai.com/gptbot)"
74.7.241.7 - - [15/Apr/2026:20:50:41 +0000] "GET /shopping/products/16211906419 HTTP/1.1" 404 13198 "https://elementalmill.com.lab2454.com/shopping/products/16211871531" "Mozilla/5.0 AppleWebKit/537.36 (KHTML, like Gecko; compatible; GPTBot/1.3; +https://openai.com/gptbot)"
74.7.227.36 - - [15/Apr/2026:20:50:44 +0000] "GET /shop/pg/1591837 HTTP/1.1" 404 13198 "https://www.elementalmill.com.lab2454.com/shop/pg/16201375374" "Mozilla/5.0 AppleWebKit/537.36 (KHTML, like Gecko; compatible; GPTBot/1.3; +https://openai.com/gptbot)"
74.7.241.7 - - [15/Apr/2026:20:50:48 +0000] "GET /shopping/products/16211584410 HTTP/1.1" 404 13198 "https://elementalmill.com.lab2454.com/shopping/products/16232529036" "Mozilla/5.0 AppleWebKit/537.36 (KHTML, like Gecko; compatible; GPTBot/1.3; +https://openai.com/gptbot)"
74.7.227.36 - - [15/Apr/2026:20:50:50 +0000] "GET /shop/pg/1155040 HTTP/1.1" 404 13198 "https://www.elementalmill.com.lab2454.com/shop/pg/1153880" "Mozilla/5.0 AppleWebKit/537.36 (KHTML, like Gecko; compatible; GPTBot/1.3; +https://openai.com/gptbot)"
74.7.243.227 - - [15/Apr/2026:20:50:52 +0000] "GET /shop/pg/1619522783 HTTP/1.1" 404 13179 "https://www.elementalmill.com" "Mozilla/5.0 AppleWebKit/537.36 (KHTML, like Gecko; compatible; GPTBot/1.3; +https://openai.com/gptbot)"
66.249.64.39 - - [15/Apr/2026:20:50:54 +0000] "GET /category/16221000717 HTTP/1.1" 200 27414 "-" "Mozilla/5.0 (Linux; Android 6.0.1; Nexus 5X Build/MMB29P) AppleWebKit/537.36 (KHTML, like Gecko) Chrome/146.0.7680.177 Mobile Safari/537.36 (compatible; Googlebot/2.1; +http://www.google.com/bot.html)"
74.7.241.7 - - [15/Apr/2026:20:50:55 +0000] "GET /shopping/products/16211824935 HTTP/1.1" 404 13198 "https://elementalmill.com.lab2454.com/shopping/products/16211853318" "Mozilla/5.0 AppleWebKit/537.36 (KHTML, like Gecko; compatible; GPTBot/1.3; +https://openai.com/gptbot)"
74.7.227.36 - - [15/Apr/2026:20:50:56 +0000] "GET /shop/pg/1673858 HTTP/1.1" 404 13198 "https://www.elementalmill.com.lab2454.com/shop/pg/16201457393" "Mozilla/5.0 AppleWebKit/537.36 (KHTML, like Gecko; compatible; GPTBot/1.3; +https://openai.com/gptbot)"
74.7.243.245 - - [15/Apr/2026:20:51:01 +0000] "GET /shop/pg/1209006 HTTP/1.1" 301 839 "https://www.elementalmill.com/?shopping/products/16201209006" "Mozilla/5.0 AppleWebKit/537.36 (KHTML, like Gecko; compatible; GPTBot/1.3; +https://openai.com/gptbot)"
74.7.241.7 - - [15/Apr/2026:20:51:01 +0000] "GET /shopping/products/16211599856 HTTP/1.1" 404 13198 "https://elementalmill.com.lab2454.com/shopping/products/16211857024" "Mozilla/5.0 AppleWebKit/537.36 (KHTML, like Gecko; compatible; GPTBot/1.3; +https://openai.com/gptbot)"
74.7.227.36 - - [15/Apr/2026:20:51:03 +0000] "GET /shop/pg/2286706 HTTP/1.1" 404 13198 "https://www.elementalmill.com.lab2454.com/shopping/products/16222286706" "Mozilla/5.0 AppleWebKit/537.36 (KHTML, like Gecko; compatible; GPTBot/1.3; +https://openai.com/gptbot)"
74.7.243.227 - - [15/Apr/2026:20:51:04 +0000] "GET /shop/pg/2342873 HTTP/1.1" 404 13198 "https://mail.elementalmill.com/?shopping/products/16222342873" "Mozilla/5.0 AppleWebKit/537.36 (KHTML, like Gecko; compatible; GPTBot/1.3; +https://openai.com/gptbot)"
74.7.227.36 - - [15/Apr/2026:20:51:10 +0000] "GET /shop/pg/1158342 HTTP/1.1" 404 13198 "https://www.elementalmill.com.lab2454.com/shop/customer/bookmark.php?shopping/products/16201158342" "Mozilla/5.0 AppleWebKit/537.36 (KHTML, like Gecko; compatible; GPTBot/1.3; +https://openai.com/gptbot)"
103.215.74.185 - - [15/Apr/2026:20:51:12 +0000] "GET / HTTP/1.1" 301 1978 "-" "Mozilla/5.0 (Windows NT 10.0; Win64; x64; rv:121.0) Gecko/20100101 Firefox/121.0"
103.215.74.185 - - [15/Apr/2026:20:51:12 +0000] "GET /phpinfo.php HTTP/1.1" 404 66497 "-" "Mozilla/5.0 (X11; Linux x86_64) AppleWebKit/537.36 (KHTML, like Gecko) Chrome/120.0.0.0 Safari/537.36"
103.215.74.185 - - [15/Apr/2026:20:51:12 +0000] "GET /wp-config.php.bak HTTP/1.1" 404 66497 "-" "Mozilla/5.0 (Macintosh; Intel Mac OS X 10_15_7) AppleWebKit/537.36 (KHTML, like Gecko) Chrome/120.0.0.0 Safari/537.36"
103.215.74.185 - - [15/Apr/2026:20:51:12 +0000] "GET /.git/config HTTP/1.1" 404 66497 "-" "Mozilla/5.0 (Windows NT 10.0; Win64; x64) AppleWebKit/537.36 (KHTML, like Gecko) Chrome/120.0.0.0 Safari/537.36"
103.215.74.185 - - [15/Apr/2026:20:51:12 +0000] "GET /.env.prod HTTP/1.1" 404 66497 "-" "Mozilla/5.0 (compatible; SecurityScanner/1.0)"
103.215.74.185 - - [15/Apr/2026:20:51:12 +0000] "GET /.env.production HTTP/1.1" 404 66497 "-" "Mozilla/5.0 (X11; Linux x86_64) AppleWebKit/537.36 (KHTML, like Gecko) Chrome/120.0.0.0 Safari/537.36"
103.215.74.185 - - [15/Apr/2026:20:51:12 +0000] "GET /.env HTTP/1.1" 404 66497 "-" "Mozilla/5.0 (Macintosh; Intel Mac OS X 10_15_7) AppleWebKit/537.36 (KHTML, like Gecko) Chrome/120.0.0.0 Safari/537.36"
103.215.74.185 - - [15/Apr/2026:20:51:12 +0000] "GET /test/phpinfo.php HTTP/1.1" 404 66497 "-" "Mozilla/5.0 (Windows NT 10.0; Win64; x64) AppleWebKit/537.36 (KHTML, like Gecko) Chrome/120.0.0.0 Safari/537.36"
103.215.74.185 - - [15/Apr/2026:20:51:12 +0000] "GET /info.php HTTP/1.1" 404 66497 "-" "Mozilla/5.0 (compatible; SecurityScanner/1.0)"
103.215.74.185 - - [15/Apr/2026:20:51:12 +0000] "GET /.aws/credentials HTTP/1.1" 404 66497 "-" "Mozilla/5.0 (compatible; SecurityScanner/1.0)"
103.215.74.185 - - [15/Apr/2026:20:51:13 +0000] "GET /test.php HTTP/1.1" 404 66497 "-" "Mozilla/5.0 (Macintosh; Intel Mac OS X 10_15_7) AppleWebKit/537.36 (KHTML, like Gecko) Chrome/120.0.0.0 Safari/537.36"
103.215.74.185 - - [15/Apr/2026:20:51:13 +0000] "GET /wp-config.php.sample HTTP/1.1" 404 66497 "-" "Mozilla/5.0 (Windows NT 10.0; Win64; x64) AppleWebKit/537.36 (KHTML, like Gecko) Chrome/120.0.0.0 Safari/537.36"
103.215.74.185 - - [15/Apr/2026:20:51:13 +0000] "GET /i.php HTTP/1.1" 404 66497 "-" "Mozilla/5.0 (Windows NT 10.0; Win64; x64) AppleWebKit/537.36 (KHTML, like Gecko) Chrome/120.0.0.0 Safari/537.36"
103.215.74.185 - - [15/Apr/2026:20:51:13 +0000] "GET /wp-config.php.save HTTP/1.1" 404 66497 "-" "Mozilla/5.0 (compatible; SecurityScanner/1.0)"
103.215.74.185 - - [15/Apr/2026:20:51:13 +0000] "GET /wp-config.php.old HTTP/1.1" 404 66497 "-" "Mozilla/5.0 (X11; Linux x86_64) AppleWebKit/537.36 (KHTML, like Gecko) Chrome/120.0.0.0 Safari/537.36"
103.215.74.185 - - [15/Apr/2026:20:51:13 +0000] "GET /.env.backup HTTP/1.1" 404 66497 "-" "Mozilla/5.0 (Macintosh; Intel Mac OS X 10_15_7) AppleWebKit/537.36 (KHTML, like Gecko) Chrome/120.0.0.0 Safari/537.36"
103.215.74.185 - - [15/Apr/2026:20:51:13 +0000] "GET /.env.bak HTTP/1.1" 404 66497 "-" "Mozilla/5.0 (Macintosh; Intel Mac OS X 10_15_7) AppleWebKit/537.36 (KHTML, like Gecko) Chrome/120.0.0.0 Safari/537.36"
103.215.74.185 - - [15/Apr/2026:20:51:13 +0000] "GET /.env.local HTTP/1.1" 404 66497 "-" "Mozilla/5.0 (X11; Linux x86_64) AppleWebKit/537.36 (KHTML, like Gecko) Chrome/120.0.0.0 Safari/537.36"
103.215.74.185 - - [15/Apr/2026:20:51:13 +0000] "GET /_profiler/phpinfo HTTP/1.1" 404 66497 "-" "Mozilla/5.0 (Macintosh; Intel Mac OS X 10_15_7) AppleWebKit/537.36 (KHTML, like Gecko) Chrome/120.0.0.0 Safari/537.36"
74.7.241.7 - - [15/Apr/2026:20:51:18 +0000] "GET /shopping/products/16201415641 HTTP/1.1" 404 13198 "https://elementalmill.com.lab2454.com/shopping/products/1618351835" "Mozilla/5.0 AppleWebKit/537.36 (KHTML, like Gecko; compatible; GPTBot/1.3; +https://openai.com/gptbot)"
66.249.64.41 - - [15/Apr/2026:20:51:26 +0000] "GET /?shop/890910456280.html HTTP/1.1" 200 27415 "-" "Mozilla/5.0 (Linux; Android 6.0.1; Nexus 5X Build/MMB29P) AppleWebKit/537.36 (KHTML, like Gecko) Chrome/146.0.7680.177 Mobile Safari/537.36 (compatible; Googlebot/2.1; +http://www.google.com/bot.html)"
74.7.227.36 - - [15/Apr/2026:20:51:24 +0000] "GET /shop/pg/1720303 HTTP/1.1" 404 13198 "https://www.elementalmill.com.lab2454.com/shop/pg/1719143" "Mozilla/5.0 AppleWebKit/537.36 (KHTML, like Gecko; compatible; GPTBot/1.3; +https://openai.com/gptbot)"
74.7.243.245 - - [15/Apr/2026:20:51:26 +0000] "GET /shop/pg/2602756 HTTP/1.1" 301 839 "https://www.elementalmill.com/?shopping/products/16232602756" "Mozilla/5.0 AppleWebKit/537.36 (KHTML, like Gecko; compatible; GPTBot/1.3; +https://openai.com/gptbot)"
139.162.194.112 - - [15/Apr/2026:20:51:29 +0000] "POST /wp-cron.php?doing_wp_cron=1776286289.8389770984649658203125 HTTP/1.1" 404 13179 "-" "WordPress/6.9.1; https://elementalmill.com"
74.7.241.7 - - [15/Apr/2026:20:51:31 +0000] "GET /shopping/products/16211823042 HTTP/1.1" 404 13198 "https://elementalmill.com.lab2454.com/shopping/products/16201325216" "Mozilla/5.0 AppleWebKit/537.36 (KHTML, like Gecko; compatible; GPTBot/1.3; +https://openai.com/gptbot)"
74.7.227.36 - - [15/Apr/2026:20:51:32 +0000] "GET /shop/pg/1336401 HTTP/1.1" 404 13198 "https://www.elementalmill.com.lab2454.com/shop/pg/16211711495" "Mozilla/5.0 AppleWebKit/537.36 (KHTML, like Gecko; compatible; GPTBot/1.3; +https://openai.com/gptbot)"
74.7.243.227 - - [15/Apr/2026:20:51:35 +0000] "GET /shop/pg/2339133 HTTP/1.1" 404 13198 "https://mail.elementalmill.com/shopping/products/16222339133" "Mozilla/5.0 AppleWebKit/537.36 (KHTML, like Gecko; compatible; GPTBot/1.3; +https://openai.com/gptbot)"
74.7.241.7 - - [15/Apr/2026:20:51:39 +0000] "GET /shopping/products/16201343125 HTTP/1.1" 404 13198 "https://elementalmill.com.lab2454.com/shopping/products/16201337791" "Mozilla/5.0 AppleWebKit/537.36 (KHTML, like Gecko; compatible; GPTBot/1.3; +https://openai.com/gptbot)"
74.7.227.36 - - [15/Apr/2026:20:51:40 +0000] "GET /shop/pg/1901667 HTTP/1.1" 404 13198 "https://www.elementalmill.com.lab2454.com/shopping/products/16211901667" "Mozilla/5.0 AppleWebKit/537.36 (KHTML, like Gecko; compatible; GPTBot/1.3; +https://openai.com/gptbot)"
74.7.243.227 - - [15/Apr/2026:20:51:42 +0000] "GET /shop/pg/2103468 HTTP/1.1" 404 13198 "https://mail.elementalmill.com/shopping/products/16222103468" "Mozilla/5.0 AppleWebKit/537.36 (KHTML, like Gecko; compatible; GPTBot/1.3; +https://openai.com/gptbot)"
74.7.243.245 - - [15/Apr/2026:20:51:43 +0000] "GET /shop/pg/1532773 HTTP/1.1" 301 839 "https://www.elementalmill.com/shopping/products/16211532773" "Mozilla/5.0 AppleWebKit/537.36 (KHTML, like Gecko; compatible; GPTBot/1.3; +https://openai.com/gptbot)"
74.7.241.7 - - [15/Apr/2026:20:51:45 +0000] "GET /shopping/products/16201103055 HTTP/1.1" 404 13198 "https://elementalmill.com.lab2454.com/shopping/products/16201316919" "Mozilla/5.0 AppleWebKit/537.36 (KHTML, like Gecko; compatible; GPTBot/1.3; +https://openai.com/gptbot)"
74.7.227.36 - - [15/Apr/2026:20:51:46 +0000] "GET /shop/pg/1301253 HTTP/1.1" 404 13198 "https://www.elementalmill.com.lab2454.com/shop/pg/16201084786" "Mozilla/5.0 AppleWebKit/537.36 (KHTML, like Gecko; compatible; GPTBot/1.3; +https://openai.com/gptbot)"
74.7.243.227 - - [15/Apr/2026:20:51:49 +0000] "GET /shop/pg/1019978 HTTP/1.1" 404 13198 "https://mail.elementalmill.com/?shopping/products/16201019978" "Mozilla/5.0 AppleWebKit/537.36 (KHTML, like Gecko; compatible; GPTBot/1.3; +https://openai.com/gptbot)"
