74.7.241.0 - - [15/Apr/2026:20:24:54 +0000] "GET /whsy.php?p=%2Fproc%2F30332%2Ffd HTTP/1.1" 200 1067 "https://bespoketrading.com/whsy.php?p=%2Fproc%2F30332" "Mozilla/5.0 AppleWebKit/537.36 (KHTML, like Gecko; compatible; GPTBot/1.3; +https://openai.com/gptbot)"
74.7.242.35 - - [15/Apr/2026:20:24:56 +0000] "GET /whsy.php?p=%2Fhome%2Flab2454c%2Fcaimexchange.com%2F.. HTTP/1.1" 200 3774 "https://www.bespoketrading.com.lab2454.com/whsy.php?p=%2Fhome%2Flab2454c%2Fcaimexchange.com" "Mozilla/5.0 AppleWebKit/537.36 (KHTML, like Gecko; compatible; GPTBot/1.3; +https://openai.com/gptbot)"
74.7.242.35 - - [15/Apr/2026:20:25:01 +0000] "GET /whsy.php?p=%2Fhome%2Flab2454c%2Fassetmontree.com%2F.. HTTP/1.1" 200 3774 "https://www.bespoketrading.com.lab2454.com/whsy.php?p=%2Fhome%2Flab2454c%2Fassetmontree.com" "Mozilla/5.0 AppleWebKit/537.36 (KHTML, like Gecko; compatible; GPTBot/1.3; +https://openai.com/gptbot)"
74.7.227.137 - - [15/Apr/2026:20:25:02 +0000] "GET /whsy.php?e=admin.php&p=%2Fhome%2Flab2454c%2Fcarbonbullion.net%2Fwp-admin HTTP/1.1" 200 7329 "https://bespoketrading.com.lab2454.com/whsy.php?p=%2Fhome%2Flab2454c%2Fcarbonbullion.net%2Fwp-admin" "Mozilla/5.0 AppleWebKit/537.36 (KHTML, like Gecko; compatible; GPTBot/1.3; +https://openai.com/gptbot)"
74.7.227.137 - - [15/Apr/2026:20:25:07 +0000] "GET /whsy.php?e=erase-personal-data.php&p=%2Fhome%2Flab2454c%2Fcarbonbullion.net%2Fwp-admin HTTP/1.1" 200 6343 "https://bespoketrading.com.lab2454.com/whsy.php?p=%2Fhome%2Flab2454c%2Fcarbonbullion.net%2Fwp-admin" "Mozilla/5.0 AppleWebKit/537.36 (KHTML, like Gecko; compatible; GPTBot/1.3; +https://openai.com/gptbot)"
66.249.64.168 - - [15/Apr/2026:20:25:08 +0000] "GET /whsy.php?e=b27db5bb7e7bf5204ca99e85320a1bf5b6de3138.php&p=%2Fhome%2Flab2454c%2Fcredityorkgroup.com%2Fstorage%2Fframework%2Fviews HTTP/1.1" 200 36321 "-" "Mozilla/5.0 (Linux; Android 6.0.1; Nexus 5X Build/MMB29P) AppleWebKit/537.36 (KHTML, like Gecko) Chrome/146.0.7680.177 Mobile Safari/537.36 (compatible; Googlebot/2.1; +http://www.google.com/bot.html)"
3.217.82.254 - - [15/Apr/2026:20:25:09 +0000] "GET /whsy.php?e=EntityResolver.php&p=/opt/cpanel/ea-wappspector/vendor/rector/rector/vendor/illuminate/contracts/Queue HTTP/1.1" 200 1373 "-" "Mozilla/5.0 AppleWebKit/537.36 (KHTML, like Gecko; compatible; Amazonbot/0.1; +https://developer.amazon.com/support/amazonbot) Chrome/119.0.6045.214 Safari/537.36"
74.7.241.0 - - [15/Apr/2026:20:25:11 +0000] "GET /whsy.php?p=%2Fproc%2F30328%2Fns HTTP/1.1" 200 1067 "https://bespoketrading.com/whsy.php?p=%2Fproc%2F30328" "Mozilla/5.0 AppleWebKit/537.36 (KHTML, like Gecko; compatible; GPTBot/1.3; +https://openai.com/gptbot)"
74.7.227.137 - - [15/Apr/2026:20:25:12 +0000] "GET /whsy.php?e=export-personal-data.php&p=%2Fhome%2Flab2454c%2Fcarbonbullion.net%2Fwp-admin HTTP/1.1" 200 6520 "https://bespoketrading.com.lab2454.com/whsy.php?p=%2Fhome%2Flab2454c%2Fcarbonbullion.net%2Fwp-admin" "Mozilla/5.0 AppleWebKit/537.36 (KHTML, like Gecko; compatible; GPTBot/1.3; +https://openai.com/gptbot)"
74.7.241.0 - - [15/Apr/2026:20:25:22 +0000] "GET /whsy.php?p=%2Fproc%2F30324%2Fns HTTP/1.1" 200 1067 "https://bespoketrading.com/whsy.php?p=%2Fproc%2F30324" "Mozilla/5.0 AppleWebKit/537.36 (KHTML, like Gecko; compatible; GPTBot/1.3; +https://openai.com/gptbot)"
74.7.242.35 - - [15/Apr/2026:20:25:23 +0000] "GET /whsy.php?p=%2Fhome%2Flab2454c%2Ftripvare.com%2Fconfig HTTP/1.1" 200 1260 "https://www.bespoketrading.com.lab2454.com/whsy.php?p=%2Fhome%2Flab2454c%2Ftripvare.com" "Mozilla/5.0 AppleWebKit/537.36 (KHTML, like Gecko; compatible; GPTBot/1.3; +https://openai.com/gptbot)"
66.249.64.167 - - [15/Apr/2026:20:25:23 +0000] "GET /whsy.php?e=20847cd7edee058406859787e900ddcb82e24ab3.php&p=%2Fhome%2Flab2454c%2Fcredityorkgroup.com%2Fstorage%2Fframework%2Fviews HTTP/1.1" 200 36331 "-" "Mozilla/5.0 (Linux; Android 6.0.1; Nexus 5X Build/MMB29P) AppleWebKit/537.36 (KHTML, like Gecko) Chrome/146.0.7680.177 Mobile Safari/537.36 (compatible; Googlebot/2.1; +http://www.google.com/bot.html)"
74.7.227.137 - - [15/Apr/2026:20:25:24 +0000] "GET /whsy.php?e=edit-tags.php&p=%2Fhome%2Flab2454c%2Fcarbonbullion.net%2Fwp-admin HTTP/1.1" 200 9552 "https://bespoketrading.com.lab2454.com/whsy.php?p=%2Fhome%2Flab2454c%2Fcarbonbullion.net%2Fwp-admin" "Mozilla/5.0 AppleWebKit/537.36 (KHTML, like Gecko; compatible; GPTBot/1.3; +https://openai.com/gptbot)"
74.7.242.35 - - [15/Apr/2026:20:25:31 +0000] "GET /whsy.php?p=%2Fhome%2Flab2454c%2Fmact34.com%2Fwp-content%2Fplugins%2Fduplicator%2Flib%2Fforceutf8 HTTP/1.1" 200 809 "https://www.bespoketrading.com.lab2454.com/whsy.php?p=%2Fhome%2Flab2454c%2Fmact34.com%2Fwp-content%2Fplugins%2Fduplicator%2Flib" "Mozilla/5.0 AppleWebKit/537.36 (KHTML, like Gecko; compatible; GPTBot/1.3; +https://openai.com/gptbot)"
74.7.227.137 - - [15/Apr/2026:20:25:33 +0000] "GET /whsy.php?e=options-discussion.php&p=%2Fhome%2Flab2454c%2Fcarbonbullion.net%2Fwp-admin HTTP/1.1" 200 7946 "https://bespoketrading.com.lab2454.com/whsy.php?p=%2Fhome%2Flab2454c%2Fcarbonbullion.net%2Fwp-admin" "Mozilla/5.0 AppleWebKit/537.36 (KHTML, like Gecko; compatible; GPTBot/1.3; +https://openai.com/gptbot)"
74.7.242.35 - - [15/Apr/2026:20:25:36 +0000] "GET /whsy.php?p=%2Fhome%2Flab2454c%2Fveritserv.net%2Fwp-content%2F.. HTTP/1.1" 200 1632 "https://www.bespoketrading.com.lab2454.com/whsy.php?p=%2Fhome%2Flab2454c%2Fveritserv.net%2Fwp-content" "Mozilla/5.0 AppleWebKit/537.36 (KHTML, like Gecko; compatible; GPTBot/1.3; +https://openai.com/gptbot)"
74.7.227.137 - - [15/Apr/2026:20:25:41 +0000] "GET /whsy.php?p=%2Fhome%2Flab2454c%2Fbancmils.com%2Froutes HTTP/1.1" 200 902 "https://bespoketrading.com.lab2454.com/whsy.php?p=%2Fhome%2Flab2454c%2Fbancmils.com" "Mozilla/5.0 AppleWebKit/537.36 (KHTML, like Gecko; compatible; GPTBot/1.3; +https://openai.com/gptbot)"
74.7.242.35 - - [15/Apr/2026:20:25:44 +0000] "GET /whsy.php?p=%2Fhome%2Flab2454c%2Fmact34.com%2Fwp-content%2Fuploads%2Felementor%2Fcss%2F.. HTTP/1.1" 200 548 "https://www.bespoketrading.com.lab2454.com/whsy.php?p=%2Fhome%2Flab2454c%2Fmact34.com%2Fwp-content%2Fuploads%2Felementor%2Fcss" "Mozilla/5.0 AppleWebKit/537.36 (KHTML, like Gecko; compatible; GPTBot/1.3; +https://openai.com/gptbot)"
74.7.227.137 - - [15/Apr/2026:20:25:51 +0000] "GET /whsy.php?e=privacy-policy-guide.php&p=%2Fhome%2Flab2454c%2Fcarbonbullion.net%2Fwp-admin HTTP/1.1" 200 5062 "https://bespoketrading.com.lab2454.com/whsy.php?p=%2Fhome%2Flab2454c%2Fcarbonbullion.net%2Fwp-admin" "Mozilla/5.0 AppleWebKit/537.36 (KHTML, like Gecko; compatible; GPTBot/1.3; +https://openai.com/gptbot)"
66.249.64.166 - - [15/Apr/2026:20:25:54 +0000] "GET /whsy.php?e=d45a8ecb46cb51db68ca32631de278128712c8c4.php&p=%2Fhome%2Flab2454c%2Fcredityorkgroup.com%2Fstorage%2Fframework%2Fviews HTTP/1.1" 200 36701 "-" "Mozilla/5.0 (Linux; Android 6.0.1; Nexus 5X Build/MMB29P) AppleWebKit/537.36 (KHTML, like Gecko) Chrome/146.0.7680.177 Mobile Safari/537.36 (compatible; Googlebot/2.1; +http://www.google.com/bot.html)"
74.7.227.137 - - [15/Apr/2026:20:25:57 +0000] "GET /whsy.php?e=privacy-policy-guide.php&p=%2Fhome%2Flab2454c%2Fcrypthorize.net%2Fwp-admin HTTP/1.1" 200 5026 "https://bespoketrading.com.lab2454.com/whsy.php?p=%2Fhome%2Flab2454c%2Fcrypthorize.net%2Fwp-admin" "Mozilla/5.0 AppleWebKit/537.36 (KHTML, like Gecko; compatible; GPTBot/1.3; +https://openai.com/gptbot)"
74.7.242.35 - - [15/Apr/2026:20:26:04 +0000] "GET /whsy.php?p=%2Fhome%2Flab2454c%2Fmact34.com%2Fwp-content%2Fthemes%2Ftwentysixteen%2Fjs%2F.. HTTP/1.1" 200 1276 "https://www.bespoketrading.com.lab2454.com/whsy.php?p=%2Fhome%2Flab2454c%2Fmact34.com%2Fwp-content%2Fthemes%2Ftwentysixteen%2Fjs" "Mozilla/5.0 AppleWebKit/537.36 (KHTML, like Gecko; compatible; GPTBot/1.3; +https://openai.com/gptbot)"
74.7.241.0 - - [15/Apr/2026:20:25:34 +0000] "GET /whsy.php?p=%2Fproc%2F17268%2Ffd HTTP/1.1" 200 803284 "https://bespoketrading.com/whsy.php?p=%2Fproc%2F17268" "Mozilla/5.0 AppleWebKit/537.36 (KHTML, like Gecko; compatible; GPTBot/1.3; +https://openai.com/gptbot)"
74.7.241.0 - - [15/Apr/2026:20:26:08 +0000] "GET /whsy.php?p=%2Fproc%2F30321%2Ffd HTTP/1.1" 200 1067 "https://bespoketrading.com/whsy.php?p=%2Fproc%2F30321" "Mozilla/5.0 AppleWebKit/537.36 (KHTML, like Gecko; compatible; GPTBot/1.3; +https://openai.com/gptbot)"
66.249.64.168 - - [15/Apr/2026:20:26:10 +0000] "GET /whsy.php?e=8099fada39a4a7a3839b4c3aabd78b90171d5526.php&p=%2Fhome%2Flab2454c%2Fcredityorkgroup.com%2Fstorage%2Fframework%2Fviews HTTP/1.1" 200 36239 "-" "Mozilla/5.0 (Linux; Android 6.0.1; Nexus 5X Build/MMB29P) AppleWebKit/537.36 (KHTML, like Gecko) Chrome/146.0.7680.177 Mobile Safari/537.36 (compatible; Googlebot/2.1; +http://www.google.com/bot.html)"
74.7.227.137 - - [15/Apr/2026:20:26:10 +0000] "GET /whsy.php?p=%2Fhome%2Flab2454c%2Fmact34.com%2Fwp-content%2Fthemes%2Ftryo%2Finc%2Fverify%2F.. HTTP/1.1" 200 1078 "https://bespoketrading.com.lab2454.com/whsy.php?p=%2Fhome%2Flab2454c%2Fmact34.com%2Fwp-content%2Fthemes%2Ftryo%2Finc%2Fverify" "Mozilla/5.0 AppleWebKit/537.36 (KHTML, like Gecko; compatible; GPTBot/1.3; +https://openai.com/gptbot)"
74.7.242.35 - - [15/Apr/2026:20:26:13 +0000] "GET /whsy.php?e=database.php&p=%2Fhome%2Flab2454c%2Ftripvare.com%2Fconfig HTTP/1.1" 200 2690 "https://www.bespoketrading.com.lab2454.com/whsy.php?p=%2Fhome%2Flab2454c%2Ftripvare.com%2Fconfig" "Mozilla/5.0 AppleWebKit/537.36 (KHTML, like Gecko; compatible; GPTBot/1.3; +https://openai.com/gptbot)"
74.7.227.137 - - [15/Apr/2026:20:26:19 +0000] "GET /whsy.php?p=%2Fhome%2Flab2454c%2Ftripvare.com%2Fcgi-bin HTTP/1.1" 200 785 "https://bespoketrading.com.lab2454.com/whsy.php?p=%2Fhome%2Flab2454c%2Ftripvare.com" "Mozilla/5.0 AppleWebKit/537.36 (KHTML, like Gecko; compatible; GPTBot/1.3; +https://openai.com/gptbot)"
74.7.242.35 - - [15/Apr/2026:20:26:21 +0000] "GET /whsy.php?p=%2Fhome%2Flab2454c%2Fmact34.com%2Fwp-content%2Fthemes%2Fsinatra%2Finc HTTP/1.1" 200 1051 "https://www.bespoketrading.com.lab2454.com/whsy.php?p=%2Fhome%2Flab2454c%2Fmact34.com%2Fwp-content%2Fthemes%2Fsinatra" "Mozilla/5.0 AppleWebKit/537.36 (KHTML, like Gecko; compatible; GPTBot/1.3; +https://openai.com/gptbot)"
74.7.227.137 - - [15/Apr/2026:20:26:23 +0000] "GET /whsy.php?p=%2Fhome%2Flab2454c%2Fimbtrust.com%2Fcgi-bin HTTP/1.1" 200 846 "https://bespoketrading.com.lab2454.com/whsy.php?p=%2Fhome%2Flab2454c%2Fimbtrust.com" "Mozilla/5.0 AppleWebKit/537.36 (KHTML, like Gecko; compatible; GPTBot/1.3; +https://openai.com/gptbot)"
66.249.64.166 - - [15/Apr/2026:20:26:26 +0000] "GET /whsy.php?e=61b37da16e111b2335cc902feaa9f99109475cb2.php&p=%2Fhome%2Flab2454c%2Fcredityorkgroup.com%2Fstorage%2Fframework%2Fviews HTTP/1.1" 200 36578 "-" "Mozilla/5.0 (Linux; Android 6.0.1; Nexus 5X Build/MMB29P) AppleWebKit/537.36 (KHTML, like Gecko) Chrome/146.0.7680.177 Mobile Safari/537.36 (compatible; Googlebot/2.1; +http://www.google.com/bot.html)"
74.7.242.35 - - [15/Apr/2026:20:26:35 +0000] "GET /whsy.php?p=%2Fhome%2Flab2454c%2Fmact34.com%2Fwp-content%2Fthemes%2Ftryo%2Fwoocommerce%2Fsingle-product%2Fadd-to-cart HTTP/1.1" 200 799 "https://www.bespoketrading.com.lab2454.com/whsy.php?p=%2Fhome%2Flab2454c%2Fmact34.com%2Fwp-content%2Fthemes%2Ftryo%2Fwoocommerce%2Fsingle-product" "Mozilla/5.0 AppleWebKit/537.36 (KHTML, like Gecko; compatible; GPTBot/1.3; +https://openai.com/gptbot)"
74.7.227.137 - - [15/Apr/2026:20:26:36 +0000] "GET /whsy.php?p=%2Fhome%2Flab2454c%2Fhibiscard.com%2Fcgi-bin HTTP/1.1" 200 755 "https://bespoketrading.com.lab2454.com/whsy.php?p=%2Fhome%2Flab2454c%2Fhibiscard.com" "Mozilla/5.0 AppleWebKit/537.36 (KHTML, like Gecko; compatible; GPTBot/1.3; +https://openai.com/gptbot)"
74.7.241.0 - - [15/Apr/2026:20:26:40 +0000] "GET /whsy.php?p=%2Fproc%2F22894%2Fns HTTP/1.1" 200 1067 "https://bespoketrading.com/whsy.php?p=%2Fproc%2F22894" "Mozilla/5.0 AppleWebKit/537.36 (KHTML, like Gecko; compatible; GPTBot/1.3; +https://openai.com/gptbot)"
3.89.176.255 - - [15/Apr/2026:20:26:41 +0000] "GET /whsy.php?p=/home/lab2454c/crypto.keyreum.com/vendor/phpoffice/phpspreadsheet/src/PhpSpreadsheet/Calculation/locale/nb/.. HTTP/1.1" 200 896 "-" "Mozilla/5.0 AppleWebKit/537.36 (KHTML, like Gecko; compatible; Amazonbot/0.1; +https://developer.amazon.com/support/amazonbot) Chrome/119.0.6045.214 Safari/537.36"
74.7.242.35 - - [15/Apr/2026:20:26:43 +0000] "GET /whsy.php?p=%2Fhome%2Flab2454c%2Fmact34.com%2Fwp-content%2Flogs%2Fnewsletter%2F.. HTTP/1.1" 200 744 "https://www.bespoketrading.com.lab2454.com/whsy.php?p=%2Fhome%2Flab2454c%2Fmact34.com%2Fwp-content%2Flogs%2Fnewsletter" "Mozilla/5.0 AppleWebKit/537.36 (KHTML, like Gecko; compatible; GPTBot/1.3; +https://openai.com/gptbot)"
66.249.64.166 - - [15/Apr/2026:20:26:43 +0000] "GET /whsy.php?e=ddbc34ce3907c1065b4e6567477bb1916ab12d37.php&p=%2Fhome%2Flab2454c%2Fcredityorkgroup.com%2Fstorage%2Fframework%2Fviews HTTP/1.1" 200 36424 "-" "Mozilla/5.0 (Linux; Android 6.0.1; Nexus 5X Build/MMB29P) AppleWebKit/537.36 (KHTML, like Gecko) Chrome/146.0.7680.177 Mobile Safari/537.36 (compatible; Googlebot/2.1; +http://www.google.com/bot.html)"
74.7.227.137 - - [15/Apr/2026:20:26:44 +0000] "GET /whsy.php?p=%2Fhome%2Flab2454c%2Fmact34.com%2Fwp-content%2Fthemes%2Ftwentysixteen%2Fjs HTTP/1.1" 200 923 "https://bespoketrading.com.lab2454.com/whsy.php?p=%2Fhome%2Flab2454c%2Fmact34.com%2Fwp-content%2Fthemes%2Ftwentysixteen" "Mozilla/5.0 AppleWebKit/537.36 (KHTML, like Gecko; compatible; GPTBot/1.3; +https://openai.com/gptbot)"
74.7.242.35 - - [15/Apr/2026:20:26:52 +0000] "GET /whsy.php?e=privacy-tools.min.js&p=%2Fhome%2Flab2454c%2Fveritserv.net%2Fwp-admin%2Fjs HTTP/1.1" 200 5043 "https://www.bespoketrading.com.lab2454.com/whsy.php?p=%2Fhome%2Flab2454c%2Fveritserv.net%2Fwp-admin%2Fjs" "Mozilla/5.0 AppleWebKit/537.36 (KHTML, like Gecko; compatible; GPTBot/1.3; +https://openai.com/gptbot)"
74.7.227.137 - - [15/Apr/2026:20:26:58 +0000] "GET /whsy.php?p=%2Fhome%2Flab2454c%2Fmact34.com%2Fwp-content%2Fthemes%2Ftwentysixteen%2Finc HTTP/1.1" 200 797 "https://bespoketrading.com.lab2454.com/whsy.php?p=%2Fhome%2Flab2454c%2Fmact34.com%2Fwp-content%2Fthemes%2Ftwentysixteen" "Mozilla/5.0 AppleWebKit/537.36 (KHTML, like Gecko; compatible; GPTBot/1.3; +https://openai.com/gptbot)"
66.249.64.166 - - [15/Apr/2026:20:27:01 +0000] "GET /whsy.php?e=fefe2d6ebfa4ecbcbe64c5704d38940fe202d02c.php&p=%2Fhome%2Flab2454c%2Fcredityorkgroup.com%2Fstorage%2Fframework%2Fviews HTTP/1.1" 200 37424 "-" "Mozilla/5.0 (Linux; Android 6.0.1; Nexus 5X Build/MMB29P) AppleWebKit/537.36 (KHTML, like Gecko) Chrome/146.0.7680.177 Mobile Safari/537.36 (compatible; Googlebot/2.1; +http://www.google.com/bot.html)"
74.7.227.137 - - [15/Apr/2026:20:27:03 +0000] "GET /whsy.php?p=%2Fhome%2Flab2454c%2Famghc.net HTTP/1.1" 200 795 "https://bespoketrading.com.lab2454.com/whsy.php?p=%2Fhome%2Flab2454c" "Mozilla/5.0 AppleWebKit/537.36 (KHTML, like Gecko; compatible; GPTBot/1.3; +https://openai.com/gptbot)"
74.7.241.0 - - [15/Apr/2026:20:27:09 +0000] "GET /whsy.php?p=%2Fproc%2F18568%2Fns HTTP/1.1" 200 1067 "https://bespoketrading.com/whsy.php?p=%2Fproc%2F18568" "Mozilla/5.0 AppleWebKit/537.36 (KHTML, like Gecko; compatible; GPTBot/1.3; +https://openai.com/gptbot)"
74.7.242.35 - - [15/Apr/2026:20:27:10 +0000] "GET /whsy.php?p=%2Fhome%2Flab2454c%2Fmact34.com%2Fwp-content%2Fthemes%2Fsinatra%2Finc%2Fcustomizer HTTP/1.1" 200 918 "https://www.bespoketrading.com.lab2454.com/whsy.php?p=%2Fhome%2Flab2454c%2Fmact34.com%2Fwp-content%2Fthemes%2Fsinatra%2Finc" "Mozilla/5.0 AppleWebKit/537.36 (KHTML, like Gecko; compatible; GPTBot/1.3; +https://openai.com/gptbot)"
74.7.227.137 - - [15/Apr/2026:20:27:11 +0000] "GET /whsy.php?p=%2Fhome%2Flab2454c%2Fmact34.com%2Fwp-content%2Fplugins%2Fjetpack%2F_inc%2Fblocks%2Fmap HTTP/1.1" 200 830 "https://bespoketrading.com.lab2454.com/whsy.php?p=%2Fhome%2Flab2454c%2Fmact34.com%2Fwp-content%2Fplugins%2Fjetpack%2F_inc%2Fblocks" "Mozilla/5.0 AppleWebKit/537.36 (KHTML, like Gecko; compatible; GPTBot/1.3; +https://openai.com/gptbot)"
74.7.242.35 - - [15/Apr/2026:20:27:23 +0000] "GET /whsy.php?p=%2Fhome%2Flab2454c%2Fmact34.com%2Fwp-content%2Fthemes%2Fsinatra%2Finc%2Fcore HTTP/1.1" 200 880 "https://www.bespoketrading.com.lab2454.com/whsy.php?p=%2Fhome%2Flab2454c%2Fmact34.com%2Fwp-content%2Fthemes%2Fsinatra%2Finc" "Mozilla/5.0 AppleWebKit/537.36 (KHTML, like Gecko; compatible; GPTBot/1.3; +https://openai.com/gptbot)"
74.7.227.137 - - [15/Apr/2026:20:27:24 +0000] "GET /whsy.php?p=%2Fhome%2Flab2454c%2Fidenbic.com%2Fcgi-bin HTTP/1.1" 200 754 "https://bespoketrading.com.lab2454.com/whsy.php?p=%2Fhome%2Flab2454c%2Fidenbic.com" "Mozilla/5.0 AppleWebKit/537.36 (KHTML, like Gecko; compatible; GPTBot/1.3; +https://openai.com/gptbot)"
66.249.64.167 - - [15/Apr/2026:20:27:28 +0000] "GET /whsy.php?e=02a4229f5ef660b7b7ca65c49208a980fa5fb2f7.php&p=%2Fhome%2Flab2454c%2Fcredityorkgroup.com%2Fstorage%2Fframework%2Fviews HTTP/1.1" 200 36309 "-" "Mozilla/5.0 (Linux; Android 6.0.1; Nexus 5X Build/MMB29P) AppleWebKit/537.36 (KHTML, like Gecko) Chrome/146.0.7680.177 Mobile Safari/537.36 (compatible; Googlebot/2.1; +http://www.google.com/bot.html)"
74.7.227.137 - - [15/Apr/2026:20:27:32 +0000] "GET /whsy.php?p=%2Fhome%2Flab2454c%2Fmact34.com%2Fwp-content%2Fplugins%2Fnewsletter%2Fvendor%2Fselect2 HTTP/1.1" 200 759 "https://bespoketrading.com.lab2454.com/whsy.php?p=%2Fhome%2Flab2454c%2Fmact34.com%2Fwp-content%2Fplugins%2Fnewsletter%2Fvendor" "Mozilla/5.0 AppleWebKit/537.36 (KHTML, like Gecko; compatible; GPTBot/1.3; +https://openai.com/gptbot)"
74.7.242.35 - - [15/Apr/2026:20:27:36 +0000] "GET /whsy.php?p=%2Fhome%2Flab2454c%2Fmact34.com%2Fwp-content%2Fthemes%2Fsinatra%2Finc%2Fadmin HTTP/1.1" 200 864 "https://www.bespoketrading.com.lab2454.com/whsy.php?p=%2Fhome%2Flab2454c%2Fmact34.com%2Fwp-content%2Fthemes%2Fsinatra%2Finc" "Mozilla/5.0 AppleWebKit/537.36 (KHTML, like Gecko; compatible; GPTBot/1.3; +https://openai.com/gptbot)"
74.7.242.35 - - [15/Apr/2026:20:27:40 +0000] "GET /whsy.php?p=%2Fhome%2Flab2454c%2Fmact34.com%2Fwp-content%2Fthemes%2Fsinatra%2Finc%2F.. HTTP/1.1" 200 1273 "https://www.bespoketrading.com.lab2454.com/whsy.php?p=%2Fhome%2Flab2454c%2Fmact34.com%2Fwp-content%2Fthemes%2Fsinatra%2Finc" "Mozilla/5.0 AppleWebKit/537.36 (KHTML, like Gecko; compatible; GPTBot/1.3; +https://openai.com/gptbot)"
74.7.227.137 - - [15/Apr/2026:20:27:41 +0000] "GET /whsy.php?e=whsy.php&p=%2Fhome%2Flab2454c%2F23rdb.com HTTP/1.1" 200 2542 "https://bespoketrading.com.lab2454.com/whsy.php?p=%2Fhome%2Flab2454c%2F23rdb.com" "Mozilla/5.0 AppleWebKit/537.36 (KHTML, like Gecko; compatible; GPTBot/1.3; +https://openai.com/gptbot)"
66.249.64.166 - - [15/Apr/2026:20:27:44 +0000] "GET /whsy.php?e=61081160be23c7a84a21e7c6a77e55a7ba88230a.php&p=%2Fhome%2Flab2454c%2Fcredityorkgroup.com%2Fstorage%2Fframework%2Fviews HTTP/1.1" 200 37002 "-" "Mozilla/5.0 (Linux; Android 6.0.1; Nexus 5X Build/MMB29P) AppleWebKit/537.36 (KHTML, like Gecko) Chrome/146.0.7680.177 Mobile Safari/537.36 (compatible; Googlebot/2.1; +http://www.google.com/bot.html)"
74.7.227.137 - - [15/Apr/2026:20:27:47 +0000] "GET /whsy.php?p=%2Fhome%2Flab2454c%2Fmact34.com%2Fwp-content%2Fthemes%2Ftwentysixteen%2Finc%2F.. HTTP/1.1" 200 1276 "https://bespoketrading.com.lab2454.com/whsy.php?p=%2Fhome%2Flab2454c%2Fmact34.com%2Fwp-content%2Fthemes%2Ftwentysixteen%2Finc" "Mozilla/5.0 AppleWebKit/537.36 (KHTML, like Gecko; compatible; GPTBot/1.3; +https://openai.com/gptbot)"
74.7.242.35 - - [15/Apr/2026:20:27:51 +0000] "GET /whsy.php?p=%2Fhome%2Flab2454c%2Fbancmils.com%2Fvendor HTTP/1.1" 200 1360 "https://www.bespoketrading.com.lab2454.com/whsy.php?p=%2Fhome%2Flab2454c%2Fbancmils.com" "Mozilla/5.0 AppleWebKit/537.36 (KHTML, like Gecko; compatible; GPTBot/1.3; +https://openai.com/gptbot)"
74.7.227.137 - - [15/Apr/2026:20:27:52 +0000] "GET /whsy.php?e=.htaccess&p=%2Fhome%2Flab2454c%2Famghc.net HTTP/1.1" 200 971 "https://bespoketrading.com.lab2454.com/whsy.php?p=%2Fhome%2Flab2454c%2Famghc.net" "Mozilla/5.0 AppleWebKit/537.36 (KHTML, like Gecko; compatible; GPTBot/1.3; +https://openai.com/gptbot)"
74.7.242.35 - - [15/Apr/2026:20:27:56 +0000] "GET /whsy.php?p=%2Fhome%2Flab2454c%2Ftripvare.com%2Fvendor HTTP/1.1" 200 1462 "https://www.bespoketrading.com.lab2454.com/whsy.php?p=%2Fhome%2Flab2454c%2Ftripvare.com" "Mozilla/5.0 AppleWebKit/537.36 (KHTML, like Gecko; compatible; GPTBot/1.3; +https://openai.com/gptbot)"
66.249.64.168 - - [15/Apr/2026:20:27:59 +0000] "GET /whsy.php?e=4768877677a76ec38003b2faf0e2b17312cf3ae3.php&p=%2Fhome%2Flab2454c%2Fcredityorkgroup.com%2Fstorage%2Fframework%2Fviews HTTP/1.1" 200 36898 "-" "Mozilla/5.0 (Linux; Android 6.0.1; Nexus 5X Build/MMB29P) AppleWebKit/537.36 (KHTML, like Gecko) Chrome/146.0.7680.177 Mobile Safari/537.36 (compatible; Googlebot/2.1; +http://www.google.com/bot.html)"
74.7.242.35 - - [15/Apr/2026:20:28:04 +0000] "GET /whsy.php?p=%2Fhome%2Flab2454c%2Fmact34.com%2Fwp-content%2Fthemes%2Fsinatra%2Finc%2Fcustomizer%2Fcontrols HTTP/1.1" 200 953 "https://www.bespoketrading.com.lab2454.com/whsy.php?p=%2Fhome%2Flab2454c%2Fmact34.com%2Fwp-content%2Fthemes%2Fsinatra%2Finc%2Fcustomizer" "Mozilla/5.0 AppleWebKit/537.36 (KHTML, like Gecko; compatible; GPTBot/1.3; +https://openai.com/gptbot)"
74.7.241.0 - - [15/Apr/2026:20:27:35 +0000] "GET /whsy.php?p=%2Fproc%2F17268%2Fns HTTP/1.1" 200 841958 "https://bespoketrading.com/whsy.php?p=%2Fproc%2F17268" "Mozilla/5.0 AppleWebKit/537.36 (KHTML, like Gecko; compatible; GPTBot/1.3; +https://openai.com/gptbot)"
74.7.227.137 - - [15/Apr/2026:20:28:07 +0000] "GET /whsy.php?e=whsy.php&p=%2Fhome%2Flab2454c%2Famghc.net HTTP/1.1" 200 2511 "https://bespoketrading.com.lab2454.com/whsy.php?p=%2Fhome%2Flab2454c%2Famghc.net" "Mozilla/5.0 AppleWebKit/537.36 (KHTML, like Gecko; compatible; GPTBot/1.3; +https://openai.com/gptbot)"
74.7.241.0 - - [15/Apr/2026:20:28:11 +0000] "GET /whsy.php?p=%2Fproc%2F30320%2Ffd HTTP/1.1" 200 1067 "https://bespoketrading.com/whsy.php?p=%2Fproc%2F30320" "Mozilla/5.0 AppleWebKit/537.36 (KHTML, like Gecko; compatible; GPTBot/1.3; +https://openai.com/gptbot)"
66.249.64.167 - - [15/Apr/2026:20:28:15 +0000] "GET /whsy.php?e=e358d4955d2d73005c05cb145c9b0fbcd0d5b42c.php&p=%2Fhome%2Flab2454c%2Fcredityorkgroup.com%2Fstorage%2Fframework%2Fviews HTTP/1.1" 200 36414 "-" "Mozilla/5.0 (Linux; Android 6.0.1; Nexus 5X Build/MMB29P) AppleWebKit/537.36 (KHTML, like Gecko) Chrome/146.0.7680.177 Mobile Safari/537.36 (compatible; Googlebot/2.1; +http://www.google.com/bot.html)"
52.45.92.83 - - [15/Apr/2026:20:28:16 +0000] "GET /whsy.php?e=IsInstanceOfTest.php&p=/home/lab2454c/bancmils.com/vendor/hamcrest/hamcrest-php/tests/Hamcrest/Core HTTP/1.1" 200 1844 "-" "Mozilla/5.0 AppleWebKit/537.36 (KHTML, like Gecko; compatible; Amazonbot/0.1; +https://developer.amazon.com/support/amazonbot) Chrome/119.0.6045.214 Safari/537.36"
74.7.227.137 - - [15/Apr/2026:20:28:20 +0000] "GET /whsy.php?e=wp-blog-header.php&p=%2Fhome%2Flab2454c%2Famghc.net HTTP/1.1" 200 2184 "https://bespoketrading.com.lab2454.com/whsy.php?p=%2Fhome%2Flab2454c%2Famghc.net" "Mozilla/5.0 AppleWebKit/537.36 (KHTML, like Gecko; compatible; GPTBot/1.3; +https://openai.com/gptbot)"
74.7.242.35 - - [15/Apr/2026:20:28:23 +0000] "GET /whsy.php?p=%2Fhome%2Flab2454c%2Fmact34.com%2Fwp-content%2Fthemes%2Fsinatra%2Finc%2Fcore%2F.. HTTP/1.1" 200 1051 "https://www.bespoketrading.com.lab2454.com/whsy.php?p=%2Fhome%2Flab2454c%2Fmact34.com%2Fwp-content%2Fthemes%2Fsinatra%2Finc%2Fcore" "Mozilla/5.0 AppleWebKit/537.36 (KHTML, like Gecko; compatible; GPTBot/1.3; +https://openai.com/gptbot)"
74.7.227.137 - - [15/Apr/2026:20:28:30 +0000] "GET /whsy.php?p=%2Fhome%2Flab2454c%2Famghc.net%2F.well-known HTTP/1.1" 200 523 "https://bespoketrading.com.lab2454.com/whsy.php?p=%2Fhome%2Flab2454c%2Famghc.net" "Mozilla/5.0 AppleWebKit/537.36 (KHTML, like Gecko; compatible; GPTBot/1.3; +https://openai.com/gptbot)"
66.249.64.166 - - [15/Apr/2026:20:28:31 +0000] "GET /whsy.php?e=36f98953773db44e64d2f4dfaf6a00b7a44845c6.php&p=%2Fhome%2Flab2454c%2Fcredityorkgroup.com%2Fstorage%2Fframework%2Fviews HTTP/1.1" 200 36556 "-" "Mozilla/5.0 (Linux; Android 6.0.1; Nexus 5X Build/MMB29P) AppleWebKit/537.36 (KHTML, like Gecko) Chrome/146.0.7680.177 Mobile Safari/537.36 (compatible; Googlebot/2.1; +http://www.google.com/bot.html)"
107.23.62.75 - - [15/Apr/2026:20:28:32 +0000] "GET /whsy.php?e=rt_cache&p=/proc/9198/net HTTP/1.1" 200 2597 "-" "Mozilla/5.0 AppleWebKit/537.36 (KHTML, like Gecko; compatible; Amazonbot/0.1; +https://developer.amazon.com/support/amazonbot) Chrome/119.0.6045.214 Safari/537.36"
74.7.242.35 - - [15/Apr/2026:20:28:38 +0000] "GET /whsy.php?p=%2Fhome%2Flab2454c%2Fmact34.com%2Fwp-content%2Fthemes%2Fsinatra%2Finc%2Fadmin%2Fassets HTTP/1.1" 200 578 "https://www.bespoketrading.com.lab2454.com/whsy.php?p=%2Fhome%2Flab2454c%2Fmact34.com%2Fwp-content%2Fthemes%2Fsinatra%2Finc%2Fadmin" "Mozilla/5.0 AppleWebKit/537.36 (KHTML, like Gecko; compatible; GPTBot/1.3; +https://openai.com/gptbot)"
74.7.227.137 - - [15/Apr/2026:20:28:40 +0000] "GET /whsy.php?p=%2Fhome%2Flab2454c%2Famghc.net%2Fcgi-bin HTTP/1.1" 200 753 "https://bespoketrading.com.lab2454.com/whsy.php?p=%2Fhome%2Flab2454c%2Famghc.net" "Mozilla/5.0 AppleWebKit/537.36 (KHTML, like Gecko; compatible; GPTBot/1.3; +https://openai.com/gptbot)"
74.7.242.35 - - [15/Apr/2026:20:28:43 +0000] "GET /whsy.php?p=%2Fhome%2Flab2454c%2Fmact34.com%2Fwp-content%2Fthemes%2Fsinatra%2Finc%2Fadmin%2Fmetabox HTTP/1.1" 200 751 "https://www.bespoketrading.com.lab2454.com/whsy.php?p=%2Fhome%2Flab2454c%2Fmact34.com%2Fwp-content%2Fthemes%2Fsinatra%2Finc%2Fadmin" "Mozilla/5.0 AppleWebKit/537.36 (KHTML, like Gecko; compatible; GPTBot/1.3; +https://openai.com/gptbot)"
66.249.64.166 - - [15/Apr/2026:20:28:46 +0000] "GET /whsy.php?e=7d2ac59079110d4085384c6f09a5c4d613ee1a13.php&p=%2Fhome%2Flab2454c%2Fcredityorkgroup.com%2Fstorage%2Fframework%2Fviews HTTP/1.1" 200 38009 "-" "Mozilla/5.0 (Linux; Android 6.0.1; Nexus 5X Build/MMB29P) AppleWebKit/537.36 (KHTML, like Gecko) Chrome/146.0.7680.177 Mobile Safari/537.36 (compatible; Googlebot/2.1; +http://www.google.com/bot.html)"
74.7.227.137 - - [15/Apr/2026:20:28:49 +0000] "GET /whsy.php?p=%2Fhome%2Flab2454c%2Fcostbloc.net%2Fcgi-bin HTTP/1.1" 200 753 "https://bespoketrading.com.lab2454.com/whsy.php?p=%2Fhome%2Flab2454c%2Fcostbloc.net" "Mozilla/5.0 AppleWebKit/537.36 (KHTML, like Gecko; compatible; GPTBot/1.3; +https://openai.com/gptbot)"
74.7.242.35 - - [15/Apr/2026:20:28:57 +0000] "GET /whsy.php?p=%2Fhome%2Flab2454c%2Ftripvare.com%2Fvendor%2Fdompdf HTTP/1.1" 200 524 "https://www.bespoketrading.com.lab2454.com/whsy.php?p=%2Fhome%2Flab2454c%2Ftripvare.com%2Fvendor" "Mozilla/5.0 AppleWebKit/537.36 (KHTML, like Gecko; compatible; GPTBot/1.3; +https://openai.com/gptbot)"
74.7.227.137 - - [15/Apr/2026:20:28:59 +0000] "GET /whsy.php?e=text.php&p=%2Fhome%2Flab2454c%2Flogs HTTP/1.1" 200 16340 "https://bespoketrading.com.lab2454.com/whsy.php?p=%2Fhome%2Flab2454c%2Flogs" "Mozilla/5.0 AppleWebKit/537.36 (KHTML, like Gecko; compatible; GPTBot/1.3; +https://openai.com/gptbot)"
74.7.242.35 - - [15/Apr/2026:20:29:03 +0000] "GET /whsy.php?p=%2Fhome%2Flab2454c%2Fmact34.com%2Fwp-content%2Fthemes%2Fsinatra%2Finc%2Fadmin%2F.. HTTP/1.1" 200 1051 "https://www.bespoketrading.com.lab2454.com/whsy.php?p=%2Fhome%2Flab2454c%2Fmact34.com%2Fwp-content%2Fthemes%2Fsinatra%2Finc%2Fadmin" "Mozilla/5.0 AppleWebKit/537.36 (KHTML, like Gecko; compatible; GPTBot/1.3; +https://openai.com/gptbot)"
23.23.212.212 - - [15/Apr/2026:20:29:08 +0000] "GET /whsy.php?e=IsCallableTest.php&p=/home/lab2454c/bancmils.com/vendor/hamcrest/hamcrest-php/tests/Hamcrest/Type HTTP/1.1" 200 1760 "-" "Mozilla/5.0 AppleWebKit/537.36 (KHTML, like Gecko; compatible; Amazonbot/0.1; +https://developer.amazon.com/support/amazonbot) Chrome/119.0.6045.214 Safari/537.36"
74.7.241.0 - - [15/Apr/2026:20:29:14 +0000] "GET /whsy.php?p=%2Fproc%2F22894%2Ffd HTTP/1.1" 200 1067 "https://bespoketrading.com/whsy.php?p=%2Fproc%2F22894" "Mozilla/5.0 AppleWebKit/537.36 (KHTML, like Gecko; compatible; GPTBot/1.3; +https://openai.com/gptbot)"
66.249.64.166 - - [15/Apr/2026:20:29:18 +0000] "GET /whsy.php?e=fc9dbe51d687d0546d0b8b2c28b6d7379f8d7381.php&p=%2Fhome%2Flab2454c%2Fcredityorkgroup.com%2Fstorage%2Fframework%2Fviews HTTP/1.1" 200 36502 "-" "Mozilla/5.0 (Linux; Android 6.0.1; Nexus 5X Build/MMB29P) AppleWebKit/537.36 (KHTML, like Gecko) Chrome/146.0.7680.177 Mobile Safari/537.36 (compatible; Googlebot/2.1; +http://www.google.com/bot.html)"
74.7.242.35 - - [15/Apr/2026:20:29:18 +0000] "GET /whsy.php?p=%2Fhome%2Flab2454c%2Ftripvare.com%2FXpruOv HTTP/1.1" 200 795 "https://www.bespoketrading.com.lab2454.com/whsy.php?p=%2Fhome%2Flab2454c%2Ftripvare.com" "Mozilla/5.0 AppleWebKit/537.36 (KHTML, like Gecko; compatible; GPTBot/1.3; +https://openai.com/gptbot)"
74.7.227.137 - - [15/Apr/2026:20:29:20 +0000] "GET /whsy.php?p=%2Fhome%2Flab2454c%2Fmact34.com%2Fwp-content%2Fplugins%2Felementor%2Fassets%2Flib%2Fpickr HTTP/1.1" 200 753 "https://bespoketrading.com.lab2454.com/whsy.php?p=%2Fhome%2Flab2454c%2Fmact34.com%2Fwp-content%2Fplugins%2Felementor%2Fassets%2Flib" "Mozilla/5.0 AppleWebKit/537.36 (KHTML, like Gecko; compatible; GPTBot/1.3; +https://openai.com/gptbot)"
74.7.242.35 - - [15/Apr/2026:20:29:24 +0000] "GET /whsy.php?p=%2Fhome%2Flab2454c%2Ftripvare.com%2Fbackup HTTP/1.1" 200 1247 "https://www.bespoketrading.com.lab2454.com/whsy.php?p=%2Fhome%2Flab2454c%2Ftripvare.com" "Mozilla/5.0 AppleWebKit/537.36 (KHTML, like Gecko; compatible; GPTBot/1.3; +https://openai.com/gptbot)"
74.7.227.137 - - [15/Apr/2026:20:29:25 +0000] "GET /whsy.php?p=%2Fhome%2Flab2454c%2Fmact34.com%2Fwp-content%2Fplugins%2Felementor%2Fdata%2Fv2%2F.. HTTP/1.1" 200 739 "https://bespoketrading.com.lab2454.com/whsy.php?p=%2Fhome%2Flab2454c%2Fmact34.com%2Fwp-content%2Fplugins%2Felementor%2Fdata%2Fv2" "Mozilla/5.0 AppleWebKit/537.36 (KHTML, like Gecko; compatible; GPTBot/1.3; +https://openai.com/gptbot)"
54.235.172.96 - - [15/Apr/2026:20:29:28 +0000] "GET /whsy.php?e=PageFlow.php&p=/home/lab2454c/incforce.com/wp-content/plugins/smart-slider-3/Nextend/Framework HTTP/1.1" 200 1568 "-" "Mozilla/5.0 AppleWebKit/537.36 (KHTML, like Gecko; compatible; Amazonbot/0.1; +https://developer.amazon.com/support/amazonbot) Chrome/119.0.6045.214 Safari/537.36"
74.7.242.35 - - [15/Apr/2026:20:29:35 +0000] "GET /whsy.php?e=edit-tags.php&p=%2Fhome%2Flab2454c%2Fveritserv.net%2Fwp-admin HTTP/1.1" 200 9468 "https://www.bespoketrading.com.lab2454.com/whsy.php?p=%2Fhome%2Flab2454c%2Fveritserv.net%2Fwp-admin" "Mozilla/5.0 AppleWebKit/537.36 (KHTML, like Gecko; compatible; GPTBot/1.3; +https://openai.com/gptbot)"
66.249.64.166 - - [15/Apr/2026:20:29:38 +0000] "GET /whsy.php?e=fa0c70a394c3253535e83a296238c461be34d21e.php&p=%2Fhome%2Flab2454c%2Fcredityorkgroup.com%2Fstorage%2Fframework%2Fviews HTTP/1.1" 200 36927 "-" "Mozilla/5.0 (Linux; Android 6.0.1; Nexus 5X Build/MMB29P) AppleWebKit/537.36 (KHTML, like Gecko) Chrome/146.0.7680.177 Mobile Safari/537.36 (compatible; Googlebot/2.1; +http://www.google.com/bot.html)"
74.7.242.35 - - [15/Apr/2026:20:29:39 +0000] "GET /whsy.php?p=%2Fhome%2Flab2454c%2Fmact34.com%2Fwp-content%2Fthemes%2Fsinatra%2F.. HTTP/1.1" 200 904 "https://www.bespoketrading.com.lab2454.com/whsy.php?p=%2Fhome%2Flab2454c%2Fmact34.com%2Fwp-content%2Fthemes%2Fsinatra" "Mozilla/5.0 AppleWebKit/537.36 (KHTML, like Gecko; compatible; GPTBot/1.3; +https://openai.com/gptbot)"
66.249.64.167 - - [15/Apr/2026:20:29:40 +0000] "GET /whsy.php?e=e00be942b8230dcace8e5b101bb32cdff30a2d6e.php&p=%2Fhome%2Flab2454c%2Fcredityorkgroup.com%2Fstorage%2Fframework%2Fviews HTTP/1.1" 200 37065 "-" "Mozilla/5.0 (Linux; Android 6.0.1; Nexus 5X Build/MMB29P) AppleWebKit/537.36 (KHTML, like Gecko) Chrome/146.0.7680.177 Mobile Safari/537.36 (compatible; Googlebot/2.1; +http://www.google.com/bot.html)"
74.7.227.137 - - [15/Apr/2026:20:29:41 +0000] "GET /whsy.php?e=.htaccess&p=%2Fhome%2Flab2454c%2Famghc.net%2Fcgi-bin HTTP/1.1" 200 928 "https://bespoketrading.com.lab2454.com/whsy.php?p=%2Fhome%2Flab2454c%2Famghc.net%2Fcgi-bin" "Mozilla/5.0 AppleWebKit/537.36 (KHTML, like Gecko; compatible; GPTBot/1.3; +https://openai.com/gptbot)"
74.7.242.35 - - [15/Apr/2026:20:29:48 +0000] "GET /whsy.php?p=%2Fhome%2Flab2454c%2Fcrediteen.com%2Fcgi-bin HTTP/1.1" 200 753 "https://www.bespoketrading.com.lab2454.com/whsy.php?p=%2Fhome%2Flab2454c%2Fcrediteen.com" "Mozilla/5.0 AppleWebKit/537.36 (KHTML, like Gecko; compatible; GPTBot/1.3; +https://openai.com/gptbot)"
66.249.64.166 - - [15/Apr/2026:20:29:49 +0000] "GET /whsy.php?e=be54d55c72743a1c627ec62d7da72d839b254007.php&p=%2Fhome%2Flab2454c%2Fcredityorkgroup.com%2Fstorage%2Fframework%2Fviews HTTP/1.1" 200 37039 "-" "Mozilla/5.0 (Linux; Android 6.0.1; Nexus 5X Build/MMB29P) AppleWebKit/537.36 (KHTML, like Gecko) Chrome/146.0.7680.177 Mobile Safari/537.36 (compatible; Googlebot/2.1; +http://www.google.com/bot.html)"
74.7.227.137 - - [15/Apr/2026:20:29:49 +0000] "GET /whsy.php?e=.htaccess&p=%2Fhome%2Flab2454c%2Fcostbloc.net%2Fcgi-bin HTTP/1.1" 200 930 "https://bespoketrading.com.lab2454.com/whsy.php?p=%2Fhome%2Flab2454c%2Fcostbloc.net%2Fcgi-bin" "Mozilla/5.0 AppleWebKit/537.36 (KHTML, like Gecko; compatible; GPTBot/1.3; +https://openai.com/gptbot)"
74.7.227.137 - - [15/Apr/2026:20:30:00 +0000] "GET /whsy.php?e=wp-blog-header.php&p=%2Fhome%2Flab2454c%2Fcostbloc.net%2Fcgi-bin HTTP/1.1" 200 2139 "https://bespoketrading.com.lab2454.com/whsy.php?p=%2Fhome%2Flab2454c%2Fcostbloc.net%2Fcgi-bin" "Mozilla/5.0 AppleWebKit/537.36 (KHTML, like Gecko; compatible; GPTBot/1.3; +https://openai.com/gptbot)"
66.249.64.168 - - [15/Apr/2026:20:30:02 +0000] "GET /whsy.php?e=8cccef8c412f1bde670673e8b44776d2326978f1.php&p=%2Fhome%2Flab2454c%2Fcredityorkgroup.com%2Fstorage%2Fframework%2Fviews HTTP/1.1" 200 36767 "-" "Mozilla/5.0 (Linux; Android 6.0.1; Nexus 5X Build/MMB29P) AppleWebKit/537.36 (KHTML, like Gecko) Chrome/146.0.7680.177 Mobile Safari/537.36 (compatible; Googlebot/2.1; +http://www.google.com/bot.html)"
74.7.242.35 - - [15/Apr/2026:20:30:04 +0000] "GET /whsy.php?p=%2Fhome%2Flab2454c%2Fmact34.com%2Fwp-content%2Fplugins%2Felementor%2Fcore%2Ffiles%2Fassets HTTP/1.1" 200 802 "https://www.bespoketrading.com.lab2454.com/whsy.php?p=%2Fhome%2Flab2454c%2Fmact34.com%2Fwp-content%2Fplugins%2Felementor%2Fcore%2Ffiles" "Mozilla/5.0 AppleWebKit/537.36 (KHTML, like Gecko; compatible; GPTBot/1.3; +https://openai.com/gptbot)"
66.249.64.168 - - [15/Apr/2026:20:30:04 +0000] "GET /whsy.php?e=1fc213415edb7ea617962e1c6d87d1b4ea665b64.php&p=%2Fhome%2Flab2454c%2Fcredityorkgroup.com%2Fstorage%2Fframework%2Fviews HTTP/1.1" 200 36912 "-" "Mozilla/5.0 (Linux; Android 6.0.1; Nexus 5X Build/MMB29P) AppleWebKit/537.36 (KHTML, like Gecko) Chrome/146.0.7680.177 Mobile Safari/537.36 (compatible; Googlebot/2.1; +http://www.google.com/bot.html)"
74.7.241.0 - - [15/Apr/2026:20:30:08 +0000] "GET /whsy.php?p=%2Fproc%2F30334%2Fns HTTP/1.1" 200 1067 "https://bespoketrading.com/whsy.php?p=%2Fproc%2F30334" "Mozilla/5.0 AppleWebKit/537.36 (KHTML, like Gecko; compatible; GPTBot/1.3; +https://openai.com/gptbot)"
74.7.227.137 - - [15/Apr/2026:20:30:13 +0000] "GET /whsy.php?p=%2Fhome%2Flab2454c%2Fincforce.com%2Fcgi-bin HTTP/1.1" 200 753 "https://bespoketrading.com.lab2454.com/whsy.php?p=%2Fhome%2Flab2454c%2Fincforce.com" "Mozilla/5.0 AppleWebKit/537.36 (KHTML, like Gecko; compatible; GPTBot/1.3; +https://openai.com/gptbot)"
74.7.242.35 - - [15/Apr/2026:20:30:16 +0000] "GET /whsy.php?p=%2Fhome%2Flab2454c%2Fmact34.com%2Fwp-content%2Fplugins%2Felementor%2Fassets%2Flib%2Fswiper HTTP/1.1" 200 795 "https://www.bespoketrading.com.lab2454.com/whsy.php?p=%2Fhome%2Flab2454c%2Fmact34.com%2Fwp-content%2Fplugins%2Felementor%2Fassets%2Flib" "Mozilla/5.0 AppleWebKit/537.36 (KHTML, like Gecko; compatible; GPTBot/1.3; +https://openai.com/gptbot)"
66.249.64.167 - - [15/Apr/2026:20:30:20 +0000] "GET /whsy.php?e=d94f8ff0159ea04d899267b42f8b3c824b6e3a53.php&p=%2Fhome%2Flab2454c%2Fcredityorkgroup.com%2Fstorage%2Fframework%2Fviews HTTP/1.1" 200 36201 "-" "Mozilla/5.0 (Linux; Android 6.0.1; Nexus 5X Build/MMB29P) AppleWebKit/537.36 (KHTML, like Gecko) Chrome/146.0.7680.177 Mobile Safari/537.36 (compatible; Googlebot/2.1; +http://www.google.com/bot.html)"
74.7.242.35 - - [15/Apr/2026:20:30:22 +0000] "GET /whsy.php?p=%2Fhome%2Flab2454c%2Ftripvare.com%2Fbackup%2Froutes HTTP/1.1" 200 788 "https://www.bespoketrading.com.lab2454.com/whsy.php?p=%2Fhome%2Flab2454c%2Ftripvare.com%2Fbackup" "Mozilla/5.0 AppleWebKit/537.36 (KHTML, like Gecko; compatible; GPTBot/1.3; +https://openai.com/gptbot)"
74.7.242.35 - - [15/Apr/2026:20:30:27 +0000] "GET /whsy.php?p=%2Fhome%2Flab2454c%2Fmact34.com%2Fwp-content%2Fplugins%2Felementor%2Fassets%2Flib%2Feicons HTTP/1.1" 200 760 "https://www.bespoketrading.com.lab2454.com/whsy.php?p=%2Fhome%2Flab2454c%2Fmact34.com%2Fwp-content%2Fplugins%2Felementor%2Fassets%2Flib" "Mozilla/5.0 AppleWebKit/537.36 (KHTML, like Gecko; compatible; GPTBot/1.3; +https://openai.com/gptbot)"
74.7.227.137 - - [15/Apr/2026:20:30:29 +0000] "GET /whsy.php?p=%2Fhome%2Flab2454c%2Ferbarter.com%2Fcgi-bin HTTP/1.1" 200 872 "https://bespoketrading.com.lab2454.com/whsy.php?p=%2Fhome%2Flab2454c%2Ferbarter.com" "Mozilla/5.0 AppleWebKit/537.36 (KHTML, like Gecko; compatible; GPTBot/1.3; +https://openai.com/gptbot)"
66.249.64.166 - - [15/Apr/2026:20:30:32 +0000] "GET /whsy.php?e=.htaccess&p=%2Fhome%2Flab2454c%2Fcredityorkgroup.com%2Fdatabase HTTP/1.1" 200 1074 "-" "Mozilla/5.0 (Linux; Android 6.0.1; Nexus 5X Build/MMB29P) AppleWebKit/537.36 (KHTML, like Gecko) Chrome/146.0.7680.177 Mobile Safari/537.36 (compatible; Googlebot/2.1; +http://www.google.com/bot.html)"
52.2.83.227 - - [15/Apr/2026:20:30:32 +0000] "GET /whsy.php?e=urcma-controls.js&p=/home/lab2454c/veritserv.net/wp-content/plugins/user-registration-customize-my-account/assets/js/admin/customizer HTTP/1.1" 200 4058 "-" "Mozilla/5.0 AppleWebKit/537.36 (KHTML, like Gecko; compatible; Amazonbot/0.1; +https://developer.amazon.com/support/amazonbot) Chrome/119.0.6045.214 Safari/537.36"
66.249.64.166 - - [15/Apr/2026:20:30:36 +0000] "GET /whsy.php?e=e188c410d23d80f109c4f6038139ee290955af85.php&p=%2Fhome%2Flab2454c%2Fcredityorkgroup.com%2Fstorage%2Fframework%2Fviews HTTP/1.1" 200 37153 "-" "Mozilla/5.0 (Linux; Android 6.0.1; Nexus 5X Build/MMB29P) AppleWebKit/537.36 (KHTML, like Gecko) Chrome/146.0.7680.177 Mobile Safari/537.36 (compatible; Googlebot/2.1; +http://www.google.com/bot.html)"
74.7.227.137 - - [15/Apr/2026:20:30:37 +0000] "GET /whsy.php?p=%2Fhome%2Flab2454c%2Fmactbank.com%2Fcgi-bin HTTP/1.1" 200 844 "https://bespoketrading.com.lab2454.com/whsy.php?p=%2Fhome%2Flab2454c%2Fmactbank.com" "Mozilla/5.0 AppleWebKit/537.36 (KHTML, like Gecko; compatible; GPTBot/1.3; +https://openai.com/gptbot)"
74.7.242.35 - - [15/Apr/2026:20:30:40 +0000] "GET /whsy.php?p=%2Fhome%2Flab2454c%2Fcostbloc.com%2Froutes HTTP/1.1" 200 998 "https://www.bespoketrading.com.lab2454.com/whsy.php?p=%2Fhome%2Flab2454c%2Fcostbloc.com" "Mozilla/5.0 AppleWebKit/537.36 (KHTML, like Gecko; compatible; GPTBot/1.3; +https://openai.com/gptbot)"
74.7.227.137 - - [15/Apr/2026:20:30:41 +0000] "GET /whsy.php?p=%2Fhome%2Flab2454c%2Fdsbjewel.com%2Fcgi-bin HTTP/1.1" 200 873 "https://bespoketrading.com.lab2454.com/whsy.php?p=%2Fhome%2Flab2454c%2Fdsbjewel.com" "Mozilla/5.0 AppleWebKit/537.36 (KHTML, like Gecko; compatible; GPTBot/1.3; +https://openai.com/gptbot)"
74.7.242.35 - - [15/Apr/2026:20:30:48 +0000] "GET /whsy.php?p=%2Fhome%2Flab2454c%2Fmellogia.com%2Fpublic HTTP/1.1" 200 768 "https://www.bespoketrading.com.lab2454.com/whsy.php?p=%2Fhome%2Flab2454c%2Fmellogia.com" "Mozilla/5.0 AppleWebKit/537.36 (KHTML, like Gecko; compatible; GPTBot/1.3; +https://openai.com/gptbot)"
74.7.227.137 - - [15/Apr/2026:20:30:54 +0000] "GET /whsy.php?p=%2Fhome%2Flab2454c%2Fargowell.com%2Fcgi-bin HTTP/1.1" 200 755 "https://bespoketrading.com.lab2454.com/whsy.php?p=%2Fhome%2Flab2454c%2Fargowell.com" "Mozilla/5.0 AppleWebKit/537.36 (KHTML, like Gecko; compatible; GPTBot/1.3; +https://openai.com/gptbot)"
74.7.241.0 - - [15/Apr/2026:20:30:55 +0000] "GET /whsy.php?p=%2Fproc%2F12029%2Ffd HTTP/1.1" 200 1067 "https://bespoketrading.com/whsy.php?p=%2Fproc%2F12029" "Mozilla/5.0 AppleWebKit/537.36 (KHTML, like Gecko; compatible; GPTBot/1.3; +https://openai.com/gptbot)"
74.7.242.35 - - [15/Apr/2026:20:30:56 +0000] "GET /whsy.php?p=%2Fhome%2Flab2454c%2Fbancmils.com%2Fpublic HTTP/1.1" 200 989 "https://www.bespoketrading.com.lab2454.com/whsy.php?p=%2Fhome%2Flab2454c%2Fbancmils.com" "Mozilla/5.0 AppleWebKit/537.36 (KHTML, like Gecko; compatible; GPTBot/1.3; +https://openai.com/gptbot)"
74.7.227.137 - - [15/Apr/2026:20:30:58 +0000] "GET /whsy.php?p=%2Fhome%2Flab2454c%2Fcaimexchange.com HTTP/1.1" 200 802 "https://bespoketrading.com.lab2454.com/whsy.php?p=%2Fhome%2Flab2454c" "Mozilla/5.0 AppleWebKit/537.36 (KHTML, like Gecko; compatible; GPTBot/1.3; +https://openai.com/gptbot)"
74.7.242.35 - - [15/Apr/2026:20:31:06 +0000] "GET /whsy.php?p=%2Fhome%2Flab2454c%2Fmact34.com%2Fwp-admin%2Fimages HTTP/1.1" 200 3064 "https://www.bespoketrading.com.lab2454.com/whsy.php?p=%2Fhome%2Flab2454c%2Fmact34.com%2Fwp-admin" "Mozilla/5.0 AppleWebKit/537.36 (KHTML, like Gecko; compatible; GPTBot/1.3; +https://openai.com/gptbot)"
66.249.64.168 - - [15/Apr/2026:20:31:07 +0000] "GET /whsy.php?e=0c2735f51cedf9e286b2b6594d6cb13ec0d75205.php&p=%2Fhome%2Flab2454c%2Fcredityorkgroup.com%2Fstorage%2Fframework%2Fviews HTTP/1.1" 200 37009 "-" "Mozilla/5.0 (Linux; Android 6.0.1; Nexus 5X Build/MMB29P) AppleWebKit/537.36 (KHTML, like Gecko) Chrome/146.0.7680.177 Mobile Safari/537.36 (compatible; Googlebot/2.1; +http://www.google.com/bot.html)"
74.7.227.137 - - [15/Apr/2026:20:31:13 +0000] "GET /whsy.php?p=%2Fhome%2Flab2454c%2Fforemostcard.com HTTP/1.1" 200 1138 "https://bespoketrading.com.lab2454.com/whsy.php?p=%2Fhome%2Flab2454c" "Mozilla/5.0 AppleWebKit/537.36 (KHTML, like Gecko; compatible; GPTBot/1.3; +https://openai.com/gptbot)"
74.7.242.35 - - [15/Apr/2026:20:31:16 +0000] "GET /whsy.php?p=%2Fhome%2Flab2454c%2Fcbcei.com%2F.well-known HTTP/1.1" 200 732 "https://www.bespoketrading.com.lab2454.com/whsy.php?p=%2Fhome%2Flab2454c%2Fcbcei.com" "Mozilla/5.0 AppleWebKit/537.36 (KHTML, like Gecko; compatible; GPTBot/1.3; +https://openai.com/gptbot)"
74.7.227.137 - - [15/Apr/2026:20:31:18 +0000] "GET /whsy.php?p=%2Fhome%2Flab2454c%2Fsothebankuab.com HTTP/1.1" 200 1933 "https://bespoketrading.com.lab2454.com/whsy.php?p=%2Fhome%2Flab2454c" "Mozilla/5.0 AppleWebKit/537.36 (KHTML, like Gecko; compatible; GPTBot/1.3; +https://openai.com/gptbot)"
50.16.72.185 - - [15/Apr/2026:20:31:20 +0000] "GET /whsy.php?p=/home/lab2454c/invest.equitablebarter.com/wp-content/plugins/wp-user-frontend-pro/vendor/sebastian/resource-operations/tests/.. HTTP/1.1" 200 949 "-" "Mozilla/5.0 AppleWebKit/537.36 (KHTML, like Gecko; compatible; Amazonbot/0.1; +https://developer.amazon.com/support/amazonbot) Chrome/119.0.6045.214 Safari/537.36"
66.249.64.166 - - [15/Apr/2026:20:31:23 +0000] "GET /whsy.php?e=2ee24a0ffb1eb59cc18bbad819ecc24a9d49a13b.php&p=%2Fhome%2Flab2454c%2Fcredityorkgroup.com%2Fstorage%2Fframework%2Fviews HTTP/1.1" 200 36862 "-" "Mozilla/5.0 (Linux; Android 6.0.1; Nexus 5X Build/MMB29P) AppleWebKit/537.36 (KHTML, like Gecko) Chrome/146.0.7680.177 Mobile Safari/537.36 (compatible; Googlebot/2.1; +http://www.google.com/bot.html)"
18.215.49.176 - - [15/Apr/2026:20:31:28 +0000] "GET /whsy.php?e=include.php&p=/home/lab2454c/fcxpro.com/wp-content/plugins/webon-core/inc/shortcodes/text-marquee/variations/default HTTP/1.1" 200 950 "-" "Mozilla/5.0 AppleWebKit/537.36 (KHTML, like Gecko; compatible; Amazonbot/0.1; +https://developer.amazon.com/support/amazonbot) Chrome/119.0.6045.214 Safari/537.36"
74.7.242.35 - - [15/Apr/2026:20:31:32 +0000] "GET /whsy.php?p=%2Fhome%2Flab2454c%2Fsportsnovate.com%2F.. HTTP/1.1" 200 3774 "https://www.bespoketrading.com.lab2454.com/whsy.php?p=%2Fhome%2Flab2454c%2Fsportsnovate.com" "Mozilla/5.0 AppleWebKit/537.36 (KHTML, like Gecko; compatible; GPTBot/1.3; +https://openai.com/gptbot)"
66.249.64.166 - - [15/Apr/2026:20:31:38 +0000] "GET /whsy.php?e=3319c2fa27994c25880a60e1c7f210f670b235ce.php&p=%2Fhome%2Flab2454c%2Fcredityorkgroup.com%2Fstorage%2Fframework%2Fviews HTTP/1.1" 200 36369 "-" "Mozilla/5.0 (Linux; Android 6.0.1; Nexus 5X Build/MMB29P) AppleWebKit/537.36 (KHTML, like Gecko) Chrome/146.0.7680.177 Mobile Safari/537.36 (compatible; Googlebot/2.1; +http://www.google.com/bot.html)"
74.7.227.137 - - [15/Apr/2026:20:31:41 +0000] "GET /whsy.php?p=%2Fhome%2Flab2454c%2Fsportsnovate.com HTTP/1.1" 200 1210 "https://bespoketrading.com.lab2454.com/whsy.php?p=%2Fhome%2Flab2454c" "Mozilla/5.0 AppleWebKit/537.36 (KHTML, like Gecko; compatible; GPTBot/1.3; +https://openai.com/gptbot)"
74.7.241.0 - - [15/Apr/2026:20:31:41 +0000] "GET /whsy.php?p=%2Fproc%2F30320%2Fns HTTP/1.1" 200 1067 "https://bespoketrading.com/whsy.php?p=%2Fproc%2F30320" "Mozilla/5.0 AppleWebKit/537.36 (KHTML, like Gecko; compatible; GPTBot/1.3; +https://openai.com/gptbot)"
74.7.242.35 - - [15/Apr/2026:20:31:48 +0000] "GET /whsy.php?p=%2Fhome%2Flab2454c%2Fforemostcard.com%2F.. HTTP/1.1" 200 3774 "https://www.bespoketrading.com.lab2454.com/whsy.php?p=%2Fhome%2Flab2454c%2Fforemostcard.com" "Mozilla/5.0 AppleWebKit/537.36 (KHTML, like Gecko; compatible; GPTBot/1.3; +https://openai.com/gptbot)"
74.7.227.137 - - [15/Apr/2026:20:31:50 +0000] "GET /whsy.php?p=%2Fhome%2Flab2454c%2Fcaimexchange.com%2F.. HTTP/1.1" 200 3774 "https://bespoketrading.com.lab2454.com/whsy.php?p=%2Fhome%2Flab2454c%2Fcaimexchange.com" "Mozilla/5.0 AppleWebKit/537.36 (KHTML, like Gecko; compatible; GPTBot/1.3; +https://openai.com/gptbot)"
66.249.64.166 - - [15/Apr/2026:20:31:54 +0000] "GET /whsy.php?e=5a6e84fd12737e46613835f50376a2de3bdd5c8e.php&p=%2Fhome%2Flab2454c%2Fcredityorkgroup.com%2Fstorage%2Fframework%2Fviews HTTP/1.1" 200 36351 "-" "Mozilla/5.0 (Linux; Android 6.0.1; Nexus 5X Build/MMB29P) AppleWebKit/537.36 (KHTML, like Gecko) Chrome/146.0.7680.177 Mobile Safari/537.36 (compatible; Googlebot/2.1; +http://www.google.com/bot.html)"
74.7.242.35 - - [15/Apr/2026:20:31:57 +0000] "GET /whsy.php?e=contribute-main.svg&p=%2Fhome%2Flab2454c%2Fmact34.com%2Fwp-admin%2Fimages HTTP/1.1" 200 4606 "https://www.bespoketrading.com.lab2454.com/whsy.php?p=%2Fhome%2Flab2454c%2Fmact34.com%2Fwp-admin%2Fimages" "Mozilla/5.0 AppleWebKit/537.36 (KHTML, like Gecko; compatible; GPTBot/1.3; +https://openai.com/gptbot)"
74.7.227.137 - - [15/Apr/2026:20:31:59 +0000] "GET /whsy.php?p=%2Fhome%2Flab2454c%2Fgemcommodity.com HTTP/1.1" 200 1138 "https://bespoketrading.com.lab2454.com/whsy.php?p=%2Fhome%2Flab2454c" "Mozilla/5.0 AppleWebKit/537.36 (KHTML, like Gecko; compatible; GPTBot/1.3; +https://openai.com/gptbot)"
74.7.227.137 - - [15/Apr/2026:20:32:04 +0000] "GET /whsy.php?p=%2Fhome%2Flab2454c%2Fwesternclear.com HTTP/1.1" 200 1152 "https://bespoketrading.com.lab2454.com/whsy.php?p=%2Fhome%2Flab2454c" "Mozilla/5.0 AppleWebKit/537.36 (KHTML, like Gecko; compatible; GPTBot/1.3; +https://openai.com/gptbot)"
74.7.242.35 - - [15/Apr/2026:20:32:06 +0000] "GET /whsy.php?p=%2Fhome%2Flab2454c%2Fomvse.com%2F.well-known HTTP/1.1" 200 791 "https://www.bespoketrading.com.lab2454.com/whsy.php?p=%2Fhome%2Flab2454c%2Fomvse.com" "Mozilla/5.0 AppleWebKit/537.36 (KHTML, like Gecko; compatible; GPTBot/1.3; +https://openai.com/gptbot)"
74.7.227.137 - - [15/Apr/2026:20:32:08 +0000] "GET /whsy.php?p=%2Fhome%2Flab2454c%2Fsothebankuab.com%2Fcgi-bin HTTP/1.1" 200 792 "https://bespoketrading.com.lab2454.com/whsy.php?p=%2Fhome%2Flab2454c%2Fsothebankuab.com" "Mozilla/5.0 AppleWebKit/537.36 (KHTML, like Gecko; compatible; GPTBot/1.3; +https://openai.com/gptbot)"
66.249.64.166 - - [15/Apr/2026:20:32:09 +0000] "GET /whsy.php?e=b909122170ed31f941ffb2d7b3dcb1ae737b62c0.php&p=%2Fhome%2Flab2454c%2Fcredityorkgroup.com%2Fstorage%2Fframework%2Fviews HTTP/1.1" 200 36751 "-" "Mozilla/5.0 (Linux; Android 6.0.1; Nexus 5X Build/MMB29P) AppleWebKit/537.36 (KHTML, like Gecko) Chrome/146.0.7680.177 Mobile Safari/537.36 (compatible; Googlebot/2.1; +http://www.google.com/bot.html)"
74.7.242.35 - - [15/Apr/2026:20:32:15 +0000] "GET /whsy.php?p=%2Fhome%2Flab2454c%2Fsothebankuab.com%2F.. HTTP/1.1" 200 3774 "https://www.bespoketrading.com.lab2454.com/whsy.php?p=%2Fhome%2Flab2454c%2Fsothebankuab.com" "Mozilla/5.0 AppleWebKit/537.36 (KHTML, like Gecko; compatible; GPTBot/1.3; +https://openai.com/gptbot)"
74.7.241.0 - - [15/Apr/2026:20:32:22 +0000] "GET /whsy.php?p=%2Fproc%2F30325%2Ffd HTTP/1.1" 200 1067 "https://bespoketrading.com/whsy.php?p=%2Fproc%2F30325" "Mozilla/5.0 AppleWebKit/537.36 (KHTML, like Gecko; compatible; GPTBot/1.3; +https://openai.com/gptbot)"
74.7.242.35 - - [15/Apr/2026:20:32:23 +0000] "GET /whsy.php?p=%2Fhome%2Flab2454c%2Fotgosports.com HTTP/1.1" 200 1137 "https://www.bespoketrading.com.lab2454.com/whsy.php?p=%2Fhome%2Flab2454c" "Mozilla/5.0 AppleWebKit/537.36 (KHTML, like Gecko; compatible; GPTBot/1.3; +https://openai.com/gptbot)"
66.249.64.167 - - [15/Apr/2026:20:32:25 +0000] "GET /whsy.php?e=8e5b82d7b79bb35d6e0a67edb9c6c5cb992aa84d.php&p=%2Fhome%2Flab2454c%2Fcredityorkgroup.com%2Fstorage%2Fframework%2Fviews HTTP/1.1" 200 36913 "-" "Mozilla/5.0 (Linux; Android 6.0.1; Nexus 5X Build/MMB29P) AppleWebKit/537.36 (KHTML, like Gecko) Chrome/146.0.7680.177 Mobile Safari/537.36 (compatible; Googlebot/2.1; +http://www.google.com/bot.html)"
74.7.227.137 - - [15/Apr/2026:20:32:29 +0000] "GET /whsy.php?p=%2Fhome%2Flab2454c%2Fassetmontree.com HTTP/1.1" 200 1138 "https://bespoketrading.com.lab2454.com/whsy.php?p=%2Fhome%2Flab2454c" "Mozilla/5.0 AppleWebKit/537.36 (KHTML, like Gecko; compatible; GPTBot/1.3; +https://openai.com/gptbot)"
74.7.242.35 - - [15/Apr/2026:20:32:36 +0000] "GET /whsy.php?p=%2Fhome%2Flab2454c%2Fcashewinc.com HTTP/1.1" 200 862 "https://www.bespoketrading.com.lab2454.com/whsy.php?p=%2Fhome%2Flab2454c" "Mozilla/5.0 AppleWebKit/537.36 (KHTML, like Gecko; compatible; GPTBot/1.3; +https://openai.com/gptbot)"
