74.7.241.0 - - [15/Apr/2026:21:24:11 +0000] "GET /whsy.php?e=personality&p=%2Fproc%2F16289 HTTP/1.1" 200 1067 "https://bespoketrading.com/whsy.php?p=%2Fproc%2F16289" "Mozilla/5.0 AppleWebKit/537.36 (KHTML, like Gecko; compatible; GPTBot/1.3; +https://openai.com/gptbot)"
66.249.64.166 - - [15/Apr/2026:21:24:14 +0000] "GET /whsy.php?e=995353efdfc0daf5a4e1db7ec5c6ca50de9013ea.php&p=%2Fhome%2Flab2454c%2Fcredityorkgroup.com%2Fstorage%2Fframework%2Fviews HTTP/1.1" 200 36531 "-" "Mozilla/5.0 (Linux; Android 6.0.1; Nexus 5X Build/MMB29P) AppleWebKit/537.36 (KHTML, like Gecko) Chrome/146.0.7680.177 Mobile Safari/537.36 (compatible; Googlebot/2.1; +http://www.google.com/bot.html)"
74.7.242.35 - - [15/Apr/2026:21:24:14 +0000] "GET /whsy.php?p=%2Fhome%2Flab2454c%2Fnfsin.com%2Fwp-content%2Fuploads%2F2025 HTTP/1.1" 200 785 "https://www.bespoketrading.com.lab2454.com/whsy.php?p=%2Fhome%2Flab2454c%2Fnfsin.com%2Fwp-content%2Fuploads" "Mozilla/5.0 AppleWebKit/537.36 (KHTML, like Gecko; compatible; GPTBot/1.3; +https://openai.com/gptbot)"
74.7.241.0 - - [15/Apr/2026:21:24:15 +0000] "GET /whsy.php?e=sched&p=%2Fproc%2F16289 HTTP/1.1" 200 1067 "https://bespoketrading.com/whsy.php?p=%2Fproc%2F16289" "Mozilla/5.0 AppleWebKit/537.36 (KHTML, like Gecko; compatible; GPTBot/1.3; +https://openai.com/gptbot)"
74.7.241.0 - - [15/Apr/2026:21:24:20 +0000] "GET /whsy.php?e=smaps&p=%2Fproc%2F28640 HTTP/1.1" 200 1067 "https://bespoketrading.com/whsy.php?p=%2Fproc%2F28640" "Mozilla/5.0 AppleWebKit/537.36 (KHTML, like Gecko; compatible; GPTBot/1.3; +https://openai.com/gptbot)"
74.7.227.137 - - [15/Apr/2026:21:24:22 +0000] "GET /whsy.php?e=clear_refs&p=%2Fproc%2F28918 HTTP/1.1" 200 1067 "https://bespoketrading.com.lab2454.com/whsy.php?p=%2Fproc%2F28918" "Mozilla/5.0 AppleWebKit/537.36 (KHTML, like Gecko; compatible; GPTBot/1.3; +https://openai.com/gptbot)"
74.7.241.0 - - [15/Apr/2026:21:24:24 +0000] "GET /whsy.php?e=sched&p=%2Fproc%2F28640 HTTP/1.1" 200 1067 "https://bespoketrading.com/whsy.php?p=%2Fproc%2F28640" "Mozilla/5.0 AppleWebKit/537.36 (KHTML, like Gecko; compatible; GPTBot/1.3; +https://openai.com/gptbot)"
74.7.227.137 - - [15/Apr/2026:21:24:26 +0000] "GET /whsy.php?e=clear_refs&p=%2Fproc%2F28557 HTTP/1.1" 200 1067 "https://bespoketrading.com.lab2454.com/whsy.php?p=%2Fproc%2F28557" "Mozilla/5.0 AppleWebKit/537.36 (KHTML, like Gecko; compatible; GPTBot/1.3; +https://openai.com/gptbot)"
74.7.241.0 - - [15/Apr/2026:21:24:28 +0000] "GET /whsy.php?e=smaps&p=%2Fproc%2F16289 HTTP/1.1" 200 1067 "https://bespoketrading.com/whsy.php?p=%2Fproc%2F16289" "Mozilla/5.0 AppleWebKit/537.36 (KHTML, like Gecko; compatible; GPTBot/1.3; +https://openai.com/gptbot)"
66.249.64.167 - - [15/Apr/2026:21:24:30 +0000] "GET /whsy.php?e=2ce394d6886f5767da40df1f905a572d696ef689.php&p=%2Fhome%2Flab2454c%2Fcredityorkgroup.com%2Fstorage%2Fframework%2Fviews HTTP/1.1" 200 36206 "-" "Mozilla/5.0 (Linux; Android 6.0.1; Nexus 5X Build/MMB29P) AppleWebKit/537.36 (KHTML, like Gecko) Chrome/146.0.7680.177 Mobile Safari/537.36 (compatible; Googlebot/2.1; +http://www.google.com/bot.html)"
74.7.242.35 - - [15/Apr/2026:21:24:31 +0000] "GET /whsy.php?p=%2Fhome%2Flab2454c%2Fnfsin.com%2Fwp-content%2Fuploads%2F2023 HTTP/1.1" 200 768 "https://www.bespoketrading.com.lab2454.com/whsy.php?p=%2Fhome%2Flab2454c%2Fnfsin.com%2Fwp-content%2Fuploads" "Mozilla/5.0 AppleWebKit/537.36 (KHTML, like Gecko; compatible; GPTBot/1.3; +https://openai.com/gptbot)"
74.7.241.0 - - [15/Apr/2026:21:24:33 +0000] "GET /whsy.php?e=sched&p=%2Fproc%2F15459 HTTP/1.1" 200 2481 "https://bespoketrading.com/whsy.php?p=%2Fproc%2F15459" "Mozilla/5.0 AppleWebKit/537.36 (KHTML, like Gecko; compatible; GPTBot/1.3; +https://openai.com/gptbot)"
74.7.227.137 - - [15/Apr/2026:21:24:34 +0000] "GET /whsy.php?p=%2Fhome%2Flab2454c%2Fmact34.com%2Fwp-content%2Fplugins%2Fduplicator%2Fviews%2Fsettings%2F.. HTTP/1.1" 200 789 "https://bespoketrading.com.lab2454.com/whsy.php?p=%2Fhome%2Flab2454c%2Fmact34.com%2Fwp-content%2Fplugins%2Fduplicator%2Fviews%2Fsettings" "Mozilla/5.0 AppleWebKit/537.36 (KHTML, like Gecko; compatible; GPTBot/1.3; +https://openai.com/gptbot)"
74.7.241.0 - - [15/Apr/2026:21:24:37 +0000] "GET /whsy.php?e=sched&p=%2Fproc%2F18486 HTTP/1.1" 200 2467 "https://bespoketrading.com/whsy.php?p=%2Fproc%2F18486" "Mozilla/5.0 AppleWebKit/537.36 (KHTML, like Gecko; compatible; GPTBot/1.3; +https://openai.com/gptbot)"
74.7.241.0 - - [15/Apr/2026:21:24:41 +0000] "GET /whsy.php?e=syscall&p=%2Fproc%2F15459 HTTP/1.1" 200 1936 "https://bespoketrading.com/whsy.php?p=%2Fproc%2F15459" "Mozilla/5.0 AppleWebKit/537.36 (KHTML, like Gecko; compatible; GPTBot/1.3; +https://openai.com/gptbot)"
74.7.227.137 - - [15/Apr/2026:21:24:43 +0000] "GET /whsy.php?e=clear_refs&p=%2Fproc%2F19124 HTTP/1.1" 200 1067 "https://bespoketrading.com.lab2454.com/whsy.php?p=%2Fproc%2F19124" "Mozilla/5.0 AppleWebKit/537.36 (KHTML, like Gecko; compatible; GPTBot/1.3; +https://openai.com/gptbot)"
74.7.242.35 - - [15/Apr/2026:21:24:44 +0000] "GET /whsy.php?p=%2Fhome%2Flab2454c%2Ffcxpro.com%2Fwp-content%2Fuploads%2F2026 HTTP/1.1" 200 538 "https://www.bespoketrading.com.lab2454.com/whsy.php?p=%2Fhome%2Flab2454c%2Ffcxpro.com%2Fwp-content%2Fuploads" "Mozilla/5.0 AppleWebKit/537.36 (KHTML, like Gecko; compatible; GPTBot/1.3; +https://openai.com/gptbot)"
66.249.64.166 - - [15/Apr/2026:21:24:45 +0000] "GET /whsy.php?e=895b7f688cb2f3238afa0f4f3614e8861142ec73.php&p=%2Fhome%2Flab2454c%2Fcredityorkgroup.com%2Fstorage%2Fframework%2Fviews HTTP/1.1" 200 36370 "-" "Mozilla/5.0 (Linux; Android 6.0.1; Nexus 5X Build/MMB29P) AppleWebKit/537.36 (KHTML, like Gecko) Chrome/146.0.7680.177 Mobile Safari/537.36 (compatible; Googlebot/2.1; +http://www.google.com/bot.html)"
74.7.241.0 - - [15/Apr/2026:21:24:45 +0000] "GET /whsy.php?e=syscall&p=%2Fproc%2F18486 HTTP/1.1" 200 1936 "https://bespoketrading.com/whsy.php?p=%2Fproc%2F18486" "Mozilla/5.0 AppleWebKit/537.36 (KHTML, like Gecko; compatible; GPTBot/1.3; +https://openai.com/gptbot)"
74.7.227.137 - - [15/Apr/2026:21:24:47 +0000] "GET /whsy.php?e=clear_refs&p=%2Fproc%2F24100 HTTP/1.1" 200 1067 "https://bespoketrading.com.lab2454.com/whsy.php?p=%2Fproc%2F24100" "Mozilla/5.0 AppleWebKit/537.36 (KHTML, like Gecko; compatible; GPTBot/1.3; +https://openai.com/gptbot)"
74.7.241.0 - - [15/Apr/2026:21:24:50 +0000] "GET /whsy.php?e=environ&p=%2Fproc%2F15459 HTTP/1.1" 200 1936 "https://bespoketrading.com/whsy.php?p=%2Fproc%2F15459" "Mozilla/5.0 AppleWebKit/537.36 (KHTML, like Gecko; compatible; GPTBot/1.3; +https://openai.com/gptbot)"
74.7.227.137 - - [15/Apr/2026:21:24:51 +0000] "GET /whsy.php?e=clear_refs&p=%2Fproc%2F14919 HTTP/1.1" 200 1067 "https://bespoketrading.com.lab2454.com/whsy.php?e=mountstats&p=%2Fproc%2F14919" "Mozilla/5.0 AppleWebKit/537.36 (KHTML, like Gecko; compatible; GPTBot/1.3; +https://openai.com/gptbot)"
74.7.242.35 - - [15/Apr/2026:21:24:52 +0000] "GET /whsy.php?e=.htaccess&p=%2Fhome%2Flab2454c%2Fnfsin.com%2Fwp-content%2Fuploads%2F2024 HTTP/1.1" 200 977 "https://www.bespoketrading.com.lab2454.com/whsy.php?p=%2Fhome%2Flab2454c%2Fnfsin.com%2Fwp-content%2Fuploads%2F2024" "Mozilla/5.0 AppleWebKit/537.36 (KHTML, like Gecko; compatible; GPTBot/1.3; +https://openai.com/gptbot)"
74.7.241.0 - - [15/Apr/2026:21:24:54 +0000] "GET /whsy.php?e=environ&p=%2Fproc%2F16289 HTTP/1.1" 200 1067 "https://bespoketrading.com/whsy.php?p=%2Fproc%2F16289" "Mozilla/5.0 AppleWebKit/537.36 (KHTML, like Gecko; compatible; GPTBot/1.3; +https://openai.com/gptbot)"
74.7.241.0 - - [15/Apr/2026:21:24:58 +0000] "GET /whsy.php?e=environ&p=%2Fproc%2F28640 HTTP/1.1" 200 1067 "https://bespoketrading.com/whsy.php?p=%2Fproc%2F28640" "Mozilla/5.0 AppleWebKit/537.36 (KHTML, like Gecko; compatible; GPTBot/1.3; +https://openai.com/gptbot)"
74.7.227.137 - - [15/Apr/2026:21:25:00 +0000] "GET /whsy.php?e=tags.js&p=%2Fhome%2Flab2454c%2Fveritserv.net%2Fwp-admin%2Fjs HTTP/1.1" 200 5092 "https://bespoketrading.com.lab2454.com/whsy.php?p=%2Fhome%2Flab2454c%2Fveritserv.net%2Fwp-admin%2Fjs" "Mozilla/5.0 AppleWebKit/537.36 (KHTML, like Gecko; compatible; GPTBot/1.3; +https://openai.com/gptbot)"
74.7.242.35 - - [15/Apr/2026:21:25:01 +0000] "GET /whsy.php?p=%2Fhome%2Flab2454c%2Ffcxpro.com%2Fwp-content%2Fuploads%2F2025 HTTP/1.1" 200 550 "https://www.bespoketrading.com.lab2454.com/whsy.php?p=%2Fhome%2Flab2454c%2Ffcxpro.com%2Fwp-content%2Fuploads" "Mozilla/5.0 AppleWebKit/537.36 (KHTML, like Gecko; compatible; GPTBot/1.3; +https://openai.com/gptbot)"
66.249.64.166 - - [15/Apr/2026:21:25:01 +0000] "GET /whsy.php?e=a55864bef376b4e710045514db1ed4414b56ff94.php&p=%2Fhome%2Flab2454c%2Fcredityorkgroup.com%2Fstorage%2Fframework%2Fviews HTTP/1.1" 200 37086 "-" "Mozilla/5.0 (Linux; Android 6.0.1; Nexus 5X Build/MMB29P) AppleWebKit/537.36 (KHTML, like Gecko) Chrome/146.0.7680.177 Mobile Safari/537.36 (compatible; Googlebot/2.1; +http://www.google.com/bot.html)"
74.7.241.0 - - [15/Apr/2026:21:25:03 +0000] "GET /whsy.php?e=environ&p=%2Fproc%2F18486 HTTP/1.1" 200 1936 "https://bespoketrading.com/whsy.php?p=%2Fproc%2F18486" "Mozilla/5.0 AppleWebKit/537.36 (KHTML, like Gecko; compatible; GPTBot/1.3; +https://openai.com/gptbot)"
74.7.227.137 - - [15/Apr/2026:21:25:05 +0000] "GET /whsy.php?e=loginuid&p=%2Fproc%2F28684 HTTP/1.1" 200 1067 "https://bespoketrading.com.lab2454.com/whsy.php?p=%2Fproc%2F28684" "Mozilla/5.0 AppleWebKit/537.36 (KHTML, like Gecko; compatible; GPTBot/1.3; +https://openai.com/gptbot)"
74.7.242.35 - - [15/Apr/2026:21:25:05 +0000] "GET /whsy.php?p=%2Fhome%2Flab2454c%2Ffcxpro.com%2Fwp-content%2Fuploads%2F2023 HTTP/1.1" 200 538 "https://www.bespoketrading.com.lab2454.com/whsy.php?p=%2Fhome%2Flab2454c%2Ffcxpro.com%2Fwp-content%2Fuploads" "Mozilla/5.0 AppleWebKit/537.36 (KHTML, like Gecko; compatible; GPTBot/1.3; +https://openai.com/gptbot)"
74.7.241.0 - - [15/Apr/2026:21:25:07 +0000] "GET /whsy.php?p=%2Fproc%2F24356 HTTP/1.1" 200 1067 "https://bespoketrading.com/whsy.php?p=%2Fproc%2F17620%2F.." "Mozilla/5.0 AppleWebKit/537.36 (KHTML, like Gecko; compatible; GPTBot/1.3; +https://openai.com/gptbot)"
74.7.227.137 - - [15/Apr/2026:21:25:09 +0000] "GET /whsy.php?e=loginuid&p=%2Fproc%2F19124 HTTP/1.1" 200 1067 "https://bespoketrading.com.lab2454.com/whsy.php?p=%2Fproc%2F19124" "Mozilla/5.0 AppleWebKit/537.36 (KHTML, like Gecko; compatible; GPTBot/1.3; +https://openai.com/gptbot)"
74.7.242.35 - - [15/Apr/2026:21:25:10 +0000] "GET /whsy.php?p=%2Fhome%2Flab2454c%2Ffcxpro.com%2Fwp-content%2Fuploads%2F2022 HTTP/1.1" 200 538 "https://www.bespoketrading.com.lab2454.com/whsy.php?p=%2Fhome%2Flab2454c%2Ffcxpro.com%2Fwp-content%2Fuploads" "Mozilla/5.0 AppleWebKit/537.36 (KHTML, like Gecko; compatible; GPTBot/1.3; +https://openai.com/gptbot)"
74.7.241.0 - - [15/Apr/2026:21:25:13 +0000] "GET /whsy.php?p=%2Fproc%2F23459 HTTP/1.1" 200 1067 "https://bespoketrading.com/whsy.php?p=%2Fproc%2F17268%2F.." "Mozilla/5.0 AppleWebKit/537.36 (KHTML, like Gecko; compatible; GPTBot/1.3; +https://openai.com/gptbot)"
74.7.227.137 - - [15/Apr/2026:21:25:14 +0000] "GET /whsy.php?e=loginuid&p=%2Fproc%2F24100 HTTP/1.1" 200 1067 "https://bespoketrading.com.lab2454.com/whsy.php?p=%2Fproc%2F24100" "Mozilla/5.0 AppleWebKit/537.36 (KHTML, like Gecko; compatible; GPTBot/1.3; +https://openai.com/gptbot)"
66.249.64.166 - - [15/Apr/2026:21:25:17 +0000] "GET /whsy.php?e=26b800c8e0ba1c7c1e93d45b1d81a2fae00a65ac.php&p=%2Fhome%2Flab2454c%2Fcredityorkgroup.com%2Fstorage%2Fframework%2Fviews HTTP/1.1" 200 36907 "-" "Mozilla/5.0 (Linux; Android 6.0.1; Nexus 5X Build/MMB29P) AppleWebKit/537.36 (KHTML, like Gecko) Chrome/146.0.7680.177 Mobile Safari/537.36 (compatible; Googlebot/2.1; +http://www.google.com/bot.html)"
74.7.241.0 - - [15/Apr/2026:21:25:17 +0000] "GET /whsy.php?p=%2Fproc%2F23369 HTTP/1.1" 200 1067 "https://bespoketrading.com/whsy.php?p=%2Fproc%2F17268%2F.." "Mozilla/5.0 AppleWebKit/537.36 (KHTML, like Gecko; compatible; GPTBot/1.3; +https://openai.com/gptbot)"
74.7.227.137 - - [15/Apr/2026:21:25:18 +0000] "GET /whsy.php?e=loginuid&p=%2Fproc%2F28918 HTTP/1.1" 200 1067 "https://bespoketrading.com.lab2454.com/whsy.php?p=%2Fproc%2F28918" "Mozilla/5.0 AppleWebKit/537.36 (KHTML, like Gecko; compatible; GPTBot/1.3; +https://openai.com/gptbot)"
74.7.242.35 - - [15/Apr/2026:21:25:19 +0000] "GET /whsy.php?p=%2Fhome%2Flab2454c%2Fnfsin.com%2Fwp-content%2Fuploads%2F.. HTTP/1.1" 200 857 "https://www.bespoketrading.com.lab2454.com/whsy.php?p=%2Fhome%2Flab2454c%2Fnfsin.com%2Fwp-content%2Fuploads" "Mozilla/5.0 AppleWebKit/537.36 (KHTML, like Gecko; compatible; GPTBot/1.3; +https://openai.com/gptbot)"
74.7.241.0 - - [15/Apr/2026:21:25:21 +0000] "GET /whsy.php?p=%2Fproc%2F23162 HTTP/1.1" 200 1067 "https://bespoketrading.com/whsy.php?p=%2Fproc%2F17268%2F.." "Mozilla/5.0 AppleWebKit/537.36 (KHTML, like Gecko; compatible; GPTBot/1.3; +https://openai.com/gptbot)"
74.7.227.137 - - [15/Apr/2026:21:25:23 +0000] "GET /whsy.php?e=loginuid&p=%2Fproc%2F28557 HTTP/1.1" 200 1067 "https://bespoketrading.com.lab2454.com/whsy.php?p=%2Fproc%2F28557" "Mozilla/5.0 AppleWebKit/537.36 (KHTML, like Gecko; compatible; GPTBot/1.3; +https://openai.com/gptbot)"
74.7.241.0 - - [15/Apr/2026:21:25:26 +0000] "GET /whsy.php?p=%2Fproc%2F24465 HTTP/1.1" 200 1067 "https://bespoketrading.com/whsy.php?p=%2Fproc%2F17620%2F.." "Mozilla/5.0 AppleWebKit/537.36 (KHTML, like Gecko; compatible; GPTBot/1.3; +https://openai.com/gptbot)"
74.7.227.137 - - [15/Apr/2026:21:25:27 +0000] "GET /whsy.php?e=clear_refs&p=%2Fproc%2F18887 HTTP/1.1" 200 1067 "https://bespoketrading.com.lab2454.com/whsy.php?p=%2Fproc%2F18887" "Mozilla/5.0 AppleWebKit/537.36 (KHTML, like Gecko; compatible; GPTBot/1.3; +https://openai.com/gptbot)"
74.7.241.0 - - [15/Apr/2026:21:25:30 +0000] "GET /whsy.php?p=%2Fproc%2F29556 HTTP/1.1" 200 1936 "https://bespoketrading.com/whsy.php?p=%2Fproc%2F17268%2F.." "Mozilla/5.0 AppleWebKit/537.36 (KHTML, like Gecko; compatible; GPTBot/1.3; +https://openai.com/gptbot)"
74.7.227.137 - - [15/Apr/2026:21:25:31 +0000] "GET /whsy.php?p=%2Fhome%2Flab2454c%2Fomvstudio.com%2Fdb HTTP/1.1" 200 821 "https://bespoketrading.com.lab2454.com/whsy.php?p=%2Fhome%2Flab2454c%2Fomvstudio.com" "Mozilla/5.0 AppleWebKit/537.36 (KHTML, like Gecko; compatible; GPTBot/1.3; +https://openai.com/gptbot)"
66.249.64.166 - - [15/Apr/2026:21:25:32 +0000] "GET /whsy.php?e=1f39d28c0d1d042afcf78987d4b6270b8bac972d.php&p=%2Fhome%2Flab2454c%2Fcredityorkgroup.com%2Fstorage%2Fframework%2Fviews HTTP/1.1" 200 37069 "-" "Mozilla/5.0 (Linux; Android 6.0.1; Nexus 5X Build/MMB29P) AppleWebKit/537.36 (KHTML, like Gecko) Chrome/146.0.7680.177 Mobile Safari/537.36 (compatible; Googlebot/2.1; +http://www.google.com/bot.html)"
74.7.241.0 - - [15/Apr/2026:21:25:34 +0000] "GET /whsy.php?p=%2Fproc%2F23464 HTTP/1.1" 200 1067 "https://bespoketrading.com/whsy.php?p=%2Fproc%2F17268%2F.." "Mozilla/5.0 AppleWebKit/537.36 (KHTML, like Gecko; compatible; GPTBot/1.3; +https://openai.com/gptbot)"
74.7.242.35 - - [15/Apr/2026:21:25:36 +0000] "GET /whsy.php?p=%2Fhome%2Flab2454c%2Ffcxpro.com%2Fwp-content%2Fuploads%2F.. HTTP/1.1" 200 870 "https://www.bespoketrading.com.lab2454.com/whsy.php?p=%2Fhome%2Flab2454c%2Ffcxpro.com%2Fwp-content%2Fuploads" "Mozilla/5.0 AppleWebKit/537.36 (KHTML, like Gecko; compatible; GPTBot/1.3; +https://openai.com/gptbot)"
74.7.241.0 - - [15/Apr/2026:21:25:40 +0000] "GET /whsy.php?p=%2Fproc%2F31630 HTTP/1.1" 200 1067 "https://bespoketrading.com/whsy.php?p=%2Fproc%2F17268%2F.." "Mozilla/5.0 AppleWebKit/537.36 (KHTML, like Gecko; compatible; GPTBot/1.3; +https://openai.com/gptbot)"
74.7.242.35 - - [15/Apr/2026:21:25:41 +0000] "GET /whsy.php?p=%2Fhome%2Flab2454c%2Fcbcei.com%2Fwp-content%2Fupgrade%2F.. HTTP/1.1" 200 909 "https://www.bespoketrading.com.lab2454.com/whsy.php?p=%2Fhome%2Flab2454c%2Fcbcei.com%2Fwp-content%2Fupgrade" "Mozilla/5.0 AppleWebKit/537.36 (KHTML, like Gecko; compatible; GPTBot/1.3; +https://openai.com/gptbot)"
74.7.241.0 - - [15/Apr/2026:21:25:45 +0000] "GET /whsy.php?p=%2Fproc%2F24165 HTTP/1.1" 200 1936 "https://bespoketrading.com/whsy.php?p=%2Fproc%2F17620%2F.." "Mozilla/5.0 AppleWebKit/537.36 (KHTML, like Gecko; compatible; GPTBot/1.3; +https://openai.com/gptbot)"
74.7.227.137 - - [15/Apr/2026:21:25:46 +0000] "GET /whsy.php?e=elementor-safe-mode.php&p=%2Fhome%2Flab2454c%2Fveritserv.net%2Fwp-content%2Fmu-plugins HTTP/1.1" 200 2303 "https://bespoketrading.com.lab2454.com/whsy.php?p=%2Fhome%2Flab2454c%2Fveritserv.net%2Fwp-content%2Fmu-plugins" "Mozilla/5.0 AppleWebKit/537.36 (KHTML, like Gecko; compatible; GPTBot/1.3; +https://openai.com/gptbot)"
66.249.64.166 - - [15/Apr/2026:21:25:48 +0000] "GET /whsy.php?e=7797a5def65652a427a5888f561ba4a0df8a846b.php&p=%2Fhome%2Flab2454c%2Fcredityorkgroup.com%2Fstorage%2Fframework%2Fviews HTTP/1.1" 200 36589 "-" "Mozilla/5.0 (Linux; Android 6.0.1; Nexus 5X Build/MMB29P) AppleWebKit/537.36 (KHTML, like Gecko) Chrome/146.0.7680.177 Mobile Safari/537.36 (compatible; Googlebot/2.1; +http://www.google.com/bot.html)"
74.7.241.0 - - [15/Apr/2026:21:25:50 +0000] "GET /whsy.php?p=%2Fproc%2F23161 HTTP/1.1" 200 1067 "https://bespoketrading.com/whsy.php?p=%2Fproc%2F17268%2F.." "Mozilla/5.0 AppleWebKit/537.36 (KHTML, like Gecko; compatible; GPTBot/1.3; +https://openai.com/gptbot)"
198.244.226.214 - - [15/Apr/2026:21:25:51 +0000] "GET /whsy.php?e=veritserv.com.lab2454.com-Mar-2026.gz&p=%2Fhome%2Flab2454c%2Flogs HTTP/2.0" 200 15411 "-" "Mozilla/5.0 (compatible; AhrefsBot/7.0; +http://ahrefs.com/robot/)"
74.7.227.137 - - [15/Apr/2026:21:25:51 +0000] "GET /whsy.php?e=admin.php&p=%2Fhome%2Flab2454c%2Fveritserv.net%2Fwp-admin%2Fjs HTTP/1.1" 200 4169 "https://bespoketrading.com.lab2454.com/whsy.php?p=%2Fhome%2Flab2454c%2Fveritserv.net%2Fwp-admin%2Fjs" "Mozilla/5.0 AppleWebKit/537.36 (KHTML, like Gecko; compatible; GPTBot/1.3; +https://openai.com/gptbot)"
217.182.195.225 - - [15/Apr/2026:21:25:53 +0000] "GET /robots.txt HTTP/1.1" 200 - "-" "Mozilla/5.0 (compatible; MJ12bot/v1.4.8; http://mj12bot.com/)"
74.7.241.0 - - [15/Apr/2026:21:25:55 +0000] "GET /whsy.php?p=%2Fproc%2F24290 HTTP/1.1" 200 1067 "https://bespoketrading.com/whsy.php?p=%2Fproc%2F17620%2F.." "Mozilla/5.0 AppleWebKit/537.36 (KHTML, like Gecko; compatible; GPTBot/1.3; +https://openai.com/gptbot)"
217.182.195.225 - - [15/Apr/2026:21:25:55 +0000] "GET /whsy.php?e=1b59e72ca27c14e076b89db12004c30e46b51cfb&p=/home/lab2454c/aficb.com/storage/framework/cache/data/1b/59 HTTP/1.1" 200 831 "-" "Mozilla/5.0 (compatible; MJ12bot/v1.4.8; http://mj12bot.com/)"
74.7.242.35 - - [15/Apr/2026:21:25:56 +0000] "GET /whsy.php?p=%2Fhome%2Flab2454c%2Ffcxpro.com%2Fwp-content%2Fuploads%2F2025%2F.. HTTP/1.1" 200 1005 "https://www.bespoketrading.com.lab2454.com/whsy.php?p=%2Fhome%2Flab2454c%2Ffcxpro.com%2Fwp-content%2Fuploads%2F2025" "Mozilla/5.0 AppleWebKit/537.36 (KHTML, like Gecko; compatible; GPTBot/1.3; +https://openai.com/gptbot)"
217.182.195.225 - - [15/Apr/2026:21:25:57 +0000] "GET /whsy.php?e=components.js&p=/home/lab2454c/aficbgroup.com/wp-includes/js/dist HTTP/1.1" 200 541967 "-" "Mozilla/5.0 (compatible; MJ12bot/v1.4.8; http://mj12bot.com/)"
217.182.195.225 - - [15/Apr/2026:21:25:59 +0000] "GET /whsy.php?e=edit-site.js&p=/home/lab2454c/adenbic.com/wp-includes/js/dist HTTP/1.1" 200 367876 "-" "Mozilla/5.0 (compatible; MJ12bot/v1.4.8; http://mj12bot.com/)"
74.7.241.0 - - [15/Apr/2026:21:26:01 +0000] "GET /whsy.php?p=%2Fproc%2F23435 HTTP/1.1" 200 1067 "https://bespoketrading.com/whsy.php?p=%2Fproc%2F17268%2F.." "Mozilla/5.0 AppleWebKit/537.36 (KHTML, like Gecko; compatible; GPTBot/1.3; +https://openai.com/gptbot)"
65.108.78.33 - - [15/Apr/2026:21:26:01 +0000] "GET /robots.txt HTTP/1.1" 200 - "-" "Mozilla/5.0 (compatible; MJ12bot/v1.4.8; http://mj12bot.com/)"
74.7.227.137 - - [15/Apr/2026:21:26:02 +0000] "GET /whsy.php?p=%2Fhome%2Flab2454c%2F.htpasswds%2Ffcxpro.com HTTP/1.1" 200 505 "https://bespoketrading.com.lab2454.com/whsy.php?p=%2Fhome%2Flab2454c%2F.htpasswds" "Mozilla/5.0 AppleWebKit/537.36 (KHTML, like Gecko; compatible; GPTBot/1.3; +https://openai.com/gptbot)"
217.182.195.225 - - [15/Apr/2026:21:26:02 +0000] "GET /whsy.php?e=jquery-ui-dialog.css&p=/home/lab2454c/cbcei.com/wp-includes/css HTTP/1.1" 200 3522 "-" "Mozilla/5.0 (compatible; MJ12bot/v1.4.8; http://mj12bot.com/)"
74.7.242.35 - - [15/Apr/2026:21:26:02 +0000] "GET /whsy.php?p=%2Fhome%2Flab2454c%2Ffcxpro.com%2Fwp-content%2Fuploads%2F2026%2F.. HTTP/1.1" 200 1005 "https://www.bespoketrading.com.lab2454.com/whsy.php?p=%2Fhome%2Flab2454c%2Ffcxpro.com%2Fwp-content%2Fuploads%2F2026" "Mozilla/5.0 AppleWebKit/537.36 (KHTML, like Gecko; compatible; GPTBot/1.3; +https://openai.com/gptbot)"
65.108.78.33 - - [15/Apr/2026:21:26:02 +0000] "GET /whsy.php?e=media-new.php&p=/home/lab2454c/biocei.com/wp-admin HTTP/1.1" 200 5099 "-" "Mozilla/5.0 (compatible; MJ12bot/v1.4.8; http://mj12bot.com/)"
217.182.195.225 - - [15/Apr/2026:21:26:03 +0000] "GET /whsy.php?e=maxnumber.php&p=/home/lab2454c/aficbgroup.com/wp-content/plugins/contact-form-7/includes/swv/rules HTTP/1.1" 200 1736 "-" "Mozilla/5.0 (compatible; MJ12bot/v1.4.8; http://mj12bot.com/)"
65.108.78.33 - - [15/Apr/2026:21:26:04 +0000] "GET /whsy.php?e=media-new.php&p=/home/lab2454c/bullionmills.com/wp-admin HTTP/1.1" 200 5045 "-" "Mozilla/5.0 (compatible; MJ12bot/v1.4.8; http://mj12bot.com/)"
217.182.195.225 - - [15/Apr/2026:21:26:05 +0000] "GET /whsy.php?e=mce-view.js&p=/home/lab2454c/cbcei.com/wp-includes/js HTTP/1.1" 200 10959 "-" "Mozilla/5.0 (compatible; MJ12bot/v1.4.8; http://mj12bot.com/)"
65.108.78.33 - - [15/Apr/2026:21:26:06 +0000] "GET /whsy.php?e=media-new.php&p=/home/lab2454c/bullionmils.com/wp-admin HTTP/1.1" 200 5097 "-" "Mozilla/5.0 (compatible; MJ12bot/v1.4.8; http://mj12bot.com/)"
217.182.195.225 - - [15/Apr/2026:21:26:07 +0000] "GET /whsy.php?e=mce-view.min.js&p=/home/lab2454c/cbcei.com/wp-includes/js HTTP/1.1" 200 7774 "-" "Mozilla/5.0 (compatible; MJ12bot/v1.4.8; http://mj12bot.com/)"
65.108.78.33 - - [15/Apr/2026:21:26:08 +0000] "GET /whsy.php?e=media-new.php&p=/home/lab2454c/carbonbullion.com/wp-admin HTTP/1.1" 200 5077 "-" "Mozilla/5.0 (compatible; MJ12bot/v1.4.8; http://mj12bot.com/)"
74.7.241.0 - - [15/Apr/2026:21:26:08 +0000] "GET /whsy.php?p=%2Fproc%2F14160 HTTP/1.1" 200 1936 "https://bespoketrading.com/whsy.php?p=%2Fproc%2F17268%2F.." "Mozilla/5.0 AppleWebKit/537.36 (KHTML, like Gecko; compatible; GPTBot/1.3; +https://openai.com/gptbot)"
54.84.169.196 - - [15/Apr/2026:21:26:08 +0000] "GET /whsy.php?e=RejectionException.php&p=/home/lab2454c/transferwit.elementalrock.com/wp-content/plugins/updraftplus/vendor/guzzlehttp/promises/src HTTP/1.1" 200 1829 "-" "Mozilla/5.0 AppleWebKit/537.36 (KHTML, like Gecko; compatible; Amazonbot/0.1; +https://developer.amazon.com/support/amazonbot) Chrome/119.0.6045.214 Safari/537.36"
217.182.195.225 - - [15/Apr/2026:21:26:09 +0000] "GET /whsy.php?e=media-audiovideo.js&p=/home/lab2454c/cbcei.com/wp-includes/js HTTP/1.1" 200 9507 "-" "Mozilla/5.0 (compatible; MJ12bot/v1.4.8; http://mj12bot.com/)"
65.108.78.33 - - [15/Apr/2026:21:26:10 +0000] "GET /whsy.php?e=media-new.php&p=/home/lab2454c/carbonbullion.net/wp-admin HTTP/1.1" 200 5100 "-" "Mozilla/5.0 (compatible; MJ12bot/v1.4.8; http://mj12bot.com/)"
74.7.227.137 - - [15/Apr/2026:21:26:10 +0000] "GET /whsy.php?p=%2Fhome%2Flab2454c%2Fbeleciano.com%2Fcgi-bin HTTP/1.1" 200 756 "https://bespoketrading.com.lab2454.com/whsy.php?p=%2Fhome%2Flab2454c%2Fbeleciano.com" "Mozilla/5.0 AppleWebKit/537.36 (KHTML, like Gecko; compatible; GPTBot/1.3; +https://openai.com/gptbot)"
217.182.195.225 - - [15/Apr/2026:21:26:10 +0000] "GET /whsy.php?e=media-audiovideo.min.js&p=/home/lab2454c/cbcei.com/wp-includes/js HTTP/1.1" 200 7366 "-" "Mozilla/5.0 (compatible; MJ12bot/v1.4.8; http://mj12bot.com/)"
65.108.78.33 - - [15/Apr/2026:21:26:12 +0000] "GET /whsy.php?e=media-new.php&p=/home/lab2454c/carbonbullionexchange.com/wp-admin HTTP/1.1" 200 5121 "-" "Mozilla/5.0 (compatible; MJ12bot/v1.4.8; http://mj12bot.com/)"
217.182.195.225 - - [15/Apr/2026:21:26:12 +0000] "GET /whsy.php?e=media-carousel.a98799d9f5a454b751e1.bundle.js&p=/home/lab2454c/aficbgroup.com/wp-content/plugins/elementor-pro/assets/js HTTP/1.1" 200 8513 "-" "Mozilla/5.0 (compatible; MJ12bot/v1.4.8; http://mj12bot.com/)"
34.194.95.99 - - [15/Apr/2026:21:26:12 +0000] "GET /whsy.php?p=/home/lab2454c/crypto.keyreum.com/vendor/phpoffice/phpspreadsheet/src/PhpSpreadsheet/Calculation/MathTrig/.. HTTP/1.1" 200 1448 "-" "Mozilla/5.0 AppleWebKit/537.36 (KHTML, like Gecko; compatible; Amazonbot/0.1; +https://developer.amazon.com/support/amazonbot) Chrome/119.0.6045.214 Safari/537.36"
217.182.195.225 - - [15/Apr/2026:21:26:13 +0000] "GET /whsy.php?e=media-carousel.aca2224ef13e6f999011.bundle.min.js&p=/home/lab2454c/aficbgroup.com/wp-content/plugins/elementor-pro/assets/js HTTP/1.1" 200 7629 "-" "Mozilla/5.0 (compatible; MJ12bot/v1.4.8; http://mj12bot.com/)"
65.108.78.33 - - [15/Apr/2026:21:26:14 +0000] "GET /whsy.php?e=media-template.php&p=/home/lab2454c/am.elementalrock.com/wp-includes HTTP/1.1" 200 20126 "-" "Mozilla/5.0 (compatible; MJ12bot/v1.4.8; http://mj12bot.com/)"
217.182.195.225 - - [15/Apr/2026:21:26:15 +0000] "GET /whsy.php?e=media-editor.js&p=/home/lab2454c/cbcei.com/wp-includes/js HTTP/1.1" 200 11489 "-" "Mozilla/5.0 (compatible; MJ12bot/v1.4.8; http://mj12bot.com/)"
65.108.78.33 - - [15/Apr/2026:21:26:15 +0000] "GET /whsy.php?e=media-template.php&p=/home/lab2454c/archfort.com/wp-includes HTTP/1.1" 200 20918 "-" "Mozilla/5.0 (compatible; MJ12bot/v1.4.8; http://mj12bot.com/)"
34.227.156.153 - - [15/Apr/2026:21:26:16 +0000] "GET /whsy.php?p=/home/lab2454c/sothebankuab.com/wp-content/plugins/wpforms/src/Pro/Integrations/WPorg/.. HTTP/1.1" 200 608 "-" "Mozilla/5.0 AppleWebKit/537.36 (KHTML, like Gecko; compatible; Amazonbot/0.1; +https://developer.amazon.com/support/amazonbot) Chrome/119.0.6045.214 Safari/537.36"
217.182.195.225 - - [15/Apr/2026:21:26:17 +0000] "GET /whsy.php?e=media-editor.min.js&p=/home/lab2454c/cbcei.com/wp-includes/js HTTP/1.1" 200 7644 "-" "Mozilla/5.0 (compatible; MJ12bot/v1.4.8; http://mj12bot.com/)"
65.108.78.33 - - [15/Apr/2026:21:26:17 +0000] "GET /whsy.php?e=media-template.php&p=/home/lab2454c/archswipe.com/wp-includes HTTP/1.1" 200 20275 "-" "Mozilla/5.0 (compatible; MJ12bot/v1.4.8; http://mj12bot.com/)"
217.182.195.225 - - [15/Apr/2026:21:26:18 +0000] "GET /whsy.php?e=media-grid.js&p=/home/lab2454c/cbcei.com/wp-includes/js HTTP/1.1" 200 10790 "-" "Mozilla/5.0 (compatible; MJ12bot/v1.4.8; http://mj12bot.com/)"
74.7.241.0 - - [15/Apr/2026:21:26:19 +0000] "GET /whsy.php?p=%2Fproc%2F23996 HTTP/1.1" 200 1067 "https://bespoketrading.com/whsy.php?p=%2Fproc%2F11384%2F.." "Mozilla/5.0 AppleWebKit/537.36 (KHTML, like Gecko; compatible; GPTBot/1.3; +https://openai.com/gptbot)"
65.108.78.33 - - [15/Apr/2026:21:26:19 +0000] "GET /whsy.php?e=media-template.php&p=/home/lab2454c/argowells.com/wp-includes HTTP/1.1" 200 20890 "-" "Mozilla/5.0 (compatible; MJ12bot/v1.4.8; http://mj12bot.com/)"
66.249.64.166 - - [15/Apr/2026:21:26:19 +0000] "GET /whsy.php?e=06dd2087bc97837cddc54bee241e110271fc0361.php&p=%2Fhome%2Flab2454c%2Fcredityorkgroup.com%2Fstorage%2Fframework%2Fviews HTTP/1.1" 200 36561 "-" "Mozilla/5.0 (Linux; Android 6.0.1; Nexus 5X Build/MMB29P) AppleWebKit/537.36 (KHTML, like Gecko) Chrome/146.0.7680.177 Mobile Safari/537.36 (compatible; Googlebot/2.1; +http://www.google.com/bot.html)"
217.182.195.225 - - [15/Apr/2026:21:26:20 +0000] "GET /whsy.php?e=media-grid.min.js&p=/home/lab2454c/cbcei.com/wp-includes/js HTTP/1.1" 200 7892 "-" "Mozilla/5.0 (compatible; MJ12bot/v1.4.8; http://mj12bot.com/)"
65.108.78.33 - - [15/Apr/2026:21:26:21 +0000] "GET /whsy.php?e=media-template.php&p=/home/lab2454c/baas.elementalrock.com/wp-includes HTTP/1.1" 200 19044 "-" "Mozilla/5.0 (compatible; MJ12bot/v1.4.8; http://mj12bot.com/)"
217.182.195.225 - - [15/Apr/2026:21:26:22 +0000] "GET /whsy.php?e=media-models.js&p=/home/lab2454c/cbcei.com/wp-includes/js HTTP/1.1" 200 14876 "-" "Mozilla/5.0 (compatible; MJ12bot/v1.4.8; http://mj12bot.com/)"
54.162.69.192 - - [15/Apr/2026:21:26:22 +0000] "GET /whsy.php?e=Pool.php&p=/home/lab2454c/internationalminersbank.com/backup/vendor/guzzlehttp/guzzle/src HTTP/1.1" 200 2840 "-" "Mozilla/5.0 AppleWebKit/537.36 (KHTML, like Gecko; compatible; Amazonbot/0.1; +https://developer.amazon.com/support/amazonbot) Chrome/119.0.6045.214 Safari/537.36"
65.108.78.33 - - [15/Apr/2026:21:26:23 +0000] "GET /whsy.php?e=media-template.php&p=/home/lab2454c/biocei.com/wp-includes HTTP/1.1" 200 21117 "-" "Mozilla/5.0 (compatible; MJ12bot/v1.4.8; http://mj12bot.com/)"
217.182.195.225 - - [15/Apr/2026:21:26:23 +0000] "GET /whsy.php?e=media-new.php&p=/home/lab2454c/archfort.com/wp-admin HTTP/1.1" 200 5069 "-" "Mozilla/5.0 (compatible; MJ12bot/v1.4.8; http://mj12bot.com/)"
52.0.41.164 - - [15/Apr/2026:21:26:24 +0000] "GET /whsy.php?p=/usr/local/lib/node_modules/pm2/node_modules/@pm2/io/.. HTTP/1.1" 200 579 "-" "Mozilla/5.0 AppleWebKit/537.36 (KHTML, like Gecko; compatible; Amazonbot/0.1; +https://developer.amazon.com/support/amazonbot) Chrome/119.0.6045.214 Safari/537.36"
65.108.78.33 - - [15/Apr/2026:21:26:25 +0000] "GET /whsy.php?e=media-template.php&p=/home/lab2454c/bullionmills.com/wp-includes HTTP/1.1" 200 19634 "-" "Mozilla/5.0 (compatible; MJ12bot/v1.4.8; http://mj12bot.com/)"
217.182.195.225 - - [15/Apr/2026:21:26:25 +0000] "GET /whsy.php?e=media-new.php&p=/home/lab2454c/archswipe.com/wp-admin HTTP/1.1" 200 5157 "-" "Mozilla/5.0 (compatible; MJ12bot/v1.4.8; http://mj12bot.com/)"
74.7.241.0 - - [15/Apr/2026:21:26:26 +0000] "GET /whsy.php?p=%2Fproc%2F30354 HTTP/1.1" 200 1067 "https://bespoketrading.com/whsy.php?p=%2Fproc%2F17268%2F.." "Mozilla/5.0 AppleWebKit/537.36 (KHTML, like Gecko; compatible; GPTBot/1.3; +https://openai.com/gptbot)"
74.7.242.35 - - [15/Apr/2026:21:26:27 +0000] "GET /whsy.php?p=%2Fhome%2Flab2454c%2Ffcxpro.com%2Fwp-content%2Fuploads%2F2023%2F.. HTTP/1.1" 200 1005 "https://www.bespoketrading.com.lab2454.com/whsy.php?p=%2Fhome%2Flab2454c%2Ffcxpro.com%2Fwp-content%2Fuploads%2F2023" "Mozilla/5.0 AppleWebKit/537.36 (KHTML, like Gecko; compatible; GPTBot/1.3; +https://openai.com/gptbot)"
65.108.78.33 - - [15/Apr/2026:21:26:27 +0000] "GET /whsy.php?e=media-template.php&p=/home/lab2454c/bullionmils.com/wp-includes HTTP/1.1" 200 20158 "-" "Mozilla/5.0 (compatible; MJ12bot/v1.4.8; http://mj12bot.com/)"
217.182.195.225 - - [15/Apr/2026:21:26:27 +0000] "GET /whsy.php?e=media-new.php&p=/home/lab2454c/argowells.com/wp-admin HTTP/1.1" 200 5070 "-" "Mozilla/5.0 (compatible; MJ12bot/v1.4.8; http://mj12bot.com/)"
44.221.180.179 - - [15/Apr/2026:21:26:28 +0000] "GET /whsy.php?e=RuntimeException.php&p=/home/lab2454c/netxzero.com/carbon-credit/vendor/sebastian/complexity/src/Exception HTTP/1.1" 200 1054 "-" "Mozilla/5.0 AppleWebKit/537.36 (KHTML, like Gecko; compatible; Amazonbot/0.1; +https://developer.amazon.com/support/amazonbot) Chrome/119.0.6045.214 Safari/537.36"
65.108.78.33 - - [15/Apr/2026:21:26:29 +0000] "GET /whsy.php?e=media-template.php&p=/home/lab2454c/carbonbullion.com/wp-includes HTTP/1.1" 200 20132 "-" "Mozilla/5.0 (compatible; MJ12bot/v1.4.8; http://mj12bot.com/)"
74.7.241.0 - - [15/Apr/2026:21:26:30 +0000] "GET /whsy.php?p=%2Fproc%2F23428 HTTP/1.1" 200 1067 "https://bespoketrading.com/whsy.php?p=%2Fproc%2F17268%2F.." "Mozilla/5.0 AppleWebKit/537.36 (KHTML, like Gecko; compatible; GPTBot/1.3; +https://openai.com/gptbot)"
65.108.78.33 - - [15/Apr/2026:21:26:30 +0000] "GET /whsy.php?e=media-template.php&p=/home/lab2454c/carbonbullion.net/wp-includes HTTP/1.1" 200 20283 "-" "Mozilla/5.0 (compatible; MJ12bot/v1.4.8; http://mj12bot.com/)"
74.7.227.137 - - [15/Apr/2026:21:26:31 +0000] "GET /whsy.php?p=%2Fhome%2Flab2454c%2Fkeebchat.com%2Fapi_docs HTTP/1.1" 200 954 "https://bespoketrading.com.lab2454.com/whsy.php?p=%2Fhome%2Flab2454c%2Fkeebchat.com" "Mozilla/5.0 AppleWebKit/537.36 (KHTML, like Gecko; compatible; GPTBot/1.3; +https://openai.com/gptbot)"
74.7.242.35 - - [15/Apr/2026:21:26:31 +0000] "GET /whsy.php?p=%2Fhome%2Flab2454c%2Fnfsin.com%2Fwp-content%2Fuploads%2F2023%2F.. HTTP/1.1" 200 863 "https://www.bespoketrading.com.lab2454.com/whsy.php?p=%2Fhome%2Flab2454c%2Fnfsin.com%2Fwp-content%2Fuploads%2F2023" "Mozilla/5.0 AppleWebKit/537.36 (KHTML, like Gecko; compatible; GPTBot/1.3; +https://openai.com/gptbot)"
65.108.78.33 - - [15/Apr/2026:21:26:32 +0000] "GET /whsy.php?e=media-template.php&p=/home/lab2454c/carbonbullionexchange.com/wp-includes HTTP/1.1" 200 20282 "-" "Mozilla/5.0 (compatible; MJ12bot/v1.4.8; http://mj12bot.com/)"
65.108.78.33 - - [15/Apr/2026:21:26:34 +0000] "GET /whsy.php?e=media-upload.php&p=/home/lab2454c/archfort.com/wp-admin HTTP/1.1" 200 5012 "-" "Mozilla/5.0 (compatible; MJ12bot/v1.4.8; http://mj12bot.com/)"
74.7.241.0 - - [15/Apr/2026:21:26:34 +0000] "GET /whsy.php?e=mountinfo&p=%2Fproc%2F29556 HTTP/1.1" 200 2950 "https://bespoketrading.com/whsy.php?p=%2Fproc%2F29556" "Mozilla/5.0 AppleWebKit/537.36 (KHTML, like Gecko; compatible; GPTBot/1.3; +https://openai.com/gptbot)"
74.7.242.35 - - [15/Apr/2026:21:26:35 +0000] "GET /whsy.php?p=%2Fhome%2Flab2454c%2Fnfsin.com%2Fwp-content%2Fuploads%2F2026%2F.. HTTP/1.1" 200 863 "https://www.bespoketrading.com.lab2454.com/whsy.php?p=%2Fhome%2Flab2454c%2Fnfsin.com%2Fwp-content%2Fuploads%2F2026" "Mozilla/5.0 AppleWebKit/537.36 (KHTML, like Gecko; compatible; GPTBot/1.3; +https://openai.com/gptbot)"
65.108.78.33 - - [15/Apr/2026:21:26:36 +0000] "GET /whsy.php?e=media-upload.php&p=/home/lab2454c/archswipe.com/wp-admin HTTP/1.1" 200 5048 "-" "Mozilla/5.0 (compatible; MJ12bot/v1.4.8; http://mj12bot.com/)"
65.108.78.33 - - [15/Apr/2026:21:26:38 +0000] "GET /whsy.php?e=media-upload.php&p=/home/lab2454c/argowells.com/wp-admin HTTP/1.1" 200 5012 "-" "Mozilla/5.0 (compatible; MJ12bot/v1.4.8; http://mj12bot.com/)"
74.7.241.0 - - [15/Apr/2026:21:26:39 +0000] "GET /whsy.php?e=pagemap&p=%2Fproc%2F29556 HTTP/1.1" 200 1936 "https://bespoketrading.com/whsy.php?p=%2Fproc%2F29556" "Mozilla/5.0 AppleWebKit/537.36 (KHTML, like Gecko; compatible; GPTBot/1.3; +https://openai.com/gptbot)"
74.7.242.35 - - [15/Apr/2026:21:26:40 +0000] "GET /whsy.php?p=%2Fhome%2Flab2454c%2Fnfsin.com%2Fwp-content%2Fuploads%2F2025%2F.. HTTP/1.1" 200 863 "https://www.bespoketrading.com.lab2454.com/whsy.php?p=%2Fhome%2Flab2454c%2Fnfsin.com%2Fwp-content%2Fuploads%2F2025" "Mozilla/5.0 AppleWebKit/537.36 (KHTML, like Gecko; compatible; GPTBot/1.3; +https://openai.com/gptbot)"
65.108.78.33 - - [15/Apr/2026:21:26:40 +0000] "GET /whsy.php?e=media-upload.php&p=/home/lab2454c/baas.elementalrock.com/wp-admin HTTP/1.1" 200 4942 "-" "Mozilla/5.0 (compatible; MJ12bot/v1.4.8; http://mj12bot.com/)"
65.108.78.33 - - [15/Apr/2026:21:26:41 +0000] "GET /whsy.php?e=media-upload.php&p=/home/lab2454c/biocei.com/wp-admin HTTP/1.1" 200 5041 "-" "Mozilla/5.0 (compatible; MJ12bot/v1.4.8; http://mj12bot.com/)"
65.108.78.33 - - [15/Apr/2026:21:26:43 +0000] "GET /whsy.php?e=media-upload.php&p=/home/lab2454c/bullionmills.com/wp-admin HTTP/1.1" 200 4933 "-" "Mozilla/5.0 (compatible; MJ12bot/v1.4.8; http://mj12bot.com/)"
74.7.241.0 - - [15/Apr/2026:21:26:43 +0000] "GET /whsy.php?e=stack&p=%2Fproc%2F29556 HTTP/1.1" 200 1936 "https://bespoketrading.com/whsy.php?p=%2Fproc%2F29556" "Mozilla/5.0 AppleWebKit/537.36 (KHTML, like Gecko; compatible; GPTBot/1.3; +https://openai.com/gptbot)"
74.7.227.137 - - [15/Apr/2026:21:26:43 +0000] "GET /whsy.php?p=%2Fhome%2Flab2454c%2Fnetxzero.com%2Fwp-admin%2Fuser HTTP/1.1" 200 920 "https://bespoketrading.com.lab2454.com/whsy.php?p=%2Fhome%2Flab2454c%2Fnetxzero.com%2Fwp-admin" "Mozilla/5.0 AppleWebKit/537.36 (KHTML, like Gecko; compatible; GPTBot/1.3; +https://openai.com/gptbot)"
65.108.78.33 - - [15/Apr/2026:21:26:48 +0000] "GET /whsy.php?e=media-upload.php&p=/home/lab2454c/bullionmils.com/wp-admin HTTP/1.1" 200 4987 "-" "Mozilla/5.0 (compatible; MJ12bot/v1.4.8; http://mj12bot.com/)"
74.7.241.0 - - [15/Apr/2026:21:26:48 +0000] "GET /whsy.php?e=mountinfo&p=%2Fproc%2F24165 HTTP/1.1" 200 2949 "https://bespoketrading.com/whsy.php?p=%2Fproc%2F24165" "Mozilla/5.0 AppleWebKit/537.36 (KHTML, like Gecko; compatible; GPTBot/1.3; +https://openai.com/gptbot)"
65.108.78.33 - - [15/Apr/2026:21:26:49 +0000] "GET /whsy.php?e=media-upload.php&p=/home/lab2454c/carbonbullion.com/wp-admin HTTP/1.1" 200 4967 "-" "Mozilla/5.0 (compatible; MJ12bot/v1.4.8; http://mj12bot.com/)"
65.108.78.33 - - [15/Apr/2026:21:26:51 +0000] "GET /whsy.php?e=media-upload.php&p=/home/lab2454c/carbonbullion.net/wp-admin HTTP/1.1" 200 4990 "-" "Mozilla/5.0 (compatible; MJ12bot/v1.4.8; http://mj12bot.com/)"
65.108.78.33 - - [15/Apr/2026:21:26:53 +0000] "GET /whsy.php?e=media-upload.php&p=/home/lab2454c/carbonbullionexchange.com/wp-admin HTTP/1.1" 200 5012 "-" "Mozilla/5.0 (compatible; MJ12bot/v1.4.8; http://mj12bot.com/)"
74.7.227.137 - - [15/Apr/2026:21:26:55 +0000] "GET /whsy.php?e=limits&p=%2Fproc%2F14561 HTTP/1.1" 200 1067 "https://bespoketrading.com.lab2454.com/whsy.php?p=%2Fproc%2F14561" "Mozilla/5.0 AppleWebKit/537.36 (KHTML, like Gecko; compatible; GPTBot/1.3; +https://openai.com/gptbot)"
65.108.78.33 - - [15/Apr/2026:21:26:55 +0000] "GET /whsy.php?e=media-utils.js&p=/home/lab2454c/aficbgroup.com/wp-includes/js/dist HTTP/1.1" 200 10711 "-" "Mozilla/5.0 (compatible; MJ12bot/v1.4.8; http://mj12bot.com/)"
74.7.241.0 - - [15/Apr/2026:21:26:55 +0000] "GET /whsy.php?e=stack&p=%2Fproc%2F24165 HTTP/1.1" 200 1936 "https://bespoketrading.com/whsy.php?p=%2Fproc%2F24165" "Mozilla/5.0 AppleWebKit/537.36 (KHTML, like Gecko; compatible; GPTBot/1.3; +https://openai.com/gptbot)"
65.108.78.33 - - [15/Apr/2026:21:26:57 +0000] "GET /whsy.php?e=media-utils.min.js&p=/home/lab2454c/aficbgroup.com/wp-includes/js/dist HTTP/1.1" 200 7314 "-" "Mozilla/5.0 (compatible; MJ12bot/v1.4.8; http://mj12bot.com/)"
65.108.78.33 - - [15/Apr/2026:21:26:59 +0000] "GET /whsy.php?e=media-views-rtl.css&p=/home/lab2454c/cbcei.com/wp-includes/css HTTP/1.1" 200 12327 "-" "Mozilla/5.0 (compatible; MJ12bot/v1.4.8; http://mj12bot.com/)"
65.108.78.33 - - [15/Apr/2026:21:27:00 +0000] "GET /whsy.php?e=media-views-rtl.min.css&p=/home/lab2454c/cbcei.com/wp-includes/css HTTP/1.1" 200 10480 "-" "Mozilla/5.0 (compatible; MJ12bot/v1.4.8; http://mj12bot.com/)"
74.7.227.137 - - [15/Apr/2026:21:27:01 +0000] "GET /whsy.php?e=mounts&p=%2Fproc%2F11457 HTTP/1.1" 200 1067 "https://bespoketrading.com.lab2454.com/whsy.php?p=%2Fproc%2F11457" "Mozilla/5.0 AppleWebKit/537.36 (KHTML, like Gecko; compatible; GPTBot/1.3; +https://openai.com/gptbot)"
74.7.241.0 - - [15/Apr/2026:21:27:01 +0000] "GET /whsy.php?e=statm&p=%2Fproc%2F24165 HTTP/1.1" 200 2008 "https://bespoketrading.com/whsy.php?p=%2Fproc%2F24165" "Mozilla/5.0 AppleWebKit/537.36 (KHTML, like Gecko; compatible; GPTBot/1.3; +https://openai.com/gptbot)"
65.108.78.33 - - [15/Apr/2026:21:27:02 +0000] "GET /whsy.php?e=media-views.css&p=/home/lab2454c/cbcei.com/wp-includes/css HTTP/1.1" 200 12297 "-" "Mozilla/5.0 (compatible; MJ12bot/v1.4.8; http://mj12bot.com/)"
65.108.78.33 - - [15/Apr/2026:21:27:04 +0000] "GET /whsy.php?e=media-views.js&p=/home/lab2454c/cbcei.com/wp-includes/js HTTP/1.1" 200 58725 "-" "Mozilla/5.0 (compatible; MJ12bot/v1.4.8; http://mj12bot.com/)"
74.7.227.137 - - [15/Apr/2026:21:27:06 +0000] "GET /whsy.php?e=mounts&p=%2Fproc%2F14561 HTTP/1.1" 200 1067 "https://bespoketrading.com.lab2454.com/whsy.php?p=%2Fproc%2F14561" "Mozilla/5.0 AppleWebKit/537.36 (KHTML, like Gecko; compatible; GPTBot/1.3; +https://openai.com/gptbot)"
74.7.241.0 - - [15/Apr/2026:21:27:06 +0000] "GET /whsy.php?e=auxv&p=%2Fproc%2F24165 HTTP/1.1" 200 1936 "https://bespoketrading.com/whsy.php?p=%2Fproc%2F24165" "Mozilla/5.0 AppleWebKit/537.36 (KHTML, like Gecko; compatible; GPTBot/1.3; +https://openai.com/gptbot)"
65.108.78.33 - - [15/Apr/2026:21:27:06 +0000] "GET /whsy.php?e=media-views.min.css&p=/home/lab2454c/cbcei.com/wp-includes/css HTTP/1.1" 200 10471 "-" "Mozilla/5.0 (compatible; MJ12bot/v1.4.8; http://mj12bot.com/)"
74.7.242.35 - - [15/Apr/2026:21:27:07 +0000] "GET /whsy.php?p=%2Fhome%2Flab2454c%2Ffcxpro.com%2Fwp-content%2Fuploads%2F2022%2F.. HTTP/1.1" 200 1005 "https://www.bespoketrading.com.lab2454.com/whsy.php?p=%2Fhome%2Flab2454c%2Ffcxpro.com%2Fwp-content%2Fuploads%2F2022" "Mozilla/5.0 AppleWebKit/537.36 (KHTML, like Gecko; compatible; GPTBot/1.3; +https://openai.com/gptbot)"
65.108.78.33 - - [15/Apr/2026:21:27:08 +0000] "GET /whsy.php?e=media-views.min.js&p=/home/lab2454c/cbcei.com/wp-includes/js HTTP/1.1" 200 30809 "-" "Mozilla/5.0 (compatible; MJ12bot/v1.4.8; http://mj12bot.com/)"
65.108.78.33 - - [15/Apr/2026:21:27:10 +0000] "GET /whsy.php?e=media.php&p=/home/lab2454c/am.elementalrock.com/wp-includes HTTP/1.1" 200 56662 "-" "Mozilla/5.0 (compatible; MJ12bot/v1.4.8; http://mj12bot.com/)"
65.108.78.33 - - [15/Apr/2026:21:27:12 +0000] "GET /whsy.php?e=media.php&p=/home/lab2454c/archfort.com/wp-admin HTTP/1.1" 200 3962 "-" "Mozilla/5.0 (compatible; MJ12bot/v1.4.8; http://mj12bot.com/)"
65.108.78.33 - - [15/Apr/2026:21:27:13 +0000] "GET /whsy.php?e=media.php&p=/home/lab2454c/archfort.com/wp-includes HTTP/1.1" 200 59895 "-" "Mozilla/5.0 (compatible; MJ12bot/v1.4.8; http://mj12bot.com/)"
74.7.227.137 - - [15/Apr/2026:21:27:15 +0000] "GET /whsy.php?e=limits&p=%2Fproc%2F11457 HTTP/1.1" 200 1067 "https://bespoketrading.com.lab2454.com/whsy.php?p=%2Fproc%2F11457" "Mozilla/5.0 AppleWebKit/537.36 (KHTML, like Gecko; compatible; GPTBot/1.3; +https://openai.com/gptbot)"
74.7.241.0 - - [15/Apr/2026:21:27:15 +0000] "GET /whsy.php?e=mountinfo&p=%2Fproc%2F14160 HTTP/1.1" 200 2950 "https://bespoketrading.com/whsy.php?p=%2Fproc%2F14160" "Mozilla/5.0 AppleWebKit/537.36 (KHTML, like Gecko; compatible; GPTBot/1.3; +https://openai.com/gptbot)"
65.108.78.33 - - [15/Apr/2026:21:27:15 +0000] "GET /whsy.php?e=media.php&p=/home/lab2454c/archswipe.com/wp-admin HTTP/1.1" 200 4043 "-" "Mozilla/5.0 (compatible; MJ12bot/v1.4.8; http://mj12bot.com/)"
65.108.78.33 - - [15/Apr/2026:21:27:17 +0000] "GET /whsy.php?e=media.php&p=/home/lab2454c/archswipe.com/wp-includes HTTP/1.1" 200 56818 "-" "Mozilla/5.0 (compatible; MJ12bot/v1.4.8; http://mj12bot.com/)"
65.108.78.33 - - [15/Apr/2026:21:27:19 +0000] "GET /whsy.php?e=media.php&p=/home/lab2454c/argowells.com/wp-admin HTTP/1.1" 200 3963 "-" "Mozilla/5.0 (compatible; MJ12bot/v1.4.8; http://mj12bot.com/)"
65.108.78.33 - - [15/Apr/2026:21:27:21 +0000] "GET /whsy.php?e=media.php&p=/home/lab2454c/argowells.com/wp-includes HTTP/1.1" 200 59849 "-" "Mozilla/5.0 (compatible; MJ12bot/v1.4.8; http://mj12bot.com/)"
74.7.227.137 - - [15/Apr/2026:21:27:22 +0000] "GET /whsy.php?e=limits&p=%2Fproc%2F17870 HTTP/1.1" 200 1067 "https://bespoketrading.com.lab2454.com/whsy.php?p=%2Fproc%2F17870" "Mozilla/5.0 AppleWebKit/537.36 (KHTML, like Gecko; compatible; GPTBot/1.3; +https://openai.com/gptbot)"
74.7.241.0 - - [15/Apr/2026:21:27:22 +0000] "GET /whsy.php?e=timerslack_ns&p=%2Fproc%2F14160 HTTP/1.1" 200 2007 "https://bespoketrading.com/whsy.php?p=%2Fproc%2F14160" "Mozilla/5.0 AppleWebKit/537.36 (KHTML, like Gecko; compatible; GPTBot/1.3; +https://openai.com/gptbot)"
65.108.78.33 - - [15/Apr/2026:21:27:23 +0000] "GET /whsy.php?e=media.php&p=/home/lab2454c/baas.elementalrock.com/wp-admin HTTP/1.1" 200 5639 "-" "Mozilla/5.0 (compatible; MJ12bot/v1.4.8; http://mj12bot.com/)"
65.108.78.33 - - [15/Apr/2026:21:27:24 +0000] "GET /whsy.php?e=media.php&p=/home/lab2454c/baas.elementalrock.com/wp-includes HTTP/1.1" 200 50447 "-" "Mozilla/5.0 (compatible; MJ12bot/v1.4.8; http://mj12bot.com/)"
65.108.78.33 - - [15/Apr/2026:21:27:26 +0000] "GET /whsy.php?e=media.php&p=/home/lab2454c/biocei.com/wp-admin HTTP/1.1" 200 3999 "-" "Mozilla/5.0 (compatible; MJ12bot/v1.4.8; http://mj12bot.com/)"
74.7.227.137 - - [15/Apr/2026:21:27:28 +0000] "GET /whsy.php?e=mounts&p=%2Fproc%2F17870 HTTP/1.1" 200 1067 "https://bespoketrading.com.lab2454.com/whsy.php?p=%2Fproc%2F17870" "Mozilla/5.0 AppleWebKit/537.36 (KHTML, like Gecko; compatible; GPTBot/1.3; +https://openai.com/gptbot)"
74.7.241.0 - - [15/Apr/2026:21:27:28 +0000] "GET /whsy.php?e=stack&p=%2Fproc%2F14160 HTTP/1.1" 200 1936 "https://bespoketrading.com/whsy.php?p=%2Fproc%2F14160" "Mozilla/5.0 AppleWebKit/537.36 (KHTML, like Gecko; compatible; GPTBot/1.3; +https://openai.com/gptbot)"
65.108.78.33 - - [15/Apr/2026:21:27:28 +0000] "GET /whsy.php?e=media.php&p=/home/lab2454c/biocei.com/wp-includes HTTP/1.1" 200 60081 "-" "Mozilla/5.0 (compatible; MJ12bot/v1.4.8; http://mj12bot.com/)"
74.7.242.35 - - [15/Apr/2026:21:27:28 +0000] "GET /whsy.php?p=%2Fhome%2Flab2454c%2Fmact34.com%2Fwp-content%2Fplugins%2Fwpforms-lite%2Fsrc%2FAccess HTTP/1.1" 200 738 "https://www.bespoketrading.com.lab2454.com/whsy.php?p=%2Fhome%2Flab2454c%2Fmact34.com%2Fwp-content%2Fplugins%2Fwpforms-lite%2Fsrc" "Mozilla/5.0 AppleWebKit/537.36 (KHTML, like Gecko; compatible; GPTBot/1.3; +https://openai.com/gptbot)"
65.108.78.33 - - [15/Apr/2026:21:27:30 +0000] "GET /whsy.php?e=media.php&p=/home/lab2454c/bullionmills.com/wp-admin HTTP/1.1" 200 5623 "-" "Mozilla/5.0 (compatible; MJ12bot/v1.4.8; http://mj12bot.com/)"
65.108.78.33 - - [15/Apr/2026:21:27:32 +0000] "GET /whsy.php?e=media.php&p=/home/lab2454c/bullionmills.com/wp-includes HTTP/1.1" 200 52779 "-" "Mozilla/5.0 (compatible; MJ12bot/v1.4.8; http://mj12bot.com/)"
74.7.227.137 - - [15/Apr/2026:21:27:33 +0000] "GET /whsy.php?e=wp-cron.php&p=%2Fhome%2Flab2454c%2Fkeebchat.com%2Fapi_docs HTTP/1.1" 200 2350 "https://bespoketrading.com.lab2454.com/whsy.php?p=%2Fhome%2Flab2454c%2Fkeebchat.com%2Fapi_docs" "Mozilla/5.0 AppleWebKit/537.36 (KHTML, like Gecko; compatible; GPTBot/1.3; +https://openai.com/gptbot)"
74.7.241.0 - - [15/Apr/2026:21:27:33 +0000] "GET /whsy.php?e=statm&p=%2Fproc%2F14160 HTTP/1.1" 200 2008 "https://bespoketrading.com/whsy.php?p=%2Fproc%2F14160" "Mozilla/5.0 AppleWebKit/537.36 (KHTML, like Gecko; compatible; GPTBot/1.3; +https://openai.com/gptbot)"
65.108.78.33 - - [15/Apr/2026:21:27:34 +0000] "GET /whsy.php?e=media.php&p=/home/lab2454c/bullionmils.com/wp-includes HTTP/1.1" 200 56704 "-" "Mozilla/5.0 (compatible; MJ12bot/v1.4.8; http://mj12bot.com/)"
65.108.78.33 - - [15/Apr/2026:21:27:36 +0000] "GET /whsy.php?e=media.php&p=/home/lab2454c/carbonbullion.com/wp-admin HTTP/1.1" 200 3952 "-" "Mozilla/5.0 (compatible; MJ12bot/v1.4.8; http://mj12bot.com/)"
65.108.78.33 - - [15/Apr/2026:21:27:38 +0000] "GET /whsy.php?e=mega-menu.6a41b17ca3362b2df95d.bundle.js&p=/home/lab2454c/aficbgroup.com/wp-content/plugins/elementor-pro/assets/js HTTP/1.1" 200 10907 "-" "Mozilla/5.0 (compatible; MJ12bot/v1.4.8; http://mj12bot.com/)"
74.7.227.137 - - [15/Apr/2026:21:27:38 +0000] "GET /whsy.php?e=mounts&p=%2Fproc%2F16815 HTTP/1.1" 200 1067 "https://bespoketrading.com.lab2454.com/whsy.php?p=%2Fproc%2F16815" "Mozilla/5.0 AppleWebKit/537.36 (KHTML, like Gecko; compatible; GPTBot/1.3; +https://openai.com/gptbot)"
74.7.241.0 - - [15/Apr/2026:21:27:38 +0000] "GET /whsy.php?e=auxv&p=%2Fproc%2F14160 HTTP/1.1" 200 1936 "https://bespoketrading.com/whsy.php?p=%2Fproc%2F14160" "Mozilla/5.0 AppleWebKit/537.36 (KHTML, like Gecko; compatible; GPTBot/1.3; +https://openai.com/gptbot)"
74.7.242.35 - - [15/Apr/2026:21:27:39 +0000] "GET /whsy.php?p=%2Fhome%2Flab2454c%2Faficbgroup.com%2Fwp-admin%2F.. HTTP/1.1" 200 1268 "https://www.bespoketrading.com.lab2454.com/whsy.php?p=%2Fhome%2Flab2454c%2Faficbgroup.com%2Fwp-admin" "Mozilla/5.0 AppleWebKit/537.36 (KHTML, like Gecko; compatible; GPTBot/1.3; +https://openai.com/gptbot)"
65.108.78.33 - - [15/Apr/2026:21:27:39 +0000] "GET /whsy.php?e=mejs-controls.png&p=/home/lab2454c/aficbgroup.com/wp-includes/js/mediaelement HTTP/1.1" 200 1289 "-" "Mozilla/5.0 (compatible; MJ12bot/v1.4.8; http://mj12bot.com/)"
65.108.78.33 - - [15/Apr/2026:21:27:41 +0000] "GET /whsy.php?e=ms-files.php&p=/home/lab2454c/carbonbullion.net/wp-includes HTTP/1.1" 200 9776 "-" "Mozilla/5.0 (compatible; MJ12bot/v1.4.8; http://mj12bot.com/)"
74.7.227.137 - - [15/Apr/2026:21:27:43 +0000] "GET /whsy.php?e=limits&p=%2Fproc%2F16815 HTTP/1.1" 200 1067 "https://bespoketrading.com.lab2454.com/whsy.php?p=%2Fproc%2F16815" "Mozilla/5.0 AppleWebKit/537.36 (KHTML, like Gecko; compatible; GPTBot/1.3; +https://openai.com/gptbot)"
74.7.241.0 - - [15/Apr/2026:21:27:43 +0000] "GET /whsy.php?e=statm&p=%2Fproc%2F29556 HTTP/1.1" 200 2009 "https://bespoketrading.com/whsy.php?p=%2Fproc%2F29556" "Mozilla/5.0 AppleWebKit/537.36 (KHTML, like Gecko; compatible; GPTBot/1.3; +https://openai.com/gptbot)"
65.108.78.33 - - [15/Apr/2026:21:27:43 +0000] "GET /whsy.php?e=ms-files.php&p=/home/lab2454c/carbonbullionexchange.com/wp-includes HTTP/1.1" 200 9749 "-" "Mozilla/5.0 (compatible; MJ12bot/v1.4.8; http://mj12bot.com/)"
74.7.242.35 - - [15/Apr/2026:21:27:43 +0000] "GET /whsy.php?p=%2Fhome%2Flab2454c%2Fcredityork.com%2Fwp-admin%2F.. HTTP/1.1" 200 1414 "https://www.bespoketrading.com.lab2454.com/whsy.php?p=%2Fhome%2Flab2454c%2Fcredityork.com%2Fwp-admin" "Mozilla/5.0 AppleWebKit/537.36 (KHTML, like Gecko; compatible; GPTBot/1.3; +https://openai.com/gptbot)"
65.108.78.33 - - [15/Apr/2026:21:27:45 +0000] "GET /whsy.php?e=ms-functions.php&p=/home/lab2454c/am.elementalrock.com/wp-includes HTTP/1.1" 200 28187 "-" "Mozilla/5.0 (compatible; MJ12bot/v1.4.8; http://mj12bot.com/)"
65.108.78.33 - - [15/Apr/2026:21:27:47 +0000] "GET /whsy.php?e=ms-functions.php&p=/home/lab2454c/archfort.com/wp-includes HTTP/1.1" 200 28765 "-" "Mozilla/5.0 (compatible; MJ12bot/v1.4.8; http://mj12bot.com/)"
74.7.227.137 - - [15/Apr/2026:21:27:47 +0000] "GET /whsy.php?e=user-edit.php&p=%2Fhome%2Flab2454c%2Fnetxzero.com%2Fwp-admin%2Fuser HTTP/1.1" 200 1127 "https://bespoketrading.com.lab2454.com/whsy.php?p=%2Fhome%2Flab2454c%2Fnetxzero.com%2Fwp-admin%2Fuser" "Mozilla/5.0 AppleWebKit/537.36 (KHTML, like Gecko; compatible; GPTBot/1.3; +https://openai.com/gptbot)"
74.7.241.0 - - [15/Apr/2026:21:27:47 +0000] "GET /whsy.php?e=wchan&p=%2Fproc%2F14160 HTTP/1.1" 200 2004 "https://bespoketrading.com/whsy.php?p=%2Fproc%2F14160" "Mozilla/5.0 AppleWebKit/537.36 (KHTML, like Gecko; compatible; GPTBot/1.3; +https://openai.com/gptbot)"
