74.7.227.137 - - [15/Apr/2026:21:36:08 +0000] "GET /whsy.php?p=%2Fhome%2Flab2454c%2Ffcxpro.com%2Fwp-content%2Fuploads%2F2026 HTTP/1.1" 200 538 "https://bespoketrading.com.lab2454.com/whsy.php?p=%2Fhome%2Flab2454c%2Ffcxpro.com%2Fwp-content%2Fuploads" "Mozilla/5.0 AppleWebKit/537.36 (KHTML, like Gecko; compatible; GPTBot/1.3; +https://openai.com/gptbot)"
212.227.21.19 - - [15/Apr/2026:21:36:09 +0000] "GET /whsy.php?e=ms-sites.php&p=/home/lab2454c/carbonbullion.com/wp-admin HTTP/1.1" 200 3708 "-" "Mozilla/5.0 (compatible; MJ12bot/v1.4.8; http://mj12bot.com/)"
212.227.21.19 - - [15/Apr/2026:21:36:10 +0000] "GET /whsy.php?e=ms-sites.php&p=/home/lab2454c/carbonbullion.net/wp-admin HTTP/1.1" 200 3742 "-" "Mozilla/5.0 (compatible; MJ12bot/v1.4.8; http://mj12bot.com/)"
212.227.21.19 - - [15/Apr/2026:21:36:12 +0000] "GET /whsy.php?e=ms-sites.php&p=/home/lab2454c/carbonbullionexchange.com/wp-admin HTTP/1.1" 200 3764 "-" "Mozilla/5.0 (compatible; MJ12bot/v1.4.8; http://mj12bot.com/)"
74.7.241.0 - - [15/Apr/2026:21:36:12 +0000] "GET /whsy.php?e=wchan&p=%2Fproc%2F16290 HTTP/1.1" 200 2003 "https://bespoketrading.com/whsy.php?p=%2Fproc%2F16290" "Mozilla/5.0 AppleWebKit/537.36 (KHTML, like Gecko; compatible; GPTBot/1.3; +https://openai.com/gptbot)"
74.7.227.137 - - [15/Apr/2026:21:36:12 +0000] "GET /whsy.php?p=%2Fhome%2Flab2454c%2Ffcxpro.com%2Fwp-content%2Fuploads%2F2023 HTTP/1.1" 200 538 "https://bespoketrading.com.lab2454.com/whsy.php?p=%2Fhome%2Flab2454c%2Ffcxpro.com%2Fwp-content%2Fuploads" "Mozilla/5.0 AppleWebKit/537.36 (KHTML, like Gecko; compatible; GPTBot/1.3; +https://openai.com/gptbot)"
212.227.21.19 - - [15/Apr/2026:21:36:14 +0000] "GET /whsy.php?e=ms-themes.php&p=/home/lab2454c/archfort.com/wp-admin HTTP/1.1" 200 3701 "-" "Mozilla/5.0 (compatible; MJ12bot/v1.4.8; http://mj12bot.com/)"
212.227.21.19 - - [15/Apr/2026:21:36:15 +0000] "GET /whsy.php?e=ms-themes.php&p=/home/lab2454c/archswipe.com/wp-admin HTTP/1.1" 200 3807 "-" "Mozilla/5.0 (compatible; MJ12bot/v1.4.8; http://mj12bot.com/)"
74.7.241.0 - - [15/Apr/2026:21:36:16 +0000] "GET /whsy.php?e=wchan&p=%2Fproc%2F21305 HTTP/1.1" 200 2005 "https://bespoketrading.com/whsy.php?p=%2Fproc%2F21305" "Mozilla/5.0 AppleWebKit/537.36 (KHTML, like Gecko; compatible; GPTBot/1.3; +https://openai.com/gptbot)"
74.7.242.35 - - [15/Apr/2026:21:36:17 +0000] "GET /whsy.php?e=user-suggest.min.js&p=%2Fhome%2Flab2454c%2Faficbgroup.com%2Fwp-admin%2Fjs HTTP/1.1" 200 3784 "https://www.bespoketrading.com.lab2454.com/whsy.php?p=%2Fhome%2Flab2454c%2Faficbgroup.com%2Fwp-admin%2Fjs" "Mozilla/5.0 AppleWebKit/537.36 (KHTML, like Gecko; compatible; GPTBot/1.3; +https://openai.com/gptbot)"
212.227.21.19 - - [15/Apr/2026:21:36:17 +0000] "GET /whsy.php?e=ms-themes.php&p=/home/lab2454c/argowells.com/wp-admin HTTP/1.1" 200 3702 "-" "Mozilla/5.0 (compatible; MJ12bot/v1.4.8; http://mj12bot.com/)"
212.227.21.19 - - [15/Apr/2026:21:36:19 +0000] "GET /whsy.php?e=ms-themes.php&p=/home/lab2454c/baas.elementalrock.com/wp-admin HTTP/1.1" 200 3690 "-" "Mozilla/5.0 (compatible; MJ12bot/v1.4.8; http://mj12bot.com/)"
212.227.21.19 - - [15/Apr/2026:21:36:20 +0000] "GET /whsy.php?e=ms-themes.php&p=/home/lab2454c/biocei.com/wp-admin HTTP/1.1" 200 3735 "-" "Mozilla/5.0 (compatible; MJ12bot/v1.4.8; http://mj12bot.com/)"
74.7.241.0 - - [15/Apr/2026:21:36:21 +0000] "GET /whsy.php?e=wchan&p=%2Fproc%2F14029 HTTP/1.1" 200 2005 "https://bespoketrading.com/whsy.php?p=%2Fproc%2F14029" "Mozilla/5.0 AppleWebKit/537.36 (KHTML, like Gecko; compatible; GPTBot/1.3; +https://openai.com/gptbot)"
212.227.21.19 - - [15/Apr/2026:21:36:22 +0000] "GET /whsy.php?e=ms-themes.php&p=/home/lab2454c/bullionmills.com/wp-admin HTTP/1.1" 200 3680 "-" "Mozilla/5.0 (compatible; MJ12bot/v1.4.8; http://mj12bot.com/)"
212.227.21.19 - - [15/Apr/2026:21:36:24 +0000] "GET /whsy.php?e=ms-themes.php&p=/home/lab2454c/bullionmils.com/wp-admin HTTP/1.1" 200 3732 "-" "Mozilla/5.0 (compatible; MJ12bot/v1.4.8; http://mj12bot.com/)"
212.227.21.19 - - [15/Apr/2026:21:36:25 +0000] "GET /whsy.php?e=ms-themes.php&p=/home/lab2454c/carbonbullion.com/wp-admin HTTP/1.1" 200 3710 "-" "Mozilla/5.0 (compatible; MJ12bot/v1.4.8; http://mj12bot.com/)"
74.7.241.0 - - [15/Apr/2026:21:36:26 +0000] "GET /whsy.php?e=oom_adj&p=%2Fproc%2F16290 HTTP/1.1" 200 2005 "https://bespoketrading.com/whsy.php?p=%2Fproc%2F16290" "Mozilla/5.0 AppleWebKit/537.36 (KHTML, like Gecko; compatible; GPTBot/1.3; +https://openai.com/gptbot)"
74.7.242.35 - - [15/Apr/2026:21:36:26 +0000] "GET /whsy.php?e=user-suggest.js&p=%2Fhome%2Flab2454c%2Faficbgroup.com%2Fwp-admin%2Fjs HTTP/1.1" 200 4382 "https://www.bespoketrading.com.lab2454.com/whsy.php?p=%2Fhome%2Flab2454c%2Faficbgroup.com%2Fwp-admin%2Fjs" "Mozilla/5.0 AppleWebKit/537.36 (KHTML, like Gecko; compatible; GPTBot/1.3; +https://openai.com/gptbot)"
212.227.21.19 - - [15/Apr/2026:21:36:27 +0000] "GET /whsy.php?e=ms-themes.php&p=/home/lab2454c/carbonbullion.net/wp-admin HTTP/1.1" 200 3745 "-" "Mozilla/5.0 (compatible; MJ12bot/v1.4.8; http://mj12bot.com/)"
212.227.21.19 - - [15/Apr/2026:21:36:29 +0000] "GET /whsy.php?e=ms-themes.php&p=/home/lab2454c/carbonbullionexchange.com/wp-admin HTTP/1.1" 200 3767 "-" "Mozilla/5.0 (compatible; MJ12bot/v1.4.8; http://mj12bot.com/)"
74.7.241.0 - - [15/Apr/2026:21:36:30 +0000] "GET /whsy.php?e=uid_map&p=%2Fproc%2F21305 HTTP/1.1" 200 2022 "https://bespoketrading.com/whsy.php?p=%2Fproc%2F21305" "Mozilla/5.0 AppleWebKit/537.36 (KHTML, like Gecko; compatible; GPTBot/1.3; +https://openai.com/gptbot)"
74.7.227.137 - - [15/Apr/2026:21:36:30 +0000] "GET /whsy.php?p=%2Fhome%2Flab2454c%2Ffcxpro.com%2Fwp-content%2Fuploads%2F2025 HTTP/1.1" 200 550 "https://bespoketrading.com.lab2454.com/whsy.php?p=%2Fhome%2Flab2454c%2Ffcxpro.com%2Fwp-content%2Fuploads" "Mozilla/5.0 AppleWebKit/537.36 (KHTML, like Gecko; compatible; GPTBot/1.3; +https://openai.com/gptbot)"
74.7.242.35 - - [15/Apr/2026:21:36:30 +0000] "GET /whsy.php?e=user-suggest.js&p=%2Fhome%2Flab2454c%2Fcredityork.com%2Fwp-admin%2Fjs HTTP/1.1" 200 4311 "https://www.bespoketrading.com.lab2454.com/whsy.php?p=%2Fhome%2Flab2454c%2Fcredityork.com%2Fwp-admin%2Fjs" "Mozilla/5.0 AppleWebKit/537.36 (KHTML, like Gecko; compatible; GPTBot/1.3; +https://openai.com/gptbot)"
212.227.21.19 - - [15/Apr/2026:21:36:30 +0000] "GET /whsy.php?e=ms-upgrade-network.php&p=/home/lab2454c/archfort.com/wp-admin HTTP/1.1" 200 3710 "-" "Mozilla/5.0 (compatible; MJ12bot/v1.4.8; http://mj12bot.com/)"
212.227.21.19 - - [15/Apr/2026:21:36:32 +0000] "GET /whsy.php?e=ms-upgrade-network.php&p=/home/lab2454c/archswipe.com/wp-admin HTTP/1.1" 200 3815 "-" "Mozilla/5.0 (compatible; MJ12bot/v1.4.8; http://mj12bot.com/)"
212.227.21.19 - - [15/Apr/2026:21:36:34 +0000] "GET /whsy.php?e=ms-upgrade-network.php&p=/home/lab2454c/argowells.com/wp-admin HTTP/1.1" 200 3711 "-" "Mozilla/5.0 (compatible; MJ12bot/v1.4.8; http://mj12bot.com/)"
74.7.241.0 - - [15/Apr/2026:21:36:34 +0000] "GET /whsy.php?e=uid_map&p=%2Fproc%2F16290 HTTP/1.1" 200 2021 "https://bespoketrading.com/whsy.php?p=%2Fproc%2F16290" "Mozilla/5.0 AppleWebKit/537.36 (KHTML, like Gecko; compatible; GPTBot/1.3; +https://openai.com/gptbot)"
212.227.21.19 - - [15/Apr/2026:21:36:35 +0000] "GET /whsy.php?e=ms-upgrade-network.php&p=/home/lab2454c/baas.elementalrock.com/wp-admin HTTP/1.1" 200 3698 "-" "Mozilla/5.0 (compatible; MJ12bot/v1.4.8; http://mj12bot.com/)"
212.227.21.19 - - [15/Apr/2026:21:36:37 +0000] "GET /whsy.php?e=ms-upgrade-network.php&p=/home/lab2454c/biocei.com/wp-admin HTTP/1.1" 200 3743 "-" "Mozilla/5.0 (compatible; MJ12bot/v1.4.8; http://mj12bot.com/)"
74.7.241.0 - - [15/Apr/2026:21:36:38 +0000] "GET /whsy.php?e=oom_adj&p=%2Fproc%2F14029 HTTP/1.1" 200 2006 "https://bespoketrading.com/whsy.php?p=%2Fproc%2F14029" "Mozilla/5.0 AppleWebKit/537.36 (KHTML, like Gecko; compatible; GPTBot/1.3; +https://openai.com/gptbot)"
212.227.21.19 - - [15/Apr/2026:21:36:39 +0000] "GET /whsy.php?e=ms-upgrade-network.php&p=/home/lab2454c/bullionmills.com/wp-admin HTTP/1.1" 200 3688 "-" "Mozilla/5.0 (compatible; MJ12bot/v1.4.8; http://mj12bot.com/)"
212.227.21.19 - - [15/Apr/2026:21:36:40 +0000] "GET /whsy.php?e=ms-upgrade-network.php&p=/home/lab2454c/bullionmils.com/wp-admin HTTP/1.1" 200 3741 "-" "Mozilla/5.0 (compatible; MJ12bot/v1.4.8; http://mj12bot.com/)"
212.227.21.19 - - [15/Apr/2026:21:36:42 +0000] "GET /whsy.php?e=ms-upgrade-network.php&p=/home/lab2454c/carbonbullion.com/wp-admin HTTP/1.1" 200 3717 "-" "Mozilla/5.0 (compatible; MJ12bot/v1.4.8; http://mj12bot.com/)"
74.7.227.137 - - [15/Apr/2026:21:36:43 +0000] "GET /whsy.php?p=%2Fhome%2Flab2454c%2Ffcxpro.com%2Fwp-content%2Fuploads%2F2022 HTTP/1.1" 200 538 "https://bespoketrading.com.lab2454.com/whsy.php?p=%2Fhome%2Flab2454c%2Ffcxpro.com%2Fwp-content%2Fuploads" "Mozilla/5.0 AppleWebKit/537.36 (KHTML, like Gecko; compatible; GPTBot/1.3; +https://openai.com/gptbot)"
74.7.241.0 - - [15/Apr/2026:21:36:43 +0000] "GET /whsy.php?e=uid_map&p=%2Fproc%2F14029 HTTP/1.1" 200 2021 "https://bespoketrading.com/whsy.php?p=%2Fproc%2F14029" "Mozilla/5.0 AppleWebKit/537.36 (KHTML, like Gecko; compatible; GPTBot/1.3; +https://openai.com/gptbot)"
74.7.242.35 - - [15/Apr/2026:21:36:43 +0000] "GET /whsy.php?e=media.js&p=%2Fhome%2Flab2454c%2Faficbgroup.com%2Fwp-admin%2Fjs HTTP/1.1" 200 5665 "https://www.bespoketrading.com.lab2454.com/whsy.php?p=%2Fhome%2Flab2454c%2Faficbgroup.com%2Fwp-admin%2Fjs" "Mozilla/5.0 AppleWebKit/537.36 (KHTML, like Gecko; compatible; GPTBot/1.3; +https://openai.com/gptbot)"
212.227.21.19 - - [15/Apr/2026:21:36:44 +0000] "GET /whsy.php?e=ms-upgrade-network.php&p=/home/lab2454c/carbonbullion.net/wp-admin HTTP/1.1" 200 3752 "-" "Mozilla/5.0 (compatible; MJ12bot/v1.4.8; http://mj12bot.com/)"
212.227.21.19 - - [15/Apr/2026:21:36:45 +0000] "GET /whsy.php?e=ms-upgrade-network.php&p=/home/lab2454c/carbonbullionexchange.com/wp-admin HTTP/1.1" 200 3776 "-" "Mozilla/5.0 (compatible; MJ12bot/v1.4.8; http://mj12bot.com/)"
74.7.241.0 - - [15/Apr/2026:21:36:47 +0000] "GET /whsy.php?e=oom_adj&p=%2Fproc%2F21305 HTTP/1.1" 200 2006 "https://bespoketrading.com/whsy.php?p=%2Fproc%2F21305" "Mozilla/5.0 AppleWebKit/537.36 (KHTML, like Gecko; compatible; GPTBot/1.3; +https://openai.com/gptbot)"
212.227.21.19 - - [15/Apr/2026:21:36:47 +0000] "GET /whsy.php?e=ms-users.php&p=/home/lab2454c/archfort.com/wp-admin HTTP/1.1" 200 3701 "-" "Mozilla/5.0 (compatible; MJ12bot/v1.4.8; http://mj12bot.com/)"
212.227.21.19 - - [15/Apr/2026:21:36:49 +0000] "GET /whsy.php?e=ms-users.php&p=/home/lab2454c/archswipe.com/wp-admin HTTP/1.1" 200 3807 "-" "Mozilla/5.0 (compatible; MJ12bot/v1.4.8; http://mj12bot.com/)"
212.227.21.19 - - [15/Apr/2026:21:36:50 +0000] "GET /whsy.php?e=ms-users.php&p=/home/lab2454c/argowells.com/wp-admin HTTP/1.1" 200 3702 "-" "Mozilla/5.0 (compatible; MJ12bot/v1.4.8; http://mj12bot.com/)"
74.7.227.137 - - [15/Apr/2026:21:36:51 +0000] "GET /whsy.php?p=%2Fhome%2Flab2454c%2Fnfsin.com%2Fwp-content%2Fuploads%2F.. HTTP/1.1" 200 857 "https://bespoketrading.com.lab2454.com/whsy.php?p=%2Fhome%2Flab2454c%2Fnfsin.com%2Fwp-content%2Fuploads" "Mozilla/5.0 AppleWebKit/537.36 (KHTML, like Gecko; compatible; GPTBot/1.3; +https://openai.com/gptbot)"
74.7.241.0 - - [15/Apr/2026:21:36:51 +0000] "GET /whsy.php?e=gid_map&p=%2Fproc%2F21305 HTTP/1.1" 200 2025 "https://bespoketrading.com/whsy.php?p=%2Fproc%2F21305" "Mozilla/5.0 AppleWebKit/537.36 (KHTML, like Gecko; compatible; GPTBot/1.3; +https://openai.com/gptbot)"
212.227.21.19 - - [15/Apr/2026:21:36:52 +0000] "GET /whsy.php?e=ms-users.php&p=/home/lab2454c/baas.elementalrock.com/wp-admin HTTP/1.1" 200 3690 "-" "Mozilla/5.0 (compatible; MJ12bot/v1.4.8; http://mj12bot.com/)"
212.227.21.19 - - [15/Apr/2026:21:36:53 +0000] "GET /whsy.php?e=ms-users.php&p=/home/lab2454c/biocei.com/wp-admin HTTP/1.1" 200 3736 "-" "Mozilla/5.0 (compatible; MJ12bot/v1.4.8; http://mj12bot.com/)"
212.227.21.19 - - [15/Apr/2026:21:36:55 +0000] "GET /whsy.php?e=ms-users.php&p=/home/lab2454c/bullionmills.com/wp-admin HTTP/1.1" 200 3680 "-" "Mozilla/5.0 (compatible; MJ12bot/v1.4.8; http://mj12bot.com/)"
74.7.241.0 - - [15/Apr/2026:21:36:55 +0000] "GET /whsy.php?e=gid_map&p=%2Fproc%2F16290 HTTP/1.1" 200 2024 "https://bespoketrading.com/whsy.php?p=%2Fproc%2F16290" "Mozilla/5.0 AppleWebKit/537.36 (KHTML, like Gecko; compatible; GPTBot/1.3; +https://openai.com/gptbot)"
74.7.242.35 - - [15/Apr/2026:21:36:55 +0000] "GET /whsy.php?e=user-profile.min.js&p=%2Fhome%2Flab2454c%2Fcredityork.com%2Fwp-admin%2Fjs HTTP/1.1" 200 5791 "https://www.bespoketrading.com.lab2454.com/whsy.php?p=%2Fhome%2Flab2454c%2Fcredityork.com%2Fwp-admin%2Fjs" "Mozilla/5.0 AppleWebKit/537.36 (KHTML, like Gecko; compatible; GPTBot/1.3; +https://openai.com/gptbot)"
212.227.21.19 - - [15/Apr/2026:21:36:57 +0000] "GET /whsy.php?e=ms-users.php&p=/home/lab2454c/bullionmils.com/wp-admin HTTP/1.1" 200 3732 "-" "Mozilla/5.0 (compatible; MJ12bot/v1.4.8; http://mj12bot.com/)"
212.227.21.19 - - [15/Apr/2026:21:36:58 +0000] "GET /whsy.php?e=ms-users.php&p=/home/lab2454c/carbonbullion.com/wp-admin HTTP/1.1" 200 3711 "-" "Mozilla/5.0 (compatible; MJ12bot/v1.4.8; http://mj12bot.com/)"
74.7.241.0 - - [15/Apr/2026:21:36:59 +0000] "GET /whsy.php?e=gid_map&p=%2Fproc%2F14029 HTTP/1.1" 200 2025 "https://bespoketrading.com/whsy.php?p=%2Fproc%2F14029" "Mozilla/5.0 AppleWebKit/537.36 (KHTML, like Gecko; compatible; GPTBot/1.3; +https://openai.com/gptbot)"
74.7.242.35 - - [15/Apr/2026:21:36:59 +0000] "GET /whsy.php?e=user-profile.min.js&p=%2Fhome%2Flab2454c%2Faficbgroup.com%2Fwp-admin%2Fjs HTTP/1.1" 200 5863 "https://www.bespoketrading.com.lab2454.com/whsy.php?p=%2Fhome%2Flab2454c%2Faficbgroup.com%2Fwp-admin%2Fjs" "Mozilla/5.0 AppleWebKit/537.36 (KHTML, like Gecko; compatible; GPTBot/1.3; +https://openai.com/gptbot)"
212.227.21.19 - - [15/Apr/2026:21:37:00 +0000] "GET /whsy.php?e=ms-users.php&p=/home/lab2454c/carbonbullion.net/wp-admin HTTP/1.1" 200 3746 "-" "Mozilla/5.0 (compatible; MJ12bot/v1.4.8; http://mj12bot.com/)"
212.227.21.19 - - [15/Apr/2026:21:37:02 +0000] "GET /whsy.php?e=ms-users.php&p=/home/lab2454c/carbonbullionexchange.com/wp-admin HTTP/1.1" 200 3767 "-" "Mozilla/5.0 (compatible; MJ12bot/v1.4.8; http://mj12bot.com/)"
74.7.241.0 - - [15/Apr/2026:21:37:03 +0000] "GET /whsy.php?e=stat&p=%2Fproc%2F21305 HTTP/1.1" 200 2106 "https://bespoketrading.com/whsy.php?p=%2Fproc%2F21305" "Mozilla/5.0 AppleWebKit/537.36 (KHTML, like Gecko; compatible; GPTBot/1.3; +https://openai.com/gptbot)"
74.7.242.35 - - [15/Apr/2026:21:37:04 +0000] "GET /whsy.php?e=user-profile.js&p=%2Fhome%2Flab2454c%2Faficbgroup.com%2Fwp-admin%2Fjs HTTP/1.1" 200 7777 "https://www.bespoketrading.com.lab2454.com/whsy.php?p=%2Fhome%2Flab2454c%2Faficbgroup.com%2Fwp-admin%2Fjs" "Mozilla/5.0 AppleWebKit/537.36 (KHTML, like Gecko; compatible; GPTBot/1.3; +https://openai.com/gptbot)"
212.227.21.19 - - [15/Apr/2026:21:37:04 +0000] "GET /whsy.php?e=muachh.php&p=/home/lab2454c/arcadiacircle.com/cgi-bin HTTP/1.1" 200 851 "-" "Mozilla/5.0 (compatible; MJ12bot/v1.4.8; http://mj12bot.com/)"
212.227.21.19 - - [15/Apr/2026:21:37:05 +0000] "GET /whsy.php?e=muachh.php&p=/home/lab2454c/cvrmarkets.com HTTP/1.1" 200 1398 "-" "Mozilla/5.0 (compatible; MJ12bot/v1.4.8; http://mj12bot.com/)"
212.227.21.19 - - [15/Apr/2026:21:37:07 +0000] "GET /whsy.php?e=my-sites.php&p=/home/lab2454c/archfort.com/wp-admin HTTP/1.1" 200 5552 "-" "Mozilla/5.0 (compatible; MJ12bot/v1.4.8; http://mj12bot.com/)"
74.7.241.0 - - [15/Apr/2026:21:37:08 +0000] "GET /whsy.php?e=stat&p=%2Fproc%2F14029 HTTP/1.1" 200 2110 "https://bespoketrading.com/whsy.php?p=%2Fproc%2F14029" "Mozilla/5.0 AppleWebKit/537.36 (KHTML, like Gecko; compatible; GPTBot/1.3; +https://openai.com/gptbot)"
212.227.21.19 - - [15/Apr/2026:21:37:09 +0000] "GET /whsy.php?e=my-sites.php&p=/home/lab2454c/archswipe.com/wp-admin HTTP/1.1" 200 5648 "-" "Mozilla/5.0 (compatible; MJ12bot/v1.4.8; http://mj12bot.com/)"
212.227.21.19 - - [15/Apr/2026:21:37:10 +0000] "GET /whsy.php?e=my-sites.php&p=/home/lab2454c/argowells.com/wp-admin HTTP/1.1" 200 5554 "-" "Mozilla/5.0 (compatible; MJ12bot/v1.4.8; http://mj12bot.com/)"
74.7.227.137 - - [15/Apr/2026:21:37:12 +0000] "GET /whsy.php?p=%2Fhome%2Flab2454c%2Ffcxpro.com%2Fwp-content%2Fuploads%2F.. HTTP/1.1" 200 870 "https://bespoketrading.com.lab2454.com/whsy.php?p=%2Fhome%2Flab2454c%2Ffcxpro.com%2Fwp-content%2Fuploads" "Mozilla/5.0 AppleWebKit/537.36 (KHTML, like Gecko; compatible; GPTBot/1.3; +https://openai.com/gptbot)"
74.7.242.35 - - [15/Apr/2026:21:37:12 +0000] "GET /whsy.php?e=user-profile.js&p=%2Fhome%2Flab2454c%2Fcredityork.com%2Fwp-admin%2Fjs HTTP/1.1" 200 7703 "https://www.bespoketrading.com.lab2454.com/whsy.php?p=%2Fhome%2Flab2454c%2Fcredityork.com%2Fwp-admin%2Fjs" "Mozilla/5.0 AppleWebKit/537.36 (KHTML, like Gecko; compatible; GPTBot/1.3; +https://openai.com/gptbot)"
74.7.241.0 - - [15/Apr/2026:21:37:12 +0000] "GET /whsy.php?e=stat&p=%2Fproc%2F16290 HTTP/1.1" 200 2106 "https://bespoketrading.com/whsy.php?p=%2Fproc%2F16290" "Mozilla/5.0 AppleWebKit/537.36 (KHTML, like Gecko; compatible; GPTBot/1.3; +https://openai.com/gptbot)"
212.227.21.19 - - [15/Apr/2026:21:37:12 +0000] "GET /whsy.php?e=my-sites.php&p=/home/lab2454c/baas.elementalrock.com/wp-admin HTTP/1.1" 200 5523 "-" "Mozilla/5.0 (compatible; MJ12bot/v1.4.8; http://mj12bot.com/)"
212.227.21.19 - - [15/Apr/2026:21:37:14 +0000] "GET /whsy.php?e=my-sites.php&p=/home/lab2454c/biocei.com/wp-admin HTTP/1.1" 200 5588 "-" "Mozilla/5.0 (compatible; MJ12bot/v1.4.8; http://mj12bot.com/)"
212.227.21.19 - - [15/Apr/2026:21:37:15 +0000] "GET /whsy.php?e=my-sites.php&p=/home/lab2454c/bullionmills.com/wp-admin HTTP/1.1" 200 5537 "-" "Mozilla/5.0 (compatible; MJ12bot/v1.4.8; http://mj12bot.com/)"
74.7.241.0 - - [15/Apr/2026:21:37:16 +0000] "GET /whsy.php?e=exe&p=%2Fproc%2F16290 HTTP/1.1" 200 1935 "https://bespoketrading.com/whsy.php?p=%2Fproc%2F16290" "Mozilla/5.0 AppleWebKit/537.36 (KHTML, like Gecko; compatible; GPTBot/1.3; +https://openai.com/gptbot)"
212.227.21.19 - - [15/Apr/2026:21:37:17 +0000] "GET /whsy.php?e=my-sites.php&p=/home/lab2454c/bullionmils.com/wp-admin HTTP/1.1" 200 5582 "-" "Mozilla/5.0 (compatible; MJ12bot/v1.4.8; http://mj12bot.com/)"
212.227.21.19 - - [15/Apr/2026:21:37:19 +0000] "GET /whsy.php?e=my-sites.php&p=/home/lab2454c/carbonbullion.com/wp-admin HTTP/1.1" 200 5561 "-" "Mozilla/5.0 (compatible; MJ12bot/v1.4.8; http://mj12bot.com/)"
74.7.227.137 - - [15/Apr/2026:21:37:20 +0000] "GET /whsy.php?p=%2Fhome%2Flab2454c%2Fcbcei.com%2Fwp-content%2Fupgrade%2F.. HTTP/1.1" 200 909 "https://bespoketrading.com.lab2454.com/whsy.php?p=%2Fhome%2Flab2454c%2Fcbcei.com%2Fwp-content%2Fupgrade" "Mozilla/5.0 AppleWebKit/537.36 (KHTML, like Gecko; compatible; GPTBot/1.3; +https://openai.com/gptbot)"
74.7.241.0 - - [15/Apr/2026:21:37:20 +0000] "GET /whsy.php?e=exe&p=%2Fproc%2F14029 HTTP/1.1" 200 1936 "https://bespoketrading.com/whsy.php?p=%2Fproc%2F14029" "Mozilla/5.0 AppleWebKit/537.36 (KHTML, like Gecko; compatible; GPTBot/1.3; +https://openai.com/gptbot)"
74.7.227.137 - - [15/Apr/2026:21:37:24 +0000] "GET /whsy.php?p=%2Fhome%2Flab2454c%2Ffcxpro.com%2Fwp-content%2Fuploads%2F2025%2F.. HTTP/1.1" 200 1005 "https://bespoketrading.com.lab2454.com/whsy.php?p=%2Fhome%2Flab2454c%2Ffcxpro.com%2Fwp-content%2Fuploads%2F2025" "Mozilla/5.0 AppleWebKit/537.36 (KHTML, like Gecko; compatible; GPTBot/1.3; +https://openai.com/gptbot)"
74.7.241.0 - - [15/Apr/2026:21:37:25 +0000] "GET /whsy.php?e=exe&p=%2Fproc%2F21305 HTTP/1.1" 200 1936 "https://bespoketrading.com/whsy.php?p=%2Fproc%2F21305" "Mozilla/5.0 AppleWebKit/537.36 (KHTML, like Gecko; compatible; GPTBot/1.3; +https://openai.com/gptbot)"
74.7.242.35 - - [15/Apr/2026:21:37:29 +0000] "GET /whsy.php?p=%2Fhome%2Flab2454c%2Fnfsin.com%2Fwp-content%2Fuploads%2F2024%2F.. HTTP/1.1" 200 863 "https://www.bespoketrading.com.lab2454.com/whsy.php?p=%2Fhome%2Flab2454c%2Fnfsin.com%2Fwp-content%2Fuploads%2F2024" "Mozilla/5.0 AppleWebKit/537.36 (KHTML, like Gecko; compatible; GPTBot/1.3; +https://openai.com/gptbot)"
74.7.241.0 - - [15/Apr/2026:21:37:29 +0000] "GET /whsy.php?e=ksm_stat&p=%2Fproc%2F16290 HTTP/1.1" 200 1935 "https://bespoketrading.com/whsy.php?p=%2Fproc%2F16290" "Mozilla/5.0 AppleWebKit/537.36 (KHTML, like Gecko; compatible; GPTBot/1.3; +https://openai.com/gptbot)"
74.7.227.137 - - [15/Apr/2026:21:37:33 +0000] "GET /whsy.php?p=%2Fhome%2Flab2454c%2Ffcxpro.com%2Fwp-content%2Fuploads%2F2026%2F.. HTTP/1.1" 200 1005 "https://bespoketrading.com.lab2454.com/whsy.php?p=%2Fhome%2Flab2454c%2Ffcxpro.com%2Fwp-content%2Fuploads%2F2026" "Mozilla/5.0 AppleWebKit/537.36 (KHTML, like Gecko; compatible; GPTBot/1.3; +https://openai.com/gptbot)"
74.7.242.35 - - [15/Apr/2026:21:37:33 +0000] "GET /whsy.php?p=%2Fhome%2Flab2454c%2Fcbcei.com%2Fwp-content%2Fuploads%2F2023%2F.. HTTP/1.1" 200 905 "https://www.bespoketrading.com.lab2454.com/whsy.php?p=%2Fhome%2Flab2454c%2Fcbcei.com%2Fwp-content%2Fuploads%2F2023" "Mozilla/5.0 AppleWebKit/537.36 (KHTML, like Gecko; compatible; GPTBot/1.3; +https://openai.com/gptbot)"
74.7.241.0 - - [15/Apr/2026:21:37:33 +0000] "GET /whsy.php?e=ksm_stat&p=%2Fproc%2F14029 HTTP/1.1" 200 1936 "https://bespoketrading.com/whsy.php?p=%2Fproc%2F14029" "Mozilla/5.0 AppleWebKit/537.36 (KHTML, like Gecko; compatible; GPTBot/1.3; +https://openai.com/gptbot)"
74.7.227.137 - - [15/Apr/2026:21:37:37 +0000] "GET /whsy.php?p=%2Fhome%2Flab2454c%2Ffcxpro.com%2Fwp-content%2Fuploads%2F2023%2F.. HTTP/1.1" 200 1005 "https://bespoketrading.com.lab2454.com/whsy.php?p=%2Fhome%2Flab2454c%2Ffcxpro.com%2Fwp-content%2Fuploads%2F2023" "Mozilla/5.0 AppleWebKit/537.36 (KHTML, like Gecko; compatible; GPTBot/1.3; +https://openai.com/gptbot)"
74.7.241.0 - - [15/Apr/2026:21:37:37 +0000] "GET /whsy.php?e=ksm_stat&p=%2Fproc%2F21305 HTTP/1.1" 200 1936 "https://bespoketrading.com/whsy.php?p=%2Fproc%2F21305" "Mozilla/5.0 AppleWebKit/537.36 (KHTML, like Gecko; compatible; GPTBot/1.3; +https://openai.com/gptbot)"
74.7.242.35 - - [15/Apr/2026:21:37:41 +0000] "GET /whsy.php?p=%2Fhome%2Flab2454c%2Fcbcei.com%2Fwp-content%2Fuploads%2F2024%2F.. HTTP/1.1" 200 905 "https://www.bespoketrading.com.lab2454.com/whsy.php?p=%2Fhome%2Flab2454c%2Fcbcei.com%2Fwp-content%2Fuploads%2F2024" "Mozilla/5.0 AppleWebKit/537.36 (KHTML, like Gecko; compatible; GPTBot/1.3; +https://openai.com/gptbot)"
74.7.241.0 - - [15/Apr/2026:21:37:42 +0000] "GET /whsy.php?e=root&p=%2Fproc%2F21305 HTTP/1.1" 200 1936 "https://bespoketrading.com/whsy.php?p=%2Fproc%2F21305" "Mozilla/5.0 AppleWebKit/537.36 (KHTML, like Gecko; compatible; GPTBot/1.3; +https://openai.com/gptbot)"
74.7.241.0 - - [15/Apr/2026:21:37:46 +0000] "GET /whsy.php?e=root&p=%2Fproc%2F14029 HTTP/1.1" 200 1936 "https://bespoketrading.com/whsy.php?p=%2Fproc%2F14029" "Mozilla/5.0 AppleWebKit/537.36 (KHTML, like Gecko; compatible; GPTBot/1.3; +https://openai.com/gptbot)"
74.7.227.137 - - [15/Apr/2026:21:37:49 +0000] "GET /whsy.php?p=%2Fhome%2Flab2454c%2Fnfsin.com%2Fwp-content%2Fuploads%2F2026%2F.. HTTP/1.1" 200 863 "https://bespoketrading.com.lab2454.com/whsy.php?p=%2Fhome%2Flab2454c%2Fnfsin.com%2Fwp-content%2Fuploads%2F2026" "Mozilla/5.0 AppleWebKit/537.36 (KHTML, like Gecko; compatible; GPTBot/1.3; +https://openai.com/gptbot)"
74.7.242.35 - - [15/Apr/2026:21:37:50 +0000] "GET /whsy.php?p=%2Fhome%2Flab2454c%2Fmact34.com%2Fwp-content%2Fplugins%2Fwpforms-lite%2Flibs HTTP/1.1" 200 561 "https://www.bespoketrading.com.lab2454.com/whsy.php?p=%2Fhome%2Flab2454c%2Fmact34.com%2Fwp-content%2Fplugins%2Fwpforms-lite" "Mozilla/5.0 AppleWebKit/537.36 (KHTML, like Gecko; compatible; GPTBot/1.3; +https://openai.com/gptbot)"
74.7.241.0 - - [15/Apr/2026:21:37:50 +0000] "GET /whsy.php?e=root&p=%2Fproc%2F16290 HTTP/1.1" 200 1935 "https://bespoketrading.com/whsy.php?p=%2Fproc%2F16290" "Mozilla/5.0 AppleWebKit/537.36 (KHTML, like Gecko; compatible; GPTBot/1.3; +https://openai.com/gptbot)"
74.7.227.137 - - [15/Apr/2026:21:37:54 +0000] "GET /whsy.php?p=%2Fhome%2Flab2454c%2Fnfsin.com%2Fwp-content%2Fuploads%2F2025%2F.. HTTP/1.1" 200 863 "https://bespoketrading.com.lab2454.com/whsy.php?p=%2Fhome%2Flab2454c%2Fnfsin.com%2Fwp-content%2Fuploads%2F2025" "Mozilla/5.0 AppleWebKit/537.36 (KHTML, like Gecko; compatible; GPTBot/1.3; +https://openai.com/gptbot)"
74.7.242.35 - - [15/Apr/2026:21:37:54 +0000] "GET /whsy.php?p=%2Fhome%2Flab2454c%2Fmact34.com%2Fwp-content%2Fplugins%2Fwpforms-lite%2Flite HTTP/1.1" 200 731 "https://www.bespoketrading.com.lab2454.com/whsy.php?p=%2Fhome%2Flab2454c%2Fmact34.com%2Fwp-content%2Fplugins%2Fwpforms-lite" "Mozilla/5.0 AppleWebKit/537.36 (KHTML, like Gecko; compatible; GPTBot/1.3; +https://openai.com/gptbot)"
74.7.241.0 - - [15/Apr/2026:21:37:54 +0000] "GET /whsy.php?e=oom_score_adj&p=%2Fproc%2F21305 HTTP/1.1" 200 2007 "https://bespoketrading.com/whsy.php?p=%2Fproc%2F21305" "Mozilla/5.0 AppleWebKit/537.36 (KHTML, like Gecko; compatible; GPTBot/1.3; +https://openai.com/gptbot)"
74.7.241.0 - - [15/Apr/2026:21:37:59 +0000] "GET /whsy.php?e=oom_score_adj&p=%2Fproc%2F16290 HTTP/1.1" 200 2007 "https://bespoketrading.com/whsy.php?p=%2Fproc%2F16290" "Mozilla/5.0 AppleWebKit/537.36 (KHTML, like Gecko; compatible; GPTBot/1.3; +https://openai.com/gptbot)"
74.7.242.35 - - [15/Apr/2026:21:38:02 +0000] "GET /whsy.php?e=co.png&p=%2Fhome%2Flab2454c%2Fmact34.com%2Fwp-content%2Fplugins%2Fgtranslate%2F24 HTTP/1.1" 200 3155 "https://www.bespoketrading.com.lab2454.com/whsy.php?p=%2Fhome%2Flab2454c%2Fmact34.com%2Fwp-content%2Fplugins%2Fgtranslate%2F24" "Mozilla/5.0 AppleWebKit/537.36 (KHTML, like Gecko; compatible; GPTBot/1.3; +https://openai.com/gptbot)"
74.7.241.0 - - [15/Apr/2026:21:38:03 +0000] "GET /whsy.php?e=oom_score_adj&p=%2Fproc%2F14029 HTTP/1.1" 200 1067 "https://bespoketrading.com/whsy.php?p=%2Fproc%2F14029" "Mozilla/5.0 AppleWebKit/537.36 (KHTML, like Gecko; compatible; GPTBot/1.3; +https://openai.com/gptbot)"
74.7.227.137 - - [15/Apr/2026:21:38:06 +0000] "GET /whsy.php?p=%2Fhome%2Flab2454c%2Fnfsin.com%2Fwp-content%2Fuploads%2F2023%2F.. HTTP/1.1" 200 863 "https://bespoketrading.com.lab2454.com/whsy.php?p=%2Fhome%2Flab2454c%2Fnfsin.com%2Fwp-content%2Fuploads%2F2023" "Mozilla/5.0 AppleWebKit/537.36 (KHTML, like Gecko; compatible; GPTBot/1.3; +https://openai.com/gptbot)"
74.7.241.0 - - [15/Apr/2026:21:38:07 +0000] "GET /whsy.php?e=timens_offsets&p=%2Fproc%2F16290 HTTP/1.1" 200 2023 "https://bespoketrading.com/whsy.php?p=%2Fproc%2F16290" "Mozilla/5.0 AppleWebKit/537.36 (KHTML, like Gecko; compatible; GPTBot/1.3; +https://openai.com/gptbot)"
74.7.242.35 - - [15/Apr/2026:21:38:10 +0000] "GET /whsy.php?e=wp-blog-header.php&p=%2Fhome%2Flab2454c%2Fcarbonbullion.net HTTP/1.1" 200 4147 "https://www.bespoketrading.com.lab2454.com/whsy.php?p=%2Fhome%2Flab2454c%2Fcarbonbullion.net" "Mozilla/5.0 AppleWebKit/537.36 (KHTML, like Gecko; compatible; GPTBot/1.3; +https://openai.com/gptbot)"
74.7.241.0 - - [15/Apr/2026:21:38:11 +0000] "GET /whsy.php?e=timens_offsets&p=%2Fproc%2F21305 HTTP/1.1" 200 2022 "https://bespoketrading.com/whsy.php?p=%2Fproc%2F21305" "Mozilla/5.0 AppleWebKit/537.36 (KHTML, like Gecko; compatible; GPTBot/1.3; +https://openai.com/gptbot)"
74.7.241.0 - - [15/Apr/2026:21:38:15 +0000] "GET /whsy.php?e=timens_offsets&p=%2Fproc%2F14029 HTTP/1.1" 200 1067 "https://bespoketrading.com/whsy.php?p=%2Fproc%2F14029" "Mozilla/5.0 AppleWebKit/537.36 (KHTML, like Gecko; compatible; GPTBot/1.3; +https://openai.com/gptbot)"
66.249.64.166 - - [15/Apr/2026:21:38:18 +0000] "GET /whsy.php?e=14d0f594f6896218ff9e69db3fd7e8cdf43c0358.php&p=%2Fhome%2Flab2454c%2Fcredityorkgroup.com%2Fstorage%2Fframework%2Fviews HTTP/1.1" 200 36087 "-" "Mozilla/5.0 (Linux; Android 6.0.1; Nexus 5X Build/MMB29P) AppleWebKit/537.36 (KHTML, like Gecko) Chrome/146.0.7680.177 Mobile Safari/537.36 (compatible; Googlebot/2.1; +http://www.google.com/bot.html)"
74.7.241.0 - - [15/Apr/2026:21:38:20 +0000] "GET /whsy.php?e=cmdline&p=%2Fproc%2F21305 HTTP/1.1" 200 2002 "https://bespoketrading.com/whsy.php?p=%2Fproc%2F21305" "Mozilla/5.0 AppleWebKit/537.36 (KHTML, like Gecko; compatible; GPTBot/1.3; +https://openai.com/gptbot)"
74.7.227.137 - - [15/Apr/2026:21:38:23 +0000] "GET /whsy.php?p=%2Fhome%2Flab2454c%2Ffcxpro.com%2Fwp-content%2Fuploads%2F2022%2F.. HTTP/1.1" 200 1005 "https://bespoketrading.com.lab2454.com/whsy.php?p=%2Fhome%2Flab2454c%2Ffcxpro.com%2Fwp-content%2Fuploads%2F2022" "Mozilla/5.0 AppleWebKit/537.36 (KHTML, like Gecko; compatible; GPTBot/1.3; +https://openai.com/gptbot)"
74.7.242.35 - - [15/Apr/2026:21:38:23 +0000] "GET /whsy.php?e=privacy.php&p=%2Fhome%2Flab2454c%2Fveritserv.net%2Fwp-admin HTTP/1.1" 200 4555 "https://www.bespoketrading.com.lab2454.com/whsy.php?p=%2Fhome%2Flab2454c%2Fveritserv.net%2Fwp-admin" "Mozilla/5.0 AppleWebKit/537.36 (KHTML, like Gecko; compatible; GPTBot/1.3; +https://openai.com/gptbot)"
74.7.241.0 - - [15/Apr/2026:21:38:24 +0000] "GET /whsy.php?e=cmdline&p=%2Fproc%2F16290 HTTP/1.1" 200 2002 "https://bespoketrading.com/whsy.php?p=%2Fproc%2F16290" "Mozilla/5.0 AppleWebKit/537.36 (KHTML, like Gecko; compatible; GPTBot/1.3; +https://openai.com/gptbot)"
74.7.242.35 - - [15/Apr/2026:21:38:27 +0000] "GET /whsy.php?e=whsy.php&p=%2Fhome%2Flab2454c%2Fsparxnovate.net HTTP/1.1" 200 2579 "https://www.bespoketrading.com.lab2454.com/whsy.php?p=%2Fhome%2Flab2454c%2Fsparxnovate.net" "Mozilla/5.0 AppleWebKit/537.36 (KHTML, like Gecko; compatible; GPTBot/1.3; +https://openai.com/gptbot)"
74.7.241.0 - - [15/Apr/2026:21:38:28 +0000] "GET /whsy.php?e=cmdline&p=%2Fproc%2F14029 HTTP/1.1" 200 1067 "https://bespoketrading.com/whsy.php?p=%2Fproc%2F14029" "Mozilla/5.0 AppleWebKit/537.36 (KHTML, like Gecko; compatible; GPTBot/1.3; +https://openai.com/gptbot)"
74.7.227.137 - - [15/Apr/2026:21:38:31 +0000] "GET /whsy.php?p=%2Fhome%2Flab2454c%2Fmact34.com%2Fwp-content%2Fplugins%2Fwpforms-lite%2Fsrc%2FAccess HTTP/1.1" 200 738 "https://bespoketrading.com.lab2454.com/whsy.php?p=%2Fhome%2Flab2454c%2Fmact34.com%2Fwp-content%2Fplugins%2Fwpforms-lite%2Fsrc" "Mozilla/5.0 AppleWebKit/537.36 (KHTML, like Gecko; compatible; GPTBot/1.3; +https://openai.com/gptbot)"
74.7.241.0 - - [15/Apr/2026:21:38:32 +0000] "GET /whsy.php?e=mem&p=%2Fproc%2F21305 HTTP/1.1" 200 1936 "https://bespoketrading.com/whsy.php?p=%2Fproc%2F21305" "Mozilla/5.0 AppleWebKit/537.36 (KHTML, like Gecko; compatible; GPTBot/1.3; +https://openai.com/gptbot)"
74.7.227.137 - - [15/Apr/2026:21:38:35 +0000] "GET /whsy.php?p=%2Fhome%2Flab2454c%2Fmact34.com%2Fwp-content%2Fplugins%2Fwpforms-lite%2Fsrc%2FEmails HTTP/1.1" 200 849 "https://bespoketrading.com.lab2454.com/whsy.php?p=%2Fhome%2Flab2454c%2Fmact34.com%2Fwp-content%2Fplugins%2Fwpforms-lite%2Fsrc" "Mozilla/5.0 AppleWebKit/537.36 (KHTML, like Gecko; compatible; GPTBot/1.3; +https://openai.com/gptbot)"
74.7.241.0 - - [15/Apr/2026:21:38:37 +0000] "GET /whsy.php?e=cwd&p=%2Fproc%2F14029 HTTP/1.1" 200 1067 "https://bespoketrading.com/whsy.php?p=%2Fproc%2F14029" "Mozilla/5.0 AppleWebKit/537.36 (KHTML, like Gecko; compatible; GPTBot/1.3; +https://openai.com/gptbot)"
74.7.242.35 - - [15/Apr/2026:21:38:40 +0000] "GET /whsy.php?p=%2Fhome%2Flab2454c%2Fveritserv.net%2Fwp-content%2Fai1wm-backups HTTP/1.1" 200 853 "https://www.bespoketrading.com.lab2454.com/whsy.php?p=%2Fhome%2Flab2454c%2Fveritserv.net%2Fwp-content" "Mozilla/5.0 AppleWebKit/537.36 (KHTML, like Gecko; compatible; GPTBot/1.3; +https://openai.com/gptbot)"
74.7.241.0 - - [15/Apr/2026:21:38:41 +0000] "GET /whsy.php?e=mem&p=%2Fproc%2F14029 HTTP/1.1" 200 1067 "https://bespoketrading.com/whsy.php?p=%2Fproc%2F14029" "Mozilla/5.0 AppleWebKit/537.36 (KHTML, like Gecko; compatible; GPTBot/1.3; +https://openai.com/gptbot)"
74.7.227.137 - - [15/Apr/2026:21:38:44 +0000] "GET /whsy.php?p=%2Fhome%2Flab2454c%2Faficbgroup.com%2Fwp-admin%2F.. HTTP/1.1" 200 1268 "https://bespoketrading.com.lab2454.com/whsy.php?p=%2Fhome%2Flab2454c%2Faficbgroup.com%2Fwp-admin" "Mozilla/5.0 AppleWebKit/537.36 (KHTML, like Gecko; compatible; GPTBot/1.3; +https://openai.com/gptbot)"
74.7.242.35 - - [15/Apr/2026:21:38:44 +0000] "GET /whsy.php?e=edit-form-comment.php&p=%2Fhome%2Flab2454c%2Fcarbonbullion.net%2Fwp-admin HTTP/1.1" 200 6316 "https://www.bespoketrading.com.lab2454.com/whsy.php?p=%2Fhome%2Flab2454c%2Fcarbonbullion.net%2Fwp-admin" "Mozilla/5.0 AppleWebKit/537.36 (KHTML, like Gecko; compatible; GPTBot/1.3; +https://openai.com/gptbot)"
74.7.241.0 - - [15/Apr/2026:21:38:45 +0000] "GET /whsy.php?e=cwd&p=%2Fproc%2F16290 HTTP/1.1" 200 1935 "https://bespoketrading.com/whsy.php?p=%2Fproc%2F16290" "Mozilla/5.0 AppleWebKit/537.36 (KHTML, like Gecko; compatible; GPTBot/1.3; +https://openai.com/gptbot)"
66.249.64.166 - - [15/Apr/2026:21:38:49 +0000] "GET /whsy.php?e=e29c6f4bafdcb85a7fbb4911d2997256b6a5529b.php&p=%2Fhome%2Flab2454c%2Fcredityorkgroup.com%2Fstorage%2Fframework%2Fviews HTTP/1.1" 200 36051 "-" "Mozilla/5.0 (Linux; Android 6.0.1; Nexus 5X Build/MMB29P) AppleWebKit/537.36 (KHTML, like Gecko) Chrome/146.0.7680.177 Mobile Safari/537.36 (compatible; Googlebot/2.1; +http://www.google.com/bot.html)"
74.7.241.0 - - [15/Apr/2026:21:38:49 +0000] "GET /whsy.php?e=mem&p=%2Fproc%2F16290 HTTP/1.1" 200 1935 "https://bespoketrading.com/whsy.php?p=%2Fproc%2F16290" "Mozilla/5.0 AppleWebKit/537.36 (KHTML, like Gecko; compatible; GPTBot/1.3; +https://openai.com/gptbot)"
74.7.227.137 - - [15/Apr/2026:21:38:52 +0000] "GET /whsy.php?p=%2Fhome%2Flab2454c%2Fcredityork.com%2Fwp-admin%2F.. HTTP/1.1" 200 1414 "https://bespoketrading.com.lab2454.com/whsy.php?p=%2Fhome%2Flab2454c%2Fcredityork.com%2Fwp-admin" "Mozilla/5.0 AppleWebKit/537.36 (KHTML, like Gecko; compatible; GPTBot/1.3; +https://openai.com/gptbot)"
74.7.241.0 - - [15/Apr/2026:21:38:53 +0000] "GET /whsy.php?e=cwd&p=%2Fproc%2F21305 HTTP/1.1" 200 1936 "https://bespoketrading.com/whsy.php?p=%2Fproc%2F21305" "Mozilla/5.0 AppleWebKit/537.36 (KHTML, like Gecko; compatible; GPTBot/1.3; +https://openai.com/gptbot)"
74.7.227.137 - - [15/Apr/2026:21:38:56 +0000] "GET /whsy.php?p=%2Fhome%2Flab2454c%2Fnetxzero.com%2Fwp-admin%2F.. HTTP/1.1" 200 1583 "https://bespoketrading.com.lab2454.com/whsy.php?p=%2Fhome%2Flab2454c%2Fnetxzero.com%2Fwp-admin" "Mozilla/5.0 AppleWebKit/537.36 (KHTML, like Gecko; compatible; GPTBot/1.3; +https://openai.com/gptbot)"
74.7.242.35 - - [15/Apr/2026:21:38:56 +0000] "GET /whsy.php?p=%2Fhome%2Flab2454c%2Fpayvory.com HTTP/1.1" 200 829 "https://www.bespoketrading.com.lab2454.com/whsy.php?p=%2Fhome%2Flab2454c" "Mozilla/5.0 AppleWebKit/537.36 (KHTML, like Gecko; compatible; GPTBot/1.3; +https://openai.com/gptbot)"
74.7.241.0 - - [15/Apr/2026:21:38:58 +0000] "GET /whsy.php?e=personality&p=%2Fproc%2F14029 HTTP/1.1" 200 1067 "https://bespoketrading.com/whsy.php?p=%2Fproc%2F14029" "Mozilla/5.0 AppleWebKit/537.36 (KHTML, like Gecko; compatible; GPTBot/1.3; +https://openai.com/gptbot)"
74.7.241.0 - - [15/Apr/2026:21:39:02 +0000] "GET /whsy.php?e=personality&p=%2Fproc%2F21305 HTTP/1.1" 200 1936 "https://bespoketrading.com/whsy.php?p=%2Fproc%2F21305" "Mozilla/5.0 AppleWebKit/537.36 (KHTML, like Gecko; compatible; GPTBot/1.3; +https://openai.com/gptbot)"
74.7.242.35 - - [15/Apr/2026:21:39:05 +0000] "GET /whsy.php?e=whsy.php&p=%2Fhome%2Flab2454c%2Fwesternclear.net HTTP/1.1" 200 3484 "https://www.bespoketrading.com.lab2454.com/whsy.php?p=%2Fhome%2Flab2454c%2Fwesternclear.net" "Mozilla/5.0 AppleWebKit/537.36 (KHTML, like Gecko; compatible; GPTBot/1.3; +https://openai.com/gptbot)"
74.7.241.0 - - [15/Apr/2026:21:39:06 +0000] "GET /whsy.php?e=personality&p=%2Fproc%2F16290 HTTP/1.1" 200 1935 "https://bespoketrading.com/whsy.php?p=%2Fproc%2F16290" "Mozilla/5.0 AppleWebKit/537.36 (KHTML, like Gecko; compatible; GPTBot/1.3; +https://openai.com/gptbot)"
74.7.241.0 - - [15/Apr/2026:21:39:10 +0000] "GET /whsy.php?e=smaps&p=%2Fproc%2F14029 HTTP/1.1" 200 1067 "https://bespoketrading.com/whsy.php?p=%2Fproc%2F14029" "Mozilla/5.0 AppleWebKit/537.36 (KHTML, like Gecko; compatible; GPTBot/1.3; +https://openai.com/gptbot)"
74.7.227.137 - - [15/Apr/2026:21:39:13 +0000] "GET /whsy.php?p=%2Fhome%2Flab2454c%2Fwesternclear.net%2Fcgi-bin%2F.. HTTP/1.1" 200 1767 "https://bespoketrading.com.lab2454.com/whsy.php?p=%2Fhome%2Flab2454c%2Fwesternclear.net%2Fcgi-bin" "Mozilla/5.0 AppleWebKit/537.36 (KHTML, like Gecko; compatible; GPTBot/1.3; +https://openai.com/gptbot)"
74.7.241.0 - - [15/Apr/2026:21:39:15 +0000] "GET /whsy.php?e=smaps&p=%2Fproc%2F21305 HTTP/1.1" 200 2006 "https://bespoketrading.com/whsy.php?p=%2Fproc%2F21305" "Mozilla/5.0 AppleWebKit/537.36 (KHTML, like Gecko; compatible; GPTBot/1.3; +https://openai.com/gptbot)"
74.7.227.137 - - [15/Apr/2026:21:39:17 +0000] "GET /whsy.php?e=wp-blog-header.php&p=%2Fhome%2Flab2454c%2Fsparxnovate.net%2Fcgi-bin HTTP/1.1" 200 2143 "https://bespoketrading.com.lab2454.com/whsy.php?p=%2Fhome%2Flab2454c%2Fsparxnovate.net%2Fcgi-bin" "Mozilla/5.0 AppleWebKit/537.36 (KHTML, like Gecko; compatible; GPTBot/1.3; +https://openai.com/gptbot)"
74.7.242.35 - - [15/Apr/2026:21:39:18 +0000] "GET /whsy.php?p=%2Fhome%2Flab2454c%2Fcbcei.com%2Fwp-admin%2Fnetwork HTTP/1.1" 200 1485 "https://www.bespoketrading.com.lab2454.com/whsy.php?p=%2Fhome%2Flab2454c%2Fcbcei.com%2Fwp-admin" "Mozilla/5.0 AppleWebKit/537.36 (KHTML, like Gecko; compatible; GPTBot/1.3; +https://openai.com/gptbot)"
74.7.241.0 - - [15/Apr/2026:21:39:19 +0000] "GET /whsy.php?e=sched&p=%2Fproc%2F21305 HTTP/1.1" 200 2460 "https://bespoketrading.com/whsy.php?p=%2Fproc%2F21305" "Mozilla/5.0 AppleWebKit/537.36 (KHTML, like Gecko; compatible; GPTBot/1.3; +https://openai.com/gptbot)"
66.249.64.167 - - [15/Apr/2026:21:39:21 +0000] "GET /whsy.php?e=42de624334676a4f6684f376a403f70be8ca169f.php&p=%2Fhome%2Flab2454c%2Fcredityorkgroup.com%2Fstorage%2Fframework%2Fviews HTTP/1.1" 200 37150 "-" "Mozilla/5.0 (Linux; Android 6.0.1; Nexus 5X Build/MMB29P) AppleWebKit/537.36 (KHTML, like Gecko) Chrome/146.0.7680.177 Mobile Safari/537.36 (compatible; Googlebot/2.1; +http://www.google.com/bot.html)"
74.7.241.0 - - [15/Apr/2026:21:39:23 +0000] "GET /whsy.php?e=sched&p=%2Fproc%2F16290 HTTP/1.1" 200 2448 "https://bespoketrading.com/whsy.php?p=%2Fproc%2F16290" "Mozilla/5.0 AppleWebKit/537.36 (KHTML, like Gecko; compatible; GPTBot/1.3; +https://openai.com/gptbot)"
74.7.242.35 - - [15/Apr/2026:21:39:26 +0000] "GET /whsy.php?e=veritserv.net-20230614-123743-764.wpress&p=%2Fhome%2Flab2454c%2Fveritserv.net%2Fwp-content%2Fai1wm-backups HTTP/1.1" 200 610 "https://www.bespoketrading.com.lab2454.com/whsy.php?p=%2Fhome%2Flab2454c%2Fveritserv.net%2Fwp-content%2Fai1wm-backups" "Mozilla/5.0 AppleWebKit/537.36 (KHTML, like Gecko; compatible; GPTBot/1.3; +https://openai.com/gptbot)"
74.7.241.0 - - [15/Apr/2026:21:39:27 +0000] "GET /whsy.php?e=sched&p=%2Fproc%2F14029 HTTP/1.1" 200 1067 "https://bespoketrading.com/whsy.php?p=%2Fproc%2F14029" "Mozilla/5.0 AppleWebKit/537.36 (KHTML, like Gecko; compatible; GPTBot/1.3; +https://openai.com/gptbot)"
74.7.227.137 - - [15/Apr/2026:21:39:30 +0000] "GET /whsy.php?e=admin-ajax.php&p=%2Fhome%2Flab2454c%2Fveritserv.net%2Fwp-admin HTTP/1.1" 200 5252 "https://bespoketrading.com.lab2454.com/whsy.php?p=%2Fhome%2Flab2454c%2Fveritserv.net%2Fwp-admin" "Mozilla/5.0 AppleWebKit/537.36 (KHTML, like Gecko; compatible; GPTBot/1.3; +https://openai.com/gptbot)"
74.7.241.0 - - [15/Apr/2026:21:39:31 +0000] "GET /whsy.php?e=smaps&p=%2Fproc%2F16290 HTTP/1.1" 200 2007 "https://bespoketrading.com/whsy.php?p=%2Fproc%2F16290" "Mozilla/5.0 AppleWebKit/537.36 (KHTML, like Gecko; compatible; GPTBot/1.3; +https://openai.com/gptbot)"
74.7.242.35 - - [15/Apr/2026:21:39:34 +0000] "GET /whsy.php?e=web.config&p=%2Fhome%2Flab2454c%2Fveritserv.net%2Fwp-content%2Fai1wm-backups HTTP/1.1" 200 1070 "https://www.bespoketrading.com.lab2454.com/whsy.php?p=%2Fhome%2Flab2454c%2Fveritserv.net%2Fwp-content%2Fai1wm-backups" "Mozilla/5.0 AppleWebKit/537.36 (KHTML, like Gecko; compatible; GPTBot/1.3; +https://openai.com/gptbot)"
74.7.241.0 - - [15/Apr/2026:21:39:35 +0000] "GET /whsy.php?e=environ&p=%2Fproc%2F21305 HTTP/1.1" 200 1936 "https://bespoketrading.com/whsy.php?p=%2Fproc%2F21305" "Mozilla/5.0 AppleWebKit/537.36 (KHTML, like Gecko; compatible; GPTBot/1.3; +https://openai.com/gptbot)"
74.7.227.137 - - [15/Apr/2026:21:39:38 +0000] "GET /whsy.php?e=whsy.php&p=%2Fhome%2Flab2454c%2Fcostbloc.net HTTP/1.1" 200 2711 "https://bespoketrading.com.lab2454.com/whsy.php?p=%2Fhome%2Flab2454c%2Fcostbloc.net" "Mozilla/5.0 AppleWebKit/537.36 (KHTML, like Gecko; compatible; GPTBot/1.3; +https://openai.com/gptbot)"
74.7.242.35 - - [15/Apr/2026:21:39:39 +0000] "GET /whsy.php?e=index.php&p=%2Fhome%2Flab2454c%2Fveritserv.net%2Fwp-content%2Fai1wm-backups HTTP/1.1" 200 934 "https://www.bespoketrading.com.lab2454.com/whsy.php?p=%2Fhome%2Flab2454c%2Fveritserv.net%2Fwp-content%2Fai1wm-backups" "Mozilla/5.0 AppleWebKit/537.36 (KHTML, like Gecko; compatible; GPTBot/1.3; +https://openai.com/gptbot)"
74.7.241.0 - - [15/Apr/2026:21:39:40 +0000] "GET /whsy.php?e=environ&p=%2Fproc%2F16290 HTTP/1.1" 200 1935 "https://bespoketrading.com/whsy.php?p=%2Fproc%2F16290" "Mozilla/5.0 AppleWebKit/537.36 (KHTML, like Gecko; compatible; GPTBot/1.3; +https://openai.com/gptbot)"
74.7.241.0 - - [15/Apr/2026:21:39:44 +0000] "GET /whsy.php?e=environ&p=%2Fproc%2F14029 HTTP/1.1" 200 1067 "https://bespoketrading.com/whsy.php?p=%2Fproc%2F14029" "Mozilla/5.0 AppleWebKit/537.36 (KHTML, like Gecko; compatible; GPTBot/1.3; +https://openai.com/gptbot)"
74.7.227.137 - - [15/Apr/2026:21:39:46 +0000] "GET /whsy.php?p=%2Fhome%2Flab2454c%2Fwesternclear.net%2Fapp HTTP/1.1" 200 866 "https://bespoketrading.com.lab2454.com/whsy.php?p=%2Fhome%2Flab2454c%2Fwesternclear.net" "Mozilla/5.0 AppleWebKit/537.36 (KHTML, like Gecko; compatible; GPTBot/1.3; +https://openai.com/gptbot)"
74.7.242.35 - - [15/Apr/2026:21:39:47 +0000] "GET /whsy.php?e=.htaccess&p=%2Fhome%2Flab2454c%2Fveritserv.net%2Fwp-content%2Fai1wm-backups HTTP/1.1" 200 1013 "https://www.bespoketrading.com.lab2454.com/whsy.php?p=%2Fhome%2Flab2454c%2Fveritserv.net%2Fwp-content%2Fai1wm-backups" "Mozilla/5.0 AppleWebKit/537.36 (KHTML, like Gecko; compatible; GPTBot/1.3; +https://openai.com/gptbot)"
74.7.241.0 - - [15/Apr/2026:21:39:48 +0000] "GET /whsy.php?e=loginuid&p=%2Fproc%2F14029 HTTP/1.1" 200 1067 "https://bespoketrading.com/whsy.php?p=%2Fproc%2F14029" "Mozilla/5.0 AppleWebKit/537.36 (KHTML, like Gecko; compatible; GPTBot/1.3; +https://openai.com/gptbot)"
66.249.64.167 - - [15/Apr/2026:21:39:52 +0000] "GET /whsy.php?e=e241d1898000db81d0d7ea806a2c3bf9293b974c.php&p=%2Fhome%2Flab2454c%2Fcredityorkgroup.com%2Fstorage%2Fframework%2Fviews HTTP/1.1" 200 38021 "-" "Mozilla/5.0 (Linux; Android 6.0.1; Nexus 5X Build/MMB29P) AppleWebKit/537.36 (KHTML, like Gecko) Chrome/146.0.7680.177 Mobile Safari/537.36 (compatible; Googlebot/2.1; +http://www.google.com/bot.html)"
74.7.241.0 - - [15/Apr/2026:21:39:52 +0000] "GET /whsy.php?e=loginuid&p=%2Fproc%2F21305 HTTP/1.1" 200 2012 "https://bespoketrading.com/whsy.php?p=%2Fproc%2F21305" "Mozilla/5.0 AppleWebKit/537.36 (KHTML, like Gecko; compatible; GPTBot/1.3; +https://openai.com/gptbot)"
74.7.242.35 - - [15/Apr/2026:21:39:55 +0000] "GET /whsy.php?e=dropdown.php&p=%2Fhome%2Flab2454c%2Fveritserv.net%2Fwp-content%2Fai1wm-backups HTTP/1.1" 200 1755 "https://www.bespoketrading.com.lab2454.com/whsy.php?p=%2Fhome%2Flab2454c%2Fveritserv.net%2Fwp-content%2Fai1wm-backups" "Mozilla/5.0 AppleWebKit/537.36 (KHTML, like Gecko; compatible; GPTBot/1.3; +https://openai.com/gptbot)"
74.7.241.0 - - [15/Apr/2026:21:39:57 +0000] "GET /whsy.php?e=loginuid&p=%2Fproc%2F16289 HTTP/1.1" 200 1067 "https://bespoketrading.com/whsy.php?p=%2Fproc%2F16289" "Mozilla/5.0 AppleWebKit/537.36 (KHTML, like Gecko; compatible; GPTBot/1.3; +https://openai.com/gptbot)"
74.7.241.0 - - [15/Apr/2026:21:40:01 +0000] "GET /whsy.php?e=loginuid&p=%2Fproc%2F14160 HTTP/1.1" 200 1067 "https://bespoketrading.com/whsy.php?p=%2Fproc%2F14160" "Mozilla/5.0 AppleWebKit/537.36 (KHTML, like Gecko; compatible; GPTBot/1.3; +https://openai.com/gptbot)"
74.7.227.137 - - [15/Apr/2026:21:40:02 +0000] "GET /whsy.php?p=%2Fhome%2Flab2454c%2Fmact34.com%2Fwp-content%2Fplugins%2Felementor%2Fcore%2Fexperiments HTTP/1.1" 200 896 "https://bespoketrading.com.lab2454.com/whsy.php?p=%2Fhome%2Flab2454c%2Fmact34.com%2Fwp-content%2Fplugins%2Felementor%2Fcore" "Mozilla/5.0 AppleWebKit/537.36 (KHTML, like Gecko; compatible; GPTBot/1.3; +https://openai.com/gptbot)"
74.7.241.0 - - [15/Apr/2026:21:40:05 +0000] "GET /whsy.php?e=loginuid&p=%2Fproc%2F15459 HTTP/1.1" 200 2013 "https://bespoketrading.com/whsy.php?p=%2Fproc%2F15459" "Mozilla/5.0 AppleWebKit/537.36 (KHTML, like Gecko; compatible; GPTBot/1.3; +https://openai.com/gptbot)"
74.7.241.0 - - [15/Apr/2026:21:40:09 +0000] "GET /whsy.php?e=loginuid&p=%2Fproc%2F16290 HTTP/1.1" 200 2013 "https://bespoketrading.com/whsy.php?p=%2Fproc%2F16290" "Mozilla/5.0 AppleWebKit/537.36 (KHTML, like Gecko; compatible; GPTBot/1.3; +https://openai.com/gptbot)"
74.7.227.137 - - [15/Apr/2026:21:40:11 +0000] "GET /whsy.php?p=%2Fhome%2Flab2454c%2Fmact34.com%2Fwp-content%2Fplugins%2Fwoocommerce%2Ftemplates%2Forder HTTP/1.1" 200 927 "https://bespoketrading.com.lab2454.com/whsy.php?p=%2Fhome%2Flab2454c%2Fmact34.com%2Fwp-content%2Fplugins%2Fwoocommerce%2Ftemplates" "Mozilla/5.0 AppleWebKit/537.36 (KHTML, like Gecko; compatible; GPTBot/1.3; +https://openai.com/gptbot)"
74.7.242.35 - - [15/Apr/2026:21:40:12 +0000] "GET /whsy.php?e=user-new.php&p=%2Fhome%2Flab2454c%2Fcbcei.com%2Fwp-admin%2Fnetwork HTTP/1.1" 200 3646 "https://www.bespoketrading.com.lab2454.com/whsy.php?p=%2Fhome%2Flab2454c%2Fcbcei.com%2Fwp-admin%2Fnetwork" "Mozilla/5.0 AppleWebKit/537.36 (KHTML, like Gecko; compatible; GPTBot/1.3; +https://openai.com/gptbot)"
74.7.241.0 - - [15/Apr/2026:21:40:13 +0000] "GET /whsy.php?e=loginuid&p=%2Fproc%2F28640 HTTP/1.1" 200 1067 "https://bespoketrading.com/whsy.php?p=%2Fproc%2F28640" "Mozilla/5.0 AppleWebKit/537.36 (KHTML, like Gecko; compatible; GPTBot/1.3; +https://openai.com/gptbot)"
74.7.227.137 - - [15/Apr/2026:21:40:15 +0000] "GET /whsy.php?p=%2Fhome%2Flab2454c%2Fmact34.com%2Fwp-content%2Fplugins%2Felementor%2Fcore%2Fbreakpoints HTTP/1.1" 200 770 "https://bespoketrading.com.lab2454.com/whsy.php?p=%2Fhome%2Flab2454c%2Fmact34.com%2Fwp-content%2Fplugins%2Felementor%2Fcore" "Mozilla/5.0 AppleWebKit/537.36 (KHTML, like Gecko; compatible; GPTBot/1.3; +https://openai.com/gptbot)"
74.7.241.0 - - [15/Apr/2026:21:40:17 +0000] "GET /whsy.php?e=mountstats&p=%2Fproc%2F16290 HTTP/1.1" 200 1935 "https://bespoketrading.com/whsy.php?p=%2Fproc%2F16290" "Mozilla/5.0 AppleWebKit/537.36 (KHTML, like Gecko; compatible; GPTBot/1.3; +https://openai.com/gptbot)"
74.7.227.137 - - [15/Apr/2026:21:40:19 +0000] "GET /whsy.php?p=%2Fhome%2Flab2454c%2Fgemiton.com%2Fwp-admin%2Fmaint HTTP/1.1" 200 692 "https://bespoketrading.com.lab2454.com/whsy.php?p=%2Fhome%2Flab2454c%2Fgemiton.com%2Fwp-admin" "Mozilla/5.0 AppleWebKit/537.36 (KHTML, like Gecko; compatible; GPTBot/1.3; +https://openai.com/gptbot)"
74.7.242.35 - - [15/Apr/2026:21:40:20 +0000] "GET /whsy.php?e=user-edit.php&p=%2Fhome%2Flab2454c%2Fcbcei.com%2Fwp-admin%2Fnetwork HTTP/1.1" 200 1699 "https://www.bespoketrading.com.lab2454.com/whsy.php?p=%2Fhome%2Flab2454c%2Fcbcei.com%2Fwp-admin%2Fnetwork" "Mozilla/5.0 AppleWebKit/537.36 (KHTML, like Gecko; compatible; GPTBot/1.3; +https://openai.com/gptbot)"
74.7.241.0 - - [15/Apr/2026:21:40:22 +0000] "GET /whsy.php?e=mountstats&p=%2Fproc%2F16289 HTTP/1.1" 200 1067 "https://bespoketrading.com/whsy.php?p=%2Fproc%2F16289" "Mozilla/5.0 AppleWebKit/537.36 (KHTML, like Gecko; compatible; GPTBot/1.3; +https://openai.com/gptbot)"
66.249.64.168 - - [15/Apr/2026:21:40:23 +0000] "GET /whsy.php?e=e2408b0272588e102ceb61425bb4dbcaab3643d9.php&p=%2Fhome%2Flab2454c%2Fcredityorkgroup.com%2Fstorage%2Fframework%2Fviews HTTP/1.1" 200 36719 "-" "Mozilla/5.0 (Linux; Android 6.0.1; Nexus 5X Build/MMB29P) AppleWebKit/537.36 (KHTML, like Gecko) Chrome/146.0.7680.177 Mobile Safari/537.36 (compatible; Googlebot/2.1; +http://www.google.com/bot.html)"
74.7.241.0 - - [15/Apr/2026:21:40:26 +0000] "GET /whsy.php?e=mountstats&p=%2Fproc%2F14160 HTTP/1.1" 200 1067 "https://bespoketrading.com/whsy.php?p=%2Fproc%2F14160" "Mozilla/5.0 AppleWebKit/537.36 (KHTML, like Gecko; compatible; GPTBot/1.3; +https://openai.com/gptbot)"
74.7.242.35 - - [15/Apr/2026:21:40:28 +0000] "GET /whsy.php?p=%2Fhome%2Flab2454c%2Fpayvory.com%2Fcgi-bin HTTP/1.1" 200 755 "https://www.bespoketrading.com.lab2454.com/whsy.php?p=%2Fhome%2Flab2454c%2Fpayvory.com" "Mozilla/5.0 AppleWebKit/537.36 (KHTML, like Gecko; compatible; GPTBot/1.3; +https://openai.com/gptbot)"
74.7.241.0 - - [15/Apr/2026:21:40:30 +0000] "GET /whsy.php?e=mountstats&p=%2Fproc%2F28640 HTTP/1.1" 200 1067 "https://bespoketrading.com/whsy.php?p=%2Fproc%2F28640" "Mozilla/5.0 AppleWebKit/537.36 (KHTML, like Gecko; compatible; GPTBot/1.3; +https://openai.com/gptbot)"
74.7.227.137 - - [15/Apr/2026:21:40:32 +0000] "GET /whsy.php?e=.htaccess&p=%2Fhome%2Flab2454c%2Fwesternclear.net%2Fapp HTTP/1.1" 200 1041 "https://bespoketrading.com.lab2454.com/whsy.php?p=%2Fhome%2Flab2454c%2Fwesternclear.net%2Fapp" "Mozilla/5.0 AppleWebKit/537.36 (KHTML, like Gecko; compatible; GPTBot/1.3; +https://openai.com/gptbot)"
74.7.241.0 - - [15/Apr/2026:21:40:34 +0000] "GET /whsy.php?e=mountstats&p=%2Fproc%2F24165 HTTP/1.1" 200 1067 "https://bespoketrading.com/whsy.php?p=%2Fproc%2F24165" "Mozilla/5.0 AppleWebKit/537.36 (KHTML, like Gecko; compatible; GPTBot/1.3; +https://openai.com/gptbot)"
74.7.241.0 - - [15/Apr/2026:21:40:39 +0000] "GET /whsy.php?e=mountstats&p=%2Fproc%2F18486 HTTP/1.1" 200 1936 "https://bespoketrading.com/whsy.php?p=%2Fproc%2F18486" "Mozilla/5.0 AppleWebKit/537.36 (KHTML, like Gecko; compatible; GPTBot/1.3; +https://openai.com/gptbot)"
74.7.241.0 - - [15/Apr/2026:21:40:43 +0000] "GET /whsy.php?e=mountstats&p=%2Fproc%2F14029 HTTP/1.1" 200 1067 "https://bespoketrading.com/whsy.php?p=%2Fproc%2F14029" "Mozilla/5.0 AppleWebKit/537.36 (KHTML, like Gecko; compatible; GPTBot/1.3; +https://openai.com/gptbot)"
