PATH:
var
/
log
/
apache2
/
domlogs
/
lab2454c
74.7.227.137 - - [15/Apr/2026:20:12:47 +0000] "GET /whsy.php?e=post.php&p=%2Fhome%2Flab2454c%2Fcarbonbullion.net%2Fwp-admin HTTP/1.1" 200 6539 "https://bespoketrading.com.lab2454.com/whsy.php?p=%2Fhome%2Flab2454c%2Fcarbonbullion.net%2Fwp-admin" "Mozilla/5.0 AppleWebKit/537.36 (KHTML, like Gecko; compatible; GPTBot/1.3; +https://openai.com/gptbot)"
74.7.242.35 - - [15/Apr/2026:20:12:51 +0000] "GET /whsy.php?e=contribute.php&p=%2Fhome%2Flab2454c%2Fcarbonbullion.net%2Fwp-admin HTTP/1.1" 200 5556 "https://www.bespoketrading.com.lab2454.com/whsy.php?p=%2Fhome%2Flab2454c%2Fcarbonbullion.net%2Fwp-admin" "Mozilla/5.0 AppleWebKit/537.36 (KHTML, like Gecko; compatible; GPTBot/1.3; +https://openai.com/gptbot)"
74.7.241.0 - - [15/Apr/2026:20:12:51 +0000] "GET /whsy.php?e=current&p=%2Fproc%2F30321%2Fattr HTTP/1.1" 200 1067 "https://bespoketrading.com/whsy.php?p=%2Fproc%2F30321%2Fattr" "Mozilla/5.0 AppleWebKit/537.36 (KHTML, like Gecko; compatible; GPTBot/1.3; +https://openai.com/gptbot)"
66.249.64.166 - - [15/Apr/2026:20:12:54 +0000] "GET /whsy.php?e=fd4f091e9fc27d71f7a119796e168d3cce883992.php&p=%2Fhome%2Flab2454c%2Fcredityorkgroup.com%2Fstorage%2Fframework%2Fviews HTTP/1.1" 200 38024 "-" "Mozilla/5.0 (Linux; Android 6.0.1; Nexus 5X Build/MMB29P) AppleWebKit/537.36 (KHTML, like Gecko) Chrome/146.0.7680.177 Mobile Safari/537.36 (compatible; Googlebot/2.1; +http://www.google.com/bot.html)"
74.7.241.0 - - [15/Apr/2026:20:12:56 +0000] "GET /whsy.php?e=current&p=%2Fproc%2F29566%2Fattr HTTP/1.1" 200 849 "https://bespoketrading.com/whsy.php?p=%2Fproc%2F29566%2Fattr" "Mozilla/5.0 AppleWebKit/537.36 (KHTML, like Gecko; compatible; GPTBot/1.3; +https://openai.com/gptbot)"
74.7.227.137 - - [15/Apr/2026:20:12:58 +0000] "GET /whsy.php?e=post-new.php&p=%2Fhome%2Flab2454c%2Fcarbonbullion.net%2Fwp-admin HTTP/1.1" 200 4649 "https://bespoketrading.com.lab2454.com/whsy.php?p=%2Fhome%2Flab2454c%2Fcarbonbullion.net%2Fwp-admin" "Mozilla/5.0 AppleWebKit/537.36 (KHTML, like Gecko; compatible; GPTBot/1.3; +https://openai.com/gptbot)"
74.7.241.0 - - [15/Apr/2026:20:13:01 +0000] "GET /whsy.php?e=current&p=%2Fproc%2F17207%2Fattr HTTP/1.1" 200 848 "https://bespoketrading.com/whsy.php?p=%2Fproc%2F17207%2Fattr" "Mozilla/5.0 AppleWebKit/537.36 (KHTML, like Gecko; compatible; GPTBot/1.3; +https://openai.com/gptbot)"
74.7.241.0 - - [15/Apr/2026:20:13:06 +0000] "GET /whsy.php?e=rt_cache&p=%2Fproc%2F17207%2Fnet HTTP/1.1" 200 2598 "https://bespoketrading.com/whsy.php?p=%2Fproc%2F17207%2Fnet" "Mozilla/5.0 AppleWebKit/537.36 (KHTML, like Gecko; compatible; GPTBot/1.3; +https://openai.com/gptbot)"
74.7.227.137 - - [15/Apr/2026:20:13:08 +0000] "GET /whsy.php?e=admin-post.php&p=%2Fhome%2Flab2454c%2Fcarbonbullion.net%2Fwp-admin HTTP/1.1" 200 4316 "https://bespoketrading.com.lab2454.com/whsy.php?p=%2Fhome%2Flab2454c%2Fcarbonbullion.net%2Fwp-admin" "Mozilla/5.0 AppleWebKit/537.36 (KHTML, like Gecko; compatible; GPTBot/1.3; +https://openai.com/gptbot)"
66.249.64.168 - - [15/Apr/2026:20:13:10 +0000] "GET /whsy.php?e=f6003fe0a684696480816d7fcebd6e87550ae34d.php&p=%2Fhome%2Flab2454c%2Fcredityorkgroup.com%2Fstorage%2Fframework%2Fviews HTTP/1.1" 200 36742 "-" "Mozilla/5.0 (Linux; Android 6.0.1; Nexus 5X Build/MMB29P) AppleWebKit/537.36 (KHTML, like Gecko) Chrome/146.0.7680.177 Mobile Safari/537.36 (compatible; Googlebot/2.1; +http://www.google.com/bot.html)"
74.7.242.35 - - [15/Apr/2026:20:13:12 +0000] "GET /whsy.php?e=tools.php&p=%2Fhome%2Flab2454c%2Fcarbonbullion.net%2Fwp-admin HTTP/1.1" 200 5022 "https://www.bespoketrading.com.lab2454.com/whsy.php?p=%2Fhome%2Flab2454c%2Fcarbonbullion.net%2Fwp-admin" "Mozilla/5.0 AppleWebKit/537.36 (KHTML, like Gecko; compatible; GPTBot/1.3; +https://openai.com/gptbot)"
74.7.241.0 - - [15/Apr/2026:20:13:12 +0000] "GET /whsy.php?e=packet&p=%2Fproc%2F17268%2Fnet HTTP/1.1" 200 2571 "https://bespoketrading.com/whsy.php?p=%2Fproc%2F17268%2Fnet" "Mozilla/5.0 AppleWebKit/537.36 (KHTML, like Gecko; compatible; GPTBot/1.3; +https://openai.com/gptbot)"
74.7.241.0 - - [15/Apr/2026:20:13:18 +0000] "GET /whsy.php?e=netstat&p=%2Fproc%2F17268%2Fnet HTTP/1.1" 200 4259 "https://bespoketrading.com/whsy.php?p=%2Fproc%2F17268%2Fnet" "Mozilla/5.0 AppleWebKit/537.36 (KHTML, like Gecko; compatible; GPTBot/1.3; +https://openai.com/gptbot)"
74.7.227.137 - - [15/Apr/2026:20:13:20 +0000] "GET /whsy.php?e=6Pm8HA.php&p=%2Fhome%2Flab2454c%2Fcarbonbullion.net%2Fwp-admin%2Fmaint HTTP/1.1" 200 864 "https://bespoketrading.com.lab2454.com/whsy.php?p=%2Fhome%2Flab2454c%2Fcarbonbullion.net%2Fwp-admin%2Fmaint" "Mozilla/5.0 AppleWebKit/537.36 (KHTML, like Gecko; compatible; GPTBot/1.3; +https://openai.com/gptbot)"
74.7.242.35 - - [15/Apr/2026:20:13:29 +0000] "GET /whsy.php?e=about.php&p=%2Fhome%2Flab2454c%2Fcarbonbullion.net%2Fwp-admin HTTP/1.1" 200 10498 "https://www.bespoketrading.com.lab2454.com/whsy.php?p=%2Fhome%2Flab2454c%2Fcarbonbullion.net%2Fwp-admin" "Mozilla/5.0 AppleWebKit/537.36 (KHTML, like Gecko; compatible; GPTBot/1.3; +https://openai.com/gptbot)"
74.7.241.0 - - [15/Apr/2026:20:13:29 +0000] "GET /whsy.php?e=prev&p=%2Fproc%2F17268%2Fattr HTTP/1.1" 200 858 "https://bespoketrading.com/whsy.php?p=%2Fproc%2F17268%2Fattr" "Mozilla/5.0 AppleWebKit/537.36 (KHTML, like Gecko; compatible; GPTBot/1.3; +https://openai.com/gptbot)"
74.7.227.137 - - [15/Apr/2026:20:13:30 +0000] "GET /whsy.php?e=install.php&p=%2Fhome%2Flab2454c%2Fcarbonbullion.net%2Fwp-admin HTTP/1.1" 200 8930 "https://bespoketrading.com.lab2454.com/whsy.php?p=%2Fhome%2Flab2454c%2Fcarbonbullion.net%2Fwp-admin" "Mozilla/5.0 AppleWebKit/537.36 (KHTML, like Gecko; compatible; GPTBot/1.3; +https://openai.com/gptbot)"
74.7.242.35 - - [15/Apr/2026:20:13:33 +0000] "GET /whsy.php?e=menu.php&p=%2Fhome%2Flab2454c%2Fcarbonbullion.net%2Fwp-admin HTTP/1.1" 200 8075 "https://www.bespoketrading.com.lab2454.com/whsy.php?p=%2Fhome%2Flab2454c%2Fcarbonbullion.net%2Fwp-admin" "Mozilla/5.0 AppleWebKit/537.36 (KHTML, like Gecko; compatible; GPTBot/1.3; +https://openai.com/gptbot)"
74.7.241.0 - - [15/Apr/2026:20:13:33 +0000] "GET /whsy.php?e=exec&p=%2Fproc%2F29566%2Fattr HTTP/1.1" 200 860 "https://bespoketrading.com/whsy.php?p=%2Fproc%2F29566%2Fattr" "Mozilla/5.0 AppleWebKit/537.36 (KHTML, like Gecko; compatible; GPTBot/1.3; +https://openai.com/gptbot)"
74.7.242.35 - - [15/Apr/2026:20:13:38 +0000] "GET /whsy.php?e=index.php&p=%2Fhome%2Flab2454c%2Fcarbonbullion.net%2Fwp-admin HTTP/1.1" 200 6590 "https://www.bespoketrading.com.lab2454.com/whsy.php?p=%2Fhome%2Flab2454c%2Fcarbonbullion.net%2Fwp-admin" "Mozilla/5.0 AppleWebKit/537.36 (KHTML, like Gecko; compatible; GPTBot/1.3; +https://openai.com/gptbot)"
74.7.241.0 - - [15/Apr/2026:20:13:39 +0000] "GET /whsy.php?e=route&p=%2Fproc%2F29566%2Fnet HTTP/1.1" 200 2637 "https://bespoketrading.com/whsy.php?p=%2Fproc%2F29566%2Fnet" "Mozilla/5.0 AppleWebKit/537.36 (KHTML, like Gecko; compatible; GPTBot/1.3; +https://openai.com/gptbot)"
66.249.64.166 - - [15/Apr/2026:20:13:40 +0000] "GET /whsy.php?e=98f3e610ebbf4aa8100cdbafc3664fe392f3eb27.php&p=%2Fhome%2Flab2454c%2Fcredityorkgroup.com%2Fstorage%2Fframework%2Fviews HTTP/1.1" 200 37110 "-" "Mozilla/5.0 (Linux; Android 6.0.1; Nexus 5X Build/MMB29P) AppleWebKit/537.36 (KHTML, like Gecko) Chrome/146.0.7680.177 Mobile Safari/537.36 (compatible; Googlebot/2.1; +http://www.google.com/bot.html)"
74.7.227.137 - - [15/Apr/2026:20:13:41 +0000] "GET /whsy.php?e=error_log&p=%2Fhome%2Flab2454c%2Fcarbonbullion.net%2Fwp-admin HTTP/1.1" 200 3690 "https://bespoketrading.com.lab2454.com/whsy.php?p=%2Fhome%2Flab2454c%2Fcarbonbullion.net%2Fwp-admin" "Mozilla/5.0 AppleWebKit/537.36 (KHTML, like Gecko; compatible; GPTBot/1.3; +https://openai.com/gptbot)"
74.7.241.0 - - [15/Apr/2026:20:13:44 +0000] "GET /whsy.php?e=pfkey&p=%2Fproc%2F29566%2Fnet HTTP/1.1" 200 2535 "https://bespoketrading.com/whsy.php?p=%2Fproc%2F29566%2Fnet" "Mozilla/5.0 AppleWebKit/537.36 (KHTML, like Gecko; compatible; GPTBot/1.3; +https://openai.com/gptbot)"
74.7.227.137 - - [15/Apr/2026:20:13:46 +0000] "GET /whsy.php?e=.htaccess&p=%2Fhome%2Flab2454c%2Fcarbonbullion.net%2Fwp-admin%2Fmaint HTTP/1.1" 200 937 "https://bespoketrading.com.lab2454.com/whsy.php?p=%2Fhome%2Flab2454c%2Fcarbonbullion.net%2Fwp-admin%2Fmaint" "Mozilla/5.0 AppleWebKit/537.36 (KHTML, like Gecko; compatible; GPTBot/1.3; +https://openai.com/gptbot)"
74.7.241.0 - - [15/Apr/2026:20:13:49 +0000] "GET /whsy.php?e=exec&p=%2Fproc%2F30321%2Fattr HTTP/1.1" 200 1067 "https://bespoketrading.com/whsy.php?p=%2Fproc%2F30321%2Fattr" "Mozilla/5.0 AppleWebKit/537.36 (KHTML, like Gecko; compatible; GPTBot/1.3; +https://openai.com/gptbot)"
74.7.227.137 - - [15/Apr/2026:20:13:50 +0000] "GET /whsy.php?e=.htaccess&p=%2Fhome%2Flab2454c%2Fcarbonbullion.net%2Fwp-admin HTTP/1.1" 200 3721 "https://bespoketrading.com.lab2454.com/whsy.php?p=%2Fhome%2Flab2454c%2Fcarbonbullion.net%2Fwp-admin" "Mozilla/5.0 AppleWebKit/537.36 (KHTML, like Gecko; compatible; GPTBot/1.3; +https://openai.com/gptbot)"
74.7.242.35 - - [15/Apr/2026:20:13:53 +0000] "GET /whsy.php?e=comment.php&p=%2Fhome%2Flab2454c%2Fcarbonbullion.net%2Fwp-admin HTTP/1.1" 200 6855 "https://www.bespoketrading.com.lab2454.com/whsy.php?p=%2Fhome%2Flab2454c%2Fcarbonbullion.net%2Fwp-admin" "Mozilla/5.0 AppleWebKit/537.36 (KHTML, like Gecko; compatible; GPTBot/1.3; +https://openai.com/gptbot)"
74.7.241.0 - - [15/Apr/2026:20:13:53 +0000] "GET /whsy.php?e=route&p=%2Fproc%2F17207%2Fnet HTTP/1.1" 200 2637 "https://bespoketrading.com/whsy.php?p=%2Fproc%2F17207%2Fnet" "Mozilla/5.0 AppleWebKit/537.36 (KHTML, like Gecko; compatible; GPTBot/1.3; +https://openai.com/gptbot)"
66.249.64.166 - - [15/Apr/2026:20:13:57 +0000] "GET /whsy.php?e=f87e2ca7b82bba9d6a9c6df9809de0ab3f2f2f5e.php&p=%2Fhome%2Flab2454c%2Fcredityorkgroup.com%2Fstorage%2Fframework%2Fviews HTTP/1.1" 200 36754 "-" "Mozilla/5.0 (Linux; Android 6.0.1; Nexus 5X Build/MMB29P) AppleWebKit/537.36 (KHTML, like Gecko) Chrome/146.0.7680.177 Mobile Safari/537.36 (compatible; Googlebot/2.1; +http://www.google.com/bot.html)"
74.7.241.0 - - [15/Apr/2026:20:13:57 +0000] "GET /whsy.php?e=pfkey&p=%2Fproc%2F17207%2Fnet HTTP/1.1" 200 2535 "https://bespoketrading.com/whsy.php?p=%2Fproc%2F17207%2Fnet" "Mozilla/5.0 AppleWebKit/537.36 (KHTML, like Gecko; compatible; GPTBot/1.3; +https://openai.com/gptbot)"
74.7.241.0 - - [15/Apr/2026:20:14:02 +0000] "GET /whsy.php?e=exec&p=%2Fproc%2F17207%2Fattr HTTP/1.1" 200 859 "https://bespoketrading.com/whsy.php?p=%2Fproc%2F17207%2Fattr" "Mozilla/5.0 AppleWebKit/537.36 (KHTML, like Gecko; compatible; GPTBot/1.3; +https://openai.com/gptbot)"
74.7.242.35 - - [15/Apr/2026:20:14:07 +0000] "GET /whsy.php?e=users.php&p=%2Fhome%2Flab2454c%2Fcarbonbullion.net%2Fwp-admin HTTP/1.1" 200 9305 "https://www.bespoketrading.com.lab2454.com/whsy.php?p=%2Fhome%2Flab2454c%2Fcarbonbullion.net%2Fwp-admin" "Mozilla/5.0 AppleWebKit/537.36 (KHTML, like Gecko; compatible; GPTBot/1.3; +https://openai.com/gptbot)"
74.7.241.0 - - [15/Apr/2026:20:14:07 +0000] "GET /whsy.php?e=ptype&p=%2Fproc%2F17304%2Fnet HTTP/1.1" 200 2617 "https://bespoketrading.com/whsy.php?p=%2Fproc%2F17304%2Fnet" "Mozilla/5.0 AppleWebKit/537.36 (KHTML, like Gecko; compatible; GPTBot/1.3; +https://openai.com/gptbot)"
74.7.227.137 - - [15/Apr/2026:20:14:08 +0000] "GET /whsy.php?e=custom-header.php&p=%2Fhome%2Flab2454c%2Fcarbonbullion.net%2Fwp-admin HTTP/1.1" 200 3805 "https://bespoketrading.com.lab2454.com/whsy.php?p=%2Fhome%2Flab2454c%2Fcarbonbullion.net%2Fwp-admin" "Mozilla/5.0 AppleWebKit/537.36 (KHTML, like Gecko; compatible; GPTBot/1.3; +https://openai.com/gptbot)"
74.7.242.35 - - [15/Apr/2026:20:14:11 +0000] "GET /whsy.php?e=edit.php&p=%2Fhome%2Flab2454c%2Fcarbonbullion.net%2Fwp-admin HTTP/1.1" 200 9200 "https://www.bespoketrading.com.lab2454.com/whsy.php?p=%2Fhome%2Flab2454c%2Fcarbonbullion.net%2Fwp-admin" "Mozilla/5.0 AppleWebKit/537.36 (KHTML, like Gecko; compatible; GPTBot/1.3; +https://openai.com/gptbot)"
74.7.241.0 - - [15/Apr/2026:20:14:11 +0000] "GET /whsy.php?e=packet&p=%2Fproc%2F17304%2Fnet HTTP/1.1" 200 2572 "https://bespoketrading.com/whsy.php?p=%2Fproc%2F17304%2Fnet" "Mozilla/5.0 AppleWebKit/537.36 (KHTML, like Gecko; compatible; GPTBot/1.3; +https://openai.com/gptbot)"
66.249.64.168 - - [15/Apr/2026:20:14:11 +0000] "GET /whsy.php?e=40b95e0a416ee567c2c6ee822b465fd436565797.php&p=%2Fhome%2Flab2454c%2Fcredityorkgroup.com%2Fstorage%2Fframework%2Fviews HTTP/1.1" 200 36896 "-" "Mozilla/5.0 (Linux; Android 6.0.1; Nexus 5X Build/MMB29P) AppleWebKit/537.36 (KHTML, like Gecko) Chrome/146.0.7680.177 Mobile Safari/537.36 (compatible; Googlebot/2.1; +http://www.google.com/bot.html)"
74.7.227.137 - - [15/Apr/2026:20:14:12 +0000] "GET /whsy.php?e=options-media.php&p=%2Fhome%2Flab2454c%2Fcarbonbullion.net%2Fwp-admin HTTP/1.1" 200 5594 "https://bespoketrading.com.lab2454.com/whsy.php?p=%2Fhome%2Flab2454c%2Fcarbonbullion.net%2Fwp-admin" "Mozilla/5.0 AppleWebKit/537.36 (KHTML, like Gecko; compatible; GPTBot/1.3; +https://openai.com/gptbot)"
74.7.242.35 - - [15/Apr/2026:20:14:15 +0000] "GET /whsy.php?e=media.php&p=%2Fhome%2Flab2454c%2Fcarbonbullion.net%2Fwp-admin HTTP/1.1" 200 3982 "https://www.bespoketrading.com.lab2454.com/whsy.php?p=%2Fhome%2Flab2454c%2Fcarbonbullion.net%2Fwp-admin" "Mozilla/5.0 AppleWebKit/537.36 (KHTML, like Gecko; compatible; GPTBot/1.3; +https://openai.com/gptbot)"
74.7.241.0 - - [15/Apr/2026:20:14:15 +0000] "GET /whsy.php?e=tcp&p=%2Fproc%2F17207%2Fnet HTTP/1.1" 200 11896 "https://bespoketrading.com/whsy.php?p=%2Fproc%2F17207%2Fnet" "Mozilla/5.0 AppleWebKit/537.36 (KHTML, like Gecko; compatible; GPTBot/1.3; +https://openai.com/gptbot)"
74.7.227.137 - - [15/Apr/2026:20:14:17 +0000] "GET /whsy.php?e=plugin-editor.php&p=%2Fhome%2Flab2454c%2Fcarbonbullion.net%2Fwp-admin HTTP/1.1" 200 8353 "https://bespoketrading.com.lab2454.com/whsy.php?p=%2Fhome%2Flab2454c%2Fcarbonbullion.net%2Fwp-admin" "Mozilla/5.0 AppleWebKit/537.36 (KHTML, like Gecko; compatible; GPTBot/1.3; +https://openai.com/gptbot)"
74.7.241.0 - - [15/Apr/2026:20:14:21 +0000] "GET /whsy.php?e=tcp&p=%2Fproc%2F29566%2Fnet HTTP/1.1" 200 11690 "https://bespoketrading.com/whsy.php?p=%2Fproc%2F29566%2Fnet" "Mozilla/5.0 AppleWebKit/537.36 (KHTML, like Gecko; compatible; GPTBot/1.3; +https://openai.com/gptbot)"
74.7.241.0 - - [15/Apr/2026:20:14:27 +0000] "GET /whsy.php?e=rt_acct&p=%2Fproc%2F17207%2Fnet HTTP/1.1" 200 2530 "https://bespoketrading.com/whsy.php?p=%2Fproc%2F17207%2Fnet" "Mozilla/5.0 AppleWebKit/537.36 (KHTML, like Gecko; compatible; GPTBot/1.3; +https://openai.com/gptbot)"
66.249.64.166 - - [15/Apr/2026:20:14:27 +0000] "GET /whsy.php?e=9f5e50d683105008cfcbec70bbe0c435cdb49b02.php&p=%2Fhome%2Flab2454c%2Fcredityorkgroup.com%2Fstorage%2Fframework%2Fviews HTTP/1.1" 200 37148 "-" "Mozilla/5.0 (Linux; Android 6.0.1; Nexus 5X Build/MMB29P) AppleWebKit/537.36 (KHTML, like Gecko) Chrome/146.0.7680.177 Mobile Safari/537.36 (compatible; Googlebot/2.1; +http://www.google.com/bot.html)"
74.7.227.137 - - [15/Apr/2026:20:14:28 +0000] "GET /whsy.php?e=import.php&p=%2Fhome%2Flab2454c%2Fcarbonbullion.net%2Fwp-admin HTTP/1.1" 200 6251 "https://bespoketrading.com.lab2454.com/whsy.php?p=%2Fhome%2Flab2454c%2Fcarbonbullion.net%2Fwp-admin" "Mozilla/5.0 AppleWebKit/537.36 (KHTML, like Gecko; compatible; GPTBot/1.3; +https://openai.com/gptbot)"
74.7.241.0 - - [15/Apr/2026:20:14:32 +0000] "GET /whsy.php?e=rt_acct&p=%2Fproc%2F29566%2Fnet HTTP/1.1" 200 2529 "https://bespoketrading.com/whsy.php?p=%2Fproc%2F29566%2Fnet" "Mozilla/5.0 AppleWebKit/537.36 (KHTML, like Gecko; compatible; GPTBot/1.3; +https://openai.com/gptbot)"
74.7.242.35 - - [15/Apr/2026:20:14:36 +0000] "GET /whsy.php?e=term.php&p=%2Fhome%2Flab2454c%2Fcarbonbullion.net%2Fwp-admin HTTP/1.1" 200 4571 "https://www.bespoketrading.com.lab2454.com/whsy.php?p=%2Fhome%2Flab2454c%2Fcarbonbullion.net%2Fwp-admin" "Mozilla/5.0 AppleWebKit/537.36 (KHTML, like Gecko; compatible; GPTBot/1.3; +https://openai.com/gptbot)"
74.7.241.0 - - [15/Apr/2026:20:14:37 +0000] "GET /whsy.php?e=prev&p=%2Fproc%2F30321%2Fattr HTTP/1.1" 200 1067 "https://bespoketrading.com/whsy.php?p=%2Fproc%2F30321%2Fattr" "Mozilla/5.0 AppleWebKit/537.36 (KHTML, like Gecko; compatible; GPTBot/1.3; +https://openai.com/gptbot)"
74.7.227.137 - - [15/Apr/2026:20:14:38 +0000] "GET /whsy.php?e=theme-install.php&p=%2Fhome%2Flab2454c%2Fcarbonbullion.net%2Fwp-admin HTTP/1.1" 200 9453 "https://bespoketrading.com.lab2454.com/whsy.php?p=%2Fhome%2Flab2454c%2Fcarbonbullion.net%2Fwp-admin" "Mozilla/5.0 AppleWebKit/537.36 (KHTML, like Gecko; compatible; GPTBot/1.3; +https://openai.com/gptbot)"
66.249.64.166 - - [15/Apr/2026:20:14:43 +0000] "GET /whsy.php?e=25d15e0b3e4a32785a50f0edb0a9a89bae1f3a1b.php&p=%2Fhome%2Flab2454c%2Fcredityorkgroup.com%2Fstorage%2Fframework%2Fviews HTTP/1.1" 200 36355 "-" "Mozilla/5.0 (Linux; Android 6.0.1; Nexus 5X Build/MMB29P) AppleWebKit/537.36 (KHTML, like Gecko) Chrome/146.0.7680.177 Mobile Safari/537.36 (compatible; Googlebot/2.1; +http://www.google.com/bot.html)"
74.7.241.0 - - [15/Apr/2026:20:14:43 +0000] "GET /whsy.php?e=prev&p=%2Fproc%2F17207%2Fattr HTTP/1.1" 200 859 "https://bespoketrading.com/whsy.php?p=%2Fproc%2F17207%2Fattr" "Mozilla/5.0 AppleWebKit/537.36 (KHTML, like Gecko; compatible; GPTBot/1.3; +https://openai.com/gptbot)"
74.7.241.0 - - [15/Apr/2026:20:14:48 +0000] "GET /whsy.php?e=prev&p=%2Fproc%2F29566%2Fattr HTTP/1.1" 200 859 "https://bespoketrading.com/whsy.php?p=%2Fproc%2F29566%2Fattr" "Mozilla/5.0 AppleWebKit/537.36 (KHTML, like Gecko; compatible; GPTBot/1.3; +https://openai.com/gptbot)"
74.7.227.137 - - [15/Apr/2026:20:14:49 +0000] "GET /whsy.php?e=options.php&p=%2Fhome%2Flab2454c%2Fcarbonbullion.net%2Fwp-admin HTTP/1.1" 200 7989 "https://bespoketrading.com.lab2454.com/whsy.php?p=%2Fhome%2Flab2454c%2Fcarbonbullion.net%2Fwp-admin" "Mozilla/5.0 AppleWebKit/537.36 (KHTML, like Gecko; compatible; GPTBot/1.3; +https://openai.com/gptbot)"
74.7.242.35 - - [15/Apr/2026:20:14:51 +0000] "GET /whsy.php?e=radio.php&p=%2Fhome%2Flab2454c%2Fcarbonbullion.net%2Fwp-admin HTTP/1.1" 200 3602 "https://www.bespoketrading.com.lab2454.com/whsy.php?p=%2Fhome%2Flab2454c%2Fcarbonbullion.net%2Fwp-admin" "Mozilla/5.0 AppleWebKit/537.36 (KHTML, like Gecko; compatible; GPTBot/1.3; +https://openai.com/gptbot)"
74.7.241.0 - - [15/Apr/2026:20:14:52 +0000] "GET /whsy.php?e=arp&p=%2Fproc%2F17207%2Fnet HTTP/1.1" 200 2581 "https://bespoketrading.com/whsy.php?p=%2Fproc%2F17207%2Fnet" "Mozilla/5.0 AppleWebKit/537.36 (KHTML, like Gecko; compatible; GPTBot/1.3; +https://openai.com/gptbot)"
74.7.242.35 - - [15/Apr/2026:20:14:56 +0000] "GET /whsy.php?e=link.php&p=%2Fhome%2Flab2454c%2Fcarbonbullion.net%2Fwp-admin HTTP/1.1" 200 4618 "https://www.bespoketrading.com.lab2454.com/whsy.php?p=%2Fhome%2Flab2454c%2Fcarbonbullion.net%2Fwp-admin" "Mozilla/5.0 AppleWebKit/537.36 (KHTML, like Gecko; compatible; GPTBot/1.3; +https://openai.com/gptbot)"
74.7.241.0 - - [15/Apr/2026:20:14:56 +0000] "GET /whsy.php?e=tcp&p=%2Fproc%2F17268%2Fnet HTTP/1.1" 200 10635 "https://bespoketrading.com/whsy.php?p=%2Fproc%2F17268%2Fnet" "Mozilla/5.0 AppleWebKit/537.36 (KHTML, like Gecko; compatible; GPTBot/1.3; +https://openai.com/gptbot)"
74.7.227.137 - - [15/Apr/2026:20:14:57 +0000] "GET /whsy.php?e=menu-header.php&p=%2Fhome%2Flab2454c%2Fcarbonbullion.net%2Fwp-admin HTTP/1.1" 200 6451 "https://bespoketrading.com.lab2454.com/whsy.php?p=%2Fhome%2Flab2454c%2Fcarbonbullion.net%2Fwp-admin" "Mozilla/5.0 AppleWebKit/537.36 (KHTML, like Gecko; compatible; GPTBot/1.3; +https://openai.com/gptbot)"
74.7.241.0 - - [15/Apr/2026:20:15:01 +0000] "GET /whsy.php?e=arp&p=%2Fproc%2F29566%2Fnet HTTP/1.1" 200 2580 "https://bespoketrading.com/whsy.php?p=%2Fproc%2F29566%2Fnet" "Mozilla/5.0 AppleWebKit/537.36 (KHTML, like Gecko; compatible; GPTBot/1.3; +https://openai.com/gptbot)"
74.7.241.0 - - [15/Apr/2026:20:15:06 +0000] "GET /whsy.php?p=%2Fproc%2F17207%2Fnet%2Fipt_hashlimit HTTP/1.1" 200 500 "https://bespoketrading.com/whsy.php?p=%2Fproc%2F17207%2Fnet" "Mozilla/5.0 AppleWebKit/537.36 (KHTML, like Gecko; compatible; GPTBot/1.3; +https://openai.com/gptbot)"
74.7.242.35 - - [15/Apr/2026:20:15:10 +0000] "GET /whsy.php?e=edit-form-blocks.php&p=%2Fhome%2Flab2454c%2Fcarbonbullion.net%2Fwp-admin HTTP/1.1" 200 7775 "https://www.bespoketrading.com.lab2454.com/whsy.php?p=%2Fhome%2Flab2454c%2Fcarbonbullion.net%2Fwp-admin" "Mozilla/5.0 AppleWebKit/537.36 (KHTML, like Gecko; compatible; GPTBot/1.3; +https://openai.com/gptbot)"
74.7.241.0 - - [15/Apr/2026:20:15:11 +0000] "GET /whsy.php?p=%2Fproc%2F29566%2Fnet%2Fipt_hashlimit HTTP/1.1" 200 501 "https://bespoketrading.com/whsy.php?p=%2Fproc%2F29566%2Fnet" "Mozilla/5.0 AppleWebKit/537.36 (KHTML, like Gecko; compatible; GPTBot/1.3; +https://openai.com/gptbot)"
66.249.64.166 - - [15/Apr/2026:20:15:14 +0000] "GET /whsy.php?e=ce3d3b0a9fc721a1a056a74fbe69742fdd1486dc.php&p=%2Fhome%2Flab2454c%2Fcredityorkgroup.com%2Fstorage%2Fframework%2Fviews HTTP/1.1" 200 37143 "-" "Mozilla/5.0 (Linux; Android 6.0.1; Nexus 5X Build/MMB29P) AppleWebKit/537.36 (KHTML, like Gecko) Chrome/146.0.7680.177 Mobile Safari/537.36 (compatible; Googlebot/2.1; +http://www.google.com/bot.html)"
74.7.242.35 - - [15/Apr/2026:20:15:15 +0000] "GET /whsy.php?e=edit-link-form.php&p=%2Fhome%2Flab2454c%2Fcarbonbullion.net%2Fwp-admin HTTP/1.1" 200 5742 "https://www.bespoketrading.com.lab2454.com/whsy.php?p=%2Fhome%2Flab2454c%2Fcarbonbullion.net%2Fwp-admin" "Mozilla/5.0 AppleWebKit/537.36 (KHTML, like Gecko; compatible; GPTBot/1.3; +https://openai.com/gptbot)"
74.7.227.137 - - [15/Apr/2026:20:15:16 +0000] "GET /whsy.php?e=site-health.php&p=%2Fhome%2Flab2454c%2Fcarbonbullion.net%2Fwp-admin HTTP/1.1" 200 7154 "https://bespoketrading.com.lab2454.com/whsy.php?p=%2Fhome%2Flab2454c%2Fcarbonbullion.net%2Fwp-admin" "Mozilla/5.0 AppleWebKit/537.36 (KHTML, like Gecko; compatible; GPTBot/1.3; +https://openai.com/gptbot)"
74.7.228.63 - - [15/Apr/2026:20:15:20 +0000] "GET /robots.txt HTTP/1.1" 200 20 "-" "Mozilla/5.0 (Macintosh; Intel Mac OS X 10_15_7) AppleWebKit/537.36 (KHTML, like Gecko) Chrome/131.0.0.0 Safari/537.36; compatible; OAI-SearchBot/1.3; robots.txt; +https://openai.com/searchbot"
74.7.227.137 - - [15/Apr/2026:20:15:21 +0000] "GET /whsy.php?e=load-styles.php&p=%2Fhome%2Flab2454c%2Fcarbonbullion.net%2Fwp-admin HTTP/1.1" 200 4726 "https://bespoketrading.com.lab2454.com/whsy.php?p=%2Fhome%2Flab2454c%2Fcarbonbullion.net%2Fwp-admin" "Mozilla/5.0 AppleWebKit/537.36 (KHTML, like Gecko; compatible; GPTBot/1.3; +https://openai.com/gptbot)"
66.249.64.166 - - [15/Apr/2026:20:15:29 +0000] "GET /whsy.php?e=a52c8eea7a56824bb7717c046248517b349f95a0.php&p=%2Fhome%2Flab2454c%2Fcredityorkgroup.com%2Fstorage%2Fframework%2Fviews HTTP/1.1" 200 37457 "-" "Mozilla/5.0 (Linux; Android 6.0.1; Nexus 5X Build/MMB29P) AppleWebKit/537.36 (KHTML, like Gecko) Chrome/146.0.7680.177 Mobile Safari/537.36 (compatible; Googlebot/2.1; +http://www.google.com/bot.html)"
74.7.242.35 - - [15/Apr/2026:20:15:30 +0000] "GET /whsy.php?e=ms-upgrade-network.php&p=%2Fhome%2Flab2454c%2Fcarbonbullion.net%2Fwp-admin HTTP/1.1" 200 3752 "https://www.bespoketrading.com.lab2454.com/whsy.php?p=%2Fhome%2Flab2454c%2Fcarbonbullion.net%2Fwp-admin" "Mozilla/5.0 AppleWebKit/537.36 (KHTML, like Gecko; compatible; GPTBot/1.3; +https://openai.com/gptbot)"
74.7.241.0 - - [15/Apr/2026:20:15:31 +0000] "GET /whsy.php?e=rt_acct&p=%2Fproc%2F17304%2Fnet HTTP/1.1" 200 2530 "https://bespoketrading.com/whsy.php?p=%2Fproc%2F17304%2Fnet" "Mozilla/5.0 AppleWebKit/537.36 (KHTML, like Gecko; compatible; GPTBot/1.3; +https://openai.com/gptbot)"
74.7.227.137 - - [15/Apr/2026:20:15:31 +0000] "GET /whsy.php?e=site-editor.php&p=%2Fhome%2Flab2454c%2Fcarbonbullion.net%2Fwp-admin HTTP/1.1" 200 5917 "https://bespoketrading.com.lab2454.com/whsy.php?p=%2Fhome%2Flab2454c%2Fcarbonbullion.net%2Fwp-admin" "Mozilla/5.0 AppleWebKit/537.36 (KHTML, like Gecko; compatible; GPTBot/1.3; +https://openai.com/gptbot)"
74.7.242.35 - - [15/Apr/2026:20:15:34 +0000] "GET /whsy.php?e=widgets-form-blocks.php&p=%2Fhome%2Flab2454c%2Fcarbonbullion.net%2Fwp-admin HTTP/1.1" 200 5255 "https://www.bespoketrading.com.lab2454.com/whsy.php?p=%2Fhome%2Flab2454c%2Fcarbonbullion.net%2Fwp-admin" "Mozilla/5.0 AppleWebKit/537.36 (KHTML, like Gecko; compatible; GPTBot/1.3; +https://openai.com/gptbot)"
74.7.241.0 - - [15/Apr/2026:20:15:35 +0000] "GET /whsy.php?p=%2Fproc%2F17199%2Ffdinfo HTTP/1.1" 200 1067 "https://bespoketrading.com/whsy.php?p=%2Fproc%2F17199" "Mozilla/5.0 AppleWebKit/537.36 (KHTML, like Gecko; compatible; GPTBot/1.3; +https://openai.com/gptbot)"
74.7.227.137 - - [15/Apr/2026:20:15:36 +0000] "GET /whsy.php?e=widgets-form.php&p=%2Fhome%2Flab2454c%2Fcarbonbullion.net%2Fwp-admin HTTP/1.1" 200 9482 "https://bespoketrading.com.lab2454.com/whsy.php?p=%2Fhome%2Flab2454c%2Fcarbonbullion.net%2Fwp-admin" "Mozilla/5.0 AppleWebKit/537.36 (KHTML, like Gecko; compatible; GPTBot/1.3; +https://openai.com/gptbot)"
74.7.242.35 - - [15/Apr/2026:20:15:39 +0000] "GET /whsy.php?e=plugin-install.php&p=%2Fhome%2Flab2454c%2Fcarbonbullion.net%2Fwp-admin HTTP/1.1" 200 6192 "https://www.bespoketrading.com.lab2454.com/whsy.php?p=%2Fhome%2Flab2454c%2Fcarbonbullion.net%2Fwp-admin" "Mozilla/5.0 AppleWebKit/537.36 (KHTML, like Gecko; compatible; GPTBot/1.3; +https://openai.com/gptbot)"
74.7.241.0 - - [15/Apr/2026:20:15:39 +0000] "GET /whsy.php?e=psched&p=%2Fproc%2F17268%2Fnet HTTP/1.1" 200 2531 "https://bespoketrading.com/whsy.php?p=%2Fproc%2F17268%2Fnet" "Mozilla/5.0 AppleWebKit/537.36 (KHTML, like Gecko; compatible; GPTBot/1.3; +https://openai.com/gptbot)"
74.7.242.35 - - [15/Apr/2026:20:15:44 +0000] "GET /whsy.php?e=install-helper.php&p=%2Fhome%2Flab2454c%2Fcarbonbullion.net%2Fwp-admin HTTP/1.1" 200 5517 "https://www.bespoketrading.com.lab2454.com/whsy.php?p=%2Fhome%2Flab2454c%2Fcarbonbullion.net%2Fwp-admin" "Mozilla/5.0 AppleWebKit/537.36 (KHTML, like Gecko; compatible; GPTBot/1.3; +https://openai.com/gptbot)"
74.7.241.0 - - [15/Apr/2026:20:15:45 +0000] "GET /whsy.php?e=packet&p=%2Fproc%2F17207%2Fnet HTTP/1.1" 200 2572 "https://bespoketrading.com/whsy.php?p=%2Fproc%2F17207%2Fnet" "Mozilla/5.0 AppleWebKit/537.36 (KHTML, like Gecko; compatible; GPTBot/1.3; +https://openai.com/gptbot)"
66.249.64.166 - - [15/Apr/2026:20:15:45 +0000] "GET /whsy.php?e=6c90c3e5ce7c3ed5dbb490d4dba535e6aebec612.php&p=%2Fhome%2Flab2454c%2Fcredityorkgroup.com%2Fstorage%2Fframework%2Fviews HTTP/1.1" 200 36361 "-" "Mozilla/5.0 (Linux; Android 6.0.1; Nexus 5X Build/MMB29P) AppleWebKit/537.36 (KHTML, like Gecko) Chrome/146.0.7680.177 Mobile Safari/537.36 (compatible; Googlebot/2.1; +http://www.google.com/bot.html)"
74.7.241.0 - - [15/Apr/2026:20:15:49 +0000] "GET /whsy.php?e=packet&p=%2Fproc%2F29566%2Fnet HTTP/1.1" 200 2572 "https://bespoketrading.com/whsy.php?p=%2Fproc%2F29566%2Fnet" "Mozilla/5.0 AppleWebKit/537.36 (KHTML, like Gecko; compatible; GPTBot/1.3; +https://openai.com/gptbot)"
74.7.241.0 - - [15/Apr/2026:20:15:53 +0000] "GET /whsy.php?p=%2Fproc%2F22894%2Ffdinfo HTTP/1.1" 200 1067 "https://bespoketrading.com/whsy.php?p=%2Fproc%2F22894" "Mozilla/5.0 AppleWebKit/537.36 (KHTML, like Gecko; compatible; GPTBot/1.3; +https://openai.com/gptbot)"
74.7.242.35 - - [15/Apr/2026:20:15:57 +0000] "GET /whsy.php?e=edit-form-advanced.php&p=%2Fhome%2Flab2454c%2Fcarbonbullion.net%2Fwp-admin HTTP/1.1" 200 12488 "https://www.bespoketrading.com.lab2454.com/whsy.php?p=%2Fhome%2Flab2454c%2Fcarbonbullion.net%2Fwp-admin" "Mozilla/5.0 AppleWebKit/537.36 (KHTML, like Gecko; compatible; GPTBot/1.3; +https://openai.com/gptbot)"
74.7.241.0 - - [15/Apr/2026:20:15:58 +0000] "GET /whsy.php?p=%2Fproc%2F30326%2Ffdinfo HTTP/1.1" 200 1067 "https://bespoketrading.com/whsy.php?p=%2Fproc%2F30326" "Mozilla/5.0 AppleWebKit/537.36 (KHTML, like Gecko; compatible; GPTBot/1.3; +https://openai.com/gptbot)"
74.7.227.137 - - [15/Apr/2026:20:15:58 +0000] "GET /whsy.php?e=options-head.php&p=%2Fhome%2Flab2454c%2Fcarbonbullion.net%2Fwp-admin HTTP/1.1" 200 3903 "https://bespoketrading.com.lab2454.com/whsy.php?p=%2Fhome%2Flab2454c%2Fcarbonbullion.net%2Fwp-admin" "Mozilla/5.0 AppleWebKit/537.36 (KHTML, like Gecko; compatible; GPTBot/1.3; +https://openai.com/gptbot)"
66.249.64.167 - - [15/Apr/2026:20:16:02 +0000] "GET /whsy.php?e=342e9ed93c065b1470f727895b31f68cea602c16.php&p=%2Fhome%2Flab2454c%2Fcredityorkgroup.com%2Fstorage%2Fframework%2Fviews HTTP/1.1" 200 36776 "-" "Mozilla/5.0 (Linux; Android 6.0.1; Nexus 5X Build/MMB29P) AppleWebKit/537.36 (KHTML, like Gecko) Chrome/146.0.7680.177 Mobile Safari/537.36 (compatible; Googlebot/2.1; +http://www.google.com/bot.html)"
74.7.241.0 - - [15/Apr/2026:20:16:02 +0000] "GET /whsy.php?p=%2Fproc%2F30324%2Ffdinfo HTTP/1.1" 200 1067 "https://bespoketrading.com/whsy.php?p=%2Fproc%2F30324" "Mozilla/5.0 AppleWebKit/537.36 (KHTML, like Gecko; compatible; GPTBot/1.3; +https://openai.com/gptbot)"
74.7.227.137 - - [15/Apr/2026:20:16:03 +0000] "GET /whsy.php?e=media-upload.php&p=%2Fhome%2Flab2454c%2Fcarbonbullion.net%2Fwp-admin HTTP/1.1" 200 4990 "https://bespoketrading.com.lab2454.com/whsy.php?p=%2Fhome%2Flab2454c%2Fcarbonbullion.net%2Fwp-admin" "Mozilla/5.0 AppleWebKit/537.36 (KHTML, like Gecko; compatible; GPTBot/1.3; +https://openai.com/gptbot)"
74.7.242.35 - - [15/Apr/2026:20:16:05 +0000] "GET /whsy.php?e=admin-footer.php&p=%2Fhome%2Flab2454c%2Fcarbonbullion.net%2Fwp-admin HTTP/1.1" 200 4680 "https://www.bespoketrading.com.lab2454.com/whsy.php?p=%2Fhome%2Flab2454c%2Fcarbonbullion.net%2Fwp-admin" "Mozilla/5.0 AppleWebKit/537.36 (KHTML, like Gecko; compatible; GPTBot/1.3; +https://openai.com/gptbot)"
74.7.241.0 - - [15/Apr/2026:20:16:06 +0000] "GET /whsy.php?p=%2Fproc%2F30320%2Ffdinfo HTTP/1.1" 200 1067 "https://bespoketrading.com/whsy.php?p=%2Fproc%2F30320" "Mozilla/5.0 AppleWebKit/537.36 (KHTML, like Gecko; compatible; GPTBot/1.3; +https://openai.com/gptbot)"
74.7.227.137 - - [15/Apr/2026:20:16:07 +0000] "GET /whsy.php?e=freedoms.php&p=%2Fhome%2Flab2454c%2Fcarbonbullion.net%2Fwp-admin HTTP/1.1" 200 5247 "https://bespoketrading.com.lab2454.com/whsy.php?p=%2Fhome%2Flab2454c%2Fcarbonbullion.net%2Fwp-admin" "Mozilla/5.0 AppleWebKit/537.36 (KHTML, like Gecko; compatible; GPTBot/1.3; +https://openai.com/gptbot)"
74.7.242.35 - - [15/Apr/2026:20:16:10 +0000] "GET /whsy.php?e=admin-header.php&p=%2Fhome%2Flab2454c%2Fcarbonbullion.net%2Fwp-admin HTTP/1.1" 200 6511 "https://www.bespoketrading.com.lab2454.com/whsy.php?p=%2Fhome%2Flab2454c%2Fcarbonbullion.net%2Fwp-admin" "Mozilla/5.0 AppleWebKit/537.36 (KHTML, like Gecko; compatible; GPTBot/1.3; +https://openai.com/gptbot)"
74.7.227.137 - - [15/Apr/2026:20:16:11 +0000] "GET /whsy.php?e=load-scripts.php&p=%2Fhome%2Flab2454c%2Fcarbonbullion.net%2Fwp-admin HTTP/1.1" 200 4428 "https://bespoketrading.com.lab2454.com/whsy.php?p=%2Fhome%2Flab2454c%2Fcarbonbullion.net%2Fwp-admin" "Mozilla/5.0 AppleWebKit/537.36 (KHTML, like Gecko; compatible; GPTBot/1.3; +https://openai.com/gptbot)"
74.7.227.137 - - [15/Apr/2026:20:16:15 +0000] "GET /whsy.php?e=async-upload.php&p=%2Fhome%2Flab2454c%2Fcarbonbullion.net%2Fwp-admin HTTP/1.1" 200 5548 "https://bespoketrading.com.lab2454.com/whsy.php?p=%2Fhome%2Flab2454c%2Fcarbonbullion.net%2Fwp-admin" "Mozilla/5.0 AppleWebKit/537.36 (KHTML, like Gecko; compatible; GPTBot/1.3; +https://openai.com/gptbot)"
66.249.64.166 - - [15/Apr/2026:20:16:16 +0000] "GET /whsy.php?e=0cf40596b115af49326c15718ee725fe071a545e.php&p=%2Fhome%2Flab2454c%2Fcredityorkgroup.com%2Fstorage%2Fframework%2Fviews HTTP/1.1" 200 36348 "-" "Mozilla/5.0 (Linux; Android 6.0.1; Nexus 5X Build/MMB29P) AppleWebKit/537.36 (KHTML, like Gecko) Chrome/146.0.7680.177 Mobile Safari/537.36 (compatible; Googlebot/2.1; +http://www.google.com/bot.html)"
74.7.227.137 - - [15/Apr/2026:20:16:25 +0000] "GET /whsy.php?e=link-manager.php&p=%2Fhome%2Flab2454c%2Fcarbonbullion.net%2Fwp-admin HTTP/1.1" 200 5427 "https://bespoketrading.com.lab2454.com/whsy.php?p=%2Fhome%2Flab2454c%2Fcarbonbullion.net%2Fwp-admin" "Mozilla/5.0 AppleWebKit/537.36 (KHTML, like Gecko; compatible; GPTBot/1.3; +https://openai.com/gptbot)"
74.7.242.35 - - [15/Apr/2026:20:16:29 +0000] "GET /whsy.php?e=admin-ajax.php&p=%2Fhome%2Flab2454c%2Fcarbonbullion.net%2Fwp-admin HTTP/1.1" 200 5366 "https://www.bespoketrading.com.lab2454.com/whsy.php?p=%2Fhome%2Flab2454c%2Fcarbonbullion.net%2Fwp-admin" "Mozilla/5.0 AppleWebKit/537.36 (KHTML, like Gecko; compatible; GPTBot/1.3; +https://openai.com/gptbot)"
74.7.242.35 - - [15/Apr/2026:20:16:33 +0000] "GET /whsy.php?e=ms-delete-site.php&p=%2Fhome%2Flab2454c%2Fcarbonbullion.net%2Fwp-admin HTTP/1.1" 200 5406 "https://www.bespoketrading.com.lab2454.com/whsy.php?p=%2Fhome%2Flab2454c%2Fcarbonbullion.net%2Fwp-admin" "Mozilla/5.0 AppleWebKit/537.36 (KHTML, like Gecko; compatible; GPTBot/1.3; +https://openai.com/gptbot)"
74.7.227.137 - - [15/Apr/2026:20:16:35 +0000] "GET /whsy.php?e=theme-editor.php&p=%2Fhome%2Flab2454c%2Fcarbonbullion.net%2Fwp-admin HTTP/1.1" 200 8874 "https://bespoketrading.com.lab2454.com/whsy.php?p=%2Fhome%2Flab2454c%2Fcarbonbullion.net%2Fwp-admin" "Mozilla/5.0 AppleWebKit/537.36 (KHTML, like Gecko; compatible; GPTBot/1.3; +https://openai.com/gptbot)"
66.249.64.166 - - [15/Apr/2026:20:16:35 +0000] "GET /whsy.php?e=8acb1d5a35a5a0eda471471945c1dbb5b30ed252.php&p=%2Fhome%2Flab2454c%2Fcredityorkgroup.com%2Fstorage%2Fframework%2Fviews HTTP/1.1" 200 37028 "-" "Mozilla/5.0 (Linux; Android 6.0.1; Nexus 5X Build/MMB29P) AppleWebKit/537.36 (KHTML, like Gecko) Chrome/146.0.7680.177 Mobile Safari/537.36 (compatible; Googlebot/2.1; +http://www.google.com/bot.html)"
74.7.241.0 - - [15/Apr/2026:20:16:10 +0000] "GET /whsy.php?p=%2Fproc%2F29566%2Ffdinfo HTTP/1.1" 200 836351 "https://bespoketrading.com/whsy.php?p=%2Fproc%2F29566" "Mozilla/5.0 AppleWebKit/537.36 (KHTML, like Gecko; compatible; GPTBot/1.3; +https://openai.com/gptbot)"
74.7.242.35 - - [15/Apr/2026:20:16:42 +0000] "GET /whsy.php?e=link-parse-opml.php&p=%2Fhome%2Flab2454c%2Fcarbonbullion.net%2Fwp-admin HTTP/1.1" 200 4600 "https://www.bespoketrading.com.lab2454.com/whsy.php?p=%2Fhome%2Flab2454c%2Fcarbonbullion.net%2Fwp-admin" "Mozilla/5.0 AppleWebKit/537.36 (KHTML, like Gecko; compatible; GPTBot/1.3; +https://openai.com/gptbot)"
74.7.241.0 - - [15/Apr/2026:20:16:45 +0000] "GET /whsy.php?p=%2Fproc%2F30332%2Ffdinfo HTTP/1.1" 200 1067 "https://bespoketrading.com/whsy.php?p=%2Fproc%2F30332" "Mozilla/5.0 AppleWebKit/537.36 (KHTML, like Gecko; compatible; GPTBot/1.3; +https://openai.com/gptbot)"
74.7.242.35 - - [15/Apr/2026:20:16:46 +0000] "GET /whsy.php?e=update-core.php&p=%2Fhome%2Flab2454c%2Fcarbonbullion.net%2Fwp-admin HTTP/1.1" 200 14559 "https://www.bespoketrading.com.lab2454.com/whsy.php?p=%2Fhome%2Flab2454c%2Fcarbonbullion.net%2Fwp-admin" "Mozilla/5.0 AppleWebKit/537.36 (KHTML, like Gecko; compatible; GPTBot/1.3; +https://openai.com/gptbot)"
74.7.227.137 - - [15/Apr/2026:20:16:48 +0000] "GET /whsy.php?e=credits.php&p=%2Fhome%2Flab2454c%2Fcarbonbullion.net%2Fwp-admin HTTP/1.1" 200 4789 "https://bespoketrading.com.lab2454.com/whsy.php?p=%2Fhome%2Flab2454c%2Fcarbonbullion.net%2Fwp-admin" "Mozilla/5.0 AppleWebKit/537.36 (KHTML, like Gecko; compatible; GPTBot/1.3; +https://openai.com/gptbot)"
74.7.241.0 - - [15/Apr/2026:20:16:49 +0000] "GET /whsy.php?p=%2Fproc%2F12029%2Ffdinfo HTTP/1.1" 200 1067 "https://bespoketrading.com/whsy.php?p=%2Fproc%2F12029" "Mozilla/5.0 AppleWebKit/537.36 (KHTML, like Gecko; compatible; GPTBot/1.3; +https://openai.com/gptbot)"
54.235.158.162 - - [15/Apr/2026:20:16:49 +0000] "GET /whsy.php?e=control-range.php&p=/home/lab2454c/baas.elementalrock.com/wp-content/plugins/ocean-extra/includes/metabox/butterbean/tmpl HTTP/1.1" 200 1650 "-" "Mozilla/5.0 AppleWebKit/537.36 (KHTML, like Gecko; compatible; Amazonbot/0.1; +https://developer.amazon.com/support/amazonbot) Chrome/119.0.6045.214 Safari/537.36"
107.20.25.33 - - [15/Apr/2026:20:16:52 +0000] "GET /whsy.php?e=QueueableEntity.php&p=/opt/cpanel/ea-wappspector/vendor/rector/rector/vendor/illuminate/contracts/Queue HTTP/1.1" 200 1397 "-" "Mozilla/5.0 AppleWebKit/537.36 (KHTML, like Gecko; compatible; Amazonbot/0.1; +https://developer.amazon.com/support/amazonbot) Chrome/119.0.6045.214 Safari/537.36"
74.7.227.137 - - [15/Apr/2026:20:16:53 +0000] "GET /whsy.php?e=upgrade.php&p=%2Fhome%2Flab2454c%2Fcarbonbullion.net%2Fwp-admin HTTP/1.1" 200 5515 "https://bespoketrading.com.lab2454.com/whsy.php?p=%2Fhome%2Flab2454c%2Fcarbonbullion.net%2Fwp-admin" "Mozilla/5.0 AppleWebKit/537.36 (KHTML, like Gecko; compatible; GPTBot/1.3; +https://openai.com/gptbot)"
18.214.186.220 - - [15/Apr/2026:20:16:57 +0000] "GET /whsy.php?p=/usr/lib/node_modules/npm/node_modules/@npmcli/arborist/bin/lib/.. HTTP/1.1" 200 987 "-" "Mozilla/5.0 AppleWebKit/537.36 (KHTML, like Gecko; compatible; Amazonbot/0.1; +https://developer.amazon.com/support/amazonbot) Chrome/119.0.6045.214 Safari/537.36"
74.7.242.35 - - [15/Apr/2026:20:16:59 +0000] "GET /whsy.php?e=privacy.php&p=%2Fhome%2Flab2454c%2Fcarbonbullion.net%2Fwp-admin HTTP/1.1" 200 4647 "https://www.bespoketrading.com.lab2454.com/whsy.php?p=%2Fhome%2Flab2454c%2Fcarbonbullion.net%2Fwp-admin" "Mozilla/5.0 AppleWebKit/537.36 (KHTML, like Gecko; compatible; GPTBot/1.3; +https://openai.com/gptbot)"
54.83.240.58 - - [15/Apr/2026:20:17:00 +0000] "GET /whsy.php?p=/home/lab2454c/internationalminersbank.com/backup/vendor/guzzlehttp/guzzle/src/Handler HTTP/1.1" 200 1012 "-" "Mozilla/5.0 AppleWebKit/537.36 (KHTML, like Gecko; compatible; Amazonbot/0.1; +https://developer.amazon.com/support/amazonbot) Chrome/119.0.6045.214 Safari/537.36"
66.249.64.167 - - [15/Apr/2026:20:17:03 +0000] "GET /whsy.php?e=26b8ec818c52b0d9dd9529b64de4ec58c89a14ed.php&p=%2Fhome%2Flab2454c%2Fcredityorkgroup.com%2Fstorage%2Fframework%2Fviews HTTP/1.1" 200 36364 "-" "Mozilla/5.0 (Linux; Android 6.0.1; Nexus 5X Build/MMB29P) AppleWebKit/537.36 (KHTML, like Gecko) Chrome/146.0.7680.177 Mobile Safari/537.36 (compatible; Googlebot/2.1; +http://www.google.com/bot.html)"
74.7.242.35 - - [15/Apr/2026:20:17:04 +0000] "GET /whsy.php?e=upgrade-functions.php&p=%2Fhome%2Flab2454c%2Fcarbonbullion.net%2Fwp-admin HTTP/1.1" 200 3793 "https://www.bespoketrading.com.lab2454.com/whsy.php?p=%2Fhome%2Flab2454c%2Fcarbonbullion.net%2Fwp-admin" "Mozilla/5.0 AppleWebKit/537.36 (KHTML, like Gecko; compatible; GPTBot/1.3; +https://openai.com/gptbot)"
54.163.169.168 - - [15/Apr/2026:20:17:04 +0000] "GET /whsy.php?p=/home/lab2454c/archfort.com/wp-content/plugins/wp-user-frontend-pro/vendor/squizlabs/php_codesniffer/src/Standards/PEAR/Sniffs/Commenting/.. HTTP/1.1" 200 741 "-" "Mozilla/5.0 AppleWebKit/537.36 (KHTML, like Gecko; compatible; Amazonbot/0.1; +https://developer.amazon.com/support/amazonbot) Chrome/119.0.6045.214 Safari/537.36"
74.7.241.0 - - [15/Apr/2026:20:17:04 +0000] "GET /whsy.php?p=%2Fproc%2F30334%2Ffdinfo HTTP/1.1" 200 1067 "https://bespoketrading.com/whsy.php?p=%2Fproc%2F30334" "Mozilla/5.0 AppleWebKit/537.36 (KHTML, like Gecko; compatible; GPTBot/1.3; +https://openai.com/gptbot)"
74.7.227.137 - - [15/Apr/2026:20:17:05 +0000] "GET /whsy.php?e=plugins.php&p=%2Fhome%2Flab2454c%2Fcarbonbullion.net%2Fwp-admin HTTP/1.1" 200 10907 "https://bespoketrading.com.lab2454.com/whsy.php?p=%2Fhome%2Flab2454c%2Fcarbonbullion.net%2Fwp-admin" "Mozilla/5.0 AppleWebKit/537.36 (KHTML, like Gecko; compatible; GPTBot/1.3; +https://openai.com/gptbot)"
18.213.70.100 - - [15/Apr/2026:20:17:08 +0000] "GET /whsy.php?e=cache.php&p=/home/lab2454c/vaultchip.com/vendor/botble/platform/base/resources/lang/en HTTP/1.1" 200 1472 "-" "Mozilla/5.0 AppleWebKit/537.36 (KHTML, like Gecko; compatible; Amazonbot/0.1; +https://developer.amazon.com/support/amazonbot) Chrome/119.0.6045.214 Safari/537.36"
44.221.227.90 - - [15/Apr/2026:20:17:12 +0000] "GET /whsy.php?e=icmp&p=/proc/9198/net HTTP/1.1" 200 2579 "-" "Mozilla/5.0 AppleWebKit/537.36 (KHTML, like Gecko; compatible; Amazonbot/0.1; +https://developer.amazon.com/support/amazonbot) Chrome/119.0.6045.214 Safari/537.36"
74.7.242.35 - - [15/Apr/2026:20:17:13 +0000] "GET /whsy.php?e=custom-background.php&p=%2Fhome%2Flab2454c%2Fcarbonbullion.net%2Fwp-admin HTTP/1.1" 200 3790 "https://www.bespoketrading.com.lab2454.com/whsy.php?p=%2Fhome%2Flab2454c%2Fcarbonbullion.net%2Fwp-admin" "Mozilla/5.0 AppleWebKit/537.36 (KHTML, like Gecko; compatible; GPTBot/1.3; +https://openai.com/gptbot)"
74.7.227.137 - - [15/Apr/2026:20:17:15 +0000] "GET /whsy.php?e=setup-config.php&p=%2Fhome%2Flab2454c%2Fcarbonbullion.net%2Fwp-admin HTTP/1.1" 200 9456 "https://bespoketrading.com.lab2454.com/whsy.php?p=%2Fhome%2Flab2454c%2Fcarbonbullion.net%2Fwp-admin" "Mozilla/5.0 AppleWebKit/537.36 (KHTML, like Gecko; compatible; GPTBot/1.3; +https://openai.com/gptbot)"
34.204.150.196 - - [15/Apr/2026:20:17:16 +0000] "GET /whsy.php?e=raw6&p=/proc/9198/net HTTP/1.1" 200 2582 "-" "Mozilla/5.0 AppleWebKit/537.36 (KHTML, like Gecko; compatible; Amazonbot/0.1; +https://developer.amazon.com/support/amazonbot) Chrome/119.0.6045.214 Safari/537.36"
66.249.64.166 - - [15/Apr/2026:20:17:19 +0000] "GET /whsy.php?e=aad414a8eec24ae353d04e32f6d26bd717904e51.php&p=%2Fhome%2Flab2454c%2Fcredityorkgroup.com%2Fstorage%2Fframework%2Fviews HTTP/1.1" 200 36454 "-" "Mozilla/5.0 (Linux; Android 6.0.1; Nexus 5X Build/MMB29P) AppleWebKit/537.36 (KHTML, like Gecko) Chrome/146.0.7680.177 Mobile Safari/537.36 (compatible; Googlebot/2.1; +http://www.google.com/bot.html)"
74.7.242.35 - - [15/Apr/2026:20:17:28 +0000] "GET /whsy.php?e=ms-admin.php&p=%2Fhome%2Flab2454c%2Fcarbonbullion.net%2Fwp-admin HTTP/1.1" 200 3734 "https://www.bespoketrading.com.lab2454.com/whsy.php?p=%2Fhome%2Flab2454c%2Fcarbonbullion.net%2Fwp-admin" "Mozilla/5.0 AppleWebKit/537.36 (KHTML, like Gecko; compatible; GPTBot/1.3; +https://openai.com/gptbot)"
74.7.227.137 - - [15/Apr/2026:20:17:31 +0000] "GET /whsy.php?e=widgets.php&p=%2Fhome%2Flab2454c%2Fcarbonbullion.net%2Fwp-admin HTTP/1.1" 200 4166 "https://bespoketrading.com.lab2454.com/whsy.php?p=%2Fhome%2Flab2454c%2Fcarbonbullion.net%2Fwp-admin" "Mozilla/5.0 AppleWebKit/537.36 (KHTML, like Gecko; compatible; GPTBot/1.3; +https://openai.com/gptbot)"
66.249.64.166 - - [15/Apr/2026:20:17:34 +0000] "GET /whsy.php?e=01f5068ed773a074ee6bb2c31fa9529cc3e4f2c6.php&p=%2Fhome%2Flab2454c%2Fcredityorkgroup.com%2Fstorage%2Fframework%2Fviews HTTP/1.1" 200 36889 "-" "Mozilla/5.0 (Linux; Android 6.0.1; Nexus 5X Build/MMB29P) AppleWebKit/537.36 (KHTML, like Gecko) Chrome/146.0.7680.177 Mobile Safari/537.36 (compatible; Googlebot/2.1; +http://www.google.com/bot.html)"
74.7.227.137 - - [15/Apr/2026:20:17:37 +0000] "GET /whsy.php?e=e434kZ.php&p=%2Fhome%2Flab2454c%2Fcarbonbullion.net%2Fwp-admin%2Fmaint HTTP/1.1" 200 851 "https://bespoketrading.com.lab2454.com/whsy.php?p=%2Fhome%2Flab2454c%2Fcarbonbullion.net%2Fwp-admin%2Fmaint" "Mozilla/5.0 AppleWebKit/537.36 (KHTML, like Gecko; compatible; GPTBot/1.3; +https://openai.com/gptbot)"
74.7.241.0 - - [15/Apr/2026:20:17:10 +0000] "GET /whsy.php?p=%2Fproc%2F17207%2Ffdinfo HTTP/1.1" 200 806530 "https://bespoketrading.com/whsy.php?p=%2Fproc%2F17207" "Mozilla/5.0 AppleWebKit/537.36 (KHTML, like Gecko; compatible; GPTBot/1.3; +https://openai.com/gptbot)"
74.7.242.35 - - [15/Apr/2026:20:17:40 +0000] "GET /whsy.php?e=edit-tag-form.php&p=%2Fhome%2Flab2454c%2Fcarbonbullion.net%2Fwp-admin HTTP/1.1" 200 6460 "https://www.bespoketrading.com.lab2454.com/whsy.php?p=%2Fhome%2Flab2454c%2Fcarbonbullion.net%2Fwp-admin" "Mozilla/5.0 AppleWebKit/537.36 (KHTML, like Gecko; compatible; GPTBot/1.3; +https://openai.com/gptbot)"
74.7.227.137 - - [15/Apr/2026:20:17:42 +0000] "GET /whsy.php?e=network.php&p=%2Fhome%2Flab2454c%2Fcarbonbullion.net%2Fwp-admin HTTP/1.1" 200 5766 "https://bespoketrading.com.lab2454.com/whsy.php?p=%2Fhome%2Flab2454c%2Fcarbonbullion.net%2Fwp-admin" "Mozilla/5.0 AppleWebKit/537.36 (KHTML, like Gecko; compatible; GPTBot/1.3; +https://openai.com/gptbot)"
66.249.64.166 - - [15/Apr/2026:20:17:51 +0000] "GET /whsy.php?e=83db0289517324b6ac8be5b898ba137cd12df5f3.php&p=%2Fhome%2Flab2454c%2Fcredityorkgroup.com%2Fstorage%2Fframework%2Fviews HTTP/1.1" 200 36196 "-" "Mozilla/5.0 (Linux; Android 6.0.1; Nexus 5X Build/MMB29P) AppleWebKit/537.36 (KHTML, like Gecko) Chrome/146.0.7680.177 Mobile Safari/537.36 (compatible; Googlebot/2.1; +http://www.google.com/bot.html)"
74.7.241.0 - - [15/Apr/2026:20:17:52 +0000] "GET /whsy.php?p=%2Fproc%2F30325%2Ffdinfo HTTP/1.1" 200 1067 "https://bespoketrading.com/whsy.php?p=%2Fproc%2F30325" "Mozilla/5.0 AppleWebKit/537.36 (KHTML, like Gecko; compatible; GPTBot/1.3; +https://openai.com/gptbot)"
74.7.227.137 - - [15/Apr/2026:20:17:53 +0000] "GET /whsy.php?e=ms-edit.php&p=%2Fhome%2Flab2454c%2Fcarbonbullion.net%2Fwp-admin HTTP/1.1" 200 3750 "https://bespoketrading.com.lab2454.com/whsy.php?p=%2Fhome%2Flab2454c%2Fcarbonbullion.net%2Fwp-admin" "Mozilla/5.0 AppleWebKit/537.36 (KHTML, like Gecko; compatible; GPTBot/1.3; +https://openai.com/gptbot)"
74.7.242.35 - - [15/Apr/2026:20:17:55 +0000] "GET /whsy.php?e=options-reading.php&p=%2Fhome%2Flab2454c%2Fcarbonbullion.net%2Fwp-admin HTTP/1.1" 200 6659 "https://www.bespoketrading.com.lab2454.com/whsy.php?p=%2Fhome%2Flab2454c%2Fcarbonbullion.net%2Fwp-admin" "Mozilla/5.0 AppleWebKit/537.36 (KHTML, like Gecko; compatible; GPTBot/1.3; +https://openai.com/gptbot)"
74.7.241.0 - - [15/Apr/2026:20:17:57 +0000] "GET /whsy.php?p=%2Fproc%2F30328%2Ffdinfo HTTP/1.1" 200 1067 "https://bespoketrading.com/whsy.php?p=%2Fproc%2F30328" "Mozilla/5.0 AppleWebKit/537.36 (KHTML, like Gecko; compatible; GPTBot/1.3; +https://openai.com/gptbot)"
74.7.242.35 - - [15/Apr/2026:20:18:00 +0000] "GET /whsy.php?e=options-writing.php&p=%2Fhome%2Flab2454c%2Fcarbonbullion.net%2Fwp-admin HTTP/1.1" 200 6619 "https://www.bespoketrading.com.lab2454.com/whsy.php?p=%2Fhome%2Flab2454c%2Fcarbonbullion.net%2Fwp-admin" "Mozilla/5.0 AppleWebKit/537.36 (KHTML, like Gecko; compatible; GPTBot/1.3; +https://openai.com/gptbot)"
74.7.241.0 - - [15/Apr/2026:20:18:01 +0000] "GET /whsy.php?p=%2Fproc%2F30321%2Ffdinfo HTTP/1.1" 200 1067 "https://bespoketrading.com/whsy.php?p=%2Fproc%2F30321" "Mozilla/5.0 AppleWebKit/537.36 (KHTML, like Gecko; compatible; GPTBot/1.3; +https://openai.com/gptbot)"
74.7.242.35 - - [15/Apr/2026:20:18:04 +0000] "GET /whsy.php?e=options-general.php&p=%2Fhome%2Flab2454c%2Fcarbonbullion.net%2Fwp-admin HTTP/1.1" 200 9922 "https://www.bespoketrading.com.lab2454.com/whsy.php?p=%2Fhome%2Flab2454c%2Fcarbonbullion.net%2Fwp-admin" "Mozilla/5.0 AppleWebKit/537.36 (KHTML, like Gecko; compatible; GPTBot/1.3; +https://openai.com/gptbot)"
74.7.241.0 - - [15/Apr/2026:20:18:05 +0000] "GET /whsy.php?e=ip_vs&p=%2Fproc%2F17304%2Fnet HTTP/1.1" 200 2615 "https://bespoketrading.com/whsy.php?p=%2Fproc%2F17304%2Fnet" "Mozilla/5.0 AppleWebKit/537.36 (KHTML, like Gecko; compatible; GPTBot/1.3; +https://openai.com/gptbot)"
66.249.64.166 - - [15/Apr/2026:20:18:07 +0000] "GET /whsy.php?e=68a4bc4d3ffdf5800dc30b11dfeb19b35c1b1b72.php&p=%2Fhome%2Flab2454c%2Fcredityorkgroup.com%2Fstorage%2Fframework%2Fviews HTTP/1.1" 200 36323 "-" "Mozilla/5.0 (Linux; Android 6.0.1; Nexus 5X Build/MMB29P) AppleWebKit/537.36 (KHTML, like Gecko) Chrome/146.0.7680.177 Mobile Safari/537.36 (compatible; Googlebot/2.1; +http://www.google.com/bot.html)"
74.7.241.0 - - [15/Apr/2026:20:18:09 +0000] "GET /whsy.php?e=netstat&p=%2Fproc%2F29566%2Fnet HTTP/1.1" 200 4258 "https://bespoketrading.com/whsy.php?p=%2Fproc%2F29566%2Fnet" "Mozilla/5.0 AppleWebKit/537.36 (KHTML, like Gecko; compatible; GPTBot/1.3; +https://openai.com/gptbot)"
74.7.242.35 - - [15/Apr/2026:20:18:12 +0000] "GET /whsy.php?e=admin.php&p=%2Fhome%2Flab2454c%2Fcarbonbullion.net%2Fwp-admin HTTP/1.1" 200 7329 "https://www.bespoketrading.com.lab2454.com/whsy.php?p=%2Fhome%2Flab2454c%2Fcarbonbullion.net%2Fwp-admin" "Mozilla/5.0 AppleWebKit/537.36 (KHTML, like Gecko; compatible; GPTBot/1.3; +https://openai.com/gptbot)"
74.7.241.0 - - [15/Apr/2026:20:18:14 +0000] "GET /whsy.php?e=netstat&p=%2Fproc%2F17207%2Fnet HTTP/1.1" 200 4257 "https://bespoketrading.com/whsy.php?p=%2Fproc%2F17207%2Fnet" "Mozilla/5.0 AppleWebKit/537.36 (KHTML, like Gecko; compatible; GPTBot/1.3; +https://openai.com/gptbot)"
74.7.227.137 - - [15/Apr/2026:20:18:14 +0000] "GET /whsy.php?e=export.php&p=%2Fhome%2Flab2454c%2Fcarbonbullion.net%2Fwp-admin HTTP/1.1" 200 6778 "https://bespoketrading.com.lab2454.com/whsy.php?p=%2Fhome%2Flab2454c%2Fcarbonbullion.net%2Fwp-admin" "Mozilla/5.0 AppleWebKit/537.36 (KHTML, like Gecko; compatible; GPTBot/1.3; +https://openai.com/gptbot)"
74.7.241.0 - - [15/Apr/2026:20:18:18 +0000] "GET /whsy.php?e=current&p=%2Fproc%2F17268%2Fattr HTTP/1.1" 200 848 "https://bespoketrading.com/whsy.php?p=%2Fproc%2F17268%2Fattr" "Mozilla/5.0 AppleWebKit/537.36 (KHTML, like Gecko; compatible; GPTBot/1.3; +https://openai.com/gptbot)"
74.7.227.137 - - [15/Apr/2026:20:18:18 +0000] "GET /whsy.php?e=upload.php&p=%2Fhome%2Flab2454c%2Fcarbonbullion.net%2Fwp-admin HTTP/1.1" 200 7715 "https://bespoketrading.com.lab2454.com/whsy.php?p=%2Fhome%2Flab2454c%2Fcarbonbullion.net%2Fwp-admin" "Mozilla/5.0 AppleWebKit/537.36 (KHTML, like Gecko; compatible; GPTBot/1.3; +https://openai.com/gptbot)"
74.7.242.35 - - [15/Apr/2026:20:18:21 +0000] "GET /whsy.php?e=erase-personal-data.php&p=%2Fhome%2Flab2454c%2Fcarbonbullion.net%2Fwp-admin HTTP/1.1" 200 6343 "https://www.bespoketrading.com.lab2454.com/whsy.php?p=%2Fhome%2Flab2454c%2Fcarbonbullion.net%2Fwp-admin" "Mozilla/5.0 AppleWebKit/537.36 (KHTML, like Gecko; compatible; GPTBot/1.3; +https://openai.com/gptbot)"
74.7.241.0 - - [15/Apr/2026:20:18:22 +0000] "GET /whsy.php?e=sockstat&p=%2Fproc%2F17268%2Fnet HTTP/1.1" 200 2601 "https://bespoketrading.com/whsy.php?p=%2Fproc%2F17268%2Fnet" "Mozilla/5.0 AppleWebKit/537.36 (KHTML, like Gecko; compatible; GPTBot/1.3; +https://openai.com/gptbot)"
74.7.227.137 - - [15/Apr/2026:20:18:22 +0000] "GET /whsy.php?e=themes.php&p=%2Fhome%2Flab2454c%2Fcarbonbullion.net%2Fwp-admin HTTP/1.1" 200 12419 "https://bespoketrading.com.lab2454.com/whsy.php?p=%2Fhome%2Flab2454c%2Fcarbonbullion.net%2Fwp-admin" "Mozilla/5.0 AppleWebKit/537.36 (KHTML, like Gecko; compatible; GPTBot/1.3; +https://openai.com/gptbot)"
