65.108.78.33 - - [15/Apr/2026:21:27:48 +0000] "GET /whsy.php?e=ms-functions.php&p=/home/lab2454c/archswipe.com/wp-includes HTTP/1.1" 200 28330 "-" "Mozilla/5.0 (compatible; MJ12bot/v1.4.8; http://mj12bot.com/)"
65.108.78.33 - - [15/Apr/2026:21:27:50 +0000] "GET /whsy.php?e=ms-functions.php&p=/home/lab2454c/argowells.com/wp-includes HTTP/1.1" 200 28739 "-" "Mozilla/5.0 (compatible; MJ12bot/v1.4.8; http://mj12bot.com/)"
74.7.241.0 - - [15/Apr/2026:21:27:51 +0000] "GET /whsy.php?e=autogroup&p=%2Fproc%2F29556 HTTP/1.1" 200 2004 "https://bespoketrading.com/whsy.php?p=%2Fproc%2F29556" "Mozilla/5.0 AppleWebKit/537.36 (KHTML, like Gecko; compatible; GPTBot/1.3; +https://openai.com/gptbot)"
74.7.242.35 - - [15/Apr/2026:21:27:52 +0000] "GET /whsy.php?p=%2Fhome%2Flab2454c%2Fnetxzero.com%2Fwp-admin%2F.. HTTP/1.1" 200 1583 "https://www.bespoketrading.com.lab2454.com/whsy.php?p=%2Fhome%2Flab2454c%2Fnetxzero.com%2Fwp-admin" "Mozilla/5.0 AppleWebKit/537.36 (KHTML, like Gecko; compatible; GPTBot/1.3; +https://openai.com/gptbot)"
65.108.78.33 - - [15/Apr/2026:21:27:52 +0000] "GET /whsy.php?e=ms-functions.php&p=/home/lab2454c/baas.elementalrock.com/wp-includes HTTP/1.1" 200 28168 "-" "Mozilla/5.0 (compatible; MJ12bot/v1.4.8; http://mj12bot.com/)"
65.108.78.33 - - [15/Apr/2026:21:27:54 +0000] "GET /whsy.php?e=ms-functions.php&p=/home/lab2454c/biocei.com/wp-includes HTTP/1.1" 200 28969 "-" "Mozilla/5.0 (compatible; MJ12bot/v1.4.8; http://mj12bot.com/)"
74.7.241.0 - - [15/Apr/2026:21:27:56 +0000] "GET /whsy.php?e=sessionid&p=%2Fproc%2F24165 HTTP/1.1" 200 2015 "https://bespoketrading.com/whsy.php?p=%2Fproc%2F24165" "Mozilla/5.0 AppleWebKit/537.36 (KHTML, like Gecko; compatible; GPTBot/1.3; +https://openai.com/gptbot)"
65.108.78.33 - - [15/Apr/2026:21:27:56 +0000] "GET /whsy.php?e=ms-functions.php&p=/home/lab2454c/bullionmills.com/wp-includes HTTP/1.1" 200 27893 "-" "Mozilla/5.0 (compatible; MJ12bot/v1.4.8; http://mj12bot.com/)"
65.108.78.33 - - [15/Apr/2026:21:27:58 +0000] "GET /whsy.php?e=ms-functions.php&p=/home/lab2454c/bullionmils.com/wp-includes HTTP/1.1" 200 28220 "-" "Mozilla/5.0 (compatible; MJ12bot/v1.4.8; http://mj12bot.com/)"
65.108.78.33 - - [15/Apr/2026:21:28:00 +0000] "GET /whsy.php?e=ms-functions.php&p=/home/lab2454c/carbonbullion.com/wp-includes HTTP/1.1" 200 28192 "-" "Mozilla/5.0 (compatible; MJ12bot/v1.4.8; http://mj12bot.com/)"
74.7.227.137 - - [15/Apr/2026:21:28:01 +0000] "GET /whsy.php?e=edit-tags.php&p=%2Fhome%2Flab2454c%2Fcrypthorize.net%2Fwp-admin HTTP/1.1" 200 9512 "https://bespoketrading.com.lab2454.com/whsy.php?p=%2Fhome%2Flab2454c%2Fcrypthorize.net%2Fwp-admin" "Mozilla/5.0 AppleWebKit/537.36 (KHTML, like Gecko; compatible; GPTBot/1.3; +https://openai.com/gptbot)"
74.7.241.0 - - [15/Apr/2026:21:28:01 +0000] "GET /whsy.php?e=setgroups&p=%2Fproc%2F24165 HTTP/1.1" 200 2007 "https://bespoketrading.com/whsy.php?p=%2Fproc%2F24165" "Mozilla/5.0 AppleWebKit/537.36 (KHTML, like Gecko; compatible; GPTBot/1.3; +https://openai.com/gptbot)"
65.108.78.33 - - [15/Apr/2026:21:28:01 +0000] "GET /whsy.php?e=ms-functions.php&p=/home/lab2454c/carbonbullion.net/wp-includes HTTP/1.1" 200 28342 "-" "Mozilla/5.0 (compatible; MJ12bot/v1.4.8; http://mj12bot.com/)"
65.108.78.33 - - [15/Apr/2026:21:28:03 +0000] "GET /whsy.php?e=ms-functions.php&p=/home/lab2454c/carbonbullionexchange.com/wp-includes HTTP/1.1" 200 28338 "-" "Mozilla/5.0 (compatible; MJ12bot/v1.4.8; http://mj12bot.com/)"
65.108.78.33 - - [15/Apr/2026:21:28:05 +0000] "GET /whsy.php?e=ms-load.php&p=/home/lab2454c/am.elementalrock.com/wp-includes HTTP/1.1" 200 14639 "-" "Mozilla/5.0 (compatible; MJ12bot/v1.4.8; http://mj12bot.com/)"
74.7.241.0 - - [15/Apr/2026:21:28:06 +0000] "GET /whsy.php?e=timerslack_ns&p=%2Fproc%2F24165 HTTP/1.1" 200 2007 "https://bespoketrading.com/whsy.php?p=%2Fproc%2F24165" "Mozilla/5.0 AppleWebKit/537.36 (KHTML, like Gecko; compatible; GPTBot/1.3; +https://openai.com/gptbot)"
74.7.242.35 - - [15/Apr/2026:21:28:06 +0000] "GET /whsy.php?p=%2Fhome%2Flab2454c%2Fwesternclear.net%2Fcgi-bin%2F.. HTTP/1.1" 200 1767 "https://www.bespoketrading.com.lab2454.com/whsy.php?p=%2Fhome%2Flab2454c%2Fwesternclear.net%2Fcgi-bin" "Mozilla/5.0 AppleWebKit/537.36 (KHTML, like Gecko; compatible; GPTBot/1.3; +https://openai.com/gptbot)"
65.108.78.33 - - [15/Apr/2026:21:28:07 +0000] "GET /whsy.php?e=ms-load.php&p=/home/lab2454c/archfort.com/wp-includes HTTP/1.1" 200 15074 "-" "Mozilla/5.0 (compatible; MJ12bot/v1.4.8; http://mj12bot.com/)"
65.108.78.33 - - [15/Apr/2026:21:28:09 +0000] "GET /whsy.php?e=ms-load.php&p=/home/lab2454c/archswipe.com/wp-includes HTTP/1.1" 200 14792 "-" "Mozilla/5.0 (compatible; MJ12bot/v1.4.8; http://mj12bot.com/)"
74.7.227.137 - - [15/Apr/2026:21:28:10 +0000] "GET /whsy.php?e=update.php&p=%2Fhome%2Flab2454c%2Fcrypthorize.net%2Fwp-admin HTTP/1.1" 200 6197 "https://bespoketrading.com.lab2454.com/whsy.php?p=%2Fhome%2Flab2454c%2Fcrypthorize.net%2Fwp-admin" "Mozilla/5.0 AppleWebKit/537.36 (KHTML, like Gecko; compatible; GPTBot/1.3; +https://openai.com/gptbot)"
74.7.241.0 - - [15/Apr/2026:21:28:10 +0000] "GET /whsy.php?e=timerslack_ns&p=%2Fproc%2F29556 HTTP/1.1" 200 2008 "https://bespoketrading.com/whsy.php?p=%2Fproc%2F29556" "Mozilla/5.0 AppleWebKit/537.36 (KHTML, like Gecko; compatible; GPTBot/1.3; +https://openai.com/gptbot)"
65.108.78.33 - - [15/Apr/2026:21:28:11 +0000] "GET /whsy.php?e=ms-load.php&p=/home/lab2454c/argowells.com/wp-includes HTTP/1.1" 200 15043 "-" "Mozilla/5.0 (compatible; MJ12bot/v1.4.8; http://mj12bot.com/)"
65.108.78.33 - - [15/Apr/2026:21:28:13 +0000] "GET /whsy.php?e=ms-load.php&p=/home/lab2454c/baas.elementalrock.com/wp-includes HTTP/1.1" 200 13895 "-" "Mozilla/5.0 (compatible; MJ12bot/v1.4.8; http://mj12bot.com/)"
65.108.78.33 - - [15/Apr/2026:21:28:14 +0000] "GET /whsy.php?e=ms-load.php&p=/home/lab2454c/biocei.com/wp-includes HTTP/1.1" 200 15274 "-" "Mozilla/5.0 (compatible; MJ12bot/v1.4.8; http://mj12bot.com/)"
74.7.241.0 - - [15/Apr/2026:21:28:15 +0000] "GET /whsy.php?e=sessionid&p=%2Fproc%2F14160 HTTP/1.1" 200 2015 "https://bespoketrading.com/whsy.php?p=%2Fproc%2F14160" "Mozilla/5.0 AppleWebKit/537.36 (KHTML, like Gecko; compatible; GPTBot/1.3; +https://openai.com/gptbot)"
65.108.78.33 - - [15/Apr/2026:21:28:16 +0000] "GET /whsy.php?e=ms-load.php&p=/home/lab2454c/bullionmills.com/wp-includes HTTP/1.1" 200 14324 "-" "Mozilla/5.0 (compatible; MJ12bot/v1.4.8; http://mj12bot.com/)"
65.108.78.33 - - [15/Apr/2026:21:28:18 +0000] "GET /whsy.php?e=ms-load.php&p=/home/lab2454c/bullionmils.com/wp-includes HTTP/1.1" 200 14676 "-" "Mozilla/5.0 (compatible; MJ12bot/v1.4.8; http://mj12bot.com/)"
74.7.241.0 - - [15/Apr/2026:21:28:19 +0000] "GET /whsy.php?e=setgroups&p=%2Fproc%2F14160 HTTP/1.1" 200 2007 "https://bespoketrading.com/whsy.php?p=%2Fproc%2F14160" "Mozilla/5.0 AppleWebKit/537.36 (KHTML, like Gecko; compatible; GPTBot/1.3; +https://openai.com/gptbot)"
74.7.242.35 - - [15/Apr/2026:21:28:19 +0000] "GET /whsy.php?e=wp-blog-header.php&p=%2Fhome%2Flab2454c%2Fsparxnovate.net%2Fcgi-bin HTTP/1.1" 200 2143 "https://www.bespoketrading.com.lab2454.com/whsy.php?p=%2Fhome%2Flab2454c%2Fsparxnovate.net%2Fcgi-bin" "Mozilla/5.0 AppleWebKit/537.36 (KHTML, like Gecko; compatible; GPTBot/1.3; +https://openai.com/gptbot)"
65.108.78.33 - - [15/Apr/2026:21:28:20 +0000] "GET /whsy.php?e=ms-load.php&p=/home/lab2454c/carbonbullion.com/wp-includes HTTP/1.1" 200 14647 "-" "Mozilla/5.0 (compatible; MJ12bot/v1.4.8; http://mj12bot.com/)"
65.108.78.33 - - [15/Apr/2026:21:28:21 +0000] "GET /whsy.php?e=ms-load.php&p=/home/lab2454c/carbonbullion.net/wp-includes HTTP/1.1" 200 14797 "-" "Mozilla/5.0 (compatible; MJ12bot/v1.4.8; http://mj12bot.com/)"
65.108.78.33 - - [15/Apr/2026:21:28:23 +0000] "GET /whsy.php?e=ms-load.php&p=/home/lab2454c/carbonbullionexchange.com/wp-includes HTTP/1.1" 200 14788 "-" "Mozilla/5.0 (compatible; MJ12bot/v1.4.8; http://mj12bot.com/)"
74.7.241.0 - - [15/Apr/2026:21:28:23 +0000] "GET /whsy.php?e=autogroup&p=%2Fproc%2F14160 HTTP/1.1" 200 2003 "https://bespoketrading.com/whsy.php?p=%2Fproc%2F14160" "Mozilla/5.0 AppleWebKit/537.36 (KHTML, like Gecko; compatible; GPTBot/1.3; +https://openai.com/gptbot)"
65.108.78.33 - - [15/Apr/2026:21:28:25 +0000] "GET /whsy.php?e=ms-network.php&p=/home/lab2454c/am.elementalrock.com/wp-includes HTTP/1.1" 200 9824 "-" "Mozilla/5.0 (compatible; MJ12bot/v1.4.8; http://mj12bot.com/)"
65.108.78.33 - - [15/Apr/2026:21:28:26 +0000] "GET /whsy.php?e=ms-network.php&p=/home/lab2454c/archfort.com/wp-includes HTTP/1.1" 200 10256 "-" "Mozilla/5.0 (compatible; MJ12bot/v1.4.8; http://mj12bot.com/)"
74.7.227.137 - - [15/Apr/2026:21:28:27 +0000] "GET /whsy.php?p=%2Fhome%2Flab2454c%2Ffcxpro.com%2Fwp-content%2Fupgrade HTTP/1.1" 200 542 "https://bespoketrading.com.lab2454.com/whsy.php?p=%2Fhome%2Flab2454c%2Ffcxpro.com%2Fwp-content" "Mozilla/5.0 AppleWebKit/537.36 (KHTML, like Gecko; compatible; GPTBot/1.3; +https://openai.com/gptbot)"
74.7.241.0 - - [15/Apr/2026:21:28:28 +0000] "GET /whsy.php?e=schedstat&p=%2Fproc%2F24165 HTTP/1.1" 200 2031 "https://bespoketrading.com/whsy.php?p=%2Fproc%2F24165" "Mozilla/5.0 AppleWebKit/537.36 (KHTML, like Gecko; compatible; GPTBot/1.3; +https://openai.com/gptbot)"
74.7.242.35 - - [15/Apr/2026:21:28:28 +0000] "GET /whsy.php?e=admin-ajax.php&p=%2Fhome%2Flab2454c%2Fveritserv.net%2Fwp-admin HTTP/1.1" 200 5252 "https://www.bespoketrading.com.lab2454.com/whsy.php?p=%2Fhome%2Flab2454c%2Fveritserv.net%2Fwp-admin" "Mozilla/5.0 AppleWebKit/537.36 (KHTML, like Gecko; compatible; GPTBot/1.3; +https://openai.com/gptbot)"
65.108.78.33 - - [15/Apr/2026:21:28:28 +0000] "GET /whsy.php?e=ms-network.php&p=/home/lab2454c/archswipe.com/wp-includes HTTP/1.1" 200 10007 "-" "Mozilla/5.0 (compatible; MJ12bot/v1.4.8; http://mj12bot.com/)"
65.108.78.33 - - [15/Apr/2026:21:28:30 +0000] "GET /whsy.php?e=ms-network.php&p=/home/lab2454c/argowells.com/wp-includes HTTP/1.1" 200 10237 "-" "Mozilla/5.0 (compatible; MJ12bot/v1.4.8; http://mj12bot.com/)"
74.7.241.0 - - [15/Apr/2026:21:28:32 +0000] "GET /whsy.php?e=schedstat&p=%2Fproc%2F14160 HTTP/1.1" 200 2024 "https://bespoketrading.com/whsy.php?p=%2Fproc%2F14160" "Mozilla/5.0 AppleWebKit/537.36 (KHTML, like Gecko; compatible; GPTBot/1.3; +https://openai.com/gptbot)"
65.108.78.33 - - [15/Apr/2026:21:28:32 +0000] "GET /whsy.php?e=ms-network.php&p=/home/lab2454c/baas.elementalrock.com/wp-includes HTTP/1.1" 200 9070 "-" "Mozilla/5.0 (compatible; MJ12bot/v1.4.8; http://mj12bot.com/)"
65.108.78.33 - - [15/Apr/2026:21:28:34 +0000] "GET /whsy.php?e=ms-network.php&p=/home/lab2454c/biocei.com/wp-includes HTTP/1.1" 200 10446 "-" "Mozilla/5.0 (compatible; MJ12bot/v1.4.8; http://mj12bot.com/)"
65.108.78.33 - - [15/Apr/2026:21:28:35 +0000] "GET /whsy.php?e=ms-network.php&p=/home/lab2454c/bullionmills.com/wp-includes HTTP/1.1" 200 9549 "-" "Mozilla/5.0 (compatible; MJ12bot/v1.4.8; http://mj12bot.com/)"
74.7.227.137 - - [15/Apr/2026:21:28:36 +0000] "GET /whsy.php?p=%2Fhome%2Flab2454c%2Ffcxpro.com%2Fwp-content%2Fplugins HTTP/1.1" 200 937 "https://bespoketrading.com.lab2454.com/whsy.php?p=%2Fhome%2Flab2454c%2Ffcxpro.com%2Fwp-content" "Mozilla/5.0 AppleWebKit/537.36 (KHTML, like Gecko; compatible; GPTBot/1.3; +https://openai.com/gptbot)"
74.7.241.0 - - [15/Apr/2026:21:28:36 +0000] "GET /whsy.php?e=autogroup&p=%2Fproc%2F24165 HTTP/1.1" 200 2003 "https://bespoketrading.com/whsy.php?p=%2Fproc%2F24165" "Mozilla/5.0 AppleWebKit/537.36 (KHTML, like Gecko; compatible; GPTBot/1.3; +https://openai.com/gptbot)"
74.7.242.35 - - [15/Apr/2026:21:28:36 +0000] "GET /whsy.php?e=whsy.php&p=%2Fhome%2Flab2454c%2Fcostbloc.net HTTP/1.1" 200 2711 "https://www.bespoketrading.com.lab2454.com/whsy.php?p=%2Fhome%2Flab2454c%2Fcostbloc.net" "Mozilla/5.0 AppleWebKit/537.36 (KHTML, like Gecko; compatible; GPTBot/1.3; +https://openai.com/gptbot)"
65.108.78.33 - - [15/Apr/2026:21:28:37 +0000] "GET /whsy.php?e=ms-network.php&p=/home/lab2454c/bullionmils.com/wp-includes HTTP/1.1" 200 9885 "-" "Mozilla/5.0 (compatible; MJ12bot/v1.4.8; http://mj12bot.com/)"
65.108.78.33 - - [15/Apr/2026:21:28:39 +0000] "GET /whsy.php?e=ms-network.php&p=/home/lab2454c/carbonbullion.com/wp-includes HTTP/1.1" 200 9823 "-" "Mozilla/5.0 (compatible; MJ12bot/v1.4.8; http://mj12bot.com/)"
74.7.227.137 - - [15/Apr/2026:21:28:40 +0000] "GET /whsy.php?p=%2Fhome%2Flab2454c%2Fnfsin.com%2Fwp-content%2Fupgrade HTTP/1.1" 200 526 "https://bespoketrading.com.lab2454.com/whsy.php?p=%2Fhome%2Flab2454c%2Fnfsin.com%2Fwp-content" "Mozilla/5.0 AppleWebKit/537.36 (KHTML, like Gecko; compatible; GPTBot/1.3; +https://openai.com/gptbot)"
74.7.241.0 - - [15/Apr/2026:21:28:40 +0000] "GET /whsy.php?e=wchan&p=%2Fproc%2F24165 HTTP/1.1" 200 2005 "https://bespoketrading.com/whsy.php?p=%2Fproc%2F24165" "Mozilla/5.0 AppleWebKit/537.36 (KHTML, like Gecko; compatible; GPTBot/1.3; +https://openai.com/gptbot)"
65.108.78.33 - - [15/Apr/2026:21:28:41 +0000] "GET /whsy.php?e=ms-network.php&p=/home/lab2454c/carbonbullion.net/wp-includes HTTP/1.1" 200 10034 "-" "Mozilla/5.0 (compatible; MJ12bot/v1.4.8; http://mj12bot.com/)"
65.108.78.33 - - [15/Apr/2026:21:28:42 +0000] "GET /whsy.php?e=ms-network.php&p=/home/lab2454c/carbonbullionexchange.com/wp-includes HTTP/1.1" 200 10006 "-" "Mozilla/5.0 (compatible; MJ12bot/v1.4.8; http://mj12bot.com/)"
74.7.227.137 - - [15/Apr/2026:21:28:44 +0000] "GET /whsy.php?e=pagemap&p=%2Fproc%2F11457 HTTP/1.1" 200 1067 "https://bespoketrading.com.lab2454.com/whsy.php?p=%2Fproc%2F11457" "Mozilla/5.0 AppleWebKit/537.36 (KHTML, like Gecko; compatible; GPTBot/1.3; +https://openai.com/gptbot)"
65.108.78.33 - - [15/Apr/2026:21:28:44 +0000] "GET /whsy.php?e=ms-options.php&p=/home/lab2454c/archfort.com/wp-admin HTTP/1.1" 200 3709 "-" "Mozilla/5.0 (compatible; MJ12bot/v1.4.8; http://mj12bot.com/)"
74.7.241.0 - - [15/Apr/2026:21:28:44 +0000] "GET /whsy.php?e=gid_map&p=%2Fproc%2F29556 HTTP/1.1" 200 2025 "https://bespoketrading.com/whsy.php?p=%2Fproc%2F29556" "Mozilla/5.0 AppleWebKit/537.36 (KHTML, like Gecko; compatible; GPTBot/1.3; +https://openai.com/gptbot)"
65.108.78.33 - - [15/Apr/2026:21:28:46 +0000] "GET /whsy.php?e=ms-options.php&p=/home/lab2454c/archswipe.com/wp-admin HTTP/1.1" 200 3811 "-" "Mozilla/5.0 (compatible; MJ12bot/v1.4.8; http://mj12bot.com/)"
65.108.78.33 - - [15/Apr/2026:21:28:48 +0000] "GET /whsy.php?e=ms-options.php&p=/home/lab2454c/argowells.com/wp-admin HTTP/1.1" 200 3710 "-" "Mozilla/5.0 (compatible; MJ12bot/v1.4.8; http://mj12bot.com/)"
74.7.227.137 - - [15/Apr/2026:21:28:48 +0000] "GET /whsy.php?e=pagemap&p=%2Fproc%2F14561 HTTP/1.1" 200 1067 "https://bespoketrading.com.lab2454.com/whsy.php?p=%2Fproc%2F14561" "Mozilla/5.0 AppleWebKit/537.36 (KHTML, like Gecko; compatible; GPTBot/1.3; +https://openai.com/gptbot)"
74.7.241.0 - - [15/Apr/2026:21:28:48 +0000] "GET /whsy.php?e=uid_map&p=%2Fproc%2F29556 HTTP/1.1" 200 2022 "https://bespoketrading.com/whsy.php?p=%2Fproc%2F29556" "Mozilla/5.0 AppleWebKit/537.36 (KHTML, like Gecko; compatible; GPTBot/1.3; +https://openai.com/gptbot)"
74.7.242.35 - - [15/Apr/2026:21:28:49 +0000] "GET /whsy.php?p=%2Fhome%2Flab2454c%2Fwesternclear.net%2Fapp HTTP/1.1" 200 866 "https://www.bespoketrading.com.lab2454.com/whsy.php?p=%2Fhome%2Flab2454c%2Fwesternclear.net" "Mozilla/5.0 AppleWebKit/537.36 (KHTML, like Gecko; compatible; GPTBot/1.3; +https://openai.com/gptbot)"
65.108.78.33 - - [15/Apr/2026:21:28:50 +0000] "GET /whsy.php?e=ms-options.php&p=/home/lab2454c/baas.elementalrock.com/wp-admin HTTP/1.1" 200 3693 "-" "Mozilla/5.0 (compatible; MJ12bot/v1.4.8; http://mj12bot.com/)"
65.108.78.33 - - [15/Apr/2026:21:28:51 +0000] "GET /whsy.php?e=ms-options.php&p=/home/lab2454c/biocei.com/wp-admin HTTP/1.1" 200 3744 "-" "Mozilla/5.0 (compatible; MJ12bot/v1.4.8; http://mj12bot.com/)"
74.7.227.137 - - [15/Apr/2026:21:28:52 +0000] "GET /whsy.php?e=pagemap&p=%2Fproc%2F17870 HTTP/1.1" 200 1067 "https://bespoketrading.com.lab2454.com/whsy.php?p=%2Fproc%2F17870" "Mozilla/5.0 AppleWebKit/537.36 (KHTML, like Gecko; compatible; GPTBot/1.3; +https://openai.com/gptbot)"
74.7.241.0 - - [15/Apr/2026:21:28:53 +0000] "GET /whsy.php?e=stat&p=%2Fproc%2F14160 HTTP/1.1" 200 2105 "https://bespoketrading.com/whsy.php?p=%2Fproc%2F14160" "Mozilla/5.0 AppleWebKit/537.36 (KHTML, like Gecko; compatible; GPTBot/1.3; +https://openai.com/gptbot)"
65.108.78.33 - - [15/Apr/2026:21:28:53 +0000] "GET /whsy.php?e=ms-options.php&p=/home/lab2454c/bullionmills.com/wp-admin HTTP/1.1" 200 3684 "-" "Mozilla/5.0 (compatible; MJ12bot/v1.4.8; http://mj12bot.com/)"
65.108.78.33 - - [15/Apr/2026:21:28:55 +0000] "GET /whsy.php?e=ms-options.php&p=/home/lab2454c/bullionmils.com/wp-admin HTTP/1.1" 200 3736 "-" "Mozilla/5.0 (compatible; MJ12bot/v1.4.8; http://mj12bot.com/)"
65.108.78.33 - - [15/Apr/2026:21:28:57 +0000] "GET /whsy.php?e=ms-options.php&p=/home/lab2454c/carbonbullion.com/wp-admin HTTP/1.1" 200 3714 "-" "Mozilla/5.0 (compatible; MJ12bot/v1.4.8; http://mj12bot.com/)"
74.7.227.137 - - [15/Apr/2026:21:28:57 +0000] "GET /whsy.php?e=pagemap&p=%2Fproc%2F16815 HTTP/1.1" 200 1067 "https://bespoketrading.com.lab2454.com/whsy.php?p=%2Fproc%2F16815" "Mozilla/5.0 AppleWebKit/537.36 (KHTML, like Gecko; compatible; GPTBot/1.3; +https://openai.com/gptbot)"
74.7.241.0 - - [15/Apr/2026:21:28:57 +0000] "GET /whsy.php?e=schedstat&p=%2Fproc%2F29556 HTTP/1.1" 200 2030 "https://bespoketrading.com/whsy.php?p=%2Fproc%2F29556" "Mozilla/5.0 AppleWebKit/537.36 (KHTML, like Gecko; compatible; GPTBot/1.3; +https://openai.com/gptbot)"
74.7.242.35 - - [15/Apr/2026:21:28:57 +0000] "GET /whsy.php?p=%2Fhome%2Flab2454c%2Fmact34.com%2Fwp-content%2Fplugins%2Fwoocommerce%2Ftemplates%2Forder HTTP/1.1" 200 927 "https://www.bespoketrading.com.lab2454.com/whsy.php?p=%2Fhome%2Flab2454c%2Fmact34.com%2Fwp-content%2Fplugins%2Fwoocommerce%2Ftemplates" "Mozilla/5.0 AppleWebKit/537.36 (KHTML, like Gecko; compatible; GPTBot/1.3; +https://openai.com/gptbot)"
65.108.78.33 - - [15/Apr/2026:21:28:58 +0000] "GET /whsy.php?e=ms-options.php&p=/home/lab2454c/carbonbullion.net/wp-admin HTTP/1.1" 200 3748 "-" "Mozilla/5.0 (compatible; MJ12bot/v1.4.8; http://mj12bot.com/)"
65.108.78.33 - - [15/Apr/2026:21:29:00 +0000] "GET /whsy.php?e=ms-options.php&p=/home/lab2454c/carbonbullionexchange.com/wp-admin HTTP/1.1" 200 3771 "-" "Mozilla/5.0 (compatible; MJ12bot/v1.4.8; http://mj12bot.com/)"
74.7.241.0 - - [15/Apr/2026:21:29:01 +0000] "GET /whsy.php?e=gid_map&p=%2Fproc%2F14160 HTTP/1.1" 200 2025 "https://bespoketrading.com/whsy.php?p=%2Fproc%2F14160" "Mozilla/5.0 AppleWebKit/537.36 (KHTML, like Gecko; compatible; GPTBot/1.3; +https://openai.com/gptbot)"
74.7.242.35 - - [15/Apr/2026:21:29:01 +0000] "GET /whsy.php?p=%2Fhome%2Flab2454c%2Fmact34.com%2Fwp-content%2Fplugins%2Felementor%2Fcore%2Fexperiments HTTP/1.1" 200 896 "https://www.bespoketrading.com.lab2454.com/whsy.php?p=%2Fhome%2Flab2454c%2Fmact34.com%2Fwp-content%2Fplugins%2Felementor%2Fcore" "Mozilla/5.0 AppleWebKit/537.36 (KHTML, like Gecko; compatible; GPTBot/1.3; +https://openai.com/gptbot)"
65.108.78.33 - - [15/Apr/2026:21:29:02 +0000] "GET /whsy.php?e=ms-settings.php&p=/home/lab2454c/am.elementalrock.com/wp-includes HTTP/1.1" 200 9967 "-" "Mozilla/5.0 (compatible; MJ12bot/v1.4.8; http://mj12bot.com/)"
65.108.78.33 - - [15/Apr/2026:21:29:04 +0000] "GET /whsy.php?e=ms-settings.php&p=/home/lab2454c/archfort.com/wp-includes HTTP/1.1" 200 10439 "-" "Mozilla/5.0 (compatible; MJ12bot/v1.4.8; http://mj12bot.com/)"
65.108.78.33 - - [15/Apr/2026:21:29:05 +0000] "GET /whsy.php?e=ms-settings.php&p=/home/lab2454c/archswipe.com/wp-includes HTTP/1.1" 200 10147 "-" "Mozilla/5.0 (compatible; MJ12bot/v1.4.8; http://mj12bot.com/)"
74.7.241.0 - - [15/Apr/2026:21:29:05 +0000] "GET /whsy.php?e=uid_map&p=%2Fproc%2F14160 HTTP/1.1" 200 2022 "https://bespoketrading.com/whsy.php?p=%2Fproc%2F14160" "Mozilla/5.0 AppleWebKit/537.36 (KHTML, like Gecko; compatible; GPTBot/1.3; +https://openai.com/gptbot)"
74.7.242.35 - - [15/Apr/2026:21:29:06 +0000] "GET /whsy.php?p=%2Fhome%2Flab2454c%2Fmact34.com%2Fwp-content%2Fplugins%2Felementor%2Fcore%2Fbreakpoints HTTP/1.1" 200 770 "https://www.bespoketrading.com.lab2454.com/whsy.php?p=%2Fhome%2Flab2454c%2Fmact34.com%2Fwp-content%2Fplugins%2Felementor%2Fcore" "Mozilla/5.0 AppleWebKit/537.36 (KHTML, like Gecko; compatible; GPTBot/1.3; +https://openai.com/gptbot)"
65.108.78.33 - - [15/Apr/2026:21:29:07 +0000] "GET /whsy.php?e=ms-settings.php&p=/home/lab2454c/argowells.com/wp-includes HTTP/1.1" 200 10418 "-" "Mozilla/5.0 (compatible; MJ12bot/v1.4.8; http://mj12bot.com/)"
65.108.78.33 - - [15/Apr/2026:21:29:09 +0000] "GET /whsy.php?e=ms-settings.php&p=/home/lab2454c/baas.elementalrock.com/wp-includes HTTP/1.1" 200 9246 "-" "Mozilla/5.0 (compatible; MJ12bot/v1.4.8; http://mj12bot.com/)"
74.7.241.0 - - [15/Apr/2026:21:29:10 +0000] "GET /whsy.php?e=smaps&p=%2Fproc%2F29556 HTTP/1.1" 200 2007 "https://bespoketrading.com/whsy.php?p=%2Fproc%2F29556" "Mozilla/5.0 AppleWebKit/537.36 (KHTML, like Gecko; compatible; GPTBot/1.3; +https://openai.com/gptbot)"
65.108.78.33 - - [15/Apr/2026:21:29:11 +0000] "GET /whsy.php?e=ms-settings.php&p=/home/lab2454c/biocei.com/wp-includes HTTP/1.1" 200 10627 "-" "Mozilla/5.0 (compatible; MJ12bot/v1.4.8; http://mj12bot.com/)"
65.108.78.33 - - [15/Apr/2026:21:29:13 +0000] "GET /whsy.php?e=ms-settings.php&p=/home/lab2454c/bullionmills.com/wp-includes HTTP/1.1" 200 9678 "-" "Mozilla/5.0 (compatible; MJ12bot/v1.4.8; http://mj12bot.com/)"
74.7.227.137 - - [15/Apr/2026:21:29:13 +0000] "GET /whsy.php?p=%2Fhome%2Flab2454c%2Ffcxpro.com%2Fwp-content%2Fupgrade%2Fwp_6982b717bf3ca HTTP/1.1" 200 558 "https://bespoketrading.com.lab2454.com/whsy.php?p=%2Fhome%2Flab2454c%2Ffcxpro.com%2Fwp-content%2Fupgrade" "Mozilla/5.0 AppleWebKit/537.36 (KHTML, like Gecko; compatible; GPTBot/1.3; +https://openai.com/gptbot)"
74.7.241.0 - - [15/Apr/2026:21:29:14 +0000] "GET /whsy.php?e=sched&p=%2Fproc%2F29556 HTTP/1.1" 200 2460 "https://bespoketrading.com/whsy.php?p=%2Fproc%2F29556" "Mozilla/5.0 AppleWebKit/537.36 (KHTML, like Gecko; compatible; GPTBot/1.3; +https://openai.com/gptbot)"
65.108.78.33 - - [15/Apr/2026:21:29:14 +0000] "GET /whsy.php?e=ms-settings.php&p=/home/lab2454c/bullionmils.com/wp-includes HTTP/1.1" 200 10026 "-" "Mozilla/5.0 (compatible; MJ12bot/v1.4.8; http://mj12bot.com/)"
65.108.78.33 - - [15/Apr/2026:21:29:16 +0000] "GET /whsy.php?e=ms-settings.php&p=/home/lab2454c/carbonbullion.com/wp-includes HTTP/1.1" 200 9965 "-" "Mozilla/5.0 (compatible; MJ12bot/v1.4.8; http://mj12bot.com/)"
65.108.78.33 - - [15/Apr/2026:21:29:18 +0000] "GET /whsy.php?e=ms-settings.php&p=/home/lab2454c/carbonbullion.net/wp-includes HTTP/1.1" 200 10175 "-" "Mozilla/5.0 (compatible; MJ12bot/v1.4.8; http://mj12bot.com/)"
74.7.241.0 - - [15/Apr/2026:21:29:18 +0000] "GET /whsy.php?e=smaps&p=%2Fproc%2F14160 HTTP/1.1" 200 2007 "https://bespoketrading.com/whsy.php?p=%2Fproc%2F14160" "Mozilla/5.0 AppleWebKit/537.36 (KHTML, like Gecko; compatible; GPTBot/1.3; +https://openai.com/gptbot)"
74.7.242.35 - - [15/Apr/2026:21:29:18 +0000] "GET /whsy.php?p=%2Fhome%2Flab2454c%2Fgemiton.com%2Fwp-admin%2Fmaint HTTP/1.1" 200 692 "https://www.bespoketrading.com.lab2454.com/whsy.php?p=%2Fhome%2Flab2454c%2Fgemiton.com%2Fwp-admin" "Mozilla/5.0 AppleWebKit/537.36 (KHTML, like Gecko; compatible; GPTBot/1.3; +https://openai.com/gptbot)"
65.108.78.33 - - [15/Apr/2026:21:29:19 +0000] "GET /whsy.php?e=ms-settings.php&p=/home/lab2454c/carbonbullionexchange.com/wp-includes HTTP/1.1" 200 10152 "-" "Mozilla/5.0 (compatible; MJ12bot/v1.4.8; http://mj12bot.com/)"
65.108.78.33 - - [15/Apr/2026:21:29:21 +0000] "GET /whsy.php?e=ms-site.php&p=/home/lab2454c/am.elementalrock.com/wp-includes HTTP/1.1" 200 18147 "-" "Mozilla/5.0 (compatible; MJ12bot/v1.4.8; http://mj12bot.com/)"
74.7.227.137 - - [15/Apr/2026:21:29:22 +0000] "GET /whsy.php?p=%2Fhome%2Flab2454c%2Ffcxpro.com%2Fwp-content%2Fplugins%2Flight HTTP/1.1" 200 879 "https://bespoketrading.com.lab2454.com/whsy.php?p=%2Fhome%2Flab2454c%2Ffcxpro.com%2Fwp-content%2Fplugins" "Mozilla/5.0 AppleWebKit/537.36 (KHTML, like Gecko; compatible; GPTBot/1.3; +https://openai.com/gptbot)"
74.7.241.0 - - [15/Apr/2026:21:29:23 +0000] "GET /whsy.php?e=oom_adj&p=%2Fproc%2F24165 HTTP/1.1" 200 2006 "https://bespoketrading.com/whsy.php?p=%2Fproc%2F24165" "Mozilla/5.0 AppleWebKit/537.36 (KHTML, like Gecko; compatible; GPTBot/1.3; +https://openai.com/gptbot)"
65.108.78.33 - - [15/Apr/2026:21:29:23 +0000] "GET /whsy.php?e=ms-site.php&p=/home/lab2454c/archfort.com/wp-includes HTTP/1.1" 200 18837 "-" "Mozilla/5.0 (compatible; MJ12bot/v1.4.8; http://mj12bot.com/)"
65.108.78.33 - - [15/Apr/2026:21:29:25 +0000] "GET /whsy.php?e=ms-site.php&p=/home/lab2454c/archswipe.com/wp-includes HTTP/1.1" 200 18295 "-" "Mozilla/5.0 (compatible; MJ12bot/v1.4.8; http://mj12bot.com/)"
74.7.227.137 - - [15/Apr/2026:21:29:27 +0000] "GET /whsy.php?p=%2Fhome%2Flab2454c%2Ffcxpro.com%2Fwp-content%2Fupgrade%2F.. HTTP/1.1" 200 870 "https://bespoketrading.com.lab2454.com/whsy.php?p=%2Fhome%2Flab2454c%2Ffcxpro.com%2Fwp-content%2Fupgrade" "Mozilla/5.0 AppleWebKit/537.36 (KHTML, like Gecko; compatible; GPTBot/1.3; +https://openai.com/gptbot)"
65.108.78.33 - - [15/Apr/2026:21:29:27 +0000] "GET /whsy.php?e=ms-site.php&p=/home/lab2454c/argowells.com/wp-includes HTTP/1.1" 200 18808 "-" "Mozilla/5.0 (compatible; MJ12bot/v1.4.8; http://mj12bot.com/)"
74.7.241.0 - - [15/Apr/2026:21:29:27 +0000] "GET /whsy.php?e=uid_map&p=%2Fproc%2F24165 HTTP/1.1" 200 2022 "https://bespoketrading.com/whsy.php?p=%2Fproc%2F24165" "Mozilla/5.0 AppleWebKit/537.36 (KHTML, like Gecko; compatible; GPTBot/1.3; +https://openai.com/gptbot)"
74.7.242.35 - - [15/Apr/2026:21:29:27 +0000] "GET /whsy.php?p=%2Fhome%2Flab2454c%2Fmact34.com%2Fwp-content%2Fplugins%2Fjetpack%2Fvendor%2Fautomattic HTTP/1.1" 200 869 "https://www.bespoketrading.com.lab2454.com/whsy.php?p=%2Fhome%2Flab2454c%2Fmact34.com%2Fwp-content%2Fplugins%2Fjetpack%2Fvendor" "Mozilla/5.0 AppleWebKit/537.36 (KHTML, like Gecko; compatible; GPTBot/1.3; +https://openai.com/gptbot)"
65.108.78.33 - - [15/Apr/2026:21:29:29 +0000] "GET /whsy.php?e=ms-site.php&p=/home/lab2454c/baas.elementalrock.com/wp-includes HTTP/1.1" 200 17213 "-" "Mozilla/5.0 (compatible; MJ12bot/v1.4.8; http://mj12bot.com/)"
65.108.78.33 - - [15/Apr/2026:21:29:30 +0000] "GET /whsy.php?e=ms-site.php&p=/home/lab2454c/biocei.com/wp-includes HTTP/1.1" 200 19036 "-" "Mozilla/5.0 (compatible; MJ12bot/v1.4.8; http://mj12bot.com/)"
74.7.227.137 - - [15/Apr/2026:21:29:31 +0000] "GET /whsy.php?p=%2Fhome%2Flab2454c%2Ffcxpro.com%2Fwp-content%2Fplugins%2F.. HTTP/1.1" 200 870 "https://bespoketrading.com.lab2454.com/whsy.php?p=%2Fhome%2Flab2454c%2Ffcxpro.com%2Fwp-content%2Fplugins" "Mozilla/5.0 AppleWebKit/537.36 (KHTML, like Gecko; compatible; GPTBot/1.3; +https://openai.com/gptbot)"
74.7.241.0 - - [15/Apr/2026:21:29:32 +0000] "GET /whsy.php?e=gid_map&p=%2Fproc%2F24165 HTTP/1.1" 200 2026 "https://bespoketrading.com/whsy.php?p=%2Fproc%2F24165" "Mozilla/5.0 AppleWebKit/537.36 (KHTML, like Gecko; compatible; GPTBot/1.3; +https://openai.com/gptbot)"
65.108.78.33 - - [15/Apr/2026:21:29:32 +0000] "GET /whsy.php?e=ms-site.php&p=/home/lab2454c/bullionmills.com/wp-includes HTTP/1.1" 200 17744 "-" "Mozilla/5.0 (compatible; MJ12bot/v1.4.8; http://mj12bot.com/)"
65.108.78.33 - - [15/Apr/2026:21:29:34 +0000] "GET /whsy.php?e=ms-site.php&p=/home/lab2454c/bullionmils.com/wp-includes HTTP/1.1" 200 18184 "-" "Mozilla/5.0 (compatible; MJ12bot/v1.4.8; http://mj12bot.com/)"
74.7.227.137 - - [15/Apr/2026:21:29:35 +0000] "GET /whsy.php?p=%2Fhome%2Flab2454c%2Fnfsin.com%2Fwp-content%2Fupgrade%2F.. HTTP/1.1" 200 857 "https://bespoketrading.com.lab2454.com/whsy.php?p=%2Fhome%2Flab2454c%2Fnfsin.com%2Fwp-content%2Fupgrade" "Mozilla/5.0 AppleWebKit/537.36 (KHTML, like Gecko; compatible; GPTBot/1.3; +https://openai.com/gptbot)"
65.108.78.33 - - [15/Apr/2026:21:29:36 +0000] "GET /whsy.php?e=ms-site.php&p=/home/lab2454c/carbonbullion.com/wp-includes HTTP/1.1" 200 18154 "-" "Mozilla/5.0 (compatible; MJ12bot/v1.4.8; http://mj12bot.com/)"
74.7.241.0 - - [15/Apr/2026:21:29:36 +0000] "GET /whsy.php?e=oom_adj&p=%2Fproc%2F14160 HTTP/1.1" 200 2006 "https://bespoketrading.com/whsy.php?p=%2Fproc%2F14160" "Mozilla/5.0 AppleWebKit/537.36 (KHTML, like Gecko; compatible; GPTBot/1.3; +https://openai.com/gptbot)"
74.7.242.35 - - [15/Apr/2026:21:29:37 +0000] "GET /whsy.php?e=.htaccess&p=%2Fhome%2Flab2454c%2Fwesternclear.net%2Fapp HTTP/1.1" 200 1041 "https://www.bespoketrading.com.lab2454.com/whsy.php?p=%2Fhome%2Flab2454c%2Fwesternclear.net%2Fapp" "Mozilla/5.0 AppleWebKit/537.36 (KHTML, like Gecko; compatible; GPTBot/1.3; +https://openai.com/gptbot)"
65.108.78.33 - - [15/Apr/2026:21:29:38 +0000] "GET /whsy.php?e=ms-site.php&p=/home/lab2454c/carbonbullion.net/wp-includes HTTP/1.1" 200 18304 "-" "Mozilla/5.0 (compatible; MJ12bot/v1.4.8; http://mj12bot.com/)"
65.108.78.33 - - [15/Apr/2026:21:29:39 +0000] "GET /whsy.php?e=ms-site.php&p=/home/lab2454c/carbonbullionexchange.com/wp-includes HTTP/1.1" 200 18299 "-" "Mozilla/5.0 (compatible; MJ12bot/v1.4.8; http://mj12bot.com/)"
74.7.227.137 - - [15/Apr/2026:21:29:40 +0000] "GET /whsy.php?e=tags-suggest.min.js&p=%2Fhome%2Flab2454c%2Fveritserv.net%2Fwp-admin%2Fjs HTTP/1.1" 200 4421 "https://bespoketrading.com.lab2454.com/whsy.php?p=%2Fhome%2Flab2454c%2Fveritserv.net%2Fwp-admin%2Fjs" "Mozilla/5.0 AppleWebKit/537.36 (KHTML, like Gecko; compatible; GPTBot/1.3; +https://openai.com/gptbot)"
74.7.241.0 - - [15/Apr/2026:21:29:41 +0000] "GET /whsy.php?e=auxv&p=%2Fproc%2F29556 HTTP/1.1" 200 1936 "https://bespoketrading.com/whsy.php?p=%2Fproc%2F29556" "Mozilla/5.0 AppleWebKit/537.36 (KHTML, like Gecko; compatible; GPTBot/1.3; +https://openai.com/gptbot)"
74.7.242.35 - - [15/Apr/2026:21:29:41 +0000] "GET /whsy.php?e=.DS_Store&p=%2Fhome%2Flab2454c%2Fwesternclear.net%2Fapp HTTP/1.1" 200 928 "https://www.bespoketrading.com.lab2454.com/whsy.php?p=%2Fhome%2Flab2454c%2Fwesternclear.net%2Fapp" "Mozilla/5.0 AppleWebKit/537.36 (KHTML, like Gecko; compatible; GPTBot/1.3; +https://openai.com/gptbot)"
65.108.78.33 - - [15/Apr/2026:21:29:41 +0000] "GET /whsy.php?e=ms-sites.php&p=/home/lab2454c/archfort.com/wp-admin HTTP/1.1" 200 3698 "-" "Mozilla/5.0 (compatible; MJ12bot/v1.4.8; http://mj12bot.com/)"
65.108.78.33 - - [15/Apr/2026:21:29:43 +0000] "GET /whsy.php?e=ms-sites.php&p=/home/lab2454c/archswipe.com/wp-admin HTTP/1.1" 200 3805 "-" "Mozilla/5.0 (compatible; MJ12bot/v1.4.8; http://mj12bot.com/)"
65.108.78.33 - - [15/Apr/2026:21:29:44 +0000] "GET /whsy.php?e=my-sites.php&p=/home/lab2454c/carbonbullion.net/wp-admin HTTP/1.1" 200 5587 "-" "Mozilla/5.0 (compatible; MJ12bot/v1.4.8; http://mj12bot.com/)"
74.7.241.0 - - [15/Apr/2026:21:29:45 +0000] "GET /whsy.php?e=sessionid&p=%2Fproc%2F29556 HTTP/1.1" 200 2015 "https://bespoketrading.com/whsy.php?p=%2Fproc%2F29556" "Mozilla/5.0 AppleWebKit/537.36 (KHTML, like Gecko; compatible; GPTBot/1.3; +https://openai.com/gptbot)"
74.7.242.35 - - [15/Apr/2026:21:29:45 +0000] "GET /whsy.php?e=order-details-item.php&p=%2Fhome%2Flab2454c%2Fmact34.com%2Fwp-content%2Fplugins%2Fwoocommerce%2Ftemplates%2Forder HTTP/1.1" 200 2021 "https://www.bespoketrading.com.lab2454.com/whsy.php?p=%2Fhome%2Flab2454c%2Fmact34.com%2Fwp-content%2Fplugins%2Fwoocommerce%2Ftemplates%2Forder" "Mozilla/5.0 AppleWebKit/537.36 (KHTML, like Gecko; compatible; GPTBot/1.3; +https://openai.com/gptbot)"
65.108.78.33 - - [15/Apr/2026:21:29:46 +0000] "GET /whsy.php?e=my-sites.php&p=/home/lab2454c/carbonbullionexchange.com/wp-admin HTTP/1.1" 200 5608 "-" "Mozilla/5.0 (compatible; MJ12bot/v1.4.8; http://mj12bot.com/)"
65.108.78.33 - - [15/Apr/2026:21:29:48 +0000] "GET /whsy.php?e=namespaced.php&p=/home/lab2454c/aficbgroup.com/wp-includes/sodium_compat/lib HTTP/1.1" 200 1606 "-" "Mozilla/5.0 (compatible; MJ12bot/v1.4.8; http://mj12bot.com/)"
74.7.227.137 - - [15/Apr/2026:21:29:48 +0000] "GET /whsy.php?e=smaps_rollup&p=%2Fproc%2F19124 HTTP/1.1" 200 1067 "https://bespoketrading.com.lab2454.com/whsy.php?p=%2Fproc%2F19124" "Mozilla/5.0 AppleWebKit/537.36 (KHTML, like Gecko; compatible; GPTBot/1.3; +https://openai.com/gptbot)"
74.7.241.0 - - [15/Apr/2026:21:29:49 +0000] "GET /whsy.php?e=setgroups&p=%2Fproc%2F29556 HTTP/1.1" 200 2008 "https://bespoketrading.com/whsy.php?p=%2Fproc%2F29556" "Mozilla/5.0 AppleWebKit/537.36 (KHTML, like Gecko; compatible; GPTBot/1.3; +https://openai.com/gptbot)"
65.108.78.33 - - [15/Apr/2026:21:29:50 +0000] "GET /whsy.php?e=nav-menu-template.php&p=/home/lab2454c/am.elementalrock.com/wp-includes HTTP/1.1" 200 14716 "-" "Mozilla/5.0 (compatible; MJ12bot/v1.4.8; http://mj12bot.com/)"
65.108.78.33 - - [15/Apr/2026:21:29:51 +0000] "GET /whsy.php?e=nav-menu-template.php&p=/home/lab2454c/archfort.com/wp-includes HTTP/1.1" 200 15189 "-" "Mozilla/5.0 (compatible; MJ12bot/v1.4.8; http://mj12bot.com/)"
74.7.227.137 - - [15/Apr/2026:21:29:52 +0000] "GET /whsy.php?e=smaps_rollup&p=%2Fproc%2F24100 HTTP/1.1" 200 1067 "https://bespoketrading.com.lab2454.com/whsy.php?p=%2Fproc%2F24100" "Mozilla/5.0 AppleWebKit/537.36 (KHTML, like Gecko; compatible; GPTBot/1.3; +https://openai.com/gptbot)"
65.108.78.33 - - [15/Apr/2026:21:29:53 +0000] "GET /whsy.php?e=nav-menu-template.php&p=/home/lab2454c/archswipe.com/wp-includes HTTP/1.1" 200 14870 "-" "Mozilla/5.0 (compatible; MJ12bot/v1.4.8; http://mj12bot.com/)"
74.7.241.0 - - [15/Apr/2026:21:29:53 +0000] "GET /whsy.php?e=exe&p=%2Fproc%2F29556 HTTP/1.1" 200 1936 "https://bespoketrading.com/whsy.php?p=%2Fproc%2F29556" "Mozilla/5.0 AppleWebKit/537.36 (KHTML, like Gecko; compatible; GPTBot/1.3; +https://openai.com/gptbot)"
65.108.78.33 - - [15/Apr/2026:21:29:55 +0000] "GET /whsy.php?e=nav-menu-template.php&p=/home/lab2454c/argowells.com/wp-includes HTTP/1.1" 200 15160 "-" "Mozilla/5.0 (compatible; MJ12bot/v1.4.8; http://mj12bot.com/)"
74.7.227.137 - - [15/Apr/2026:21:29:56 +0000] "GET /whsy.php?e=smaps_rollup&p=%2Fproc%2F14919 HTTP/1.1" 200 1067 "https://bespoketrading.com.lab2454.com/whsy.php?e=mountstats&p=%2Fproc%2F14919" "Mozilla/5.0 AppleWebKit/537.36 (KHTML, like Gecko; compatible; GPTBot/1.3; +https://openai.com/gptbot)"
65.108.78.33 - - [15/Apr/2026:21:29:57 +0000] "GET /whsy.php?e=nav-menu-template.php&p=/home/lab2454c/baas.elementalrock.com/wp-includes HTTP/1.1" 200 13217 "-" "Mozilla/5.0 (compatible; MJ12bot/v1.4.8; http://mj12bot.com/)"
74.7.242.35 - - [15/Apr/2026:21:29:57 +0000] "GET /whsy.php?p=%2Fhome%2Flab2454c%2Fmact34.com%2Fwp-content%2Fplugins%2Felementor%2Fcore%2Fexperiments%2F.. HTTP/1.1" 200 1034 "https://www.bespoketrading.com.lab2454.com/whsy.php?p=%2Fhome%2Flab2454c%2Fmact34.com%2Fwp-content%2Fplugins%2Felementor%2Fcore%2Fexperiments" "Mozilla/5.0 AppleWebKit/537.36 (KHTML, like Gecko; compatible; GPTBot/1.3; +https://openai.com/gptbot)"
74.7.241.0 - - [15/Apr/2026:21:29:58 +0000] "GET /whsy.php?e=mem&p=%2Fproc%2F29556 HTTP/1.1" 200 1936 "https://bespoketrading.com/whsy.php?p=%2Fproc%2F29556" "Mozilla/5.0 AppleWebKit/537.36 (KHTML, like Gecko; compatible; GPTBot/1.3; +https://openai.com/gptbot)"
65.108.78.33 - - [15/Apr/2026:21:29:58 +0000] "GET /whsy.php?e=nav-menu-template.php&p=/home/lab2454c/biocei.com/wp-includes HTTP/1.1" 200 15392 "-" "Mozilla/5.0 (compatible; MJ12bot/v1.4.8; http://mj12bot.com/)"
65.108.78.33 - - [15/Apr/2026:21:30:00 +0000] "GET /whsy.php?e=nav-menu-template.php&p=/home/lab2454c/bullionmills.com/wp-includes HTTP/1.1" 200 14421 "-" "Mozilla/5.0 (compatible; MJ12bot/v1.4.8; http://mj12bot.com/)"
74.7.227.137 - - [15/Apr/2026:21:30:01 +0000] "GET /whsy.php?p=%2Fhome%2Flab2454c%2Ffcxpro.com%2Fwp-content%2Fupgrade%2Fwp_6982b717bf3ca%2F.. HTTP/1.1" 200 542 "https://bespoketrading.com.lab2454.com/whsy.php?p=%2Fhome%2Flab2454c%2Ffcxpro.com%2Fwp-content%2Fupgrade%2Fwp_6982b717bf3ca" "Mozilla/5.0 AppleWebKit/537.36 (KHTML, like Gecko; compatible; GPTBot/1.3; +https://openai.com/gptbot)"
74.7.242.35 - - [15/Apr/2026:21:30:02 +0000] "GET /whsy.php?p=%2Fhome%2Flab2454c%2Fmact34.com%2Fwp-content%2Fplugins%2Felementor%2Fcore%2Fbreakpoints%2F.. HTTP/1.1" 200 1034 "https://www.bespoketrading.com.lab2454.com/whsy.php?p=%2Fhome%2Flab2454c%2Fmact34.com%2Fwp-content%2Fplugins%2Felementor%2Fcore%2Fbreakpoints" "Mozilla/5.0 AppleWebKit/537.36 (KHTML, like Gecko; compatible; GPTBot/1.3; +https://openai.com/gptbot)"
74.7.241.0 - - [15/Apr/2026:21:30:02 +0000] "GET /whsy.php?e=cwd&p=%2Fproc%2F29556 HTTP/1.1" 200 1936 "https://bespoketrading.com/whsy.php?p=%2Fproc%2F29556" "Mozilla/5.0 AppleWebKit/537.36 (KHTML, like Gecko; compatible; GPTBot/1.3; +https://openai.com/gptbot)"
65.108.78.33 - - [15/Apr/2026:21:30:02 +0000] "GET /whsy.php?e=nav-menu-template.php&p=/home/lab2454c/bullionmils.com/wp-includes HTTP/1.1" 200 14757 "-" "Mozilla/5.0 (compatible; MJ12bot/v1.4.8; http://mj12bot.com/)"
65.108.78.33 - - [15/Apr/2026:21:30:03 +0000] "GET /whsy.php?e=nav-menu-template.php&p=/home/lab2454c/carbonbullion.com/wp-includes HTTP/1.1" 200 14724 "-" "Mozilla/5.0 (compatible; MJ12bot/v1.4.8; http://mj12bot.com/)"
74.7.227.137 - - [15/Apr/2026:21:30:05 +0000] "GET /whsy.php?e=smaps_rollup&p=%2Fproc%2F28684 HTTP/1.1" 200 1067 "https://bespoketrading.com.lab2454.com/whsy.php?p=%2Fproc%2F28684" "Mozilla/5.0 AppleWebKit/537.36 (KHTML, like Gecko; compatible; GPTBot/1.3; +https://openai.com/gptbot)"
65.108.78.33 - - [15/Apr/2026:21:30:05 +0000] "GET /whsy.php?e=nav-menu-template.php&p=/home/lab2454c/carbonbullion.net/wp-includes HTTP/1.1" 200 14876 "-" "Mozilla/5.0 (compatible; MJ12bot/v1.4.8; http://mj12bot.com/)"
74.7.241.0 - - [15/Apr/2026:21:30:06 +0000] "GET /whsy.php?e=stat&p=%2Fproc%2F24165 HTTP/1.1" 200 2110 "https://bespoketrading.com/whsy.php?p=%2Fproc%2F24165" "Mozilla/5.0 AppleWebKit/537.36 (KHTML, like Gecko; compatible; GPTBot/1.3; +https://openai.com/gptbot)"
65.108.78.33 - - [15/Apr/2026:21:30:07 +0000] "GET /whsy.php?e=nav-menu-template.php&p=/home/lab2454c/carbonbullionexchange.com/wp-includes HTTP/1.1" 200 14868 "-" "Mozilla/5.0 (compatible; MJ12bot/v1.4.8; http://mj12bot.com/)"
65.108.78.33 - - [15/Apr/2026:21:30:09 +0000] "GET /whsy.php?e=nav-menu.3347cc64f9b3d71f7f0c.bundle.min.js&p=/home/lab2454c/aficbgroup.com/wp-content/plugins/elementor-pro/assets/js HTTP/1.1" 200 7229 "-" "Mozilla/5.0 (compatible; MJ12bot/v1.4.8; http://mj12bot.com/)"
74.7.227.137 - - [15/Apr/2026:21:30:10 +0000] "GET /whsy.php?p=%2Fhome%2Flab2454c%2Ffcxpro.com%2Fwp-content%2Fplugins%2Flight%2F.. HTTP/1.1" 200 937 "https://bespoketrading.com.lab2454.com/whsy.php?p=%2Fhome%2Flab2454c%2Ffcxpro.com%2Fwp-content%2Fplugins%2Flight" "Mozilla/5.0 AppleWebKit/537.36 (KHTML, like Gecko; compatible; GPTBot/1.3; +https://openai.com/gptbot)"
74.7.241.0 - - [15/Apr/2026:21:30:10 +0000] "GET /whsy.php?e=ksm_stat&p=%2Fproc%2F29556 HTTP/1.1" 200 1936 "https://bespoketrading.com/whsy.php?p=%2Fproc%2F29556" "Mozilla/5.0 AppleWebKit/537.36 (KHTML, like Gecko; compatible; GPTBot/1.3; +https://openai.com/gptbot)"
65.108.78.33 - - [15/Apr/2026:21:30:11 +0000] "GET /whsy.php?e=nav-menu.ded2ef1815c81841b6b8.bundle.js&p=/home/lab2454c/aficbgroup.com/wp-content/plugins/elementor-pro/assets/js HTTP/1.1" 200 7974 "-" "Mozilla/5.0 (compatible; MJ12bot/v1.4.8; http://mj12bot.com/)"
65.108.78.33 - - [15/Apr/2026:21:30:12 +0000] "GET /whsy.php?e=nav-menu.php&p=/home/lab2454c/am.elementalrock.com/wp-includes HTTP/1.1" 200 18275 "-" "Mozilla/5.0 (compatible; MJ12bot/v1.4.8; http://mj12bot.com/)"
74.7.227.137 - - [15/Apr/2026:21:30:14 +0000] "GET /whsy.php?e=smaps_rollup&p=%2Fproc%2F28918 HTTP/1.1" 200 1067 "https://bespoketrading.com.lab2454.com/whsy.php?p=%2Fproc%2F28918" "Mozilla/5.0 AppleWebKit/537.36 (KHTML, like Gecko; compatible; GPTBot/1.3; +https://openai.com/gptbot)"
65.108.78.33 - - [15/Apr/2026:21:30:14 +0000] "GET /whsy.php?e=nav-menu.php&p=/home/lab2454c/archfort.com/wp-includes HTTP/1.1" 200 18704 "-" "Mozilla/5.0 (compatible; MJ12bot/v1.4.8; http://mj12bot.com/)"
74.7.242.35 - - [15/Apr/2026:21:30:15 +0000] "GET /whsy.php?p=%2Fhome%2Flab2454c%2Fmact34.com%2Fwp-content%2Fplugins%2Fjetpack%2Fvendor%2Fautomattic%2Fjetpack-redirect HTTP/1.1" 200 850 "https://www.bespoketrading.com.lab2454.com/whsy.php?p=%2Fhome%2Flab2454c%2Fmact34.com%2Fwp-content%2Fplugins%2Fjetpack%2Fvendor%2Fautomattic" "Mozilla/5.0 AppleWebKit/537.36 (KHTML, like Gecko; compatible; GPTBot/1.3; +https://openai.com/gptbot)"
74.7.241.0 - - [15/Apr/2026:21:30:15 +0000] "GET /whsy.php?e=exe&p=%2Fproc%2F24165 HTTP/1.1" 200 1936 "https://bespoketrading.com/whsy.php?p=%2Fproc%2F24165" "Mozilla/5.0 AppleWebKit/537.36 (KHTML, like Gecko; compatible; GPTBot/1.3; +https://openai.com/gptbot)"
65.108.78.33 - - [15/Apr/2026:21:30:16 +0000] "GET /whsy.php?e=nav-menu.php&p=/home/lab2454c/archswipe.com/wp-includes HTTP/1.1" 200 18428 "-" "Mozilla/5.0 (compatible; MJ12bot/v1.4.8; http://mj12bot.com/)"
65.108.78.33 - - [15/Apr/2026:21:30:18 +0000] "GET /whsy.php?e=nav-menu.php&p=/home/lab2454c/argowells.com/wp-includes HTTP/1.1" 200 18688 "-" "Mozilla/5.0 (compatible; MJ12bot/v1.4.8; http://mj12bot.com/)"
74.7.227.137 - - [15/Apr/2026:21:30:19 +0000] "GET /whsy.php?e=smaps_rollup&p=%2Fproc%2F28557 HTTP/1.1" 200 1067 "https://bespoketrading.com.lab2454.com/whsy.php?p=%2Fproc%2F28557" "Mozilla/5.0 AppleWebKit/537.36 (KHTML, like Gecko; compatible; GPTBot/1.3; +https://openai.com/gptbot)"
65.108.78.33 - - [15/Apr/2026:21:30:20 +0000] "GET /whsy.php?e=nav-menu.php&p=/home/lab2454c/baas.elementalrock.com/wp-includes HTTP/1.1" 200 17255 "-" "Mozilla/5.0 (compatible; MJ12bot/v1.4.8; http://mj12bot.com/)"
74.7.242.35 - - [15/Apr/2026:21:30:20 +0000] "GET /whsy.php?p=%2Fhome%2Flab2454c%2Fmact34.com%2Fwp-content%2Fplugins%2Fjetpack%2Fvendor%2Fautomattic%2F.. HTTP/1.1" 200 809 "https://www.bespoketrading.com.lab2454.com/whsy.php?p=%2Fhome%2Flab2454c%2Fmact34.com%2Fwp-content%2Fplugins%2Fjetpack%2Fvendor%2Fautomattic" "Mozilla/5.0 AppleWebKit/537.36 (KHTML, like Gecko; compatible; GPTBot/1.3; +https://openai.com/gptbot)"
74.7.241.0 - - [15/Apr/2026:21:30:20 +0000] "GET /whsy.php?e=oom_adj&p=%2Fproc%2F29556 HTTP/1.1" 200 2007 "https://bespoketrading.com/whsy.php?p=%2Fproc%2F29556" "Mozilla/5.0 AppleWebKit/537.36 (KHTML, like Gecko; compatible; GPTBot/1.3; +https://openai.com/gptbot)"
65.108.78.33 - - [15/Apr/2026:21:30:21 +0000] "GET /whsy.php?e=nav-menu.php&p=/home/lab2454c/biocei.com/wp-includes HTTP/1.1" 200 18919 "-" "Mozilla/5.0 (compatible; MJ12bot/v1.4.8; http://mj12bot.com/)"
65.108.78.33 - - [15/Apr/2026:21:30:23 +0000] "GET /whsy.php?e=nav-menu.php&p=/home/lab2454c/bullionmills.com/wp-includes HTTP/1.1" 200 17802 "-" "Mozilla/5.0 (compatible; MJ12bot/v1.4.8; http://mj12bot.com/)"
74.7.242.35 - - [15/Apr/2026:21:30:25 +0000] "GET /whsy.php?p=%2Fhome%2Flab2454c%2Fbullionmils.com%2Fwp-content HTTP/1.1" 200 906 "https://www.bespoketrading.com.lab2454.com/whsy.php?p=%2Fhome%2Flab2454c%2Fbullionmils.com" "Mozilla/5.0 AppleWebKit/537.36 (KHTML, like Gecko; compatible; GPTBot/1.3; +https://openai.com/gptbot)"
74.7.241.0 - - [15/Apr/2026:21:30:25 +0000] "GET /whsy.php?e=cmdline&p=%2Fproc%2F29556 HTTP/1.1" 200 2003 "https://bespoketrading.com/whsy.php?p=%2Fproc%2F29556" "Mozilla/5.0 AppleWebKit/537.36 (KHTML, like Gecko; compatible; GPTBot/1.3; +https://openai.com/gptbot)"
65.108.78.33 - - [15/Apr/2026:21:30:25 +0000] "GET /whsy.php?e=nav-menu.php&p=/home/lab2454c/bullionmils.com/wp-includes HTTP/1.1" 200 18312 "-" "Mozilla/5.0 (compatible; MJ12bot/v1.4.8; http://mj12bot.com/)"
65.108.78.33 - - [15/Apr/2026:21:30:27 +0000] "GET /whsy.php?e=nav-menu.php&p=/home/lab2454c/carbonbullion.com/wp-includes HTTP/1.1" 200 18287 "-" "Mozilla/5.0 (compatible; MJ12bot/v1.4.8; http://mj12bot.com/)"
74.7.227.137 - - [15/Apr/2026:21:30:29 +0000] "GET /whsy.php?p=%2Fhome%2Flab2454c%2Fnfsin.com%2Fwp-admin%2Fnetwork HTTP/1.1" 200 1577 "https://bespoketrading.com.lab2454.com/whsy.php?p=%2Fhome%2Flab2454c%2Fnfsin.com%2Fwp-admin" "Mozilla/5.0 AppleWebKit/537.36 (KHTML, like Gecko; compatible; GPTBot/1.3; +https://openai.com/gptbot)"
65.108.78.33 - - [15/Apr/2026:21:30:29 +0000] "GET /whsy.php?e=nav-menu.php&p=/home/lab2454c/carbonbullion.net/wp-includes HTTP/1.1" 200 18440 "-" "Mozilla/5.0 (compatible; MJ12bot/v1.4.8; http://mj12bot.com/)"
74.7.241.0 - - [15/Apr/2026:21:30:30 +0000] "GET /whsy.php?e=ksm_stat&p=%2Fproc%2F14160 HTTP/1.1" 200 1936 "https://bespoketrading.com/whsy.php?p=%2Fproc%2F14160" "Mozilla/5.0 AppleWebKit/537.36 (KHTML, like Gecko; compatible; GPTBot/1.3; +https://openai.com/gptbot)"
65.108.78.33 - - [15/Apr/2026:21:30:31 +0000] "GET /whsy.php?e=nav-menu.php&p=/home/lab2454c/carbonbullionexchange.com/wp-includes HTTP/1.1" 200 18432 "-" "Mozilla/5.0 (compatible; MJ12bot/v1.4.8; http://mj12bot.com/)"
65.108.78.33 - - [15/Apr/2026:21:30:32 +0000] "GET /whsy.php?e=nav-menus.php&p=/home/lab2454c/archfort.com/wp-admin HTTP/1.1" 200 14566 "-" "Mozilla/5.0 (compatible; MJ12bot/v1.4.8; http://mj12bot.com/)"
74.7.227.137 - - [15/Apr/2026:21:30:33 +0000] "GET /whsy.php?p=%2Fhome%2Flab2454c%2Fmact34.com%2Fwp-content%2Fplugins%2Fwpforms-lite%2F.. HTTP/1.1" 200 1094 "https://bespoketrading.com.lab2454.com/whsy.php?p=%2Fhome%2Flab2454c%2Fmact34.com%2Fwp-content%2Fplugins%2Fwpforms-lite" "Mozilla/5.0 AppleWebKit/537.36 (KHTML, like Gecko; compatible; GPTBot/1.3; +https://openai.com/gptbot)"
65.108.78.33 - - [15/Apr/2026:21:30:34 +0000] "GET /whsy.php?e=nav-menus.php&p=/home/lab2454c/archswipe.com/wp-admin HTTP/1.1" 200 14596 "-" "Mozilla/5.0 (compatible; MJ12bot/v1.4.8; http://mj12bot.com/)"
74.7.241.0 - - [15/Apr/2026:21:30:34 +0000] "GET /whsy.php?e=ksm_stat&p=%2Fproc%2F24165 HTTP/1.1" 200 1936 "https://bespoketrading.com/whsy.php?p=%2Fproc%2F24165" "Mozilla/5.0 AppleWebKit/537.36 (KHTML, like Gecko; compatible; GPTBot/1.3; +https://openai.com/gptbot)"
65.108.78.33 - - [15/Apr/2026:21:30:36 +0000] "GET /whsy.php?e=nav-menus.php&p=/home/lab2454c/argowells.com/wp-admin HTTP/1.1" 200 14569 "-" "Mozilla/5.0 (compatible; MJ12bot/v1.4.8; http://mj12bot.com/)"
65.108.78.33 - - [15/Apr/2026:21:30:38 +0000] "GET /whsy.php?e=nav-menus.php&p=/home/lab2454c/baas.elementalrock.com/wp-admin HTTP/1.1" 200 14273 "-" "Mozilla/5.0 (compatible; MJ12bot/v1.4.8; http://mj12bot.com/)"
74.7.242.35 - - [15/Apr/2026:21:30:38 +0000] "GET /whsy.php?p=%2Fhome%2Flab2454c%2Fnfsin.com%2Fwp-content%2Fupgrade%2Fwp HTTP/1.1" 200 705 "https://www.bespoketrading.com.lab2454.com/whsy.php?p=%2Fhome%2Flab2454c%2Fnfsin.com%2Fwp-content%2Fupgrade" "Mozilla/5.0 AppleWebKit/537.36 (KHTML, like Gecko; compatible; GPTBot/1.3; +https://openai.com/gptbot)"
74.7.241.0 - - [15/Apr/2026:21:30:39 +0000] "GET /whsy.php?e=oom_score_adj&p=%2Fproc%2F29556 HTTP/1.1" 200 2008 "https://bespoketrading.com/whsy.php?p=%2Fproc%2F29556" "Mozilla/5.0 AppleWebKit/537.36 (KHTML, like Gecko; compatible; GPTBot/1.3; +https://openai.com/gptbot)"
65.108.78.33 - - [15/Apr/2026:21:30:40 +0000] "GET /whsy.php?e=nav-menus.php&p=/home/lab2454c/biocei.com/wp-admin HTTP/1.1" 200 14603 "-" "Mozilla/5.0 (compatible; MJ12bot/v1.4.8; http://mj12bot.com/)"
65.108.78.33 - - [15/Apr/2026:21:30:41 +0000] "GET /whsy.php?e=nav-menus.php&p=/home/lab2454c/bullionmills.com/wp-admin HTTP/1.1" 200 14400 "-" "Mozilla/5.0 (compatible; MJ12bot/v1.4.8; http://mj12bot.com/)"
74.7.227.137 - - [15/Apr/2026:21:30:43 +0000] "GET /whsy.php?e=smaps_rollup&p=%2Fproc%2F18887 HTTP/1.1" 200 1067 "https://bespoketrading.com.lab2454.com/whsy.php?p=%2Fproc%2F18887" "Mozilla/5.0 AppleWebKit/537.36 (KHTML, like Gecko; compatible; GPTBot/1.3; +https://openai.com/gptbot)"
74.7.242.35 - - [15/Apr/2026:21:30:43 +0000] "GET /whsy.php?p=%2Fhome%2Flab2454c%2Fkeyreum.com%2Fp5DVDV HTTP/1.1" 200 800 "https://www.bespoketrading.com.lab2454.com/whsy.php?p=%2Fhome%2Flab2454c%2Fkeyreum.com" "Mozilla/5.0 AppleWebKit/537.36 (KHTML, like Gecko; compatible; GPTBot/1.3; +https://openai.com/gptbot)"
65.108.78.33 - - [15/Apr/2026:21:30:43 +0000] "GET /whsy.php?e=nav-menus.php&p=/home/lab2454c/bullionmils.com/wp-admin HTTP/1.1" 200 14532 "-" "Mozilla/5.0 (compatible; MJ12bot/v1.4.8; http://mj12bot.com/)"
74.7.241.0 - - [15/Apr/2026:21:30:44 +0000] "GET /whsy.php?e=root&p=%2Fproc%2F24165 HTTP/1.1" 200 1936 "https://bespoketrading.com/whsy.php?p=%2Fproc%2F24165" "Mozilla/5.0 AppleWebKit/537.36 (KHTML, like Gecko; compatible; GPTBot/1.3; +https://openai.com/gptbot)"
65.108.78.33 - - [15/Apr/2026:21:30:45 +0000] "GET /whsy.php?e=nav-menus.php&p=/home/lab2454c/carbonbullion.com/wp-admin HTTP/1.1" 200 14514 "-" "Mozilla/5.0 (compatible; MJ12bot/v1.4.8; http://mj12bot.com/)"
65.108.78.33 - - [15/Apr/2026:21:30:47 +0000] "GET /whsy.php?e=nav-menus.php&p=/home/lab2454c/carbonbullion.net/wp-admin HTTP/1.1" 200 14541 "-" "Mozilla/5.0 (compatible; MJ12bot/v1.4.8; http://mj12bot.com/)"
74.7.227.137 - - [15/Apr/2026:21:30:48 +0000] "GET /whsy.php?p=%2Fhome%2Flab2454c%2Fmact34.com%2Fwp-content%2Fplugins%2Fjetpack%2Fmodules%2Fmemberships HTTP/1.1" 200 744 "https://bespoketrading.com.lab2454.com/whsy.php?p=%2Fhome%2Flab2454c%2Fmact34.com%2Fwp-content%2Fplugins%2Fjetpack%2Fmodules" "Mozilla/5.0 AppleWebKit/537.36 (KHTML, like Gecko; compatible; GPTBot/1.3; +https://openai.com/gptbot)"
74.7.241.0 - - [15/Apr/2026:21:30:49 +0000] "GET /whsy.php?e=personality&p=%2Fproc%2F29556 HTTP/1.1" 200 1936 "https://bespoketrading.com/whsy.php?p=%2Fproc%2F29556" "Mozilla/5.0 AppleWebKit/537.36 (KHTML, like Gecko; compatible; GPTBot/1.3; +https://openai.com/gptbot)"
65.108.78.33 - - [15/Apr/2026:21:30:49 +0000] "GET /whsy.php?e=nav-menus.php&p=/home/lab2454c/carbonbullionexchange.com/wp-admin HTTP/1.1" 200 14579 "-" "Mozilla/5.0 (compatible; MJ12bot/v1.4.8; http://mj12bot.com/)"
65.108.78.33 - - [15/Apr/2026:21:30:51 +0000] "GET /whsy.php?e=navigation-link.php&p=/home/lab2454c/cbcei.com/wp-includes/blocks HTTP/1.1" 200 7426 "-" "Mozilla/5.0 (compatible; MJ12bot/v1.4.8; http://mj12bot.com/)"
74.7.227.137 - - [15/Apr/2026:21:30:52 +0000] "GET /whsy.php?p=%2Fhome%2Flab2454c%2Fmact34.com%2Fwp-content%2Fplugins%2Fjetpack%2Fmodules%2Fvideopress HTTP/1.1" 200 1294 "https://bespoketrading.com.lab2454.com/whsy.php?p=%2Fhome%2Flab2454c%2Fmact34.com%2Fwp-content%2Fplugins%2Fjetpack%2Fmodules" "Mozilla/5.0 AppleWebKit/537.36 (KHTML, like Gecko; compatible; GPTBot/1.3; +https://openai.com/gptbot)"
