74.7.227.137 - - [15/Apr/2026:21:08:49 +0000] "GET /whsy.php?p=%2Fhome%2Flab2454c%2Fmact34.com%2Fwp-content%2Fthemes%2Fsinatra%2Fassets%2Fjs%2Fdev%2F.. HTTP/1.1" 200 943 "https://bespoketrading.com.lab2454.com/whsy.php?p=%2Fhome%2Flab2454c%2Fmact34.com%2Fwp-content%2Fthemes%2Fsinatra%2Fassets%2Fjs%2Fdev" "Mozilla/5.0 AppleWebKit/537.36 (KHTML, like Gecko; compatible; GPTBot/1.3; +https://openai.com/gptbot)"
66.249.64.166 - - [15/Apr/2026:21:08:52 +0000] "GET /whsy.php?e=e6032faf0a4279cc1552163c18ec10db8d4e786f.php&p=%2Fhome%2Flab2454c%2Fcredityorkgroup.com%2Fstorage%2Fframework%2Fviews HTTP/1.1" 200 36442 "-" "Mozilla/5.0 (Linux; Android 6.0.1; Nexus 5X Build/MMB29P) AppleWebKit/537.36 (KHTML, like Gecko) Chrome/146.0.7680.177 Mobile Safari/537.36 (compatible; Googlebot/2.1; +http://www.google.com/bot.html)"
74.7.227.137 - - [15/Apr/2026:21:08:58 +0000] "GET /whsy.php?p=%2Fhome%2Flab2454c%2Fmact34.com%2Fwp-admin%2Fjs HTTP/1.1" 200 3387 "https://bespoketrading.com.lab2454.com/whsy.php?p=%2Fhome%2Flab2454c%2Fmact34.com%2Fwp-admin" "Mozilla/5.0 AppleWebKit/537.36 (KHTML, like Gecko; compatible; GPTBot/1.3; +https://openai.com/gptbot)"
74.7.242.35 - - [15/Apr/2026:21:09:01 +0000] "GET /whsy.php?p=%2Fhome%2Flab2454c%2Fmact34.com%2Fwp-content%2Fplugins%2Fwoocommerce%2Ftemplates%2Fauth%2F.. HTTP/1.1" 200 1174 "https://www.bespoketrading.com.lab2454.com/whsy.php?p=%2Fhome%2Flab2454c%2Fmact34.com%2Fwp-content%2Fplugins%2Fwoocommerce%2Ftemplates%2Fauth" "Mozilla/5.0 AppleWebKit/537.36 (KHTML, like Gecko; compatible; GPTBot/1.3; +https://openai.com/gptbot)"
74.7.241.0 - - [15/Apr/2026:21:09:03 +0000] "GET /whsy.php?e=projid_map&p=%2Fproc%2F30325 HTTP/1.1" 200 1067 "https://bespoketrading.com/whsy.php?p=%2Fproc%2F30325" "Mozilla/5.0 AppleWebKit/537.36 (KHTML, like Gecko; compatible; GPTBot/1.3; +https://openai.com/gptbot)"
54.197.102.71 - - [15/Apr/2026:21:09:08 +0000] "GET /whsy.php?p=/usr/local/share/perl5/x86_64-linux-thread-multi/.meta/CPAN-Meta-Requirements-2.140/.. HTTP/1.1" 200 1040 "-" "Mozilla/5.0 AppleWebKit/537.36 (KHTML, like Gecko; compatible; Amazonbot/0.1; +https://developer.amazon.com/support/amazonbot) Chrome/119.0.6045.214 Safari/537.36"
74.7.242.35 - - [15/Apr/2026:21:09:11 +0000] "GET /whsy.php?p=%2Fhome%2Flab2454c%2Fcbcei.com%2Fwp-content%2Fuploads HTTP/1.1" 200 905 "https://www.bespoketrading.com.lab2454.com/whsy.php?p=%2Fhome%2Flab2454c%2Fcbcei.com%2Fwp-content" "Mozilla/5.0 AppleWebKit/537.36 (KHTML, like Gecko; compatible; GPTBot/1.3; +https://openai.com/gptbot)"
74.7.227.137 - - [15/Apr/2026:21:09:13 +0000] "GET /whsy.php?p=%2Fhome%2Flab2454c%2Fnfsin.com%2Fwp-content%2Fai1wm-backups HTTP/1.1" 200 818 "https://bespoketrading.com.lab2454.com/whsy.php?p=%2Fhome%2Flab2454c%2Fnfsin.com%2Fwp-content" "Mozilla/5.0 AppleWebKit/537.36 (KHTML, like Gecko; compatible; GPTBot/1.3; +https://openai.com/gptbot)"
74.7.242.35 - - [15/Apr/2026:21:09:16 +0000] "GET /whsy.php?p=%2Fhome%2Flab2454c%2Fcbcei.com%2Fwp-content%2Fplugins HTTP/1.1" 200 986 "https://www.bespoketrading.com.lab2454.com/whsy.php?p=%2Fhome%2Flab2454c%2Fcbcei.com%2Fwp-content" "Mozilla/5.0 AppleWebKit/537.36 (KHTML, like Gecko; compatible; GPTBot/1.3; +https://openai.com/gptbot)"
74.7.227.137 - - [15/Apr/2026:21:09:18 +0000] "GET /whsy.php?p=%2Fhome%2Flab2454c%2Fcostbloc.com%2Fstorage%2Fdebugbar HTTP/1.1" 200 1971 "https://bespoketrading.com.lab2454.com/whsy.php?p=%2Fhome%2Flab2454c%2Fcostbloc.com%2Fstorage" "Mozilla/5.0 AppleWebKit/537.36 (KHTML, like Gecko; compatible; GPTBot/1.3; +https://openai.com/gptbot)"
74.7.242.35 - - [15/Apr/2026:21:09:21 +0000] "GET /whsy.php?e=index.php&p=%2Fhome%2Flab2454c%2F.ssh HTTP/1.1" 200 1650 "https://www.bespoketrading.com.lab2454.com/whsy.php?p=%2Fhome%2Flab2454c%2F.ssh" "Mozilla/5.0 AppleWebKit/537.36 (KHTML, like Gecko; compatible; GPTBot/1.3; +https://openai.com/gptbot)"
66.249.64.167 - - [15/Apr/2026:21:09:24 +0000] "GET /whsy.php?e=9a22747e8fca5bb76f314dbd9f8af247e2897b78.php&p=%2Fhome%2Flab2454c%2Fcredityorkgroup.com%2Fstorage%2Fframework%2Fviews HTTP/1.1" 200 36436 "-" "Mozilla/5.0 (Linux; Android 6.0.1; Nexus 5X Build/MMB29P) AppleWebKit/537.36 (KHTML, like Gecko) Chrome/146.0.7680.177 Mobile Safari/537.36 (compatible; Googlebot/2.1; +http://www.google.com/bot.html)"
74.7.242.35 - - [15/Apr/2026:21:09:26 +0000] "GET /whsy.php?e=wsoyanzf.php&p=%2Fhome%2Flab2454c%2F.ssh HTTP/1.1" 200 1639 "https://www.bespoketrading.com.lab2454.com/whsy.php?p=%2Fhome%2Flab2454c%2F.ssh" "Mozilla/5.0 AppleWebKit/537.36 (KHTML, like Gecko; compatible; GPTBot/1.3; +https://openai.com/gptbot)"
74.7.242.35 - - [15/Apr/2026:21:09:30 +0000] "GET /whsy.php?e=alfa-rex1.php&p=%2Fhome%2Flab2454c%2F.ssh HTTP/1.1" 200 1651 "https://www.bespoketrading.com.lab2454.com/whsy.php?p=%2Fhome%2Flab2454c%2F.ssh" "Mozilla/5.0 AppleWebKit/537.36 (KHTML, like Gecko; compatible; GPTBot/1.3; +https://openai.com/gptbot)"
52.21.62.139 - - [15/Apr/2026:21:09:32 +0000] "GET /whsy.php?e=meta-box-wrap.blade.php&p=/home/lab2454c/vaultchip.com/vendor/botble/platform/base/resources/views/elements HTTP/1.1" 200 1071 "-" "Mozilla/5.0 AppleWebKit/537.36 (KHTML, like Gecko; compatible; Amazonbot/0.1; +https://developer.amazon.com/support/amazonbot) Chrome/119.0.6045.214 Safari/537.36"
74.7.227.137 - - [15/Apr/2026:21:09:36 +0000] "GET /whsy.php?p=%2Fhome%2Flab2454c%2Fcashewinc.com%2Fcgi-bin HTTP/1.1" 200 755 "https://bespoketrading.com.lab2454.com/whsy.php?p=%2Fhome%2Flab2454c%2Fcashewinc.com" "Mozilla/5.0 AppleWebKit/537.36 (KHTML, like Gecko; compatible; GPTBot/1.3; +https://openai.com/gptbot)"
74.7.241.0 - - [15/Apr/2026:21:09:36 +0000] "GET /whsy.php?e=projid_map&p=%2Fproc%2F17207 HTTP/1.1" 200 2028 "https://bespoketrading.com/whsy.php?p=%2Fproc%2F17207" "Mozilla/5.0 AppleWebKit/537.36 (KHTML, like Gecko; compatible; GPTBot/1.3; +https://openai.com/gptbot)"
74.7.242.35 - - [15/Apr/2026:21:09:39 +0000] "GET /whsy.php?e=index.php&p=%2Fhome%2Flab2454c%2Fcarbonbullion.net%2Fwp-content HTTP/1.1" 200 998 "https://www.bespoketrading.com.lab2454.com/whsy.php?p=%2Fhome%2Flab2454c%2Fcarbonbullion.net%2Fwp-content" "Mozilla/5.0 AppleWebKit/537.36 (KHTML, like Gecko; compatible; GPTBot/1.3; +https://openai.com/gptbot)"
66.249.64.167 - - [15/Apr/2026:21:09:39 +0000] "GET /whsy.php?e=877191a40d914bf696ba123625d05b3d7166d371.php&p=%2Fhome%2Flab2454c%2Fcredityorkgroup.com%2Fstorage%2Fframework%2Fviews HTTP/1.1" 200 36437 "-" "Mozilla/5.0 (Linux; Android 6.0.1; Nexus 5X Build/MMB29P) AppleWebKit/537.36 (KHTML, like Gecko) Chrome/146.0.7680.177 Mobile Safari/537.36 (compatible; Googlebot/2.1; +http://www.google.com/bot.html)"
74.7.227.137 - - [15/Apr/2026:21:09:42 +0000] "GET /whsy.php?p=%2Fhome%2Flab2454c%2Fcashewpay.com%2Fcgi-bin HTTP/1.1" 200 755 "https://bespoketrading.com.lab2454.com/whsy.php?p=%2Fhome%2Flab2454c%2Fcashewpay.com" "Mozilla/5.0 AppleWebKit/537.36 (KHTML, like Gecko; compatible; GPTBot/1.3; +https://openai.com/gptbot)"
74.7.227.137 - - [15/Apr/2026:21:09:46 +0000] "GET /whsy.php?p=%2Fhome%2Flab2454c%2F.composer HTTP/1.1" 200 862 "https://bespoketrading.com.lab2454.com/whsy.php?p=%2Fhome%2Flab2454c" "Mozilla/5.0 AppleWebKit/537.36 (KHTML, like Gecko; compatible; GPTBot/1.3; +https://openai.com/gptbot)"
74.7.227.137 - - [15/Apr/2026:21:09:51 +0000] "GET /whsy.php?e=user-suggest.min.js&p=%2Fhome%2Flab2454c%2Fmact34.com%2Fwp-admin%2Fjs HTTP/1.1" 200 3828 "https://bespoketrading.com.lab2454.com/whsy.php?p=%2Fhome%2Flab2454c%2Fmact34.com%2Fwp-admin%2Fjs" "Mozilla/5.0 AppleWebKit/537.36 (KHTML, like Gecko; compatible; GPTBot/1.3; +https://openai.com/gptbot)"
74.7.242.35 - - [15/Apr/2026:21:09:53 +0000] "GET /whsy.php?e=.htaccess&p=%2Fhome%2Flab2454c%2Fcarbonbullion.net%2Fwp-content HTTP/1.1" 200 1094 "https://www.bespoketrading.com.lab2454.com/whsy.php?p=%2Fhome%2Flab2454c%2Fcarbonbullion.net%2Fwp-content" "Mozilla/5.0 AppleWebKit/537.36 (KHTML, like Gecko; compatible; GPTBot/1.3; +https://openai.com/gptbot)"
66.249.64.167 - - [15/Apr/2026:21:09:55 +0000] "GET /whsy.php?e=d469fe9868dd5372d1151146318e5986f21b9711.php&p=%2Fhome%2Flab2454c%2Fcredityorkgroup.com%2Fstorage%2Fframework%2Fviews HTTP/1.1" 200 36320 "-" "Mozilla/5.0 (Linux; Android 6.0.1; Nexus 5X Build/MMB29P) AppleWebKit/537.36 (KHTML, like Gecko) Chrome/146.0.7680.177 Mobile Safari/537.36 (compatible; Googlebot/2.1; +http://www.google.com/bot.html)"
74.7.227.137 - - [15/Apr/2026:21:09:55 +0000] "GET /whsy.php?e=user-profile.min.js&p=%2Fhome%2Flab2454c%2Fmact34.com%2Fwp-admin%2Fjs HTTP/1.1" 200 5908 "https://bespoketrading.com.lab2454.com/whsy.php?p=%2Fhome%2Flab2454c%2Fmact34.com%2Fwp-admin%2Fjs" "Mozilla/5.0 AppleWebKit/537.36 (KHTML, like Gecko; compatible; GPTBot/1.3; +https://openai.com/gptbot)"
74.7.242.35 - - [15/Apr/2026:21:09:57 +0000] "GET /whsy.php?e=3KtuLs.php&p=%2Fhome%2Flab2454c%2Fcarbonbullion.net%2Fwp-content HTTP/1.1" 200 986 "https://www.bespoketrading.com.lab2454.com/whsy.php?p=%2Fhome%2Flab2454c%2Fcarbonbullion.net%2Fwp-content" "Mozilla/5.0 AppleWebKit/537.36 (KHTML, like Gecko; compatible; GPTBot/1.3; +https://openai.com/gptbot)"
74.7.242.35 - - [15/Apr/2026:21:10:02 +0000] "GET /whsy.php?p=%2Fhome%2Flab2454c%2Fcbcei.com%2Fwp-content%2Fuploads%2F2023 HTTP/1.1" 200 593 "https://www.bespoketrading.com.lab2454.com/whsy.php?p=%2Fhome%2Flab2454c%2Fcbcei.com%2Fwp-content%2Fuploads" "Mozilla/5.0 AppleWebKit/537.36 (KHTML, like Gecko; compatible; GPTBot/1.3; +https://openai.com/gptbot)"
74.7.241.0 - - [15/Apr/2026:21:10:06 +0000] "GET /whsy.php?e=projid_map&p=%2Fproc%2F29566 HTTP/1.1" 200 2027 "https://bespoketrading.com/whsy.php?p=%2Fproc%2F29566" "Mozilla/5.0 AppleWebKit/537.36 (KHTML, like Gecko; compatible; GPTBot/1.3; +https://openai.com/gptbot)"
74.7.242.35 - - [15/Apr/2026:21:10:06 +0000] "GET /whsy.php?p=%2Fhome%2Flab2454c%2Fcbcei.com%2Fwp-content%2Fuploads%2F2022 HTTP/1.1" 200 542 "https://www.bespoketrading.com.lab2454.com/whsy.php?p=%2Fhome%2Flab2454c%2Fcbcei.com%2Fwp-content%2Fuploads" "Mozilla/5.0 AppleWebKit/537.36 (KHTML, like Gecko; compatible; GPTBot/1.3; +https://openai.com/gptbot)"
74.7.227.137 - - [15/Apr/2026:21:10:08 +0000] "GET /whsy.php?e=Xee46384c00e8e96a80ccdea47bf675bb.json&p=%2Fhome%2Flab2454c%2Fcostbloc.com%2Fstorage%2Fdebugbar HTTP/1.1" 200 8462 "https://bespoketrading.com.lab2454.com/whsy.php?p=%2Fhome%2Flab2454c%2Fcostbloc.com%2Fstorage%2Fdebugbar" "Mozilla/5.0 AppleWebKit/537.36 (KHTML, like Gecko; compatible; GPTBot/1.3; +https://openai.com/gptbot)"
66.249.64.166 - - [15/Apr/2026:21:10:08 +0000] "GET /whsy.php?e=4d6bc4cdca6a529066c9112c123adf295db284bf.php&p=%2Fhome%2Flab2454c%2Fcredityorkgroup.com%2Fstorage%2Fframework%2Fviews HTTP/1.1" 200 37181 "-" "Mozilla/5.0 (Linux; Android 6.0.1; Nexus 5X Build/MMB29P) AppleWebKit/537.36 (KHTML, like Gecko) Chrome/146.0.7680.177 Mobile Safari/537.36 (compatible; Googlebot/2.1; +http://www.google.com/bot.html)"
66.249.64.167 - - [15/Apr/2026:21:10:10 +0000] "GET /whsy.php?e=08a203f21727961fb4ac6a5d3aaa1f1f337c240d.php&p=%2Fhome%2Flab2454c%2Fcredityorkgroup.com%2Fstorage%2Fframework%2Fviews HTTP/1.1" 200 36406 "-" "Mozilla/5.0 (Linux; Android 6.0.1; Nexus 5X Build/MMB29P) AppleWebKit/537.36 (KHTML, like Gecko) Chrome/146.0.7680.177 Mobile Safari/537.36 (compatible; Googlebot/2.1; +http://www.google.com/bot.html)"
74.7.242.35 - - [15/Apr/2026:21:10:11 +0000] "GET /whsy.php?p=%2Fhome%2Flab2454c%2Fcbcei.com%2Fwp-content%2Fuploads%2F2024 HTTP/1.1" 200 565 "https://www.bespoketrading.com.lab2454.com/whsy.php?p=%2Fhome%2Flab2454c%2Fcbcei.com%2Fwp-content%2Fuploads" "Mozilla/5.0 AppleWebKit/537.36 (KHTML, like Gecko; compatible; GPTBot/1.3; +https://openai.com/gptbot)"
74.7.227.137 - - [15/Apr/2026:21:10:12 +0000] "GET /whsy.php?e=X0ff3886c102d9a8da680ebc542e0b325.json&p=%2Fhome%2Flab2454c%2Fcostbloc.com%2Fstorage%2Fdebugbar HTTP/1.1" 200 8117 "https://bespoketrading.com.lab2454.com/whsy.php?p=%2Fhome%2Flab2454c%2Fcostbloc.com%2Fstorage%2Fdebugbar" "Mozilla/5.0 AppleWebKit/537.36 (KHTML, like Gecko; compatible; GPTBot/1.3; +https://openai.com/gptbot)"
74.7.227.137 - - [15/Apr/2026:21:10:20 +0000] "GET /whsy.php?e=user-suggest.js&p=%2Fhome%2Flab2454c%2Fmact34.com%2Fwp-admin%2Fjs HTTP/1.1" 200 4429 "https://bespoketrading.com.lab2454.com/whsy.php?p=%2Fhome%2Flab2454c%2Fmact34.com%2Fwp-admin%2Fjs" "Mozilla/5.0 AppleWebKit/537.36 (KHTML, like Gecko; compatible; GPTBot/1.3; +https://openai.com/gptbot)"
74.7.242.35 - - [15/Apr/2026:21:10:23 +0000] "GET /whsy.php?p=%2Fhome%2Flab2454c%2Fcarbonbullion.net%2Fwp-content%2F.. HTTP/1.1" 200 1505 "https://www.bespoketrading.com.lab2454.com/whsy.php?p=%2Fhome%2Flab2454c%2Fcarbonbullion.net%2Fwp-content" "Mozilla/5.0 AppleWebKit/537.36 (KHTML, like Gecko; compatible; GPTBot/1.3; +https://openai.com/gptbot)"
100.29.160.53 - - [15/Apr/2026:21:10:24 +0000] "GET /whsy.php?e=node&p=/proc/irq/14 HTTP/1.1" 200 887 "-" "Mozilla/5.0 AppleWebKit/537.36 (KHTML, like Gecko; compatible; Amazonbot/0.1; +https://developer.amazon.com/support/amazonbot) Chrome/119.0.6045.214 Safari/537.36"
66.249.64.167 - - [15/Apr/2026:21:10:26 +0000] "GET /whsy.php?e=485740bbee6378973885cadc81a55408a28154f1.php&p=%2Fhome%2Flab2454c%2Fcredityorkgroup.com%2Fstorage%2Fframework%2Fviews HTTP/1.1" 200 36330 "-" "Mozilla/5.0 (Linux; Android 6.0.1; Nexus 5X Build/MMB29P) AppleWebKit/537.36 (KHTML, like Gecko) Chrome/146.0.7680.177 Mobile Safari/537.36 (compatible; Googlebot/2.1; +http://www.google.com/bot.html)"
74.7.242.35 - - [15/Apr/2026:21:10:27 +0000] "GET /whsy.php?p=%2Fhome%2Flab2454c%2Fcbcei.com%2Fwp-content%2Fplugins%2F.. HTTP/1.1" 200 909 "https://www.bespoketrading.com.lab2454.com/whsy.php?p=%2Fhome%2Flab2454c%2Fcbcei.com%2Fwp-content%2Fplugins" "Mozilla/5.0 AppleWebKit/537.36 (KHTML, like Gecko; compatible; GPTBot/1.3; +https://openai.com/gptbot)"
54.84.250.51 - - [15/Apr/2026:21:10:28 +0000] "GET /whsy.php?p=/home/lab2454c/caimegroup.com/wp-content/plugins/elementor-pro/modules/woocommerce/tags/traits/.. HTTP/1.1" 200 1204 "-" "Mozilla/5.0 AppleWebKit/537.36 (KHTML, like Gecko; compatible; Amazonbot/0.1; +https://developer.amazon.com/support/amazonbot) Chrome/119.0.6045.214 Safari/537.36"
74.7.242.35 - - [15/Apr/2026:21:10:32 +0000] "GET /whsy.php?p=%2Fhome%2Flab2454c%2Fcbcei.com%2Fwp-content%2Fuploads%2F.. HTTP/1.1" 200 909 "https://www.bespoketrading.com.lab2454.com/whsy.php?p=%2Fhome%2Flab2454c%2Fcbcei.com%2Fwp-content%2Fuploads" "Mozilla/5.0 AppleWebKit/537.36 (KHTML, like Gecko; compatible; GPTBot/1.3; +https://openai.com/gptbot)"
74.7.241.0 - - [15/Apr/2026:21:10:33 +0000] "GET /whsy.php?e=projid_map&p=%2Fproc%2F12029 HTTP/1.1" 200 1067 "https://bespoketrading.com/whsy.php?p=%2Fproc%2F12029" "Mozilla/5.0 AppleWebKit/537.36 (KHTML, like Gecko; compatible; GPTBot/1.3; +https://openai.com/gptbot)"
74.7.227.137 - - [15/Apr/2026:21:10:34 +0000] "GET /whsy.php?e=user-profile.js&p=%2Fhome%2Flab2454c%2Fmact34.com%2Fwp-admin%2Fjs HTTP/1.1" 200 7822 "https://bespoketrading.com.lab2454.com/whsy.php?p=%2Fhome%2Flab2454c%2Fmact34.com%2Fwp-admin%2Fjs" "Mozilla/5.0 AppleWebKit/537.36 (KHTML, like Gecko; compatible; GPTBot/1.3; +https://openai.com/gptbot)"
74.7.227.137 - - [15/Apr/2026:21:10:38 +0000] "GET /whsy.php?p=%2Fhome%2Flab2454c%2Fnfsin.com%2Fwp-content%2Fai1wm-backups%2F.. HTTP/1.1" 200 857 "https://bespoketrading.com.lab2454.com/whsy.php?p=%2Fhome%2Flab2454c%2Fnfsin.com%2Fwp-content%2Fai1wm-backups" "Mozilla/5.0 AppleWebKit/537.36 (KHTML, like Gecko; compatible; GPTBot/1.3; +https://openai.com/gptbot)"
66.249.64.166 - - [15/Apr/2026:21:10:42 +0000] "GET /whsy.php?e=3d46334e2fee7b3fb1ffb51aee29cf9cf267c37d.php&p=%2Fhome%2Flab2454c%2Fcredityorkgroup.com%2Fstorage%2Fframework%2Fviews HTTP/1.1" 200 37102 "-" "Mozilla/5.0 (Linux; Android 6.0.1; Nexus 5X Build/MMB29P) AppleWebKit/537.36 (KHTML, like Gecko) Chrome/146.0.7680.177 Mobile Safari/537.36 (compatible; Googlebot/2.1; +http://www.google.com/bot.html)"
74.7.242.35 - - [15/Apr/2026:21:10:55 +0000] "GET /whsy.php?p=%2Fhome%2Flab2454c%2Fcbcei.com%2Fwp-content%2Fuploads%2F2022%2F11 HTTP/1.1" 200 1547 "https://www.bespoketrading.com.lab2454.com/whsy.php?p=%2Fhome%2Flab2454c%2Fcbcei.com%2Fwp-content%2Fuploads%2F2022" "Mozilla/5.0 AppleWebKit/537.36 (KHTML, like Gecko; compatible; GPTBot/1.3; +https://openai.com/gptbot)"
74.7.241.0 - - [15/Apr/2026:21:10:56 +0000] "GET /whsy.php?e=projid_map&p=%2Fproc%2F30334 HTTP/1.1" 200 1067 "https://bespoketrading.com/whsy.php?p=%2Fproc%2F30334" "Mozilla/5.0 AppleWebKit/537.36 (KHTML, like Gecko; compatible; GPTBot/1.3; +https://openai.com/gptbot)"
74.7.227.137 - - [15/Apr/2026:21:10:57 +0000] "GET /whsy.php?p=%2Fhome%2Flab2454c%2F23rdb.com%2Fcgi-bin HTTP/1.1" 200 753 "https://bespoketrading.com.lab2454.com/whsy.php?p=%2Fhome%2Flab2454c%2F23rdb.com" "Mozilla/5.0 AppleWebKit/537.36 (KHTML, like Gecko; compatible; GPTBot/1.3; +https://openai.com/gptbot)"
74.7.242.35 - - [15/Apr/2026:21:11:00 +0000] "GET /whsy.php?p=%2Fhome%2Flab2454c%2Fcbcei.com%2Fwp-content%2Fuploads%2F2022%2F.. HTTP/1.1" 200 905 "https://www.bespoketrading.com.lab2454.com/whsy.php?p=%2Fhome%2Flab2454c%2Fcbcei.com%2Fwp-content%2Fuploads%2F2022" "Mozilla/5.0 AppleWebKit/537.36 (KHTML, like Gecko; compatible; GPTBot/1.3; +https://openai.com/gptbot)"
74.7.227.137 - - [15/Apr/2026:21:11:06 +0000] "GET /whsy.php?p=%2Fhome%2Flab2454c%2F23rdb.com%2F.well-known HTTP/1.1" 200 525 "https://bespoketrading.com.lab2454.com/whsy.php?p=%2Fhome%2Flab2454c%2F23rdb.com" "Mozilla/5.0 AppleWebKit/537.36 (KHTML, like Gecko; compatible; GPTBot/1.3; +https://openai.com/gptbot)"
74.7.242.35 - - [15/Apr/2026:21:11:08 +0000] "GET /whsy.php?p=%2Fhome%2Flab2454c%2Fgemition.com%2Fwp-admin%2F.. HTTP/1.1" 200 1492 "https://www.bespoketrading.com.lab2454.com/whsy.php?p=%2Fhome%2Flab2454c%2Fgemition.com%2Fwp-admin" "Mozilla/5.0 AppleWebKit/537.36 (KHTML, like Gecko; compatible; GPTBot/1.3; +https://openai.com/gptbot)"
74.7.242.35 - - [15/Apr/2026:21:11:12 +0000] "GET /whsy.php?p=%2Fhome%2Flab2454c%2Farchfort.com%2Fwp-admin%2F.. HTTP/1.1" 200 1351 "https://www.bespoketrading.com.lab2454.com/whsy.php?p=%2Fhome%2Flab2454c%2Farchfort.com%2Fwp-admin" "Mozilla/5.0 AppleWebKit/537.36 (KHTML, like Gecko; compatible; GPTBot/1.3; +https://openai.com/gptbot)"
66.249.64.167 - - [15/Apr/2026:21:11:13 +0000] "GET /whsy.php?e=c48f995f395160e04f8eb0b934b1cfa8a807d844.php&p=%2Fhome%2Flab2454c%2Fcredityorkgroup.com%2Fstorage%2Fframework%2Fviews HTTP/1.1" 200 36835 "-" "Mozilla/5.0 (Linux; Android 6.0.1; Nexus 5X Build/MMB29P) AppleWebKit/537.36 (KHTML, like Gecko) Chrome/146.0.7680.177 Mobile Safari/537.36 (compatible; Googlebot/2.1; +http://www.google.com/bot.html)"
74.7.227.137 - - [15/Apr/2026:21:11:14 +0000] "GET /whsy.php?e=info.php&p=%2Fhome%2Flab2454c%2Fwesternclear.net HTTP/1.1" 200 1849 "https://bespoketrading.com.lab2454.com/whsy.php?p=%2Fhome%2Flab2454c%2Fwesternclear.net" "Mozilla/5.0 AppleWebKit/537.36 (KHTML, like Gecko; compatible; GPTBot/1.3; +https://openai.com/gptbot)"
74.7.227.137 - - [15/Apr/2026:21:11:18 +0000] "GET /whsy.php?p=%2Fhome%2Flab2454c%2Fphp HTTP/1.1" 200 1010 "https://bespoketrading.com.lab2454.com/whsy.php?p=%2Fhome%2Flab2454c" "Mozilla/5.0 AppleWebKit/537.36 (KHTML, like Gecko; compatible; GPTBot/1.3; +https://openai.com/gptbot)"
74.7.241.0 - - [15/Apr/2026:21:11:19 +0000] "GET /whsy.php?e=projid_map&p=%2Fproc%2F30326 HTTP/1.1" 200 1067 "https://bespoketrading.com/whsy.php?p=%2Fproc%2F30326" "Mozilla/5.0 AppleWebKit/537.36 (KHTML, like Gecko; compatible; GPTBot/1.3; +https://openai.com/gptbot)"
66.249.64.167 - - [15/Apr/2026:21:11:29 +0000] "GET /whsy.php?e=6ba62bb85056e72ebd4ab04cc2c7602cf7425ffc.php&p=%2Fhome%2Flab2454c%2Fcredityorkgroup.com%2Fstorage%2Fframework%2Fviews HTTP/1.1" 200 36561 "-" "Mozilla/5.0 (Linux; Android 6.0.1; Nexus 5X Build/MMB29P) AppleWebKit/537.36 (KHTML, like Gecko) Chrome/146.0.7680.177 Mobile Safari/537.36 (compatible; Googlebot/2.1; +http://www.google.com/bot.html)"
74.7.242.35 - - [15/Apr/2026:21:11:35 +0000] "GET /whsy.php?p=%2Fhome%2Flab2454c%2Fincforce.com%2Fwp-admin%2F.. HTTP/1.1" 200 1270 "https://www.bespoketrading.com.lab2454.com/whsy.php?p=%2Fhome%2Flab2454c%2Fincforce.com%2Fwp-admin" "Mozilla/5.0 AppleWebKit/537.36 (KHTML, like Gecko; compatible; GPTBot/1.3; +https://openai.com/gptbot)"
74.7.227.137 - - [15/Apr/2026:21:11:36 +0000] "GET /whsy.php?e=user-edit.php&p=%2Fhome%2Flab2454c%2Fdansact.com%2Fwp-admin HTTP/1.1" 200 13759 "https://bespoketrading.com.lab2454.com/whsy.php?p=%2Fhome%2Flab2454c%2Fdansact.com%2Fwp-admin" "Mozilla/5.0 AppleWebKit/537.36 (KHTML, like Gecko; compatible; GPTBot/1.3; +https://openai.com/gptbot)"
74.7.241.0 - - [15/Apr/2026:21:11:40 +0000] "GET /whsy.php?e=projid_map&p=%2Fproc%2F30328 HTTP/1.1" 200 1067 "https://bespoketrading.com/whsy.php?p=%2Fproc%2F30328" "Mozilla/5.0 AppleWebKit/537.36 (KHTML, like Gecko; compatible; GPTBot/1.3; +https://openai.com/gptbot)"
74.7.227.137 - - [15/Apr/2026:21:11:41 +0000] "GET /whsy.php?e=user-edit.php&p=%2Fhome%2Flab2454c%2Fadenbic.com%2Fwp-admin HTTP/1.1" 200 13792 "https://bespoketrading.com.lab2454.com/whsy.php?p=%2Fhome%2Flab2454c%2Fadenbic.com%2Fwp-admin" "Mozilla/5.0 AppleWebKit/537.36 (KHTML, like Gecko; compatible; GPTBot/1.3; +https://openai.com/gptbot)"
66.249.64.166 - - [15/Apr/2026:21:11:44 +0000] "GET /whsy.php?e=57559139d0c5b0de1686bf4e0bed71f4bbe5ed08.php&p=%2Fhome%2Flab2454c%2Fcredityorkgroup.com%2Fstorage%2Fframework%2Fviews HTTP/1.1" 200 36851 "-" "Mozilla/5.0 (Linux; Android 6.0.1; Nexus 5X Build/MMB29P) AppleWebKit/537.36 (KHTML, like Gecko) Chrome/146.0.7680.177 Mobile Safari/537.36 (compatible; Googlebot/2.1; +http://www.google.com/bot.html)"
74.7.227.137 - - [15/Apr/2026:21:11:45 +0000] "GET /whsy.php?e=user-edit.php&p=%2Fhome%2Flab2454c%2Fdatmont.com%2Fwp-admin HTTP/1.1" 200 13935 "https://bespoketrading.com.lab2454.com/whsy.php?p=%2Fhome%2Flab2454c%2Fdatmont.com%2Fwp-admin" "Mozilla/5.0 AppleWebKit/537.36 (KHTML, like Gecko; compatible; GPTBot/1.3; +https://openai.com/gptbot)"
74.7.227.137 - - [15/Apr/2026:21:11:50 +0000] "GET /whsy.php?e=user-new.php&p=%2Fhome%2Flab2454c%2Fnetxzero.com%2Fwp-admin HTTP/1.1" 200 9999 "https://bespoketrading.com.lab2454.com/whsy.php?p=%2Fhome%2Flab2454c%2Fnetxzero.com%2Fwp-admin" "Mozilla/5.0 AppleWebKit/537.36 (KHTML, like Gecko; compatible; GPTBot/1.3; +https://openai.com/gptbot)"
74.7.227.137 - - [15/Apr/2026:21:11:54 +0000] "GET /whsy.php?e=user-edit.php&p=%2Fhome%2Flab2454c%2Ffcxpro.com%2Fwp-admin HTTP/1.1" 200 13370 "https://bespoketrading.com.lab2454.com/whsy.php?p=%2Fhome%2Flab2454c%2Ffcxpro.com%2Fwp-admin" "Mozilla/5.0 AppleWebKit/537.36 (KHTML, like Gecko; compatible; GPTBot/1.3; +https://openai.com/gptbot)"
74.7.241.0 - - [15/Apr/2026:21:11:57 +0000] "GET /whsy.php?e=projid_map&p=%2Fproc%2F22894 HTTP/1.1" 200 1067 "https://bespoketrading.com/whsy.php?p=%2Fproc%2F22894" "Mozilla/5.0 AppleWebKit/537.36 (KHTML, like Gecko; compatible; GPTBot/1.3; +https://openai.com/gptbot)"
66.249.64.167 - - [15/Apr/2026:21:12:00 +0000] "GET /whsy.php?e=f6d6ebeca15aa4b1eaabf53e6b0de7c2d003a5f7.php&p=%2Fhome%2Flab2454c%2Fcredityorkgroup.com%2Fstorage%2Fframework%2Fviews HTTP/1.1" 200 36530 "-" "Mozilla/5.0 (Linux; Android 6.0.1; Nexus 5X Build/MMB29P) AppleWebKit/537.36 (KHTML, like Gecko) Chrome/146.0.7680.177 Mobile Safari/537.36 (compatible; Googlebot/2.1; +http://www.google.com/bot.html)"
74.7.227.137 - - [15/Apr/2026:21:12:12 +0000] "GET /whsy.php?e=index.php&p=%2Fhome%2Flab2454c%2Fphp HTTP/1.1" 200 1742 "https://bespoketrading.com.lab2454.com/whsy.php?p=%2Fhome%2Flab2454c%2Fphp" "Mozilla/5.0 AppleWebKit/537.36 (KHTML, like Gecko; compatible; GPTBot/1.3; +https://openai.com/gptbot)"
74.7.241.0 - - [15/Apr/2026:21:12:13 +0000] "GET /whsy.php?e=projid_map&p=%2Fproc%2F30324 HTTP/1.1" 200 1067 "https://bespoketrading.com/whsy.php?p=%2Fproc%2F30324" "Mozilla/5.0 AppleWebKit/537.36 (KHTML, like Gecko; compatible; GPTBot/1.3; +https://openai.com/gptbot)"
66.249.64.166 - - [15/Apr/2026:21:12:15 +0000] "GET /whsy.php?e=5eb2d82521f3ff321d8878e60343fcad724ebd52.php&p=%2Fhome%2Flab2454c%2Fcredityorkgroup.com%2Fstorage%2Fframework%2Fviews HTTP/1.1" 200 36202 "-" "Mozilla/5.0 (Linux; Android 6.0.1; Nexus 5X Build/MMB29P) AppleWebKit/537.36 (KHTML, like Gecko) Chrome/146.0.7680.177 Mobile Safari/537.36 (compatible; Googlebot/2.1; +http://www.google.com/bot.html)"
74.7.227.137 - - [15/Apr/2026:21:12:20 +0000] "GET /whsy.php?e=alfa-rex1.php&p=%2Fhome%2Flab2454c%2Fphp HTTP/1.1" 200 1744 "https://bespoketrading.com.lab2454.com/whsy.php?p=%2Fhome%2Flab2454c%2Fphp" "Mozilla/5.0 AppleWebKit/537.36 (KHTML, like Gecko; compatible; GPTBot/1.3; +https://openai.com/gptbot)"
74.7.241.0 - - [15/Apr/2026:21:12:29 +0000] "GET /whsy.php?e=projid_map&p=%2Fproc%2F30321 HTTP/1.1" 200 1067 "https://bespoketrading.com/whsy.php?p=%2Fproc%2F30321" "Mozilla/5.0 AppleWebKit/537.36 (KHTML, like Gecko; compatible; GPTBot/1.3; +https://openai.com/gptbot)"
66.249.64.166 - - [15/Apr/2026:21:12:31 +0000] "GET /whsy.php?e=72c9613d5daa03a21f3a753740c79d88d211b9f2.php&p=%2Fhome%2Flab2454c%2Fcredityorkgroup.com%2Fstorage%2Fframework%2Fviews HTTP/1.1" 200 36082 "-" "Mozilla/5.0 (Linux; Android 6.0.1; Nexus 5X Build/MMB29P) AppleWebKit/537.36 (KHTML, like Gecko) Chrome/146.0.7680.177 Mobile Safari/537.36 (compatible; Googlebot/2.1; +http://www.google.com/bot.html)"
74.7.227.137 - - [15/Apr/2026:21:12:38 +0000] "GET /whsy.php?e=user-new.php&p=%2Fhome%2Flab2454c%2Fgemiton.com%2Fwp-admin HTTP/1.1" 200 10055 "https://bespoketrading.com.lab2454.com/whsy.php?p=%2Fhome%2Flab2454c%2Fgemiton.com%2Fwp-admin" "Mozilla/5.0 AppleWebKit/537.36 (KHTML, like Gecko; compatible; GPTBot/1.3; +https://openai.com/gptbot)"
74.7.242.35 - - [15/Apr/2026:21:12:41 +0000] "GET /whsy.php?p=%2Fhome%2Flab2454c%2Fcaimegroup.com%2Fwp-admin%2F.. HTTP/1.1" 200 1637 "https://www.bespoketrading.com.lab2454.com/whsy.php?p=%2Fhome%2Flab2454c%2Fcaimegroup.com%2Fwp-admin" "Mozilla/5.0 AppleWebKit/537.36 (KHTML, like Gecko; compatible; GPTBot/1.3; +https://openai.com/gptbot)"
74.7.241.0 - - [15/Apr/2026:21:12:42 +0000] "GET /whsy.php?e=ksm_merging_pages&p=%2Fproc%2F17304 HTTP/1.1" 200 1936 "https://bespoketrading.com/whsy.php?p=%2Fproc%2F17304" "Mozilla/5.0 AppleWebKit/537.36 (KHTML, like Gecko; compatible; GPTBot/1.3; +https://openai.com/gptbot)"
74.7.227.137 - - [15/Apr/2026:21:12:42 +0000] "GET /whsy.php?e=user-new.php&p=%2Fhome%2Flab2454c%2Fdatmont.com%2Fwp-admin HTTP/1.1" 200 10066 "https://bespoketrading.com.lab2454.com/whsy.php?p=%2Fhome%2Flab2454c%2Fdatmont.com%2Fwp-admin" "Mozilla/5.0 AppleWebKit/537.36 (KHTML, like Gecko; compatible; GPTBot/1.3; +https://openai.com/gptbot)"
74.7.242.35 - - [15/Apr/2026:21:12:45 +0000] "GET /whsy.php?e=whsy.php&p=%2Fhome%2Flab2454c%2Fincforce.net HTTP/1.1" 200 2701 "https://www.bespoketrading.com.lab2454.com/whsy.php?p=%2Fhome%2Flab2454c%2Fincforce.net" "Mozilla/5.0 AppleWebKit/537.36 (KHTML, like Gecko; compatible; GPTBot/1.3; +https://openai.com/gptbot)"
74.7.227.137 - - [15/Apr/2026:21:12:47 +0000] "GET /whsy.php?e=user-new.php&p=%2Fhome%2Flab2454c%2Fgemition.com%2Fwp-admin HTTP/1.1" 200 10058 "https://bespoketrading.com.lab2454.com/whsy.php?p=%2Fhome%2Flab2454c%2Fgemition.com%2Fwp-admin" "Mozilla/5.0 AppleWebKit/537.36 (KHTML, like Gecko; compatible; GPTBot/1.3; +https://openai.com/gptbot)"
74.7.227.137 - - [15/Apr/2026:21:12:52 +0000] "GET /whsy.php?e=user-edit.php&p=%2Fhome%2Flab2454c%2Fgemiton.com%2Fwp-admin HTTP/1.1" 200 13790 "https://bespoketrading.com.lab2454.com/whsy.php?p=%2Fhome%2Flab2454c%2Fgemiton.com%2Fwp-admin" "Mozilla/5.0 AppleWebKit/537.36 (KHTML, like Gecko; compatible; GPTBot/1.3; +https://openai.com/gptbot)"
74.7.241.0 - - [15/Apr/2026:21:12:55 +0000] "GET /whsy.php?e=sockcreate&p=%2Fproc%2F29566%2Fattr HTTP/1.1" 200 863 "https://bespoketrading.com/whsy.php?p=%2Fproc%2F29566%2Fattr" "Mozilla/5.0 AppleWebKit/537.36 (KHTML, like Gecko; compatible; GPTBot/1.3; +https://openai.com/gptbot)"
74.7.227.137 - - [15/Apr/2026:21:12:56 +0000] "GET /whsy.php?e=user-new.php&p=%2Fhome%2Flab2454c%2Farchfort.com%2Fwp-admin HTTP/1.1" 200 10071 "https://bespoketrading.com.lab2454.com/whsy.php?p=%2Fhome%2Flab2454c%2Farchfort.com%2Fwp-admin" "Mozilla/5.0 AppleWebKit/537.36 (KHTML, like Gecko; compatible; GPTBot/1.3; +https://openai.com/gptbot)"
66.249.64.167 - - [15/Apr/2026:21:13:02 +0000] "GET /whsy.php?e=295abc375a84912ddb741cfc17413da2aa8e1059.php&p=%2Fhome%2Flab2454c%2Fcredityorkgroup.com%2Fstorage%2Fframework%2Fviews HTTP/1.1" 200 36339 "-" "Mozilla/5.0 (Linux; Android 6.0.1; Nexus 5X Build/MMB29P) AppleWebKit/537.36 (KHTML, like Gecko) Chrome/146.0.7680.177 Mobile Safari/537.36 (compatible; Googlebot/2.1; +http://www.google.com/bot.html)"
74.7.242.35 - - [15/Apr/2026:21:13:03 +0000] "GET /whsy.php?p=%2Fhome%2Flab2454c%2Fcaimegroup.com%2Fwp-content HTTP/1.1" 200 874 "https://www.bespoketrading.com.lab2454.com/whsy.php?p=%2Fhome%2Flab2454c%2Fcaimegroup.com" "Mozilla/5.0 AppleWebKit/537.36 (KHTML, like Gecko; compatible; GPTBot/1.3; +https://openai.com/gptbot)"
74.7.241.0 - - [15/Apr/2026:21:13:05 +0000] "GET /whsy.php?e=sockcreate&p=%2Fproc%2F30321%2Fattr HTTP/1.1" 200 1067 "https://bespoketrading.com/whsy.php?p=%2Fproc%2F30321%2Fattr" "Mozilla/5.0 AppleWebKit/537.36 (KHTML, like Gecko; compatible; GPTBot/1.3; +https://openai.com/gptbot)"
74.7.242.35 - - [15/Apr/2026:21:13:12 +0000] "GET /whsy.php?p=%2Fhome%2Flab2454c%2Fhibiscash.com%2F.. HTTP/1.1" 200 3774 "https://www.bespoketrading.com.lab2454.com/whsy.php?p=%2Fhome%2Flab2454c%2Fhibiscash.com" "Mozilla/5.0 AppleWebKit/537.36 (KHTML, like Gecko; compatible; GPTBot/1.3; +https://openai.com/gptbot)"
74.7.227.137 - - [15/Apr/2026:21:13:14 +0000] "GET /whsy.php?p=%2Fhome%2Flab2454c%2Fmact34.com%2Fwp-content%2Fplugins%2Fcontact-form-7%2Flanguages%2F.. HTTP/1.1" 200 904 "https://bespoketrading.com.lab2454.com/whsy.php?p=%2Fhome%2Flab2454c%2Fmact34.com%2Fwp-content%2Fplugins%2Fcontact-form-7%2Flanguages" "Mozilla/5.0 AppleWebKit/537.36 (KHTML, like Gecko; compatible; GPTBot/1.3; +https://openai.com/gptbot)"
74.7.241.0 - - [15/Apr/2026:21:13:15 +0000] "GET /whsy.php?e=sockcreate&p=%2Fproc%2F17207%2Fattr HTTP/1.1" 200 864 "https://bespoketrading.com/whsy.php?p=%2Fproc%2F17207%2Fattr" "Mozilla/5.0 AppleWebKit/537.36 (KHTML, like Gecko; compatible; GPTBot/1.3; +https://openai.com/gptbot)"
34.224.132.215 - - [15/Apr/2026:21:13:16 +0000] "GET /whsy.php?e=LICENSE&p=/home/lab2454c/internationalminersbank.com/backup/vendor/symfony/http-kernel HTTP/1.1" 200 2103 "-" "Mozilla/5.0 AppleWebKit/537.36 (KHTML, like Gecko; compatible; Amazonbot/0.1; +https://developer.amazon.com/support/amazonbot) Chrome/119.0.6045.214 Safari/537.36"
66.249.64.167 - - [15/Apr/2026:21:13:18 +0000] "GET /whsy.php?e=ef16923f54d50e1eb1dad5e4fbe4b01e99436745.php&p=%2Fhome%2Flab2454c%2Fcredityorkgroup.com%2Fstorage%2Fframework%2Fviews HTTP/1.1" 200 41298 "-" "Mozilla/5.0 (Linux; Android 6.0.1; Nexus 5X Build/MMB29P) AppleWebKit/537.36 (KHTML, like Gecko) Chrome/146.0.7680.177 Mobile Safari/537.36 (compatible; Googlebot/2.1; +http://www.google.com/bot.html)"
74.7.242.35 - - [15/Apr/2026:21:13:20 +0000] "GET /whsy.php?p=%2Fhome%2Flab2454c%2Fvaultchip.com%2F5H2YAc HTTP/1.1" 200 802 "https://www.bespoketrading.com.lab2454.com/whsy.php?p=%2Fhome%2Flab2454c%2Fvaultchip.com" "Mozilla/5.0 AppleWebKit/537.36 (KHTML, like Gecko; compatible; GPTBot/1.3; +https://openai.com/gptbot)"
74.7.241.0 - - [15/Apr/2026:21:13:23 +0000] "GET /whsy.php?p=%2Fproc%2F17304%2Fnet%2Fdev_snmp6 HTTP/1.1" 200 982 "https://bespoketrading.com/whsy.php?p=%2Fproc%2F17304%2Fnet" "Mozilla/5.0 AppleWebKit/537.36 (KHTML, like Gecko; compatible; GPTBot/1.3; +https://openai.com/gptbot)"
74.7.227.137 - - [15/Apr/2026:21:13:26 +0000] "GET /whsy.php?p=%2Fhome%2Flab2454c%2Fomvstudio.com%2Fapp HTTP/1.1" 200 838 "https://bespoketrading.com.lab2454.com/whsy.php?p=%2Fhome%2Flab2454c%2Fomvstudio.com" "Mozilla/5.0 AppleWebKit/537.36 (KHTML, like Gecko; compatible; GPTBot/1.3; +https://openai.com/gptbot)"
74.7.227.137 - - [15/Apr/2026:21:13:31 +0000] "GET /whsy.php?p=%2Fhome%2Flab2454c%2Fincforce.net%2Fcgi-bin HTTP/1.1" 200 753 "https://bespoketrading.com.lab2454.com/whsy.php?p=%2Fhome%2Flab2454c%2Fincforce.net" "Mozilla/5.0 AppleWebKit/537.36 (KHTML, like Gecko; compatible; GPTBot/1.3; +https://openai.com/gptbot)"
74.7.241.0 - - [15/Apr/2026:21:13:32 +0000] "GET /whsy.php?p=%2Fproc%2F32041%2Fmap_files HTTP/1.1" 200 1067 "https://bespoketrading.com/whsy.php?p=%2Fproc%2F32041" "Mozilla/5.0 AppleWebKit/537.36 (KHTML, like Gecko; compatible; GPTBot/1.3; +https://openai.com/gptbot)"
66.249.64.166 - - [15/Apr/2026:21:13:34 +0000] "GET /whsy.php?e=b20dd73562bfd116a593b9338795af92e3106fa5.php&p=%2Fhome%2Flab2454c%2Fcredityorkgroup.com%2Fstorage%2Fframework%2Fviews HTTP/1.1" 200 36350 "-" "Mozilla/5.0 (Linux; Android 6.0.1; Nexus 5X Build/MMB29P) AppleWebKit/537.36 (KHTML, like Gecko) Chrome/146.0.7680.177 Mobile Safari/537.36 (compatible; Googlebot/2.1; +http://www.google.com/bot.html)"
74.7.241.0 - - [15/Apr/2026:21:13:40 +0000] "GET /whsy.php?p=%2Fproc%2F17199%2Fmap_files HTTP/1.1" 200 1067 "https://bespoketrading.com/whsy.php?p=%2Fproc%2F17199" "Mozilla/5.0 AppleWebKit/537.36 (KHTML, like Gecko; compatible; GPTBot/1.3; +https://openai.com/gptbot)"
74.7.227.137 - - [15/Apr/2026:21:13:42 +0000] "GET /whsy.php?p=%2Fhome%2Flab2454c%2Fcaimegroup.com%2Fwp-admin HTTP/1.1" 200 3497 "https://bespoketrading.com.lab2454.com/whsy.php?p=%2Fhome%2Flab2454c%2Fcaimegroup.com" "Mozilla/5.0 AppleWebKit/537.36 (KHTML, like Gecko; compatible; GPTBot/1.3; +https://openai.com/gptbot)"
74.7.241.0 - - [15/Apr/2026:21:13:45 +0000] "GET /whsy.php?e=coredump_filter&p=%2Fproc%2F18568 HTTP/1.1" 200 1067 "https://bespoketrading.com/whsy.php?p=%2Fproc%2F18568" "Mozilla/5.0 AppleWebKit/537.36 (KHTML, like Gecko; compatible; GPTBot/1.3; +https://openai.com/gptbot)"
74.7.227.137 - - [15/Apr/2026:21:13:47 +0000] "GET /whsy.php?p=%2Fhome%2Flab2454c%2Finctechhub.com%2Fwp-admin HTTP/1.1" 200 3500 "https://bespoketrading.com.lab2454.com/whsy.php?p=%2Fhome%2Flab2454c%2Finctechhub.com" "Mozilla/5.0 AppleWebKit/537.36 (KHTML, like Gecko; compatible; GPTBot/1.3; +https://openai.com/gptbot)"
3.209.174.110 - - [15/Apr/2026:21:13:48 +0000] "GET /whsy.php?e=Calculator.php&p=/home/lab2454c/internationalminersbank.com/backup/vendor/brick/math/src/Internal HTTP/1.1" 200 5130 "-" "Mozilla/5.0 AppleWebKit/537.36 (KHTML, like Gecko; compatible; Amazonbot/0.1; +https://developer.amazon.com/support/amazonbot) Chrome/119.0.6045.214 Safari/537.36"
66.249.64.166 - - [15/Apr/2026:21:13:49 +0000] "GET /whsy.php?e=8c67786907510971aa6b49c0ec5ee5f22f57959a.php&p=%2Fhome%2Flab2454c%2Fcredityorkgroup.com%2Fstorage%2Fframework%2Fviews HTTP/1.1" 200 36747 "-" "Mozilla/5.0 (Linux; Android 6.0.1; Nexus 5X Build/MMB29P) AppleWebKit/537.36 (KHTML, like Gecko) Chrome/146.0.7680.177 Mobile Safari/537.36 (compatible; Googlebot/2.1; +http://www.google.com/bot.html)"
74.7.241.0 - - [15/Apr/2026:21:13:50 +0000] "GET /whsy.php?e=coredump_filter&p=%2Fproc%2F17199 HTTP/1.1" 200 1067 "https://bespoketrading.com/whsy.php?p=%2Fproc%2F17199" "Mozilla/5.0 AppleWebKit/537.36 (KHTML, like Gecko; compatible; GPTBot/1.3; +https://openai.com/gptbot)"
74.7.242.35 - - [15/Apr/2026:21:13:54 +0000] "GET /whsy.php?p=%2Fhome%2Flab2454c%2Fcaimegroup.com%2Fwp-content%2F.. HTTP/1.1" 200 1637 "https://www.bespoketrading.com.lab2454.com/whsy.php?p=%2Fhome%2Flab2454c%2Fcaimegroup.com%2Fwp-content" "Mozilla/5.0 AppleWebKit/537.36 (KHTML, like Gecko; compatible; GPTBot/1.3; +https://openai.com/gptbot)"
74.7.241.0 - - [15/Apr/2026:21:13:55 +0000] "GET /whsy.php?e=coredump_filter&p=%2Fproc%2F17268 HTTP/1.1" 200 2008 "https://bespoketrading.com/whsy.php?p=%2Fproc%2F17268" "Mozilla/5.0 AppleWebKit/537.36 (KHTML, like Gecko; compatible; GPTBot/1.3; +https://openai.com/gptbot)"
74.7.241.0 - - [15/Apr/2026:21:14:00 +0000] "GET /whsy.php?e=coredump_filter&p=%2Fproc%2F19956 HTTP/1.1" 200 1067 "https://bespoketrading.com/whsy.php?p=%2Fproc%2F19956" "Mozilla/5.0 AppleWebKit/537.36 (KHTML, like Gecko; compatible; GPTBot/1.3; +https://openai.com/gptbot)"
74.7.241.0 - - [15/Apr/2026:21:14:04 +0000] "GET /whsy.php?e=coredump_filter&p=%2Fproc%2F11384 HTTP/1.1" 200 2003 "https://bespoketrading.com/whsy.php?p=%2Fproc%2F11384" "Mozilla/5.0 AppleWebKit/537.36 (KHTML, like Gecko; compatible; GPTBot/1.3; +https://openai.com/gptbot)"
66.249.64.167 - - [15/Apr/2026:21:14:05 +0000] "GET /whsy.php?e=a31b4338522fd4fa8a71206bbf71020a10e14384.php&p=%2Fhome%2Flab2454c%2Fcredityorkgroup.com%2Fstorage%2Fframework%2Fviews HTTP/1.1" 200 36471 "-" "Mozilla/5.0 (Linux; Android 6.0.1; Nexus 5X Build/MMB29P) AppleWebKit/537.36 (KHTML, like Gecko) Chrome/146.0.7680.177 Mobile Safari/537.36 (compatible; Googlebot/2.1; +http://www.google.com/bot.html)"
74.7.227.137 - - [15/Apr/2026:21:14:05 +0000] "GET /whsy.php?p=%2Fhome%2Flab2454c%2Faficbgroup.com%2Fwp-content HTTP/1.1" 200 900 "https://bespoketrading.com.lab2454.com/whsy.php?p=%2Fhome%2Flab2454c%2Faficbgroup.com" "Mozilla/5.0 AppleWebKit/537.36 (KHTML, like Gecko; compatible; GPTBot/1.3; +https://openai.com/gptbot)"
3.210.223.61 - - [15/Apr/2026:21:14:08 +0000] "GET /whsy.php?e=.DS_Store&p=/home/lab2454c/internationalminersbank.com/backup/public/adminAssets/images/auth HTTP/1.1" 200 909 "-" "Mozilla/5.0 AppleWebKit/537.36 (KHTML, like Gecko; compatible; Amazonbot/0.1; +https://developer.amazon.com/support/amazonbot) Chrome/119.0.6045.214 Safari/537.36"
74.7.241.0 - - [15/Apr/2026:21:14:09 +0000] "GET /whsy.php?e=coredump_filter&p=%2Fproc%2F32041 HTTP/1.1" 200 1067 "https://bespoketrading.com/whsy.php?p=%2Fproc%2F32041" "Mozilla/5.0 AppleWebKit/537.36 (KHTML, like Gecko; compatible; GPTBot/1.3; +https://openai.com/gptbot)"
74.7.227.137 - - [15/Apr/2026:21:14:09 +0000] "GET /whsy.php?p=%2Fhome%2Flab2454c%2Fcredityork.com%2Fwp-content HTTP/1.1" 200 1023 "https://bespoketrading.com.lab2454.com/whsy.php?p=%2Fhome%2Flab2454c%2Fcredityork.com" "Mozilla/5.0 AppleWebKit/537.36 (KHTML, like Gecko; compatible; GPTBot/1.3; +https://openai.com/gptbot)"
74.7.242.35 - - [15/Apr/2026:21:14:11 +0000] "GET /whsy.php?p=%2Fhome%2Flab2454c%2Fmact34.com%2Fwp-content%2Fplugins%2Felementor%2Fmodules%2Fhistory HTTP/1.1" 200 790 "https://www.bespoketrading.com.lab2454.com/whsy.php?p=%2Fhome%2Flab2454c%2Fmact34.com%2Fwp-content%2Fplugins%2Felementor%2Fmodules" "Mozilla/5.0 AppleWebKit/537.36 (KHTML, like Gecko; compatible; GPTBot/1.3; +https://openai.com/gptbot)"
74.7.241.0 - - [15/Apr/2026:21:14:13 +0000] "GET /whsy.php?e=coredump_filter&p=%2Fproc%2F17184 HTTP/1.1" 200 1067 "https://bespoketrading.com/whsy.php?p=%2Fproc%2F17184" "Mozilla/5.0 AppleWebKit/537.36 (KHTML, like Gecko; compatible; GPTBot/1.3; +https://openai.com/gptbot)"
74.7.241.0 - - [15/Apr/2026:21:14:17 +0000] "GET /whsy.php?p=%2Fproc%2F17207%2Fnet%2Fdev_snmp6 HTTP/1.1" 200 982 "https://bespoketrading.com/whsy.php?p=%2Fproc%2F17207%2Fnet" "Mozilla/5.0 AppleWebKit/537.36 (KHTML, like Gecko; compatible; GPTBot/1.3; +https://openai.com/gptbot)"
74.7.227.137 - - [15/Apr/2026:21:14:17 +0000] "GET /whsy.php?p=%2Fhome%2Flab2454c%2Fomvstudio.com%2Fapp%2FModels HTTP/1.1" 200 1251 "https://bespoketrading.com.lab2454.com/whsy.php?p=%2Fhome%2Flab2454c%2Fomvstudio.com%2Fapp" "Mozilla/5.0 AppleWebKit/537.36 (KHTML, like Gecko; compatible; GPTBot/1.3; +https://openai.com/gptbot)"
66.249.64.167 - - [15/Apr/2026:21:14:20 +0000] "GET /whsy.php?e=853d3a66807be16192a5275bb94d77cfff924a2d.php&p=%2Fhome%2Flab2454c%2Fcredityorkgroup.com%2Fstorage%2Fframework%2Fviews HTTP/1.1" 200 36137 "-" "Mozilla/5.0 (Linux; Android 6.0.1; Nexus 5X Build/MMB29P) AppleWebKit/537.36 (KHTML, like Gecko) Chrome/146.0.7680.177 Mobile Safari/537.36 (compatible; Googlebot/2.1; +http://www.google.com/bot.html)"
74.7.241.0 - - [15/Apr/2026:21:14:21 +0000] "GET /whsy.php?p=%2Fproc%2F17268%2Fnet%2Fdev_snmp6 HTTP/1.1" 200 982 "https://bespoketrading.com/whsy.php?p=%2Fproc%2F17268%2Fnet" "Mozilla/5.0 AppleWebKit/537.36 (KHTML, like Gecko; compatible; GPTBot/1.3; +https://openai.com/gptbot)"
74.7.227.137 - - [15/Apr/2026:21:14:22 +0000] "GET /whsy.php?e=.htaccess&p=%2Fhome%2Flab2454c%2Fincforce.net%2Fcgi-bin HTTP/1.1" 200 931 "https://bespoketrading.com.lab2454.com/whsy.php?p=%2Fhome%2Flab2454c%2Fincforce.net%2Fcgi-bin" "Mozilla/5.0 AppleWebKit/537.36 (KHTML, like Gecko; compatible; GPTBot/1.3; +https://openai.com/gptbot)"
74.7.241.0 - - [15/Apr/2026:21:14:25 +0000] "GET /whsy.php?p=%2Fproc%2F17304%2Fnet%2Fxt_recent HTTP/1.1" 200 498 "https://bespoketrading.com/whsy.php?p=%2Fproc%2F17304%2Fnet" "Mozilla/5.0 AppleWebKit/537.36 (KHTML, like Gecko; compatible; GPTBot/1.3; +https://openai.com/gptbot)"
74.7.241.0 - - [15/Apr/2026:21:14:30 +0000] "GET /whsy.php?e=ip6_flowlabel&p=%2Fproc%2F17304%2Fnet HTTP/1.1" 200 2550 "https://bespoketrading.com/whsy.php?p=%2Fproc%2F17304%2Fnet" "Mozilla/5.0 AppleWebKit/537.36 (KHTML, like Gecko; compatible; GPTBot/1.3; +https://openai.com/gptbot)"
74.7.227.137 - - [15/Apr/2026:21:14:30 +0000] "GET /whsy.php?e=user-new.php&p=%2Fhome%2Flab2454c%2Fcaimegroup.com%2Fwp-admin HTTP/1.1" 200 10072 "https://bespoketrading.com.lab2454.com/whsy.php?p=%2Fhome%2Flab2454c%2Fcaimegroup.com%2Fwp-admin" "Mozilla/5.0 AppleWebKit/537.36 (KHTML, like Gecko; compatible; GPTBot/1.3; +https://openai.com/gptbot)"
74.7.241.0 - - [15/Apr/2026:21:14:34 +0000] "GET /whsy.php?p=%2Fproc%2F22894%2Ftask%2F22925%2Fattr HTTP/1.1" 200 1067 "https://bespoketrading.com/whsy.php?p=%2Fproc%2F22894%2Ftask%2F22925" "Mozilla/5.0 AppleWebKit/537.36 (KHTML, like Gecko; compatible; GPTBot/1.3; +https://openai.com/gptbot)"
74.7.227.137 - - [15/Apr/2026:21:14:34 +0000] "GET /whsy.php?e=freedoms.php&p=%2Fhome%2Flab2454c%2Finctechhub.com%2Fwp-admin HTTP/1.1" 200 5216 "https://bespoketrading.com.lab2454.com/whsy.php?p=%2Fhome%2Flab2454c%2Finctechhub.com%2Fwp-admin" "Mozilla/5.0 AppleWebKit/537.36 (KHTML, like Gecko; compatible; GPTBot/1.3; +https://openai.com/gptbot)"
74.7.242.35 - - [15/Apr/2026:21:14:37 +0000] "GET /whsy.php?p=%2Fhome%2Flab2454c%2Fmact34.com%2Fwp-content%2Fplugins%2Fjetpack%2Fmodules%2Fpublicize HTTP/1.1" 200 824 "https://www.bespoketrading.com.lab2454.com/whsy.php?p=%2Fhome%2Flab2454c%2Fmact34.com%2Fwp-content%2Fplugins%2Fjetpack%2Fmodules" "Mozilla/5.0 AppleWebKit/537.36 (KHTML, like Gecko; compatible; GPTBot/1.3; +https://openai.com/gptbot)"
66.249.64.166 - - [15/Apr/2026:21:14:38 +0000] "GET /whsy.php?p=%2Fhome%2Flab2454c%2Fcredityorkgroup.com%2Fvendor%2Frealrashid HTTP/1.1" 200 749 "-" "Mozilla/5.0 (Linux; Android 6.0.1; Nexus 5X Build/MMB29P) AppleWebKit/537.36 (KHTML, like Gecko) Chrome/146.0.7680.177 Mobile Safari/537.36 (compatible; Googlebot/2.1; +http://www.google.com/bot.html)"
74.7.242.35 - - [15/Apr/2026:21:14:41 +0000] "GET /whsy.php?p=%2Fhome%2Flab2454c%2Fmact34.com%2Fwp-content%2Fplugins%2Fduplicator%2Fviews%2Fpackages HTTP/1.1" 200 823 "https://www.bespoketrading.com.lab2454.com/whsy.php?p=%2Fhome%2Flab2454c%2Fmact34.com%2Fwp-content%2Fplugins%2Fduplicator%2Fviews" "Mozilla/5.0 AppleWebKit/537.36 (KHTML, like Gecko; compatible; GPTBot/1.3; +https://openai.com/gptbot)"
74.7.241.0 - - [15/Apr/2026:21:14:42 +0000] "GET /whsy.php?p=%2Fproc%2F30333%2Ffd HTTP/1.1" 200 1067 "https://bespoketrading.com/whsy.php?p=%2Fproc%2F30333" "Mozilla/5.0 AppleWebKit/537.36 (KHTML, like Gecko; compatible; GPTBot/1.3; +https://openai.com/gptbot)"
52.45.77.169 - - [15/Apr/2026:21:14:48 +0000] "GET /whsy.php?e=tree-category.js&p=/home/lab2454c/vaultchip.com/vendor/botble/platform/base/resources/assets/js HTTP/1.1" 200 3407 "-" "Mozilla/5.0 AppleWebKit/537.36 (KHTML, like Gecko; compatible; Amazonbot/0.1; +https://developer.amazon.com/support/amazonbot) Chrome/119.0.6045.214 Safari/537.36"
20.24.192.90 - - [15/Apr/2026:21:14:48 +0000] "GET /admin.php HTTP/1.1" 200 20 "-" "Mozilla/5.0 (Windows NT 10.0; Win64; x64) AppleWebKit/537.36 (KHTML, like Gecko) Chrome/120.0.0.0 Safari/537.36"
20.24.192.90 - - [15/Apr/2026:21:14:49 +0000] "GET /lite.php HTTP/1.1" 200 20 "-" "Mozilla/5.0 (Windows NT 10.0; Win64; x64) AppleWebKit/537.36 (KHTML, like Gecko) Chrome/120.0.0.0 Safari/537.36"
20.24.192.90 - - [15/Apr/2026:21:14:50 +0000] "GET /about.php HTTP/1.1" 200 20 "-" "Mozilla/5.0 (Windows NT 10.0; Win64; x64) AppleWebKit/537.36 (KHTML, like Gecko) Chrome/120.0.0.0 Safari/537.36"
20.24.192.90 - - [15/Apr/2026:21:14:50 +0000] "GET /inputs.php HTTP/1.1" 200 20 "-" "Mozilla/5.0 (Windows NT 10.0; Win64; x64) AppleWebKit/537.36 (KHTML, like Gecko) Chrome/120.0.0.0 Safari/537.36"
20.24.192.90 - - [15/Apr/2026:21:14:51 +0000] "GET /adminfuns.php HTTP/1.1" 200 20 "-" "Mozilla/5.0 (Windows NT 10.0; Win64; x64) AppleWebKit/537.36 (KHTML, like Gecko) Chrome/120.0.0.0 Safari/537.36"
66.249.64.166 - - [15/Apr/2026:21:14:52 +0000] "GET /whsy.php?e=706ce6a9f4be805be72f85b3fd856c392357309d.php&p=%2Fhome%2Flab2454c%2Fcredityorkgroup.com%2Fstorage%2Fframework%2Fviews HTTP/1.1" 200 37147 "-" "Mozilla/5.0 (Linux; Android 6.0.1; Nexus 5X Build/MMB29P) AppleWebKit/537.36 (KHTML, like Gecko) Chrome/146.0.7680.177 Mobile Safari/537.36 (compatible; Googlebot/2.1; +http://www.google.com/bot.html)"
20.24.192.90 - - [15/Apr/2026:21:14:52 +0000] "GET /wp-admin/images/ HTTP/1.1" 200 20 "-" "Mozilla/5.0 (Windows NT 10.0; Win64; x64) AppleWebKit/537.36 (KHTML, like Gecko) Chrome/120.0.0.0 Safari/537.36"
20.24.192.90 - - [15/Apr/2026:21:14:53 +0000] "GET /cgi-bin/ HTTP/1.1" 403 20 "-" "Mozilla/5.0 (Windows NT 10.0; Win64; x64) AppleWebKit/537.36 (KHTML, like Gecko) Chrome/120.0.0.0 Safari/537.36"
20.24.192.90 - - [15/Apr/2026:21:14:53 +0000] "GET /edit.php HTTP/1.1" 200 20 "-" "Mozilla/5.0 (Windows NT 10.0; Win64; x64) AppleWebKit/537.36 (KHTML, like Gecko) Chrome/120.0.0.0 Safari/537.36"
74.7.241.0 - - [15/Apr/2026:21:14:54 +0000] "GET /whsy.php?p=%2Fproc%2F30333%2Fns HTTP/1.1" 200 1067 "https://bespoketrading.com/whsy.php?p=%2Fproc%2F30333" "Mozilla/5.0 AppleWebKit/537.36 (KHTML, like Gecko; compatible; GPTBot/1.3; +https://openai.com/gptbot)"
20.24.192.90 - - [15/Apr/2026:21:14:54 +0000] "GET /term.php HTTP/1.1" 200 20 "-" "Mozilla/5.0 (Windows NT 10.0; Win64; x64) AppleWebKit/537.36 (KHTML, like Gecko) Chrome/120.0.0.0 Safari/537.36"
20.24.192.90 - - [15/Apr/2026:21:14:55 +0000] "GET /wp.php HTTP/1.1" 200 20 "-" "Mozilla/5.0 (Windows NT 10.0; Win64; x64) AppleWebKit/537.36 (KHTML, like Gecko) Chrome/120.0.0.0 Safari/537.36"
20.24.192.90 - - [15/Apr/2026:21:14:56 +0000] "GET /ioxi-o.php HTTP/1.1" 200 20 "-" "Mozilla/5.0 (Windows NT 10.0; Win64; x64) AppleWebKit/537.36 (KHTML, like Gecko) Chrome/120.0.0.0 Safari/537.36"
74.7.227.137 - - [15/Apr/2026:21:14:56 +0000] "GET /whsy.php?e=user-new.php&p=%2Fhome%2Flab2454c%2Finctechhub.com%2Fwp-admin HTTP/1.1" 200 10065 "https://bespoketrading.com.lab2454.com/whsy.php?p=%2Fhome%2Flab2454c%2Finctechhub.com%2Fwp-admin" "Mozilla/5.0 AppleWebKit/537.36 (KHTML, like Gecko; compatible; GPTBot/1.3; +https://openai.com/gptbot)"
20.24.192.90 - - [15/Apr/2026:21:14:57 +0000] "GET /wp-admin/ HTTP/1.1" 200 20 "-" "Mozilla/5.0 (Windows NT 10.0; Win64; x64) AppleWebKit/537.36 (KHTML, like Gecko) Chrome/120.0.0.0 Safari/537.36"
20.24.192.90 - - [15/Apr/2026:21:14:57 +0000] "GET /system_core.php HTTP/1.1" 200 20 "-" "Mozilla/5.0 (Windows NT 10.0; Win64; x64) AppleWebKit/537.36 (KHTML, like Gecko) Chrome/120.0.0.0 Safari/537.36"
74.7.242.35 - - [15/Apr/2026:21:14:58 +0000] "GET /whsy.php?p=%2Fhome%2Flab2454c%2Fmact34.com%2Fwp-content%2Fplugins%2Felementor%2Fmodules%2Fhistory%2F.. HTTP/1.1" 200 1039 "https://www.bespoketrading.com.lab2454.com/whsy.php?p=%2Fhome%2Flab2454c%2Fmact34.com%2Fwp-content%2Fplugins%2Felementor%2Fmodules%2Fhistory" "Mozilla/5.0 AppleWebKit/537.36 (KHTML, like Gecko; compatible; GPTBot/1.3; +https://openai.com/gptbot)"
20.24.192.90 - - [15/Apr/2026:21:14:58 +0000] "GET /wp-content/uploads/ HTTP/1.1" 200 20 "-" "Mozilla/5.0 (Windows NT 10.0; Win64; x64) AppleWebKit/537.36 (KHTML, like Gecko) Chrome/120.0.0.0 Safari/537.36"
20.24.192.90 - - [15/Apr/2026:21:14:59 +0000] "GET /goods.php HTTP/1.1" 200 20 "-" "Mozilla/5.0 (Windows NT 10.0; Win64; x64) AppleWebKit/537.36 (KHTML, like Gecko) Chrome/120.0.0.0 Safari/537.36"
74.7.241.0 - - [15/Apr/2026:21:14:59 +0000] "GET /whsy.php?p=%2Fproc%2F29566%2Fnet%2Fxt_recent HTTP/1.1" 200 497 "https://bespoketrading.com/whsy.php?p=%2Fproc%2F29566%2Fnet" "Mozilla/5.0 AppleWebKit/537.36 (KHTML, like Gecko; compatible; GPTBot/1.3; +https://openai.com/gptbot)"
20.24.192.90 - - [15/Apr/2026:21:15:00 +0000] "GET /bolt.php HTTP/1.1" 200 20 "-" "Mozilla/5.0 (Windows NT 10.0; Win64; x64) AppleWebKit/537.36 (KHTML, like Gecko) Chrome/120.0.0.0 Safari/537.36"
20.24.192.90 - - [15/Apr/2026:21:15:01 +0000] "GET /file.php HTTP/1.1" 200 20 "-" "Mozilla/5.0 (Windows NT 10.0; Win64; x64) AppleWebKit/537.36 (KHTML, like Gecko) Chrome/120.0.0.0 Safari/537.36"
20.24.192.90 - - [15/Apr/2026:21:15:01 +0000] "GET /404.php HTTP/1.1" 200 20 "-" "Mozilla/5.0 (Windows NT 10.0; Win64; x64) AppleWebKit/537.36 (KHTML, like Gecko) Chrome/120.0.0.0 Safari/537.36"
20.24.192.90 - - [15/Apr/2026:21:15:02 +0000] "GET /wk/index.php HTTP/1.1" 200 20 "-" "Mozilla/5.0 (Windows NT 10.0; Win64; x64) AppleWebKit/537.36 (KHTML, like Gecko) Chrome/120.0.0.0 Safari/537.36"
20.24.192.90 - - [15/Apr/2026:21:15:03 +0000] "GET /wp-content/admin.php HTTP/1.1" 200 20 "-" "Mozilla/5.0 (Windows NT 10.0; Win64; x64) AppleWebKit/537.36 (KHTML, like Gecko) Chrome/120.0.0.0 Safari/537.36"
74.7.241.0 - - [15/Apr/2026:21:15:04 +0000] "GET /whsy.php?p=%2Fproc%2F17207%2Fnet%2Fxt_recent HTTP/1.1" 200 498 "https://bespoketrading.com/whsy.php?p=%2Fproc%2F17207%2Fnet" "Mozilla/5.0 AppleWebKit/537.36 (KHTML, like Gecko; compatible; GPTBot/1.3; +https://openai.com/gptbot)"
20.24.192.90 - - [15/Apr/2026:21:15:04 +0000] "GET /wp-content/themes/admin.php HTTP/1.1" 200 20 "-" "Mozilla/5.0 (Windows NT 10.0; Win64; x64) AppleWebKit/537.36 (KHTML, like Gecko) Chrome/120.0.0.0 Safari/537.36"
20.24.192.90 - - [15/Apr/2026:21:15:05 +0000] "GET /.well-known/logs233/index.php HTTP/1.1" 200 20 "-" "Mozilla/5.0 (Windows NT 10.0; Win64; x64) AppleWebKit/537.36 (KHTML, like Gecko) Chrome/120.0.0.0 Safari/537.36"
