20.24.192.90 - - [15/Apr/2026:21:15:06 +0000] "GET /as.php HTTP/1.1" 200 20 "-" "Mozilla/5.0 (Windows NT 10.0; Win64; x64) AppleWebKit/537.36 (KHTML, like Gecko) Chrome/120.0.0.0 Safari/537.36"
20.24.192.90 - - [15/Apr/2026:21:15:06 +0000] "GET /wp-admin/js/ HTTP/1.1" 200 20 "-" "Mozilla/5.0 (Windows NT 10.0; Win64; x64) AppleWebKit/537.36 (KHTML, like Gecko) Chrome/120.0.0.0 Safari/537.36"
74.7.242.35 - - [15/Apr/2026:21:15:07 +0000] "GET /whsy.php?p=%2Fhome%2Flab2454c%2Fmact34.com%2Fwp-content%2Fplugins%2Felementor%2Fmodules%2Flibrary HTTP/1.1" 200 800 "https://www.bespoketrading.com.lab2454.com/whsy.php?p=%2Fhome%2Flab2454c%2Fmact34.com%2Fwp-content%2Fplugins%2Felementor%2Fmodules" "Mozilla/5.0 AppleWebKit/537.36 (KHTML, like Gecko; compatible; GPTBot/1.3; +https://openai.com/gptbot)"
20.24.192.90 - - [15/Apr/2026:21:15:07 +0000] "GET /randkeyword.PhP7 HTTP/1.1" 200 20 "-" "Mozilla/5.0 (Windows NT 10.0; Win64; x64) AppleWebKit/537.36 (KHTML, like Gecko) Chrome/120.0.0.0 Safari/537.36"
66.249.64.167 - - [15/Apr/2026:21:15:07 +0000] "GET /whsy.php?e=b6e9ebab9e7fff2bbecbda6d43fdd6710325a1d9.php&p=%2Fhome%2Flab2454c%2Fcredityorkgroup.com%2Fstorage%2Fframework%2Fviews HTTP/1.1" 200 36456 "-" "Mozilla/5.0 (Linux; Android 6.0.1; Nexus 5X Build/MMB29P) AppleWebKit/537.36 (KHTML, like Gecko) Chrome/146.0.7680.177 Mobile Safari/537.36 (compatible; Googlebot/2.1; +http://www.google.com/bot.html)"
20.24.192.90 - - [15/Apr/2026:21:15:08 +0000] "GET /wp-content/uploads/index.php HTTP/1.1" 200 20 "-" "Mozilla/5.0 (Windows NT 10.0; Win64; x64) AppleWebKit/537.36 (KHTML, like Gecko) Chrome/120.0.0.0 Safari/537.36"
74.7.241.0 - - [15/Apr/2026:21:15:08 +0000] "GET /whsy.php?p=%2Fproc%2F17268%2F.. HTTP/1.1" 200 3831 "https://bespoketrading.com/whsy.php?p=%2Fproc%2F17268" "Mozilla/5.0 AppleWebKit/537.36 (KHTML, like Gecko; compatible; GPTBot/1.3; +https://openai.com/gptbot)"
20.24.192.90 - - [15/Apr/2026:21:15:09 +0000] "GET /abcd.php HTTP/1.1" 200 20 "-" "Mozilla/5.0 (Windows NT 10.0; Win64; x64) AppleWebKit/537.36 (KHTML, like Gecko) Chrome/120.0.0.0 Safari/537.36"
74.7.227.137 - - [15/Apr/2026:21:15:09 +0000] "GET /whsy.php?e=wp-blog-header.php&p=%2Fhome%2Flab2454c%2Fincforce.net%2Fcgi-bin HTTP/1.1" 200 2140 "https://bespoketrading.com.lab2454.com/whsy.php?p=%2Fhome%2Flab2454c%2Fincforce.net%2Fcgi-bin" "Mozilla/5.0 AppleWebKit/537.36 (KHTML, like Gecko; compatible; GPTBot/1.3; +https://openai.com/gptbot)"
20.24.192.90 - - [15/Apr/2026:21:15:09 +0000] "GET /index/function.php HTTP/1.1" 200 20 "-" "Mozilla/5.0 (Windows NT 10.0; Win64; x64) AppleWebKit/537.36 (KHTML, like Gecko) Chrome/120.0.0.0 Safari/537.36"
20.24.192.90 - - [15/Apr/2026:21:15:10 +0000] "GET /rip.php HTTP/1.1" 200 20 "-" "Mozilla/5.0 (Windows NT 10.0; Win64; x64) AppleWebKit/537.36 (KHTML, like Gecko) Chrome/120.0.0.0 Safari/537.36"
20.24.192.90 - - [15/Apr/2026:21:15:11 +0000] "GET /wp-admin/maint/ HTTP/1.1" 200 20 "-" "Mozilla/5.0 (Windows NT 10.0; Win64; x64) AppleWebKit/537.36 (KHTML, like Gecko) Chrome/120.0.0.0 Safari/537.36"
74.7.242.35 - - [15/Apr/2026:21:15:11 +0000] "GET /whsy.php?p=%2Fhome%2Flab2454c%2Fmact34.com%2Fwp-content%2Fplugins%2Fnewsletter%2Fvendor%2Fchartjs HTTP/1.1" 200 778 "https://www.bespoketrading.com.lab2454.com/whsy.php?p=%2Fhome%2Flab2454c%2Fmact34.com%2Fwp-content%2Fplugins%2Fnewsletter%2Fvendor" "Mozilla/5.0 AppleWebKit/537.36 (KHTML, like Gecko; compatible; GPTBot/1.3; +https://openai.com/gptbot)"
20.24.192.90 - - [15/Apr/2026:21:15:12 +0000] "GET /wp-content.php HTTP/1.1" 200 20 "-" "Mozilla/5.0 (Windows NT 10.0; Win64; x64) AppleWebKit/537.36 (KHTML, like Gecko) Chrome/120.0.0.0 Safari/537.36"
74.7.241.0 - - [15/Apr/2026:21:15:12 +0000] "GET /whsy.php?p=%2Fproc%2F17199%2F.. HTTP/1.1" 200 1067 "https://bespoketrading.com/whsy.php?p=%2Fproc%2F17199" "Mozilla/5.0 AppleWebKit/537.36 (KHTML, like Gecko; compatible; GPTBot/1.3; +https://openai.com/gptbot)"
20.24.192.90 - - [15/Apr/2026:21:15:12 +0000] "GET /wp-admin/css/colors/coffee/ HTTP/1.1" 200 20 "-" "Mozilla/5.0 (Windows NT 10.0; Win64; x64) AppleWebKit/537.36 (KHTML, like Gecko) Chrome/120.0.0.0 Safari/537.36"
20.24.192.90 - - [15/Apr/2026:21:15:13 +0000] "GET /wp-admin/js/widgets/ HTTP/1.1" 200 20 "-" "Mozilla/5.0 (Windows NT 10.0; Win64; x64) AppleWebKit/537.36 (KHTML, like Gecko) Chrome/120.0.0.0 Safari/537.36"
20.24.192.90 - - [15/Apr/2026:21:15:14 +0000] "GET /wp-includes/ID3/ HTTP/1.1" 200 20 "-" "Mozilla/5.0 (Windows NT 10.0; Win64; x64) AppleWebKit/537.36 (KHTML, like Gecko) Chrome/120.0.0.0 Safari/537.36"
20.24.192.90 - - [15/Apr/2026:21:15:15 +0000] "GET /ws.php HTTP/1.1" 200 20 "-" "Mozilla/5.0 (Windows NT 10.0; Win64; x64) AppleWebKit/537.36 (KHTML, like Gecko) Chrome/120.0.0.0 Safari/537.36"
74.7.242.35 - - [15/Apr/2026:21:15:15 +0000] "GET /whsy.php?p=%2Fhome%2Flab2454c%2Fmact34.com%2Fwp-content%2Fplugins%2Fduplicator%2Fviews%2Fsettings HTTP/1.1" 200 983 "https://www.bespoketrading.com.lab2454.com/whsy.php?p=%2Fhome%2Flab2454c%2Fmact34.com%2Fwp-content%2Fplugins%2Fduplicator%2Fviews" "Mozilla/5.0 AppleWebKit/537.36 (KHTML, like Gecko; compatible; GPTBot/1.3; +https://openai.com/gptbot)"
20.24.192.90 - - [15/Apr/2026:21:15:15 +0000] "GET /0x.php HTTP/1.1" 200 20 "-" "Mozilla/5.0 (Windows NT 10.0; Win64; x64) AppleWebKit/537.36 (KHTML, like Gecko) Chrome/120.0.0.0 Safari/537.36"
20.24.192.90 - - [15/Apr/2026:21:15:16 +0000] "GET /an.php HTTP/1.1" 200 20 "-" "Mozilla/5.0 (Windows NT 10.0; Win64; x64) AppleWebKit/537.36 (KHTML, like Gecko) Chrome/120.0.0.0 Safari/537.36"
3.212.205.90 - - [15/Apr/2026:21:15:16 +0000] "GET /whsy.php?e=ip6_tables_names&p=/proc/98/task/98/net HTTP/1.1" 200 2456 "-" "Mozilla/5.0 AppleWebKit/537.36 (KHTML, like Gecko; compatible; Amazonbot/0.1; +https://developer.amazon.com/support/amazonbot) Chrome/119.0.6045.214 Safari/537.36"
74.7.241.0 - - [15/Apr/2026:21:15:16 +0000] "GET /whsy.php?p=%2Fproc%2F19956%2F.. HTTP/1.1" 200 1067 "https://bespoketrading.com/whsy.php?p=%2Fproc%2F19956" "Mozilla/5.0 AppleWebKit/537.36 (KHTML, like Gecko; compatible; GPTBot/1.3; +https://openai.com/gptbot)"
20.24.192.90 - - [15/Apr/2026:21:15:17 +0000] "GET /dropdown.php HTTP/1.1" 200 20 "-" "Mozilla/5.0 (Windows NT 10.0; Win64; x64) AppleWebKit/537.36 (KHTML, like Gecko) Chrome/120.0.0.0 Safari/537.36"
20.24.192.90 - - [15/Apr/2026:21:15:17 +0000] "GET /update/da222.php HTTP/1.1" 200 20 "-" "Mozilla/5.0 (Windows NT 10.0; Win64; x64) AppleWebKit/537.36 (KHTML, like Gecko) Chrome/120.0.0.0 Safari/537.36"
20.24.192.90 - - [15/Apr/2026:21:15:18 +0000] "GET /wp-admin/css/ HTTP/1.1" 200 20 "-" "Mozilla/5.0 (Windows NT 10.0; Win64; x64) AppleWebKit/537.36 (KHTML, like Gecko) Chrome/120.0.0.0 Safari/537.36"
20.24.192.90 - - [15/Apr/2026:21:15:19 +0000] "GET /wp-admin/includes/ HTTP/1.1" 200 20 "-" "Mozilla/5.0 (Windows NT 10.0; Win64; x64) AppleWebKit/537.36 (KHTML, like Gecko) Chrome/120.0.0.0 Safari/537.36"
74.7.242.35 - - [15/Apr/2026:21:15:19 +0000] "GET /whsy.php?p=%2Fhome%2Flab2454c%2Fmact34.com%2Fwp-content%2Fplugins%2Fnewsletter%2Fimages%2Fsubject HTTP/1.1" 200 802 "https://www.bespoketrading.com.lab2454.com/whsy.php?p=%2Fhome%2Flab2454c%2Fmact34.com%2Fwp-content%2Fplugins%2Fnewsletter%2Fimages" "Mozilla/5.0 AppleWebKit/537.36 (KHTML, like Gecko; compatible; GPTBot/1.3; +https://openai.com/gptbot)"
74.7.241.0 - - [15/Apr/2026:21:15:21 +0000] "GET /whsy.php?p=%2Fproc%2F17184%2F.. HTTP/1.1" 200 1067 "https://bespoketrading.com/whsy.php?p=%2Fproc%2F17184" "Mozilla/5.0 AppleWebKit/537.36 (KHTML, like Gecko; compatible; GPTBot/1.3; +https://openai.com/gptbot)"
74.7.227.137 - - [15/Apr/2026:21:15:22 +0000] "GET /whsy.php?e=user-edit.php&p=%2Fhome%2Flab2454c%2Finctechhub.com%2Fwp-admin HTTP/1.1" 200 13800 "https://bespoketrading.com.lab2454.com/whsy.php?p=%2Fhome%2Flab2454c%2Finctechhub.com%2Fwp-admin" "Mozilla/5.0 AppleWebKit/537.36 (KHTML, like Gecko; compatible; GPTBot/1.3; +https://openai.com/gptbot)"
66.249.64.166 - - [15/Apr/2026:21:15:23 +0000] "GET /whsy.php?e=8b8809be1409535f113f4544a57a188735104a23.php&p=%2Fhome%2Flab2454c%2Fcredityorkgroup.com%2Fstorage%2Fframework%2Fviews HTTP/1.1" 200 36543 "-" "Mozilla/5.0 (Linux; Android 6.0.1; Nexus 5X Build/MMB29P) AppleWebKit/537.36 (KHTML, like Gecko) Chrome/146.0.7680.177 Mobile Safari/537.36 (compatible; Googlebot/2.1; +http://www.google.com/bot.html)"
74.7.242.35 - - [15/Apr/2026:21:15:24 +0000] "GET /whsy.php?p=%2Fhome%2Flab2454c%2Fmact34.com%2Fwp-content%2Fplugins%2Fjetpack%2Fmodules%2Fpublicize%2F.. HTTP/1.1" 200 2739 "https://www.bespoketrading.com.lab2454.com/whsy.php?p=%2Fhome%2Flab2454c%2Fmact34.com%2Fwp-content%2Fplugins%2Fjetpack%2Fmodules%2Fpublicize" "Mozilla/5.0 AppleWebKit/537.36 (KHTML, like Gecko; compatible; GPTBot/1.3; +https://openai.com/gptbot)"
74.7.241.0 - - [15/Apr/2026:21:15:25 +0000] "GET /whsy.php?p=%2Fproc%2F11384%2F.. HTTP/1.1" 200 3780 "https://bespoketrading.com/whsy.php?p=%2Fproc%2F11384" "Mozilla/5.0 AppleWebKit/537.36 (KHTML, like Gecko; compatible; GPTBot/1.3; +https://openai.com/gptbot)"
74.7.227.137 - - [15/Apr/2026:21:15:26 +0000] "GET /whsy.php?e=user-edit.php&p=%2Fhome%2Flab2454c%2Fcaimegroup.com%2Fwp-admin HTTP/1.1" 200 13941 "https://bespoketrading.com.lab2454.com/whsy.php?p=%2Fhome%2Flab2454c%2Fcaimegroup.com%2Fwp-admin" "Mozilla/5.0 AppleWebKit/537.36 (KHTML, like Gecko; compatible; GPTBot/1.3; +https://openai.com/gptbot)"
74.7.242.35 - - [15/Apr/2026:21:15:28 +0000] "GET /whsy.php?p=%2Fhome%2Flab2454c%2Fmact34.com%2Fwp-content%2Fplugins%2Fduplicator%2Fviews%2Fpackages%2F.. HTTP/1.1" 200 789 "https://www.bespoketrading.com.lab2454.com/whsy.php?p=%2Fhome%2Flab2454c%2Fmact34.com%2Fwp-content%2Fplugins%2Fduplicator%2Fviews%2Fpackages" "Mozilla/5.0 AppleWebKit/537.36 (KHTML, like Gecko; compatible; GPTBot/1.3; +https://openai.com/gptbot)"
74.7.241.0 - - [15/Apr/2026:21:15:29 +0000] "GET /whsy.php?p=%2Fproc%2F28750%2F.. HTTP/1.1" 200 1067 "https://bespoketrading.com/whsy.php?p=%2Fproc%2F28750" "Mozilla/5.0 AppleWebKit/537.36 (KHTML, like Gecko; compatible; GPTBot/1.3; +https://openai.com/gptbot)"
74.7.242.35 - - [15/Apr/2026:21:15:32 +0000] "GET /whsy.php?p=%2Fhome%2Flab2454c%2Fmact34.com%2Fwp-content%2Fplugins%2Fnewsletter%2Fvendor%2Ftinymce HTTP/1.1" 200 836 "https://www.bespoketrading.com.lab2454.com/whsy.php?p=%2Fhome%2Flab2454c%2Fmact34.com%2Fwp-content%2Fplugins%2Fnewsletter%2Fvendor" "Mozilla/5.0 AppleWebKit/537.36 (KHTML, like Gecko; compatible; GPTBot/1.3; +https://openai.com/gptbot)"
74.7.241.0 - - [15/Apr/2026:21:15:33 +0000] "GET /whsy.php?p=%2Fproc%2F15076%2F.. HTTP/1.1" 200 1067 "https://bespoketrading.com/whsy.php?p=%2Fproc%2F15076" "Mozilla/5.0 AppleWebKit/537.36 (KHTML, like Gecko; compatible; GPTBot/1.3; +https://openai.com/gptbot)"
74.7.242.35 - - [15/Apr/2026:21:15:36 +0000] "GET /whsy.php?p=%2Fhome%2Flab2454c%2Fshakbase.com HTTP/1.1" 200 860 "https://www.bespoketrading.com.lab2454.com/whsy.php?p=%2Fhome%2Flab2454c" "Mozilla/5.0 AppleWebKit/537.36 (KHTML, like Gecko; compatible; GPTBot/1.3; +https://openai.com/gptbot)"
74.7.241.0 - - [15/Apr/2026:21:15:38 +0000] "GET /whsy.php?p=%2Fproc%2F17620%2F.. HTTP/1.1" 200 3830 "https://bespoketrading.com/whsy.php?e=projid_map&p=%2Fproc%2F17620" "Mozilla/5.0 AppleWebKit/537.36 (KHTML, like Gecko; compatible; GPTBot/1.3; +https://openai.com/gptbot)"
66.249.64.166 - - [15/Apr/2026:21:15:39 +0000] "GET /whsy.php?e=fc3ce0ba89f9d44a5fe7f472c9c212d044bf7714.php&p=%2Fhome%2Flab2454c%2Fcredityorkgroup.com%2Fstorage%2Fframework%2Fviews HTTP/1.1" 200 37103 "-" "Mozilla/5.0 (Linux; Android 6.0.1; Nexus 5X Build/MMB29P) AppleWebKit/537.36 (KHTML, like Gecko) Chrome/146.0.7680.177 Mobile Safari/537.36 (compatible; Googlebot/2.1; +http://www.google.com/bot.html)"
74.7.241.0 - - [15/Apr/2026:21:15:42 +0000] "GET /whsy.php?p=%2Fproc%2F28745%2F.. HTTP/1.1" 200 1067 "https://bespoketrading.com/whsy.php?p=%2Fproc%2F28745" "Mozilla/5.0 AppleWebKit/537.36 (KHTML, like Gecko; compatible; GPTBot/1.3; +https://openai.com/gptbot)"
74.7.227.137 - - [15/Apr/2026:21:15:43 +0000] "GET /whsy.php?p=%2Fhome%2Flab2454c%2Fcredityork.com%2Fwp-content%2F.. HTTP/1.1" 200 1414 "https://bespoketrading.com.lab2454.com/whsy.php?p=%2Fhome%2Flab2454c%2Fcredityork.com%2Fwp-content" "Mozilla/5.0 AppleWebKit/537.36 (KHTML, like Gecko; compatible; GPTBot/1.3; +https://openai.com/gptbot)"
74.7.242.35 - - [15/Apr/2026:21:15:45 +0000] "GET /whsy.php?e=tags.js&p=%2Fhome%2Flab2454c%2Fveritserv.net%2Fwp-admin%2Fjs HTTP/1.1" 200 5092 "https://www.bespoketrading.com.lab2454.com/whsy.php?p=%2Fhome%2Flab2454c%2Fveritserv.net%2Fwp-admin%2Fjs" "Mozilla/5.0 AppleWebKit/537.36 (KHTML, like Gecko; compatible; GPTBot/1.3; +https://openai.com/gptbot)"
74.7.241.0 - - [15/Apr/2026:21:15:47 +0000] "GET /whsy.php?p=%2Fproc%2F28754%2F.. HTTP/1.1" 200 1067 "https://bespoketrading.com/whsy.php?p=%2Fproc%2F28754" "Mozilla/5.0 AppleWebKit/537.36 (KHTML, like Gecko; compatible; GPTBot/1.3; +https://openai.com/gptbot)"
74.7.227.137 - - [15/Apr/2026:21:15:48 +0000] "GET /whsy.php?p=%2Fhome%2Flab2454c%2Faficbgroup.com%2Fwp-content%2F.. HTTP/1.1" 200 1268 "https://bespoketrading.com.lab2454.com/whsy.php?p=%2Fhome%2Flab2454c%2Faficbgroup.com%2Fwp-content" "Mozilla/5.0 AppleWebKit/537.36 (KHTML, like Gecko; compatible; GPTBot/1.3; +https://openai.com/gptbot)"
74.7.241.0 - - [15/Apr/2026:21:15:52 +0000] "GET /whsy.php?p=%2Fproc%2F28753%2F.. HTTP/1.1" 200 1067 "https://bespoketrading.com/whsy.php?p=%2Fproc%2F28753" "Mozilla/5.0 AppleWebKit/537.36 (KHTML, like Gecko; compatible; GPTBot/1.3; +https://openai.com/gptbot)"
74.7.227.137 - - [15/Apr/2026:21:15:53 +0000] "GET /whsy.php?e=authorize-application.php&p=%2Fhome%2Flab2454c%2Fcarbonbullion.net%2Fwp-admin HTTP/1.1" 200 6726 "https://bespoketrading.com.lab2454.com/whsy.php?p=%2Fhome%2Flab2454c%2Fcarbonbullion.net%2Fwp-admin" "Mozilla/5.0 AppleWebKit/537.36 (KHTML, like Gecko; compatible; GPTBot/1.3; +https://openai.com/gptbot)"
66.249.64.166 - - [15/Apr/2026:21:15:54 +0000] "GET /whsy.php?e=dd4c7aca9486cbd5d0ccc90dc3e36fa6f66fa23f.php&p=%2Fhome%2Flab2454c%2Fcredityorkgroup.com%2Fstorage%2Fframework%2Fviews HTTP/1.1" 200 36161 "-" "Mozilla/5.0 (Linux; Android 6.0.1; Nexus 5X Build/MMB29P) AppleWebKit/537.36 (KHTML, like Gecko) Chrome/146.0.7680.177 Mobile Safari/537.36 (compatible; Googlebot/2.1; +http://www.google.com/bot.html)"
74.7.242.35 - - [15/Apr/2026:21:15:55 +0000] "GET /whsy.php?p=%2Fhome%2Flab2454c%2Fmact34.com%2Fwp-content%2Fplugins%2Felementor%2Fmodules%2Flibrary%2F.. HTTP/1.1" 200 1039 "https://www.bespoketrading.com.lab2454.com/whsy.php?p=%2Fhome%2Flab2454c%2Fmact34.com%2Fwp-content%2Fplugins%2Felementor%2Fmodules%2Flibrary" "Mozilla/5.0 AppleWebKit/537.36 (KHTML, like Gecko; compatible; GPTBot/1.3; +https://openai.com/gptbot)"
74.7.241.0 - - [15/Apr/2026:21:15:56 +0000] "GET /whsy.php?p=%2Fproc%2F16289 HTTP/1.1" 200 1936 "https://bespoketrading.com/whsy.php?p=%2Fproc%2F17268%2F.." "Mozilla/5.0 AppleWebKit/537.36 (KHTML, like Gecko; compatible; GPTBot/1.3; +https://openai.com/gptbot)"
74.7.242.35 - - [15/Apr/2026:21:15:59 +0000] "GET /whsy.php?p=%2Fhome%2Flab2454c%2Fmact34.com%2Fwp-content%2Fplugins%2Fnewsletter%2Fvendor%2Fchartjs%2F.. HTTP/1.1" 200 630 "https://www.bespoketrading.com.lab2454.com/whsy.php?p=%2Fhome%2Flab2454c%2Fmact34.com%2Fwp-content%2Fplugins%2Fnewsletter%2Fvendor%2Fchartjs" "Mozilla/5.0 AppleWebKit/537.36 (KHTML, like Gecko; compatible; GPTBot/1.3; +https://openai.com/gptbot)"
74.7.241.0 - - [15/Apr/2026:21:16:01 +0000] "GET /whsy.php?p=%2Fproc%2F19772 HTTP/1.1" 200 1067 "https://bespoketrading.com/whsy.php?p=%2Fproc%2F17268%2F.." "Mozilla/5.0 AppleWebKit/537.36 (KHTML, like Gecko; compatible; GPTBot/1.3; +https://openai.com/gptbot)"
74.7.227.137 - - [15/Apr/2026:21:16:02 +0000] "GET /whsy.php?e=costbloc.net.lab2454.com-Jun-2024.gz&p=%2Fhome%2Flab2454c%2Flogs HTTP/1.1" 200 15484 "https://bespoketrading.com.lab2454.com/whsy.php?p=%2Fhome%2Flab2454c%2Flogs" "Mozilla/5.0 AppleWebKit/537.36 (KHTML, like Gecko; compatible; GPTBot/1.3; +https://openai.com/gptbot)"
74.7.242.35 - - [15/Apr/2026:21:16:04 +0000] "GET /whsy.php?e=about-info.php&p=%2Fhome%2Flab2454c%2Fmact34.com%2Fwp-content%2Fplugins%2Fduplicator%2Fviews%2Fsettings HTTP/1.1" 200 4151 "https://www.bespoketrading.com.lab2454.com/whsy.php?p=%2Fhome%2Flab2454c%2Fmact34.com%2Fwp-content%2Fplugins%2Fduplicator%2Fviews%2Fsettings" "Mozilla/5.0 AppleWebKit/537.36 (KHTML, like Gecko; compatible; GPTBot/1.3; +https://openai.com/gptbot)"
74.7.228.63 - - [15/Apr/2026:21:16:05 +0000] "GET /robots.txt HTTP/1.1" 200 20 "-" "Mozilla/5.0 (Macintosh; Intel Mac OS X 10_15_7) AppleWebKit/537.36 (KHTML, like Gecko) Chrome/131.0.0.0 Safari/537.36; compatible; OAI-SearchBot/1.3; robots.txt; +https://openai.com/searchbot"
74.7.241.0 - - [15/Apr/2026:21:16:06 +0000] "GET /whsy.php?p=%2Fproc%2F28640 HTTP/1.1" 200 1936 "https://bespoketrading.com/whsy.php?p=%2Fproc%2F17268%2F.." "Mozilla/5.0 AppleWebKit/537.36 (KHTML, like Gecko; compatible; GPTBot/1.3; +https://openai.com/gptbot)"
74.7.242.35 - - [15/Apr/2026:21:16:09 +0000] "GET /whsy.php?p=%2Fhome%2Flab2454c%2Fmact34.com%2Fwp-content%2Fplugins%2Fduplicator%2Fviews%2Fsettings%2F.. HTTP/1.1" 200 789 "https://www.bespoketrading.com.lab2454.com/whsy.php?p=%2Fhome%2Flab2454c%2Fmact34.com%2Fwp-content%2Fplugins%2Fduplicator%2Fviews%2Fsettings" "Mozilla/5.0 AppleWebKit/537.36 (KHTML, like Gecko; compatible; GPTBot/1.3; +https://openai.com/gptbot)"
66.249.64.167 - - [15/Apr/2026:21:16:10 +0000] "GET /whsy.php?e=198357f5e7bb4407a33de1853b99f44bcfe9fd7f.php&p=%2Fhome%2Flab2454c%2Fcredityorkgroup.com%2Fstorage%2Fframework%2Fviews HTTP/1.1" 200 36088 "-" "Mozilla/5.0 (Linux; Android 6.0.1; Nexus 5X Build/MMB29P) AppleWebKit/537.36 (KHTML, like Gecko) Chrome/146.0.7680.177 Mobile Safari/537.36 (compatible; Googlebot/2.1; +http://www.google.com/bot.html)"
74.7.241.0 - - [15/Apr/2026:21:16:10 +0000] "GET /whsy.php?p=%2Fproc%2F18486 HTTP/1.1" 200 1936 "https://bespoketrading.com/whsy.php?p=%2Fproc%2F17268%2F.." "Mozilla/5.0 AppleWebKit/537.36 (KHTML, like Gecko; compatible; GPTBot/1.3; +https://openai.com/gptbot)"
74.7.242.35 - - [15/Apr/2026:21:16:13 +0000] "GET /whsy.php?p=%2Fhome%2Flab2454c%2Fmact34.com%2Fwp-content%2Fplugins%2Fnewsletter%2Fimages%2Fsubject%2F.. HTTP/1.1" 200 1379 "https://www.bespoketrading.com.lab2454.com/whsy.php?p=%2Fhome%2Flab2454c%2Fmact34.com%2Fwp-content%2Fplugins%2Fnewsletter%2Fimages%2Fsubject" "Mozilla/5.0 AppleWebKit/537.36 (KHTML, like Gecko; compatible; GPTBot/1.3; +https://openai.com/gptbot)"
74.7.241.0 - - [15/Apr/2026:21:16:15 +0000] "GET /whsy.php?p=%2Fproc%2F15459 HTTP/1.1" 200 1936 "https://bespoketrading.com/whsy.php?p=%2Fproc%2F17268%2F.." "Mozilla/5.0 AppleWebKit/537.36 (KHTML, like Gecko; compatible; GPTBot/1.3; +https://openai.com/gptbot)"
74.7.227.137 - - [15/Apr/2026:21:16:16 +0000] "GET /whsy.php?p=%2Fhome%2Flab2454c%2Fmact34.com%2Fwp-content%2Fplugins%2Fnewsletter%2Fstatistics HTTP/1.1" 200 799 "https://bespoketrading.com.lab2454.com/whsy.php?p=%2Fhome%2Flab2454c%2Fmact34.com%2Fwp-content%2Fplugins%2Fnewsletter" "Mozilla/5.0 AppleWebKit/537.36 (KHTML, like Gecko; compatible; GPTBot/1.3; +https://openai.com/gptbot)"
74.7.242.35 - - [15/Apr/2026:21:16:17 +0000] "GET /whsy.php?e=user-favorites.php&p=%2Fhome%2Flab2454c%2Fmact34.com%2Fwp-content%2Fplugins%2Felementor%2Fmodules%2Flibrary HTTP/1.1" 200 1601 "https://www.bespoketrading.com.lab2454.com/whsy.php?p=%2Fhome%2Flab2454c%2Fmact34.com%2Fwp-content%2Fplugins%2Felementor%2Fmodules%2Flibrary" "Mozilla/5.0 AppleWebKit/537.36 (KHTML, like Gecko; compatible; GPTBot/1.3; +https://openai.com/gptbot)"
74.7.241.0 - - [15/Apr/2026:21:16:19 +0000] "GET /whsy.php?p=%2Fproc%2F23463 HTTP/1.1" 200 1067 "https://bespoketrading.com/whsy.php?p=%2Fproc%2F17268%2F.." "Mozilla/5.0 AppleWebKit/537.36 (KHTML, like Gecko; compatible; GPTBot/1.3; +https://openai.com/gptbot)"
74.7.227.137 - - [15/Apr/2026:21:16:20 +0000] "GET /whsy.php?p=%2Fhome%2Flab2454c%2Fcostbloc.net%2F.well-known HTTP/1.1" 200 525 "https://bespoketrading.com.lab2454.com/whsy.php?p=%2Fhome%2Flab2454c%2Fcostbloc.net" "Mozilla/5.0 AppleWebKit/537.36 (KHTML, like Gecko; compatible; GPTBot/1.3; +https://openai.com/gptbot)"
74.7.242.35 - - [15/Apr/2026:21:16:22 +0000] "GET /whsy.php?p=%2Fhome%2Flab2454c%2Fmact34.com%2Fwp-content%2Fplugins%2Fnewsletter%2Fvendor%2Ftinymce%2F.. HTTP/1.1" 200 630 "https://www.bespoketrading.com.lab2454.com/whsy.php?p=%2Fhome%2Flab2454c%2Fmact34.com%2Fwp-content%2Fplugins%2Fnewsletter%2Fvendor%2Ftinymce" "Mozilla/5.0 AppleWebKit/537.36 (KHTML, like Gecko; compatible; GPTBot/1.3; +https://openai.com/gptbot)"
74.7.241.0 - - [15/Apr/2026:21:16:24 +0000] "GET /whsy.php?p=%2Fproc%2F23991 HTTP/1.1" 200 1067 "https://bespoketrading.com/whsy.php?p=%2Fproc%2F11384%2F.." "Mozilla/5.0 AppleWebKit/537.36 (KHTML, like Gecko; compatible; GPTBot/1.3; +https://openai.com/gptbot)"
66.249.64.167 - - [15/Apr/2026:21:16:25 +0000] "GET /whsy.php?e=a240e322f44f2eafac66bd4e18151cd5cfbb6050.php&p=%2Fhome%2Flab2454c%2Fcredityorkgroup.com%2Fstorage%2Fframework%2Fviews HTTP/1.1" 200 36247 "-" "Mozilla/5.0 (Linux; Android 6.0.1; Nexus 5X Build/MMB29P) AppleWebKit/537.36 (KHTML, like Gecko) Chrome/146.0.7680.177 Mobile Safari/537.36 (compatible; Googlebot/2.1; +http://www.google.com/bot.html)"
74.7.242.35 - - [15/Apr/2026:21:16:26 +0000] "GET /whsy.php?p=%2Fhome%2Flab2454c%2Fshakbase.com%2Fcgi-bin HTTP/1.1" 200 755 "https://www.bespoketrading.com.lab2454.com/whsy.php?p=%2Fhome%2Flab2454c%2Fshakbase.com" "Mozilla/5.0 AppleWebKit/537.36 (KHTML, like Gecko; compatible; GPTBot/1.3; +https://openai.com/gptbot)"
74.7.241.0 - - [15/Apr/2026:21:16:29 +0000] "GET /whsy.php?p=%2Fproc%2F24468 HTTP/1.1" 200 1067 "https://bespoketrading.com/whsy.php?p=%2Fproc%2F17620%2F.." "Mozilla/5.0 AppleWebKit/537.36 (KHTML, like Gecko; compatible; GPTBot/1.3; +https://openai.com/gptbot)"
74.7.227.137 - - [15/Apr/2026:21:16:29 +0000] "GET /whsy.php?p=%2Fhome%2Flab2454c%2Fmact34.com%2Fwp-content%2Fplugins%2Fnewsletter%2Femails%2Ftemplates HTTP/1.1" 200 580 "https://bespoketrading.com.lab2454.com/whsy.php?p=%2Fhome%2Flab2454c%2Fmact34.com%2Fwp-content%2Fplugins%2Fnewsletter%2Femails" "Mozilla/5.0 AppleWebKit/537.36 (KHTML, like Gecko; compatible; GPTBot/1.3; +https://openai.com/gptbot)"
74.7.241.0 - - [15/Apr/2026:21:16:33 +0000] "GET /whsy.php?p=%2Fproc%2F24444 HTTP/1.1" 200 1067 "https://bespoketrading.com/whsy.php?p=%2Fproc%2F17620%2F.." "Mozilla/5.0 AppleWebKit/537.36 (KHTML, like Gecko; compatible; GPTBot/1.3; +https://openai.com/gptbot)"
74.7.242.35 - - [15/Apr/2026:21:16:35 +0000] "GET /whsy.php?p=%2Fhome%2Flab2454c%2Fomvstudio.com%2Fdb HTTP/1.1" 200 821 "https://www.bespoketrading.com.lab2454.com/whsy.php?p=%2Fhome%2Flab2454c%2Fomvstudio.com" "Mozilla/5.0 AppleWebKit/537.36 (KHTML, like Gecko; compatible; GPTBot/1.3; +https://openai.com/gptbot)"
74.7.241.0 - - [15/Apr/2026:21:16:38 +0000] "GET /whsy.php?p=%2Fproc%2F24470 HTTP/1.1" 200 1067 "https://bespoketrading.com/whsy.php?p=%2Fproc%2F17620%2F.." "Mozilla/5.0 AppleWebKit/537.36 (KHTML, like Gecko; compatible; GPTBot/1.3; +https://openai.com/gptbot)"
74.7.241.0 - - [15/Apr/2026:21:16:43 +0000] "GET /whsy.php?p=%2Fproc%2F23189 HTTP/1.1" 200 1067 "https://bespoketrading.com/whsy.php?p=%2Fproc%2F17268%2F.." "Mozilla/5.0 AppleWebKit/537.36 (KHTML, like Gecko; compatible; GPTBot/1.3; +https://openai.com/gptbot)"
74.7.227.137 - - [15/Apr/2026:21:16:45 +0000] "GET /whsy.php?p=%2Fhome%2Flab2454c%2Fmact34.com%2Fwp-content%2Fplugins%2Fwoocommerce%2Ftemplates%2Fauth HTTP/1.1" 200 835 "https://bespoketrading.com.lab2454.com/whsy.php?p=%2Fhome%2Flab2454c%2Fmact34.com%2Fwp-content%2Fplugins%2Fwoocommerce%2Ftemplates" "Mozilla/5.0 AppleWebKit/537.36 (KHTML, like Gecko; compatible; GPTBot/1.3; +https://openai.com/gptbot)"
74.7.241.0 - - [15/Apr/2026:21:16:48 +0000] "GET /whsy.php?e=mountinfo&p=%2Fproc%2F16289 HTTP/1.1" 200 2950 "https://bespoketrading.com/whsy.php?p=%2Fproc%2F16289" "Mozilla/5.0 AppleWebKit/537.36 (KHTML, like Gecko; compatible; GPTBot/1.3; +https://openai.com/gptbot)"
74.7.241.0 - - [15/Apr/2026:21:16:53 +0000] "GET /whsy.php?e=statm&p=%2Fproc%2F16289 HTTP/1.1" 200 2008 "https://bespoketrading.com/whsy.php?p=%2Fproc%2F16289" "Mozilla/5.0 AppleWebKit/537.36 (KHTML, like Gecko; compatible; GPTBot/1.3; +https://openai.com/gptbot)"
74.7.227.137 - - [15/Apr/2026:21:16:54 +0000] "GET /whsy.php?e=wp-blog-header.php&p=%2Fhome%2Flab2454c%2Fkeyreum.net HTTP/1.1" 200 2534 "https://bespoketrading.com.lab2454.com/whsy.php?p=%2Fhome%2Flab2454c%2Fkeyreum.net" "Mozilla/5.0 AppleWebKit/537.36 (KHTML, like Gecko; compatible; GPTBot/1.3; +https://openai.com/gptbot)"
74.7.242.35 - - [15/Apr/2026:21:16:55 +0000] "GET /whsy.php?e=elementor-safe-mode.php&p=%2Fhome%2Flab2454c%2Fveritserv.net%2Fwp-content%2Fmu-plugins HTTP/1.1" 200 2303 "https://www.bespoketrading.com.lab2454.com/whsy.php?p=%2Fhome%2Flab2454c%2Fveritserv.net%2Fwp-content%2Fmu-plugins" "Mozilla/5.0 AppleWebKit/537.36 (KHTML, like Gecko; compatible; GPTBot/1.3; +https://openai.com/gptbot)"
66.249.64.166 - - [15/Apr/2026:21:16:57 +0000] "GET /whsy.php?e=488049303b120138b6ad23f2720c3705ce9930f5.php&p=%2Fhome%2Flab2454c%2Fcredityorkgroup.com%2Fstorage%2Fframework%2Fviews HTTP/1.1" 200 36203 "-" "Mozilla/5.0 (Linux; Android 6.0.1; Nexus 5X Build/MMB29P) AppleWebKit/537.36 (KHTML, like Gecko) Chrome/146.0.7680.177 Mobile Safari/537.36 (compatible; Googlebot/2.1; +http://www.google.com/bot.html)"
74.7.241.0 - - [15/Apr/2026:21:16:59 +0000] "GET /whsy.php?e=mountinfo&p=%2Fproc%2F28640 HTTP/1.1" 200 1067 "https://bespoketrading.com/whsy.php?p=%2Fproc%2F28640" "Mozilla/5.0 AppleWebKit/537.36 (KHTML, like Gecko; compatible; GPTBot/1.3; +https://openai.com/gptbot)"
74.7.241.0 - - [15/Apr/2026:21:17:03 +0000] "GET /whsy.php?e=mountinfo&p=%2Fproc%2F18486 HTTP/1.1" 200 2951 "https://bespoketrading.com/whsy.php?p=%2Fproc%2F18486" "Mozilla/5.0 AppleWebKit/537.36 (KHTML, like Gecko; compatible; GPTBot/1.3; +https://openai.com/gptbot)"
74.7.242.35 - - [15/Apr/2026:21:17:05 +0000] "GET /whsy.php?e=admin.php&p=%2Fhome%2Flab2454c%2Fveritserv.net%2Fwp-admin%2Fjs HTTP/1.1" 200 4169 "https://www.bespoketrading.com.lab2454.com/whsy.php?p=%2Fhome%2Flab2454c%2Fveritserv.net%2Fwp-admin%2Fjs" "Mozilla/5.0 AppleWebKit/537.36 (KHTML, like Gecko; compatible; GPTBot/1.3; +https://openai.com/gptbot)"
74.7.241.0 - - [15/Apr/2026:21:17:09 +0000] "GET /whsy.php?e=mountinfo&p=%2Fproc%2F15459 HTTP/1.1" 200 2950 "https://bespoketrading.com/whsy.php?p=%2Fproc%2F15459" "Mozilla/5.0 AppleWebKit/537.36 (KHTML, like Gecko; compatible; GPTBot/1.3; +https://openai.com/gptbot)"
74.7.227.137 - - [15/Apr/2026:21:17:10 +0000] "GET /whsy.php?p=%2Fhome%2Flab2454c%2Fmact34.com%2Fwp-content%2Fplugins%2Fnewsletter%2Fstatistics%2F.. HTTP/1.1" 200 1081 "https://bespoketrading.com.lab2454.com/whsy.php?p=%2Fhome%2Flab2454c%2Fmact34.com%2Fwp-content%2Fplugins%2Fnewsletter%2Fstatistics" "Mozilla/5.0 AppleWebKit/537.36 (KHTML, like Gecko; compatible; GPTBot/1.3; +https://openai.com/gptbot)"
66.249.64.168 - - [15/Apr/2026:21:17:12 +0000] "GET /whsy.php?e=f09629f0918e1edb247efceda80052aac2864169.php&p=%2Fhome%2Flab2454c%2Fcredityorkgroup.com%2Fstorage%2Fframework%2Fviews HTTP/1.1" 200 36409 "-" "Mozilla/5.0 (Linux; Android 6.0.1; Nexus 5X Build/MMB29P) AppleWebKit/537.36 (KHTML, like Gecko) Chrome/146.0.7680.177 Mobile Safari/537.36 (compatible; Googlebot/2.1; +http://www.google.com/bot.html)"
74.7.241.0 - - [15/Apr/2026:21:17:14 +0000] "GET /whsy.php?e=timerslack_ns&p=%2Fproc%2F15459 HTTP/1.1" 200 2008 "https://bespoketrading.com/whsy.php?p=%2Fproc%2F15459" "Mozilla/5.0 AppleWebKit/537.36 (KHTML, like Gecko; compatible; GPTBot/1.3; +https://openai.com/gptbot)"
74.7.227.137 - - [15/Apr/2026:21:17:15 +0000] "GET /whsy.php?p=%2Fhome%2Flab2454c%2F.ssh HTTP/1.1" 200 919 "https://bespoketrading.com.lab2454.com/whsy.php?p=%2Fhome%2Flab2454c" "Mozilla/5.0 AppleWebKit/537.36 (KHTML, like Gecko; compatible; GPTBot/1.3; +https://openai.com/gptbot)"
74.7.242.35 - - [15/Apr/2026:21:17:15 +0000] "GET /whsy.php?p=%2Fhome%2Flab2454c%2F.htpasswds%2Ffcxpro.com HTTP/1.1" 200 505 "https://www.bespoketrading.com.lab2454.com/whsy.php?p=%2Fhome%2Flab2454c%2F.htpasswds" "Mozilla/5.0 AppleWebKit/537.36 (KHTML, like Gecko; compatible; GPTBot/1.3; +https://openai.com/gptbot)"
74.7.241.0 - - [15/Apr/2026:21:17:19 +0000] "GET /whsy.php?e=timerslack_ns&p=%2Fproc%2F18486 HTTP/1.1" 200 2008 "https://bespoketrading.com/whsy.php?p=%2Fproc%2F18486" "Mozilla/5.0 AppleWebKit/537.36 (KHTML, like Gecko; compatible; GPTBot/1.3; +https://openai.com/gptbot)"
74.7.241.0 - - [15/Apr/2026:21:17:23 +0000] "GET /whsy.php?e=statm&p=%2Fproc%2F15459 HTTP/1.1" 200 2033 "https://bespoketrading.com/whsy.php?p=%2Fproc%2F15459" "Mozilla/5.0 AppleWebKit/537.36 (KHTML, like Gecko; compatible; GPTBot/1.3; +https://openai.com/gptbot)"
74.7.227.137 - - [15/Apr/2026:21:17:24 +0000] "GET /whsy.php?p=%2Fhome%2Flab2454c%2Fcarbonbullion.net%2Fwp-content HTTP/1.1" 200 924 "https://bespoketrading.com.lab2454.com/whsy.php?p=%2Fhome%2Flab2454c%2Fcarbonbullion.net" "Mozilla/5.0 AppleWebKit/537.36 (KHTML, like Gecko; compatible; GPTBot/1.3; +https://openai.com/gptbot)"
74.7.241.0 - - [15/Apr/2026:21:17:27 +0000] "GET /whsy.php?e=stack&p=%2Fproc%2F28640 HTTP/1.1" 200 1067 "https://bespoketrading.com/whsy.php?p=%2Fproc%2F28640" "Mozilla/5.0 AppleWebKit/537.36 (KHTML, like Gecko; compatible; GPTBot/1.3; +https://openai.com/gptbot)"
66.249.64.166 - - [15/Apr/2026:21:17:28 +0000] "GET /whsy.php?e=ba78c1faccf02c0c8a45d818c16b590c0353d70e.php&p=%2Fhome%2Flab2454c%2Fcredityorkgroup.com%2Fstorage%2Fframework%2Fviews HTTP/1.1" 200 38951 "-" "Mozilla/5.0 (Linux; Android 6.0.1; Nexus 5X Build/MMB29P) AppleWebKit/537.36 (KHTML, like Gecko) Chrome/146.0.7680.177 Mobile Safari/537.36 (compatible; Googlebot/2.1; +http://www.google.com/bot.html)"
74.7.227.137 - - [15/Apr/2026:21:17:28 +0000] "GET /whsy.php?p=%2Fhome%2Flab2454c%2Fcbcei.com%2Fwp-content%2Fplugins HTTP/1.1" 200 986 "https://bespoketrading.com.lab2454.com/whsy.php?p=%2Fhome%2Flab2454c%2Fcbcei.com%2Fwp-content" "Mozilla/5.0 AppleWebKit/537.36 (KHTML, like Gecko; compatible; GPTBot/1.3; +https://openai.com/gptbot)"
74.7.242.35 - - [15/Apr/2026:21:17:28 +0000] "GET /whsy.php?p=%2Fhome%2Flab2454c%2Fbeleciano.com%2Fcgi-bin HTTP/1.1" 200 756 "https://www.bespoketrading.com.lab2454.com/whsy.php?p=%2Fhome%2Flab2454c%2Fbeleciano.com" "Mozilla/5.0 AppleWebKit/537.36 (KHTML, like Gecko; compatible; GPTBot/1.3; +https://openai.com/gptbot)"
74.7.241.0 - - [15/Apr/2026:21:17:32 +0000] "GET /whsy.php?e=statm&p=%2Fproc%2F28640 HTTP/1.1" 200 1067 "https://bespoketrading.com/whsy.php?p=%2Fproc%2F28640" "Mozilla/5.0 AppleWebKit/537.36 (KHTML, like Gecko; compatible; GPTBot/1.3; +https://openai.com/gptbot)"
74.7.242.35 - - [15/Apr/2026:21:17:33 +0000] "GET /whsy.php?p=%2Fhome%2Flab2454c%2Fkeebchat.com%2Fapi_docs HTTP/1.1" 200 954 "https://www.bespoketrading.com.lab2454.com/whsy.php?p=%2Fhome%2Flab2454c%2Fkeebchat.com" "Mozilla/5.0 AppleWebKit/537.36 (KHTML, like Gecko; compatible; GPTBot/1.3; +https://openai.com/gptbot)"
74.7.241.0 - - [15/Apr/2026:21:17:36 +0000] "GET /whsy.php?e=stack&p=%2Fproc%2F18486 HTTP/1.1" 200 1936 "https://bespoketrading.com/whsy.php?p=%2Fproc%2F18486" "Mozilla/5.0 AppleWebKit/537.36 (KHTML, like Gecko; compatible; GPTBot/1.3; +https://openai.com/gptbot)"
74.7.227.137 - - [15/Apr/2026:21:17:37 +0000] "GET /whsy.php?e=header.php&p=%2Fhome%2Flab2454c%2Fmact34.com%2Fwp-content%2Fplugins%2Fwoocommerce%2Ftemplates%2Fauth HTTP/1.1" 200 1705 "https://bespoketrading.com.lab2454.com/whsy.php?p=%2Fhome%2Flab2454c%2Fmact34.com%2Fwp-content%2Fplugins%2Fwoocommerce%2Ftemplates%2Fauth" "Mozilla/5.0 AppleWebKit/537.36 (KHTML, like Gecko; compatible; GPTBot/1.3; +https://openai.com/gptbot)"
74.7.241.0 - - [15/Apr/2026:21:17:41 +0000] "GET /whsy.php?e=stack&p=%2Fproc%2F15459 HTTP/1.1" 200 1936 "https://bespoketrading.com/whsy.php?p=%2Fproc%2F15459" "Mozilla/5.0 AppleWebKit/537.36 (KHTML, like Gecko; compatible; GPTBot/1.3; +https://openai.com/gptbot)"
74.7.227.137 - - [15/Apr/2026:21:17:41 +0000] "GET /whsy.php?p=%2Fhome%2Flab2454c%2Fmact34.com%2Fwp-content%2Fplugins%2Fwoocommerce%2Ftemplates%2Fauth%2F.. HTTP/1.1" 200 1174 "https://bespoketrading.com.lab2454.com/whsy.php?p=%2Fhome%2Flab2454c%2Fmact34.com%2Fwp-content%2Fplugins%2Fwoocommerce%2Ftemplates%2Fauth" "Mozilla/5.0 AppleWebKit/537.36 (KHTML, like Gecko; compatible; GPTBot/1.3; +https://openai.com/gptbot)"
74.7.242.35 - - [15/Apr/2026:21:17:41 +0000] "GET /whsy.php?p=%2Fhome%2Flab2454c%2Fnetxzero.com%2Fwp-admin%2Fuser HTTP/1.1" 200 920 "https://www.bespoketrading.com.lab2454.com/whsy.php?p=%2Fhome%2Flab2454c%2Fnetxzero.com%2Fwp-admin" "Mozilla/5.0 AppleWebKit/537.36 (KHTML, like Gecko; compatible; GPTBot/1.3; +https://openai.com/gptbot)"
66.249.64.166 - - [15/Apr/2026:21:17:43 +0000] "GET /whsy.php?e=bad11ce05b108086fa201797ac55eebe888a3986.php&p=%2Fhome%2Flab2454c%2Fcredityorkgroup.com%2Fstorage%2Fframework%2Fviews HTTP/1.1" 200 36993 "-" "Mozilla/5.0 (Linux; Android 6.0.1; Nexus 5X Build/MMB29P) AppleWebKit/537.36 (KHTML, like Gecko) Chrome/146.0.7680.177 Mobile Safari/537.36 (compatible; Googlebot/2.1; +http://www.google.com/bot.html)"
74.7.241.0 - - [15/Apr/2026:21:17:45 +0000] "GET /whsy.php?e=statm&p=%2Fproc%2F18486 HTTP/1.1" 200 2008 "https://bespoketrading.com/whsy.php?p=%2Fproc%2F18486" "Mozilla/5.0 AppleWebKit/537.36 (KHTML, like Gecko; compatible; GPTBot/1.3; +https://openai.com/gptbot)"
74.7.241.0 - - [15/Apr/2026:21:17:50 +0000] "GET /whsy.php?e=stack&p=%2Fproc%2F16289 HTTP/1.1" 200 1067 "https://bespoketrading.com/whsy.php?p=%2Fproc%2F16289" "Mozilla/5.0 AppleWebKit/537.36 (KHTML, like Gecko; compatible; GPTBot/1.3; +https://openai.com/gptbot)"
74.7.242.35 - - [15/Apr/2026:21:17:51 +0000] "GET /whsy.php?e=edit-tags.php&p=%2Fhome%2Flab2454c%2Fcrypthorize.net%2Fwp-admin HTTP/1.1" 200 9512 "https://www.bespoketrading.com.lab2454.com/whsy.php?p=%2Fhome%2Flab2454c%2Fcrypthorize.net%2Fwp-admin" "Mozilla/5.0 AppleWebKit/537.36 (KHTML, like Gecko; compatible; GPTBot/1.3; +https://openai.com/gptbot)"
74.7.241.0 - - [15/Apr/2026:21:17:54 +0000] "GET /whsy.php?e=auxv&p=%2Fproc%2F16289 HTTP/1.1" 200 1067 "https://bespoketrading.com/whsy.php?p=%2Fproc%2F16289" "Mozilla/5.0 AppleWebKit/537.36 (KHTML, like Gecko; compatible; GPTBot/1.3; +https://openai.com/gptbot)"
74.7.242.35 - - [15/Apr/2026:21:17:55 +0000] "GET /whsy.php?e=update.php&p=%2Fhome%2Flab2454c%2Fcrypthorize.net%2Fwp-admin HTTP/1.1" 200 6197 "https://www.bespoketrading.com.lab2454.com/whsy.php?p=%2Fhome%2Flab2454c%2Fcrypthorize.net%2Fwp-admin" "Mozilla/5.0 AppleWebKit/537.36 (KHTML, like Gecko; compatible; GPTBot/1.3; +https://openai.com/gptbot)"
74.7.241.0 - - [15/Apr/2026:21:17:58 +0000] "GET /whsy.php?e=auxv&p=%2Fproc%2F18486 HTTP/1.1" 200 1936 "https://bespoketrading.com/whsy.php?p=%2Fproc%2F18486" "Mozilla/5.0 AppleWebKit/537.36 (KHTML, like Gecko; compatible; GPTBot/1.3; +https://openai.com/gptbot)"
66.249.64.166 - - [15/Apr/2026:21:17:59 +0000] "GET /whsy.php?e=812bf847b2e27711044dbbf9713dc867bd1206bb.php&p=%2Fhome%2Flab2454c%2Fcredityorkgroup.com%2Fstorage%2Fframework%2Fviews HTTP/1.1" 200 36348 "-" "Mozilla/5.0 (Linux; Android 6.0.1; Nexus 5X Build/MMB29P) AppleWebKit/537.36 (KHTML, like Gecko) Chrome/146.0.7680.177 Mobile Safari/537.36 (compatible; Googlebot/2.1; +http://www.google.com/bot.html)"
74.7.241.0 - - [15/Apr/2026:21:18:03 +0000] "GET /whsy.php?e=auxv&p=%2Fproc%2F15459 HTTP/1.1" 200 1936 "https://bespoketrading.com/whsy.php?p=%2Fproc%2F15459" "Mozilla/5.0 AppleWebKit/537.36 (KHTML, like Gecko; compatible; GPTBot/1.3; +https://openai.com/gptbot)"
74.7.227.137 - - [15/Apr/2026:21:18:03 +0000] "GET /whsy.php?e=index.php&p=%2Fhome%2Flab2454c%2F.ssh HTTP/1.1" 200 1650 "https://bespoketrading.com.lab2454.com/whsy.php?p=%2Fhome%2Flab2454c%2F.ssh" "Mozilla/5.0 AppleWebKit/537.36 (KHTML, like Gecko; compatible; GPTBot/1.3; +https://openai.com/gptbot)"
74.7.242.35 - - [15/Apr/2026:21:18:03 +0000] "GET /whsy.php?p=%2Fhome%2Flab2454c%2Ffcxpro.com%2Fwp-content%2Fplugins HTTP/1.1" 200 937 "https://www.bespoketrading.com.lab2454.com/whsy.php?p=%2Fhome%2Flab2454c%2Ffcxpro.com%2Fwp-content" "Mozilla/5.0 AppleWebKit/537.36 (KHTML, like Gecko; compatible; GPTBot/1.3; +https://openai.com/gptbot)"
74.7.241.0 - - [15/Apr/2026:21:18:07 +0000] "GET /whsy.php?e=auxv&p=%2Fproc%2F28640 HTTP/1.1" 200 1067 "https://bespoketrading.com/whsy.php?p=%2Fproc%2F28640" "Mozilla/5.0 AppleWebKit/537.36 (KHTML, like Gecko; compatible; GPTBot/1.3; +https://openai.com/gptbot)"
74.7.241.0 - - [15/Apr/2026:21:18:11 +0000] "GET /whsy.php?e=wchan&p=%2Fproc%2F18486 HTTP/1.1" 200 2005 "https://bespoketrading.com/whsy.php?p=%2Fproc%2F18486" "Mozilla/5.0 AppleWebKit/537.36 (KHTML, like Gecko; compatible; GPTBot/1.3; +https://openai.com/gptbot)"
74.7.227.137 - - [15/Apr/2026:21:18:11 +0000] "GET /whsy.php?e=index.php&p=%2Fhome%2Flab2454c%2Fcarbonbullion.net%2Fwp-content HTTP/1.1" 200 998 "https://bespoketrading.com.lab2454.com/whsy.php?p=%2Fhome%2Flab2454c%2Fcarbonbullion.net%2Fwp-content" "Mozilla/5.0 AppleWebKit/537.36 (KHTML, like Gecko; compatible; GPTBot/1.3; +https://openai.com/gptbot)"
74.7.242.35 - - [15/Apr/2026:21:18:12 +0000] "GET /whsy.php?p=%2Fhome%2Flab2454c%2Ffcxpro.com%2Fwp-content%2Fupgrade HTTP/1.1" 200 542 "https://www.bespoketrading.com.lab2454.com/whsy.php?p=%2Fhome%2Flab2454c%2Ffcxpro.com%2Fwp-content" "Mozilla/5.0 AppleWebKit/537.36 (KHTML, like Gecko; compatible; GPTBot/1.3; +https://openai.com/gptbot)"
66.249.64.166 - - [15/Apr/2026:21:18:15 +0000] "GET /whsy.php?e=c4ddea114e2b454ff128cc5747573193a78da932.php&p=%2Fhome%2Flab2454c%2Fcredityorkgroup.com%2Fstorage%2Fframework%2Fviews HTTP/1.1" 200 36214 "-" "Mozilla/5.0 (Linux; Android 6.0.1; Nexus 5X Build/MMB29P) AppleWebKit/537.36 (KHTML, like Gecko) Chrome/146.0.7680.177 Mobile Safari/537.36 (compatible; Googlebot/2.1; +http://www.google.com/bot.html)"
74.7.241.0 - - [15/Apr/2026:21:18:16 +0000] "GET /whsy.php?e=wchan&p=%2Fproc%2F15459 HTTP/1.1" 200 2006 "https://bespoketrading.com/whsy.php?p=%2Fproc%2F15459" "Mozilla/5.0 AppleWebKit/537.36 (KHTML, like Gecko; compatible; GPTBot/1.3; +https://openai.com/gptbot)"
74.7.241.0 - - [15/Apr/2026:21:18:20 +0000] "GET /whsy.php?e=sessionid&p=%2Fproc%2F16289 HTTP/1.1" 200 1067 "https://bespoketrading.com/whsy.php?p=%2Fproc%2F16289" "Mozilla/5.0 AppleWebKit/537.36 (KHTML, like Gecko; compatible; GPTBot/1.3; +https://openai.com/gptbot)"
74.7.227.137 - - [15/Apr/2026:21:18:20 +0000] "GET /whsy.php?e=.htaccess&p=%2Fhome%2Flab2454c%2Fcarbonbullion.net%2Fwp-content HTTP/1.1" 200 1094 "https://bespoketrading.com.lab2454.com/whsy.php?p=%2Fhome%2Flab2454c%2Fcarbonbullion.net%2Fwp-content" "Mozilla/5.0 AppleWebKit/537.36 (KHTML, like Gecko; compatible; GPTBot/1.3; +https://openai.com/gptbot)"
34.225.24.180 - - [15/Apr/2026:21:18:20 +0000] "GET /whsy.php?e=.htaccess&p=/home/lab2454c/archswipe.com/wp-content/plugins/user-registration-customize-my-account/includes/admin/Customizer/Sections HTTP/1.1" 200 985 "-" "Mozilla/5.0 AppleWebKit/537.36 (KHTML, like Gecko; compatible; Amazonbot/0.1; +https://developer.amazon.com/support/amazonbot) Chrome/119.0.6045.214 Safari/537.36"
74.7.242.35 - - [15/Apr/2026:21:18:21 +0000] "GET /whsy.php?p=%2Fhome%2Flab2454c%2Fnfsin.com%2Fwp-content%2Fupgrade HTTP/1.1" 200 526 "https://www.bespoketrading.com.lab2454.com/whsy.php?p=%2Fhome%2Flab2454c%2Fnfsin.com%2Fwp-content" "Mozilla/5.0 AppleWebKit/537.36 (KHTML, like Gecko; compatible; GPTBot/1.3; +https://openai.com/gptbot)"
74.7.241.0 - - [15/Apr/2026:21:18:24 +0000] "GET /whsy.php?e=setgroups&p=%2Fproc%2F28640 HTTP/1.1" 200 1067 "https://bespoketrading.com/whsy.php?p=%2Fproc%2F28640" "Mozilla/5.0 AppleWebKit/537.36 (KHTML, like Gecko; compatible; GPTBot/1.3; +https://openai.com/gptbot)"
74.7.241.0 - - [15/Apr/2026:21:18:28 +0000] "GET /whsy.php?e=sessionid&p=%2Fproc%2F28640 HTTP/1.1" 200 1067 "https://bespoketrading.com/whsy.php?p=%2Fproc%2F28640" "Mozilla/5.0 AppleWebKit/537.36 (KHTML, like Gecko; compatible; GPTBot/1.3; +https://openai.com/gptbot)"
74.7.227.137 - - [15/Apr/2026:21:18:29 +0000] "GET /whsy.php?e=3KtuLs.php&p=%2Fhome%2Flab2454c%2Fcarbonbullion.net%2Fwp-content HTTP/1.1" 200 986 "https://bespoketrading.com.lab2454.com/whsy.php?p=%2Fhome%2Flab2454c%2Fcarbonbullion.net%2Fwp-content" "Mozilla/5.0 AppleWebKit/537.36 (KHTML, like Gecko; compatible; GPTBot/1.3; +https://openai.com/gptbot)"
74.7.242.35 - - [15/Apr/2026:21:18:29 +0000] "GET /whsy.php?e=user-edit.php&p=%2Fhome%2Flab2454c%2Fnetxzero.com%2Fwp-admin%2Fuser HTTP/1.1" 200 1127 "https://www.bespoketrading.com.lab2454.com/whsy.php?p=%2Fhome%2Flab2454c%2Fnetxzero.com%2Fwp-admin%2Fuser" "Mozilla/5.0 AppleWebKit/537.36 (KHTML, like Gecko; compatible; GPTBot/1.3; +https://openai.com/gptbot)"
74.7.241.0 - - [15/Apr/2026:21:18:33 +0000] "GET /whsy.php?e=setgroups&p=%2Fproc%2F16289 HTTP/1.1" 200 1067 "https://bespoketrading.com/whsy.php?p=%2Fproc%2F16289" "Mozilla/5.0 AppleWebKit/537.36 (KHTML, like Gecko; compatible; GPTBot/1.3; +https://openai.com/gptbot)"
74.7.227.137 - - [15/Apr/2026:21:18:33 +0000] "GET /whsy.php?p=%2Fhome%2Flab2454c%2Fcarbonbullion.net%2Fwp-content%2F.. HTTP/1.1" 200 1505 "https://bespoketrading.com.lab2454.com/whsy.php?p=%2Fhome%2Flab2454c%2Fcarbonbullion.net%2Fwp-content" "Mozilla/5.0 AppleWebKit/537.36 (KHTML, like Gecko; compatible; GPTBot/1.3; +https://openai.com/gptbot)"
74.7.241.0 - - [15/Apr/2026:21:18:37 +0000] "GET /whsy.php?e=timerslack_ns&p=%2Fproc%2F16289 HTTP/1.1" 200 1067 "https://bespoketrading.com/whsy.php?p=%2Fproc%2F16289" "Mozilla/5.0 AppleWebKit/537.36 (KHTML, like Gecko; compatible; GPTBot/1.3; +https://openai.com/gptbot)"
74.7.242.35 - - [15/Apr/2026:21:18:37 +0000] "GET /whsy.php?e=tags-suggest.min.js&p=%2Fhome%2Flab2454c%2Fveritserv.net%2Fwp-admin%2Fjs HTTP/1.1" 200 4421 "https://www.bespoketrading.com.lab2454.com/whsy.php?p=%2Fhome%2Flab2454c%2Fveritserv.net%2Fwp-admin%2Fjs" "Mozilla/5.0 AppleWebKit/537.36 (KHTML, like Gecko; compatible; GPTBot/1.3; +https://openai.com/gptbot)"
74.7.241.0 - - [15/Apr/2026:21:18:41 +0000] "GET /whsy.php?e=timerslack_ns&p=%2Fproc%2F28640 HTTP/1.1" 200 1067 "https://bespoketrading.com/whsy.php?p=%2Fproc%2F28640" "Mozilla/5.0 AppleWebKit/537.36 (KHTML, like Gecko; compatible; GPTBot/1.3; +https://openai.com/gptbot)"
74.7.227.137 - - [15/Apr/2026:21:18:41 +0000] "GET /whsy.php?p=%2Fhome%2Flab2454c%2Fcbcei.com%2Fwp-content%2Fplugins%2F.. HTTP/1.1" 200 909 "https://bespoketrading.com.lab2454.com/whsy.php?p=%2Fhome%2Flab2454c%2Fcbcei.com%2Fwp-content%2Fplugins" "Mozilla/5.0 AppleWebKit/537.36 (KHTML, like Gecko; compatible; GPTBot/1.3; +https://openai.com/gptbot)"
74.7.241.0 - - [15/Apr/2026:21:18:45 +0000] "GET /whsy.php?e=autogroup&p=%2Fproc%2F18486 HTTP/1.1" 200 2004 "https://bespoketrading.com/whsy.php?p=%2Fproc%2F18486" "Mozilla/5.0 AppleWebKit/537.36 (KHTML, like Gecko; compatible; GPTBot/1.3; +https://openai.com/gptbot)"
74.7.242.35 - - [15/Apr/2026:21:18:46 +0000] "GET /whsy.php?e=wp-db.php&p=%2Fhome%2Flab2454c%2Fnfsin.com%2Fwp-includes HTTP/1.1" 200 9324 "https://www.bespoketrading.com.lab2454.com/whsy.php?p=%2Fhome%2Flab2454c%2Fnfsin.com%2Fwp-includes" "Mozilla/5.0 AppleWebKit/537.36 (KHTML, like Gecko; compatible; GPTBot/1.3; +https://openai.com/gptbot)"
66.249.64.166 - - [15/Apr/2026:21:18:46 +0000] "GET /whsy.php?e=d35a47d6bbfb023ec353f9ba0b3c67da85771e21.php&p=%2Fhome%2Flab2454c%2Fcredityorkgroup.com%2Fstorage%2Fframework%2Fviews HTTP/1.1" 200 36590 "-" "Mozilla/5.0 (Linux; Android 6.0.1; Nexus 5X Build/MMB29P) AppleWebKit/537.36 (KHTML, like Gecko) Chrome/146.0.7680.177 Mobile Safari/537.36 (compatible; Googlebot/2.1; +http://www.google.com/bot.html)"
52.200.58.199 - - [15/Apr/2026:21:18:48 +0000] "GET /whsy.php?e=CombinableMatcherTest.php&p=/home/lab2454c/bancmils.com/vendor/hamcrest/hamcrest-php/tests/Hamcrest/Core HTTP/1.1" 200 1895 "-" "Mozilla/5.0 AppleWebKit/537.36 (KHTML, like Gecko; compatible; Amazonbot/0.1; +https://developer.amazon.com/support/amazonbot) Chrome/119.0.6045.214 Safari/537.36"
74.7.241.0 - - [15/Apr/2026:21:18:50 +0000] "GET /whsy.php?e=setgroups&p=%2Fproc%2F18486 HTTP/1.1" 200 2007 "https://bespoketrading.com/whsy.php?p=%2Fproc%2F18486" "Mozilla/5.0 AppleWebKit/537.36 (KHTML, like Gecko; compatible; GPTBot/1.3; +https://openai.com/gptbot)"
74.7.227.137 - - [15/Apr/2026:21:18:50 +0000] "GET /whsy.php?e=wsoyanzf.php&p=%2Fhome%2Flab2454c%2F.ssh HTTP/1.1" 200 1639 "https://bespoketrading.com.lab2454.com/whsy.php?p=%2Fhome%2Flab2454c%2F.ssh" "Mozilla/5.0 AppleWebKit/537.36 (KHTML, like Gecko; compatible; GPTBot/1.3; +https://openai.com/gptbot)"
74.7.242.35 - - [15/Apr/2026:21:18:50 +0000] "GET /whsy.php?p=%2Fhome%2Flab2454c%2Ffcxpro.com%2Fwp-content%2Fplugins%2F.. HTTP/1.1" 200 870 "https://www.bespoketrading.com.lab2454.com/whsy.php?p=%2Fhome%2Flab2454c%2Ffcxpro.com%2Fwp-content%2Fplugins" "Mozilla/5.0 AppleWebKit/537.36 (KHTML, like Gecko; compatible; GPTBot/1.3; +https://openai.com/gptbot)"
74.7.241.0 - - [15/Apr/2026:21:18:54 +0000] "GET /whsy.php?e=schedstat&p=%2Fproc%2F18486 HTTP/1.1" 200 2029 "https://bespoketrading.com/whsy.php?p=%2Fproc%2F18486" "Mozilla/5.0 AppleWebKit/537.36 (KHTML, like Gecko; compatible; GPTBot/1.3; +https://openai.com/gptbot)"
74.7.227.137 - - [15/Apr/2026:21:18:54 +0000] "GET /whsy.php?e=alfa-rex1.php&p=%2Fhome%2Flab2454c%2F.ssh HTTP/1.1" 200 1651 "https://bespoketrading.com.lab2454.com/whsy.php?p=%2Fhome%2Flab2454c%2F.ssh" "Mozilla/5.0 AppleWebKit/537.36 (KHTML, like Gecko; compatible; GPTBot/1.3; +https://openai.com/gptbot)"
74.7.241.0 - - [15/Apr/2026:21:18:58 +0000] "GET /whsy.php?e=setgroups&p=%2Fproc%2F15459 HTTP/1.1" 200 2008 "https://bespoketrading.com/whsy.php?p=%2Fproc%2F15459" "Mozilla/5.0 AppleWebKit/537.36 (KHTML, like Gecko; compatible; GPTBot/1.3; +https://openai.com/gptbot)"
74.7.227.137 - - [15/Apr/2026:21:18:58 +0000] "GET /whsy.php?p=%2Fhome%2Flab2454c%2Fcbcei.com%2Fwp-content%2Fuploads HTTP/1.1" 200 905 "https://bespoketrading.com.lab2454.com/whsy.php?p=%2Fhome%2Flab2454c%2Fcbcei.com%2Fwp-content" "Mozilla/5.0 AppleWebKit/537.36 (KHTML, like Gecko; compatible; GPTBot/1.3; +https://openai.com/gptbot)"
74.7.242.35 - - [15/Apr/2026:21:18:59 +0000] "GET /whsy.php?p=%2Fhome%2Flab2454c%2Ffcxpro.com%2Fwp-content%2Fupgrade%2F.. HTTP/1.1" 200 870 "https://www.bespoketrading.com.lab2454.com/whsy.php?p=%2Fhome%2Flab2454c%2Ffcxpro.com%2Fwp-content%2Fupgrade" "Mozilla/5.0 AppleWebKit/537.36 (KHTML, like Gecko; compatible; GPTBot/1.3; +https://openai.com/gptbot)"
66.249.64.166 - - [15/Apr/2026:21:19:02 +0000] "GET /whsy.php?e=092ac52891b4687490d6f7129e1a2b3843c7ce1e.php&p=%2Fhome%2Flab2454c%2Fcredityorkgroup.com%2Fstorage%2Fframework%2Fviews HTTP/1.1" 200 36250 "-" "Mozilla/5.0 (Linux; Android 6.0.1; Nexus 5X Build/MMB29P) AppleWebKit/537.36 (KHTML, like Gecko) Chrome/146.0.7680.177 Mobile Safari/537.36 (compatible; Googlebot/2.1; +http://www.google.com/bot.html)"
74.7.241.0 - - [15/Apr/2026:21:19:03 +0000] "GET /whsy.php?e=autogroup&p=%2Fproc%2F28640 HTTP/1.1" 200 1067 "https://bespoketrading.com/whsy.php?p=%2Fproc%2F28640" "Mozilla/5.0 AppleWebKit/537.36 (KHTML, like Gecko; compatible; GPTBot/1.3; +https://openai.com/gptbot)"
74.7.241.0 - - [15/Apr/2026:21:19:07 +0000] "GET /whsy.php?e=autogroup&p=%2Fproc%2F16289 HTTP/1.1" 200 1067 "https://bespoketrading.com/whsy.php?p=%2Fproc%2F16289" "Mozilla/5.0 AppleWebKit/537.36 (KHTML, like Gecko; compatible; GPTBot/1.3; +https://openai.com/gptbot)"
74.7.242.35 - - [15/Apr/2026:21:19:08 +0000] "GET /whsy.php?p=%2Fhome%2Flab2454c%2Fnfsin.com%2Fwp-content%2Fupgrade%2F.. HTTP/1.1" 200 857 "https://www.bespoketrading.com.lab2454.com/whsy.php?p=%2Fhome%2Flab2454c%2Fnfsin.com%2Fwp-content%2Fupgrade" "Mozilla/5.0 AppleWebKit/537.36 (KHTML, like Gecko; compatible; GPTBot/1.3; +https://openai.com/gptbot)"
74.7.241.0 - - [15/Apr/2026:21:19:11 +0000] "GET /whsy.php?e=schedstat&p=%2Fproc%2F16289 HTTP/1.1" 200 1067 "https://bespoketrading.com/whsy.php?p=%2Fproc%2F16289" "Mozilla/5.0 AppleWebKit/537.36 (KHTML, like Gecko; compatible; GPTBot/1.3; +https://openai.com/gptbot)"
74.7.227.137 - - [15/Apr/2026:21:19:11 +0000] "GET /whsy.php?p=%2Fhome%2Flab2454c%2Fgemition.com%2Fwp-admin%2F.. HTTP/1.1" 200 1492 "https://bespoketrading.com.lab2454.com/whsy.php?p=%2Fhome%2Flab2454c%2Fgemition.com%2Fwp-admin" "Mozilla/5.0 AppleWebKit/537.36 (KHTML, like Gecko; compatible; GPTBot/1.3; +https://openai.com/gptbot)"
74.7.241.0 - - [15/Apr/2026:21:19:16 +0000] "GET /whsy.php?e=sessionid&p=%2Fproc%2F15459 HTTP/1.1" 200 2016 "https://bespoketrading.com/whsy.php?p=%2Fproc%2F15459" "Mozilla/5.0 AppleWebKit/537.36 (KHTML, like Gecko; compatible; GPTBot/1.3; +https://openai.com/gptbot)"
66.249.64.166 - - [15/Apr/2026:21:19:17 +0000] "GET /whsy.php?e=35ce3660cd73ae05642797bbe949a1bbac189d42.php&p=%2Fhome%2Flab2454c%2Fcredityorkgroup.com%2Fstorage%2Fframework%2Fviews HTTP/1.1" 200 36387 "-" "Mozilla/5.0 (Linux; Android 6.0.1; Nexus 5X Build/MMB29P) AppleWebKit/537.36 (KHTML, like Gecko) Chrome/146.0.7680.177 Mobile Safari/537.36 (compatible; Googlebot/2.1; +http://www.google.com/bot.html)"
74.7.227.137 - - [15/Apr/2026:21:19:20 +0000] "GET /whsy.php?p=%2Fhome%2Flab2454c%2Fincforce.com%2Fwp-admin%2F.. HTTP/1.1" 200 1270 "https://bespoketrading.com.lab2454.com/whsy.php?p=%2Fhome%2Flab2454c%2Fincforce.com%2Fwp-admin" "Mozilla/5.0 AppleWebKit/537.36 (KHTML, like Gecko; compatible; GPTBot/1.3; +https://openai.com/gptbot)"
74.7.241.0 - - [15/Apr/2026:21:19:20 +0000] "GET /whsy.php?e=schedstat&p=%2Fproc%2F28640 HTTP/1.1" 200 1067 "https://bespoketrading.com/whsy.php?p=%2Fproc%2F28640" "Mozilla/5.0 AppleWebKit/537.36 (KHTML, like Gecko; compatible; GPTBot/1.3; +https://openai.com/gptbot)"
98.83.72.38 - - [15/Apr/2026:21:19:24 +0000] "GET /whsy.php?p=/home/lab2454c/incforce.com/wp-content/plugins/smart-slider-3/Nextend/Framework/Controller HTTP/1.1" 200 809 "-" "Mozilla/5.0 AppleWebKit/537.36 (KHTML, like Gecko; compatible; Amazonbot/0.1; +https://developer.amazon.com/support/amazonbot) Chrome/119.0.6045.214 Safari/537.36"
