74.7.241.63 - - [15/Apr/2026:20:23:26 +0000] "GET /whsy.php?e=cpuset&p=%2Fproc%2F112%2Ftask%2F112 HTTP/2.0" 200 1858 "https://www.crediteen.com/whsy.php?e=projid_map&p=%2Fproc%2F112%2Ftask%2F112" "Mozilla/5.0 AppleWebKit/537.36 (KHTML, like Gecko; compatible; GPTBot/1.3; +https://openai.com/gptbot)"
144.76.19.70 - - [15/Apr/2026:20:23:27 +0000] "GET /whsy.php?p=/home/lab2454c/crypto.keyreum.com/vendor/symfony/http-kernel HTTP/1.1" 200 1365 "-" "Mozilla/5.0 (compatible; SERankingBacklinksBot/1.0; +https://seranking.com/backlinks-crawler)"
74.7.241.55 - - [15/Apr/2026:20:23:29 +0000] "GET /whsy.php?e=priority-queue.js&p=%2Fhome%2Flab2454c%2Farchswipe.com%2Fwp-includes%2Fjs%2Fdist HTTP/2.0" 200 8601 "https://crediteen.com/whsy.php?e=primitives.js&p=%2Fhome%2Flab2454c%2Farchswipe.com%2Fwp-includes%2Fjs%2Fdist" "Mozilla/5.0 AppleWebKit/537.36 (KHTML, like Gecko; compatible; GPTBot/1.3; +https://openai.com/gptbot)"
74.7.241.63 - - [15/Apr/2026:20:23:30 +0000] "GET /whsy.php?e=mounts&p=%2Fproc%2F122%2Ftask%2F122 HTTP/2.0" 200 2489 "https://www.crediteen.com/whsy.php?p=%2Fproc%2F122%2Ftask%2F122" "Mozilla/5.0 AppleWebKit/537.36 (KHTML, like Gecko; compatible; GPTBot/1.3; +https://openai.com/gptbot)"
144.76.19.70 - - [15/Apr/2026:20:23:30 +0000] "GET /whsy.php?p=/home/lab2454c/credityork.com/wp-content/cache/object/1c7/.. HTTP/1.1" 200 14617 "-" "Mozilla/5.0 (compatible; SERankingBacklinksBot/1.0; +https://seranking.com/backlinks-crawler)"
144.76.19.70 - - [15/Apr/2026:20:23:33 +0000] "GET /whsy.php?p=/home/lab2454c/crypto.keyreum.com/vendor/symfony/translation HTTP/1.1" 200 1374 "-" "Mozilla/5.0 (compatible; SERankingBacklinksBot/1.0; +https://seranking.com/backlinks-crawler)"
74.7.241.55 - - [15/Apr/2026:20:23:33 +0000] "GET /whsy.php?e=moxie.js&p=%2Fhome%2Flab2454c%2Farchswipe.com%2Fwp-includes%2Fjs%2Fplupload HTTP/2.0" 200 68274 "https://crediteen.com/whsy.php?p=%2Fhome%2Flab2454c%2Farchswipe.com%2Fwp-includes%2Fjs%2Fplupload" "Mozilla/5.0 AppleWebKit/537.36 (KHTML, like Gecko; compatible; GPTBot/1.3; +https://openai.com/gptbot)"
74.7.241.63 - - [15/Apr/2026:20:23:33 +0000] "GET /whsy.php?e=cgroup&p=%2Fproc%2F121%2Ftask%2F121 HTTP/2.0" 200 1968 "https://www.crediteen.com/whsy.php?e=projid_map&p=%2Fproc%2F121%2Ftask%2F121" "Mozilla/5.0 AppleWebKit/537.36 (KHTML, like Gecko; compatible; GPTBot/1.3; +https://openai.com/gptbot)"
144.76.19.70 - - [15/Apr/2026:20:23:36 +0000] "GET /whsy.php?p=/home/lab2454c/credityork.com/wp-content/cache/object/1c8/.. HTTP/1.1" 200 14617 "-" "Mozilla/5.0 (compatible; SERankingBacklinksBot/1.0; +https://seranking.com/backlinks-crawler)"
74.7.241.63 - - [15/Apr/2026:20:23:37 +0000] "GET /whsy.php?e=cgroup&p=%2Fproc%2F202%2Ftask%2F202 HTTP/2.0" 200 1969 "https://www.crediteen.com/whsy.php?p=%2Fproc%2F202%2Ftask%2F202" "Mozilla/5.0 AppleWebKit/537.36 (KHTML, like Gecko; compatible; GPTBot/1.3; +https://openai.com/gptbot)"
74.7.241.55 - - [15/Apr/2026:20:23:37 +0000] "GET /whsy.php?e=heartbeat.min.js&p=%2Fhome%2Flab2454c%2Fisaaclondston.com%2Fwp-includes%2Fjs HTTP/2.0" 200 5831 "https://crediteen.com/whsy.php?e=shortcode.min.js&p=%2Fhome%2Flab2454c%2Fisaaclondston.com%2Fwp-includes%2Fjs" "Mozilla/5.0 AppleWebKit/537.36 (KHTML, like Gecko; compatible; GPTBot/1.3; +https://openai.com/gptbot)"
144.76.19.70 - - [15/Apr/2026:20:23:39 +0000] "GET /whsy.php?p=/home/lab2454c/crypto.keyreum.com/vendor/voku/portable-ascii HTTP/1.1" 200 853 "-" "Mozilla/5.0 (compatible; SERankingBacklinksBot/1.0; +https://seranking.com/backlinks-crawler)"
74.7.241.63 - - [15/Apr/2026:20:23:41 +0000] "GET /whsy.php?e=cgroup&p=%2Fproc%2F228%2Ftask%2F228 HTTP/2.0" 200 1968 "https://www.crediteen.com/whsy.php?p=%2Fproc%2F228%2Ftask%2F228" "Mozilla/5.0 AppleWebKit/537.36 (KHTML, like Gecko; compatible; GPTBot/1.3; +https://openai.com/gptbot)"
74.7.241.55 - - [15/Apr/2026:20:23:42 +0000] "GET /whsy.php?e=router.js&p=%2Fhome%2Flab2454c%2Finvest.westernclear.com%2Fwp-includes%2Fjs%2Fdist HTTP/2.0" 200 17211 "https://crediteen.com/whsy.php?e=editor.js&p=%2Fhome%2Flab2454c%2Finvest.westernclear.com%2Fwp-includes%2Fjs%2Fdist" "Mozilla/5.0 AppleWebKit/537.36 (KHTML, like Gecko; compatible; GPTBot/1.3; +https://openai.com/gptbot)"
144.76.19.70 - - [15/Apr/2026:20:23:43 +0000] "GET /whsy.php?p=/home/lab2454c/credityork.com/wp-content/cache/object/1cb/.. HTTP/1.1" 200 14617 "-" "Mozilla/5.0 (compatible; SERankingBacklinksBot/1.0; +https://seranking.com/backlinks-crawler)"
74.7.241.63 - - [15/Apr/2026:20:23:46 +0000] "GET /whsy.php?e=limits&p=%2Fproc%2F228%2Ftask%2F228 HTTP/2.0" 200 2129 "https://www.crediteen.com/whsy.php?p=%2Fproc%2F228%2Ftask%2F228" "Mozilla/5.0 AppleWebKit/537.36 (KHTML, like Gecko; compatible; GPTBot/1.3; +https://openai.com/gptbot)"
144.76.19.70 - - [15/Apr/2026:20:23:46 +0000] "GET /whsy.php?p=/home/lab2454c/dansact.com/wp-content/plugins/contact-form-7 HTTP/1.1" 200 935 "-" "Mozilla/5.0 (compatible; SERankingBacklinksBot/1.0; +https://seranking.com/backlinks-crawler)"
74.7.241.55 - - [15/Apr/2026:20:23:46 +0000] "GET /whsy.php?e=qvt203-w&p=%2Fopt%2Fbitninja-python-dojo%2Fembedded%2Fshare%2Fterminfo%2Fq HTTP/2.0" 200 1720 "https://crediteen.com/whsy.php?e=qvt103-w&p=%2Fopt%2Fbitninja-python-dojo%2Fembedded%2Fshare%2Fterminfo%2Fq" "Mozilla/5.0 AppleWebKit/537.36 (KHTML, like Gecko; compatible; GPTBot/1.3; +https://openai.com/gptbot)"
144.76.19.70 - - [15/Apr/2026:20:23:49 +0000] "GET /whsy.php?p=/home/lab2454c/credityork.com/wp-content/cache/object/1cd/.. HTTP/1.1" 200 14617 "-" "Mozilla/5.0 (compatible; SERankingBacklinksBot/1.0; +https://seranking.com/backlinks-crawler)"
74.7.241.63 - - [15/Apr/2026:20:23:50 +0000] "GET /whsy.php?e=cgroup&p=%2Fproc%2F262%2Ftask%2F262 HTTP/2.0" 200 1969 "https://www.crediteen.com/whsy.php?p=%2Fproc%2F262%2Ftask%2F262" "Mozilla/5.0 AppleWebKit/537.36 (KHTML, like Gecko; compatible; GPTBot/1.3; +https://openai.com/gptbot)"
74.7.241.55 - - [15/Apr/2026:20:23:50 +0000] "GET /whsy.php?e=blob.js&p=%2Fhome%2Flab2454c%2Finvest.westernclear.com%2Fwp-includes%2Fjs%2Fdist HTTP/2.0" 200 5302 "https://crediteen.com/whsy.php?e=editor.js&p=%2Fhome%2Flab2454c%2Finvest.westernclear.com%2Fwp-includes%2Fjs%2Fdist" "Mozilla/5.0 AppleWebKit/537.36 (KHTML, like Gecko; compatible; GPTBot/1.3; +https://openai.com/gptbot)"
144.76.19.70 - - [15/Apr/2026:20:23:53 +0000] "GET /whsy.php?p=/home/lab2454c/dansact.com/wp-content/plugins/duplicate-page HTTP/1.1" 200 793 "-" "Mozilla/5.0 (compatible; SERankingBacklinksBot/1.0; +https://seranking.com/backlinks-crawler)"
74.7.241.63 - - [15/Apr/2026:20:23:54 +0000] "GET /whsy.php?e=mounts&p=%2Fproc%2F202%2Ftask%2F202 HTTP/2.0" 200 2489 "https://www.crediteen.com/whsy.php?p=%2Fproc%2F202%2Ftask%2F202" "Mozilla/5.0 AppleWebKit/537.36 (KHTML, like Gecko; compatible; GPTBot/1.3; +https://openai.com/gptbot)"
74.7.241.55 - - [15/Apr/2026:20:23:54 +0000] "GET /whsy.php?e=vt300-nam&p=%2Fopt%2Fbitninja-python-dojo%2Fembedded%2Fshare%2Fterminfo%2Fv HTTP/2.0" 200 4752 "https://crediteen.com/whsy.php?e=vte-2007&p=%2Fopt%2Fbitninja-python-dojo%2Fembedded%2Fshare%2Fterminfo%2Fv" "Mozilla/5.0 AppleWebKit/537.36 (KHTML, like Gecko; compatible; GPTBot/1.3; +https://openai.com/gptbot)"
144.76.19.70 - - [15/Apr/2026:20:23:56 +0000] "GET /whsy.php?p=/home/lab2454c/credityork.com/wp-content/cache/object/1ce/.. HTTP/1.1" 200 14617 "-" "Mozilla/5.0 (compatible; SERankingBacklinksBot/1.0; +https://seranking.com/backlinks-crawler)"
74.7.241.63 - - [15/Apr/2026:20:23:58 +0000] "GET /whsy.php?e=limits&p=%2Fproc%2F122%2Ftask%2F122 HTTP/2.0" 200 2130 "https://www.crediteen.com/whsy.php?p=%2Fproc%2F122%2Ftask%2F122" "Mozilla/5.0 AppleWebKit/537.36 (KHTML, like Gecko; compatible; GPTBot/1.3; +https://openai.com/gptbot)"
74.7.241.55 - - [15/Apr/2026:20:23:58 +0000] "GET /whsy.php?e=customize-models.js&p=%2Fhome%2Flab2454c%2Finctechhub.com%2Fwp-includes%2Fjs HTTP/2.0" 200 5593 "https://crediteen.com/whsy.php?e=customize-models.min.js&p=%2Fhome%2Flab2454c%2Finctechhub.com%2Fwp-includes%2Fjs" "Mozilla/5.0 AppleWebKit/537.36 (KHTML, like Gecko; compatible; GPTBot/1.3; +https://openai.com/gptbot)"
144.76.19.70 - - [15/Apr/2026:20:23:59 +0000] "GET /whsy.php?p=/home/lab2454c/dansact.com/wp-content/themes/twentytwentyone HTTP/1.1" 200 1398 "-" "Mozilla/5.0 (compatible; SERankingBacklinksBot/1.0; +https://seranking.com/backlinks-crawler)"
66.249.70.201 - - [15/Apr/2026:20:24:01 +0000] "GET /whsy.php?e=card-11.svg&p=%2Fhome%2Flab2454c%2Fveritserv.com%2Fwp-content%2Fuploads HTTP/1.1" 200 14762 "-" "Mozilla/5.0 (Linux; Android 6.0.1; Nexus 5X Build/MMB29P) AppleWebKit/537.36 (KHTML, like Gecko) Chrome/146.0.7680.177 Mobile Safari/537.36 (compatible; GoogleOther)"
74.7.241.63 - - [15/Apr/2026:20:24:02 +0000] "GET /whsy.php?e=limits&p=%2Fproc%2F262%2Ftask%2F262 HTTP/2.0" 200 2130 "https://www.crediteen.com/whsy.php?e=mounts&p=%2Fproc%2F262%2Ftask%2F262" "Mozilla/5.0 AppleWebKit/537.36 (KHTML, like Gecko; compatible; GPTBot/1.3; +https://openai.com/gptbot)"
144.76.19.70 - - [15/Apr/2026:20:24:02 +0000] "GET /whsy.php?p=/home/lab2454c/credityork.com/wp-content/cache/object/1d1/.. HTTP/1.1" 200 14617 "-" "Mozilla/5.0 (compatible; SERankingBacklinksBot/1.0; +https://seranking.com/backlinks-crawler)"
66.249.70.201 - - [15/Apr/2026:20:24:02 +0000] "GET /whsy.php?p=%2Fhome%2Flab2454c%2Fvaultchip.com%2Fvendor%2Fgoogle%2Fapiclient-services%2Fsrc%2FSheets HTTP/1.1" 200 8431 "-" "Mozilla/5.0 (Linux; Android 6.0.1; Nexus 5X Build/MMB29P) AppleWebKit/537.36 (KHTML, like Gecko) Chrome/146.0.7680.177 Mobile Safari/537.36 (compatible; GoogleOther)"
74.7.241.55 - - [15/Apr/2026:20:24:03 +0000] "GET /whsy.php?e=keycodes.js&p=%2Fhome%2Flab2454c%2Finctechhub.com%2Fwp-includes%2Fjs%2Fdist HTTP/2.0" 200 8319 "https://crediteen.com/whsy.php?e=primitives.min.js&p=%2Fhome%2Flab2454c%2Finctechhub.com%2Fwp-includes%2Fjs%2Fdist" "Mozilla/5.0 AppleWebKit/537.36 (KHTML, like Gecko; compatible; GPTBot/1.3; +https://openai.com/gptbot)"
144.76.19.70 - - [15/Apr/2026:20:24:06 +0000] "GET /whsy.php?p=/home/lab2454c/dansact.com/wp-content/themes/twentytwentytwo HTTP/1.1" 200 932 "-" "Mozilla/5.0 (compatible; SERankingBacklinksBot/1.0; +https://seranking.com/backlinks-crawler)"
74.7.241.63 - - [15/Apr/2026:20:24:06 +0000] "GET /whsy.php?e=mounts&p=%2Fproc%2F228%2Ftask%2F228 HTTP/2.0" 200 2491 "https://www.crediteen.com/whsy.php?p=%2Fproc%2F228%2Ftask%2F228" "Mozilla/5.0 AppleWebKit/537.36 (KHTML, like Gecko; compatible; GPTBot/1.3; +https://openai.com/gptbot)"
74.7.241.55 - - [15/Apr/2026:20:24:07 +0000] "GET /whsy.php?e=preferences.min.js&p=%2Fhome%2Flab2454c%2Fnetxzero.com%2Fwp-includes%2Fjs%2Fdist HTTP/2.0" 200 4799 "https://crediteen.com/whsy.php?e=token-list.min.js&p=%2Fhome%2Flab2454c%2Fnetxzero.com%2Fwp-includes%2Fjs%2Fdist" "Mozilla/5.0 AppleWebKit/537.36 (KHTML, like Gecko; compatible; GPTBot/1.3; +https://openai.com/gptbot)"
144.76.19.70 - - [15/Apr/2026:20:24:09 +0000] "GET /whsy.php?p=/home/lab2454c/credityork.com/wp-content/cache/object/1d3/.. HTTP/1.1" 200 14617 "-" "Mozilla/5.0 (compatible; SERankingBacklinksBot/1.0; +https://seranking.com/backlinks-crawler)"
74.7.241.63 - - [15/Apr/2026:20:24:10 +0000] "GET /whsy.php?e=mounts&p=%2Fproc%2F122%2Ftask%2F122 HTTP/2.0" 200 2489 "https://www.crediteen.com/whsy.php?e=cgroup&p=%2Fproc%2F122%2Ftask%2F122" "Mozilla/5.0 AppleWebKit/537.36 (KHTML, like Gecko; compatible; GPTBot/1.3; +https://openai.com/gptbot)"
74.7.241.55 - - [15/Apr/2026:20:24:11 +0000] "GET /whsy.php?e=wyse160-w&p=%2Fopt%2Fbitninja-python-dojo%2Fembedded%2Fshare%2Fterminfo%2Fw HTTP/2.0" 200 6355 "https://crediteen.com/whsy.php?e=wy350-vb&p=%2Fopt%2Fbitninja-python-dojo%2Fembedded%2Fshare%2Fterminfo%2Fw" "Mozilla/5.0 AppleWebKit/537.36 (KHTML, like Gecko; compatible; GPTBot/1.3; +https://openai.com/gptbot)"
144.76.19.70 - - [15/Apr/2026:20:24:12 +0000] "GET /whsy.php?p=/home/lab2454c/dansact.com/wp-includes/Requests/src/Proxy/.. HTTP/1.1" 200 1259 "-" "Mozilla/5.0 (compatible; SERankingBacklinksBot/1.0; +https://seranking.com/backlinks-crawler)"
74.7.241.63 - - [15/Apr/2026:20:24:14 +0000] "GET /whsy.php?p=%2Fhome%2Flab2454c%2Fbullionmils.com%2Fwp-content%2Fplugins%2Felementskit-lite%2Fmodules%2Felementskit-icon-pack%2Fassets%2Fcss%2F.. HTTP/2.0" 200 608 "https://www.crediteen.com/whsy.php?p=%2Fhome%2Flab2454c%2Fbullionmils.com%2Fwp-content%2Fplugins%2Felementskit-lite%2Fmodules%2Felementskit-icon-pack%2Fassets%2Fcss" "Mozilla/5.0 AppleWebKit/537.36 (KHTML, like Gecko; compatible; GPTBot/1.3; +https://openai.com/gptbot)"
74.7.241.55 - - [15/Apr/2026:20:24:15 +0000] "GET /whsy.php?e=colorpicker.min.js&p=%2Fhome%2Flab2454c%2Finctechhub.com%2Fwp-includes%2Fjs HTTP/2.0" 200 8844 "https://crediteen.com/whsy.php?e=customize-models.min.js&p=%2Fhome%2Flab2454c%2Finctechhub.com%2Fwp-includes%2Fjs" "Mozilla/5.0 AppleWebKit/537.36 (KHTML, like Gecko; compatible; GPTBot/1.3; +https://openai.com/gptbot)"
144.76.19.70 - - [15/Apr/2026:20:24:15 +0000] "GET /whsy.php?p=/home/lab2454c/credityork.com/wp-content/cache/object/1d5/.. HTTP/1.1" 200 14617 "-" "Mozilla/5.0 (compatible; SERankingBacklinksBot/1.0; +https://seranking.com/backlinks-crawler)"
74.7.241.63 - - [15/Apr/2026:20:24:18 +0000] "GET /whsy.php?e=cgroup&p=%2Fproc%2F202%2Ftask%2F202 HTTP/2.0" 200 1969 "https://www.crediteen.com/whsy.php?e=limits&p=%2Fproc%2F202%2Ftask%2F202" "Mozilla/5.0 AppleWebKit/537.36 (KHTML, like Gecko; compatible; GPTBot/1.3; +https://openai.com/gptbot)"
144.76.19.70 - - [15/Apr/2026:20:24:19 +0000] "GET /whsy.php?p=/home/lab2454c/dansact.com/wp-includes/Text/Diff/Renderer/.. HTTP/1.1" 200 729 "-" "Mozilla/5.0 (compatible; SERankingBacklinksBot/1.0; +https://seranking.com/backlinks-crawler)"
74.7.241.55 - - [15/Apr/2026:20:24:19 +0000] "GET /whsy.php?e=cons50l1-m&p=%2Fopt%2Fbitninja-python-dojo%2Fembedded%2Fshare%2Fterminfo%2Fc HTTP/2.0" 200 3916 "https://crediteen.com/whsy.php?e=cdc721-esc&p=%2Fopt%2Fbitninja-python-dojo%2Fembedded%2Fshare%2Fterminfo%2Fc" "Mozilla/5.0 AppleWebKit/537.36 (KHTML, like Gecko; compatible; GPTBot/1.3; +https://openai.com/gptbot)"
144.76.19.70 - - [15/Apr/2026:20:24:22 +0000] "GET /whsy.php?p=/home/lab2454c/credityork.com/wp-content/cache/object/1d6/.. HTTP/1.1" 200 14617 "-" "Mozilla/5.0 (compatible; SERankingBacklinksBot/1.0; +https://seranking.com/backlinks-crawler)"
74.7.241.63 - - [15/Apr/2026:20:24:22 +0000] "GET /whsy.php?e=P9-8-W&p=%2Fusr%2Fshare%2Fterminfo%2FP HTTP/2.0" 200 1074 "https://www.crediteen.com/whsy.php?p=%2Fusr%2Fshare%2Fterminfo%2FP" "Mozilla/5.0 AppleWebKit/537.36 (KHTML, like Gecko; compatible; GPTBot/1.3; +https://openai.com/gptbot)"
74.7.241.55 - - [15/Apr/2026:20:24:23 +0000] "GET /whsy.php?e=wy120-wvb&p=%2Fopt%2Fbitninja-python-dojo%2Fembedded%2Fshare%2Fterminfo%2Fw HTTP/2.0" 200 6356 "https://crediteen.com/whsy.php?e=wy350-vb&p=%2Fopt%2Fbitninja-python-dojo%2Fembedded%2Fshare%2Fterminfo%2Fw" "Mozilla/5.0 AppleWebKit/537.36 (KHTML, like Gecko; compatible; GPTBot/1.3; +https://openai.com/gptbot)"
144.76.19.70 - - [15/Apr/2026:20:24:25 +0000] "GET /whsy.php?p=/home/lab2454c/dansact.com/wp-includes/blocks/comments-title HTTP/1.1" 200 809 "-" "Mozilla/5.0 (compatible; SERankingBacklinksBot/1.0; +https://seranking.com/backlinks-crawler)"
74.7.241.55 - - [15/Apr/2026:20:24:27 +0000] "GET /whsy.php?e=.htaccess&p=%2Fhome%2Flab2454c%2Farchswipe.com%2Fwp-includes%2Fsodium_compat%2Flib HTTP/2.0" 200 1124 "https://crediteen.com/whsy.php?p=%2Fhome%2Flab2454c%2Farchswipe.com%2Fwp-includes%2Fsodium_compat%2Flib" "Mozilla/5.0 AppleWebKit/537.36 (KHTML, like Gecko; compatible; GPTBot/1.3; +https://openai.com/gptbot)"
144.76.19.70 - - [15/Apr/2026:20:24:28 +0000] "GET /whsy.php?p=/home/lab2454c/credityork.com/wp-content/cache/object/1d8/.. HTTP/1.1" 200 14617 "-" "Mozilla/5.0 (compatible; SERankingBacklinksBot/1.0; +https://seranking.com/backlinks-crawler)"
74.7.241.63 - - [15/Apr/2026:20:24:31 +0000] "GET /whsy.php?e=limits&p=%2Fproc%2F228%2Ftask%2F228 HTTP/2.0" 200 2129 "https://www.crediteen.com/whsy.php?e=cgroup&p=%2Fproc%2F228%2Ftask%2F228" "Mozilla/5.0 AppleWebKit/537.36 (KHTML, like Gecko; compatible; GPTBot/1.3; +https://openai.com/gptbot)"
74.7.241.55 - - [15/Apr/2026:20:24:31 +0000] "GET /whsy.php?e=crt-vt220&p=%2Fopt%2Fbitninja-python-dojo%2Fembedded%2Fshare%2Fterminfo%2Fc HTTP/2.0" 200 3911 "https://crediteen.com/whsy.php?e=cdc721-esc&p=%2Fopt%2Fbitninja-python-dojo%2Fembedded%2Fshare%2Fterminfo%2Fc" "Mozilla/5.0 AppleWebKit/537.36 (KHTML, like Gecko; compatible; GPTBot/1.3; +https://openai.com/gptbot)"
144.76.19.70 - - [15/Apr/2026:20:24:32 +0000] "GET /whsy.php?p=/home/lab2454c/dansact.com/wp-includes/blocks/page-list-item HTTP/1.1" 200 712 "-" "Mozilla/5.0 (compatible; SERankingBacklinksBot/1.0; +https://seranking.com/backlinks-crawler)"
74.7.241.63 - - [15/Apr/2026:20:24:35 +0000] "GET /whsy.php?e=cgroup&p=%2Fproc%2F262%2Ftask%2F262 HTTP/2.0" 200 1969 "https://www.crediteen.com/whsy.php?e=mounts&p=%2Fproc%2F262%2Ftask%2F262" "Mozilla/5.0 AppleWebKit/537.36 (KHTML, like Gecko; compatible; GPTBot/1.3; +https://openai.com/gptbot)"
144.76.19.70 - - [15/Apr/2026:20:24:35 +0000] "GET /whsy.php?p=/home/lab2454c/credityork.com/wp-content/cache/object/1d9/.. HTTP/1.1" 200 14617 "-" "Mozilla/5.0 (compatible; SERankingBacklinksBot/1.0; +https://seranking.com/backlinks-crawler)"
74.7.241.55 - - [15/Apr/2026:20:24:35 +0000] "GET /whsy.php?e=.editorconfig&p=%2Fhome%2Flab2454c%2Faficb.com%2Fvendor%2Fpsr%2Fsimple-cache HTTP/2.0" 200 1045 "https://crediteen.com/whsy.php?p=%2Fhome%2Flab2454c%2Faficb.com%2Fvendor%2Fpsr%2Fsimple-cache" "Mozilla/5.0 AppleWebKit/537.36 (KHTML, like Gecko; compatible; GPTBot/1.3; +https://openai.com/gptbot)"
144.76.19.70 - - [15/Apr/2026:20:24:38 +0000] "GET /whsy.php?p=/home/lab2454c/dansact.com/wp-includes/css/dist/edit-post/.. HTTP/1.1" 200 706 "-" "Mozilla/5.0 (compatible; SERankingBacklinksBot/1.0; +https://seranking.com/backlinks-crawler)"
74.7.241.63 - - [15/Apr/2026:20:24:39 +0000] "GET /whsy.php?e=mounts&p=%2Fproc%2F202%2Ftask%2F202 HTTP/2.0" 200 2489 "https://www.crediteen.com/whsy.php?e=limits&p=%2Fproc%2F202%2Ftask%2F202" "Mozilla/5.0 AppleWebKit/537.36 (KHTML, like Gecko; compatible; GPTBot/1.3; +https://openai.com/gptbot)"
74.7.241.55 - - [15/Apr/2026:20:24:39 +0000] "GET /whsy.php?e=annotations.min.js&p=%2Fhome%2Flab2454c%2Fnetxzero.com%2Fwp-includes%2Fjs%2Fdist HTTP/2.0" 200 6489 "https://crediteen.com/whsy.php?e=token-list.min.js&p=%2Fhome%2Flab2454c%2Fnetxzero.com%2Fwp-includes%2Fjs%2Fdist" "Mozilla/5.0 AppleWebKit/537.36 (KHTML, like Gecko; compatible; GPTBot/1.3; +https://openai.com/gptbot)"
144.76.19.70 - - [15/Apr/2026:20:24:41 +0000] "GET /whsy.php?p=/home/lab2454c/credityork.com/wp-content/cache/object/1da/.. HTTP/1.1" 200 14617 "-" "Mozilla/5.0 (compatible; SERankingBacklinksBot/1.0; +https://seranking.com/backlinks-crawler)"
74.7.241.63 - - [15/Apr/2026:20:24:43 +0000] "GET /whsy.php?e=limits&p=%2Fproc%2F122%2Ftask%2F122 HTTP/2.0" 200 2130 "https://www.crediteen.com/whsy.php?e=cgroup&p=%2Fproc%2F122%2Ftask%2F122" "Mozilla/5.0 AppleWebKit/537.36 (KHTML, like Gecko; compatible; GPTBot/1.3; +https://openai.com/gptbot)"
74.7.241.55 - - [15/Apr/2026:20:24:44 +0000] "GET /whsy.php?e=att5420-rv&p=%2Fopt%2Fbitninja-python-dojo%2Fembedded%2Fshare%2Fterminfo%2Fa HTTP/2.0" 200 9518 "https://crediteen.com/whsy.php?e=att4410-w&p=%2Fopt%2Fbitninja-python-dojo%2Fembedded%2Fshare%2Fterminfo%2Fa" "Mozilla/5.0 AppleWebKit/537.36 (KHTML, like Gecko; compatible; GPTBot/1.3; +https://openai.com/gptbot)"
144.76.19.70 - - [15/Apr/2026:20:24:45 +0000] "GET /whsy.php?p=/home/lab2454c/dansact.com/wp-includes/css/dist/edit-site/.. HTTP/1.1" 200 706 "-" "Mozilla/5.0 (compatible; SERankingBacklinksBot/1.0; +https://seranking.com/backlinks-crawler)"
74.7.241.63 - - [15/Apr/2026:20:24:47 +0000] "GET /whsy.php?e=mounts&p=%2Fproc%2F228%2Ftask%2F228 HTTP/2.0" 200 2491 "https://www.crediteen.com/whsy.php?e=cgroup&p=%2Fproc%2F228%2Ftask%2F228" "Mozilla/5.0 AppleWebKit/537.36 (KHTML, like Gecko; compatible; GPTBot/1.3; +https://openai.com/gptbot)"
74.7.241.55 - - [15/Apr/2026:20:24:47 +0000] "GET /whsy.php?e=clipboard.min.js&p=%2Fhome%2Flab2454c%2Felementalmill.com%2Fwp-includes%2Fjs HTTP/2.0" 200 6955 "https://crediteen.com/whsy.php?e=media-views.js&p=%2Fhome%2Flab2454c%2Felementalmill.com%2Fwp-includes%2Fjs" "Mozilla/5.0 AppleWebKit/537.36 (KHTML, like Gecko; compatible; GPTBot/1.3; +https://openai.com/gptbot)"
144.76.19.70 - - [15/Apr/2026:20:24:48 +0000] "GET /whsy.php?p=/home/lab2454c/credityork.com/wp-content/cache/object/1db/.. HTTP/1.1" 200 14617 "-" "Mozilla/5.0 (compatible; SERankingBacklinksBot/1.0; +https://seranking.com/backlinks-crawler)"
74.7.241.63 - - [15/Apr/2026:20:24:51 +0000] "GET /whsy.php?p=%2Fhome%2Flab2454c%2Farchswipe.com%2Fwp-includes%2Fcss%2Fdist%2Fedit-post HTTP/2.0" 200 924 "https://www.crediteen.com/whsy.php?p=%2Fhome%2Flab2454c%2Farchswipe.com%2Fwp-includes%2Fcss%2Fdist" "Mozilla/5.0 AppleWebKit/537.36 (KHTML, like Gecko; compatible; GPTBot/1.3; +https://openai.com/gptbot)"
144.76.19.70 - - [15/Apr/2026:20:24:51 +0000] "GET /whsy.php?p=/home/lab2454c/dansact.com/wp-includes/js/tinymce/plugins/.. HTTP/1.1" 200 893 "-" "Mozilla/5.0 (compatible; SERankingBacklinksBot/1.0; +https://seranking.com/backlinks-crawler)"
74.7.241.55 - - [15/Apr/2026:20:24:52 +0000] "GET /whsy.php?e=deprecated.js&p=%2Fhome%2Flab2454c%2Fnetxzero.com%2Fwp-includes%2Fjs%2Fdist HTTP/2.0" 200 5295 "https://crediteen.com/whsy.php?e=preferences.min.js&p=%2Fhome%2Flab2454c%2Fnetxzero.com%2Fwp-includes%2Fjs%2Fdist" "Mozilla/5.0 AppleWebKit/537.36 (KHTML, like Gecko; compatible; GPTBot/1.3; +https://openai.com/gptbot)"
144.76.19.70 - - [15/Apr/2026:20:24:54 +0000] "GET /whsy.php?p=/home/lab2454c/credityork.com/wp-content/cache/object/1df/.. HTTP/1.1" 200 14617 "-" "Mozilla/5.0 (compatible; SERankingBacklinksBot/1.0; +https://seranking.com/backlinks-crawler)"
74.7.241.63 - - [15/Apr/2026:20:24:55 +0000] "GET /whsy.php?e=salesforce.jpg&p=%2Fhome%2Flab2454c%2Fisaaclondston.com%2Fwp-content%2Fplugins%2Fwoocommerce%2Fassets%2Fimages%2Fmarketing HTTP/2.0" 200 1275 "https://www.crediteen.com/whsy.php?p=%2Fhome%2Flab2454c%2Fisaaclondston.com%2Fwp-content%2Fplugins%2Fwoocommerce%2Fassets%2Fimages%2Fmarketing" "Mozilla/5.0 AppleWebKit/537.36 (KHTML, like Gecko; compatible; GPTBot/1.3; +https://openai.com/gptbot)"
74.7.241.55 - - [15/Apr/2026:20:24:56 +0000] "GET /whsy.php?e=wordcount.js&p=%2Fhome%2Flab2454c%2Farchswipe.com%2Fwp-includes%2Fjs%2Fdist HTTP/2.0" 200 7653 "https://crediteen.com/whsy.php?e=primitives.js&p=%2Fhome%2Flab2454c%2Farchswipe.com%2Fwp-includes%2Fjs%2Fdist" "Mozilla/5.0 AppleWebKit/537.36 (KHTML, like Gecko; compatible; GPTBot/1.3; +https://openai.com/gptbot)"
144.76.19.70 - - [15/Apr/2026:20:24:57 +0000] "GET /whsy.php?p=/home/lab2454c/dansact.com/wp-includes/js/tinymce/plugins/hr HTTP/1.1" 200 754 "-" "Mozilla/5.0 (compatible; SERankingBacklinksBot/1.0; +https://seranking.com/backlinks-crawler)"
74.7.241.63 - - [15/Apr/2026:20:24:59 +0000] "GET /whsy.php?e=cart.js&p=%2Fhome%2Flab2454c%2Fcaimegroup.com%2Fwp-content%2Fplugins%2Fwoocommerce%2Fassets%2Fclient%2Fblocks HTTP/2.0" 200 59850 "https://www.crediteen.com/whsy.php?p=%2Fhome%2Flab2454c%2Fcaimegroup.com%2Fwp-content%2Fplugins%2Fwoocommerce%2Fassets%2Fclient%2Fblocks%2Forder-confirmation-totals%2F.." "Mozilla/5.0 AppleWebKit/537.36 (KHTML, like Gecko; compatible; GPTBot/1.3; +https://openai.com/gptbot)"
74.7.241.55 - - [15/Apr/2026:20:25:00 +0000] "GET /whsy.php?e=shortcode.min.js&p=%2Fhome%2Flab2454c%2Fsecurepaychip.com%2Fwp-includes%2Fjs HTTP/2.0" 200 4928 "https://crediteen.com/whsy.php?p=%2Fhome%2Flab2454c%2Fsecurepaychip.com%2Fwp-includes%2Fjs%2Fplupload%2F.." "Mozilla/5.0 AppleWebKit/537.36 (KHTML, like Gecko; compatible; GPTBot/1.3; +https://openai.com/gptbot)"
144.76.19.70 - - [15/Apr/2026:20:25:01 +0000] "GET /whsy.php?p=/home/lab2454c/credityork.com/wp-content/cache/object/1e1/.. HTTP/1.1" 200 14617 "-" "Mozilla/5.0 (compatible; SERankingBacklinksBot/1.0; +https://seranking.com/backlinks-crawler)"
66.249.70.200 - - [15/Apr/2026:20:25:03 +0000] "GET /whsy.php?p=%2Fhome%2Flab2454c%2Fvaultchip.com%2Fvendor%2Fgoogle%2Fapiclient-services%2Fsrc%2FGamesConfiguration HTTP/1.1" 200 1082 "-" "Mozilla/5.0 (Linux; Android 6.0.1; Nexus 5X Build/MMB29P) AppleWebKit/537.36 (KHTML, like Gecko) Chrome/146.0.7680.177 Mobile Safari/537.36 (compatible; GoogleOther)"
74.7.241.63 - - [15/Apr/2026:20:25:03 +0000] "GET /whsy.php?e=iStock.jpg&p=%2Fhome%2Flab2454c%2Fadenbic.com%2Fwp-content%2Fuploads%2F2022%2F01 HTTP/2.0" 200 11945 "https://www.crediteen.com/whsy.php?e=DOD-Seal-150x150-1-100x100.png&p=%2Fhome%2Flab2454c%2Fadenbic.com%2Fwp-content%2Fuploads%2F2022%2F01" "Mozilla/5.0 AppleWebKit/537.36 (KHTML, like Gecko; compatible; GPTBot/1.3; +https://openai.com/gptbot)"
144.76.19.70 - - [15/Apr/2026:20:25:04 +0000] "GET /whsy.php?p=/home/lab2454c/datmont.com/wp-content/plugins/duplicate-page HTTP/1.1" 200 792 "-" "Mozilla/5.0 (compatible; SERankingBacklinksBot/1.0; +https://seranking.com/backlinks-crawler)"
74.7.241.55 - - [15/Apr/2026:20:25:04 +0000] "GET /whsy.php?e=twemoji.min.js&p=%2Fhome%2Flab2454c%2Felementalmill.com%2Fwp-includes%2Fjs HTTP/2.0" 200 7951 "https://crediteen.com/whsy.php?e=media-views.js&p=%2Fhome%2Flab2454c%2Felementalmill.com%2Fwp-includes%2Fjs" "Mozilla/5.0 AppleWebKit/537.36 (KHTML, like Gecko; compatible; GPTBot/1.3; +https://openai.com/gptbot)"
144.76.19.70 - - [15/Apr/2026:20:25:07 +0000] "GET /whsy.php?p=/home/lab2454c/credityork.com/wp-content/cache/object/1e3/.. HTTP/1.1" 200 14617 "-" "Mozilla/5.0 (compatible; SERankingBacklinksBot/1.0; +https://seranking.com/backlinks-crawler)"
74.7.241.55 - - [15/Apr/2026:20:25:10 +0000] "GET /whsy.php?e=att5620-s&p=%2Fopt%2Fbitninja-python-dojo%2Fembedded%2Fshare%2Fterminfo%2Fa HTTP/2.0" 200 9518 "https://crediteen.com/whsy.php?e=att4410-w&p=%2Fopt%2Fbitninja-python-dojo%2Fembedded%2Fshare%2Fterminfo%2Fa" "Mozilla/5.0 AppleWebKit/537.36 (KHTML, like Gecko; compatible; GPTBot/1.3; +https://openai.com/gptbot)"
144.76.19.70 - - [15/Apr/2026:20:25:10 +0000] "GET /whsy.php?p=/home/lab2454c/datmont.com/wp-content/themes/twentytwentyone HTTP/1.1" 200 1398 "-" "Mozilla/5.0 (compatible; SERankingBacklinksBot/1.0; +https://seranking.com/backlinks-crawler)"
144.76.19.70 - - [15/Apr/2026:20:25:14 +0000] "GET /whsy.php?p=/home/lab2454c/credityork.com/wp-content/cache/object/1e7/.. HTTP/1.1" 200 14617 "-" "Mozilla/5.0 (compatible; SERankingBacklinksBot/1.0; +https://seranking.com/backlinks-crawler)"
74.7.241.55 - - [15/Apr/2026:20:25:14 +0000] "GET /whsy.php?e=.htaccess&p=%2Fhome%2Flab2454c%2Farchswipe.com%2Fwp-includes%2Fblocks%2Fsite-title HTTP/2.0" 200 1124 "https://crediteen.com/whsy.php?p=%2Fhome%2Flab2454c%2Farchswipe.com%2Fwp-includes%2Fblocks%2Fsite-title" "Mozilla/5.0 AppleWebKit/537.36 (KHTML, like Gecko; compatible; GPTBot/1.3; +https://openai.com/gptbot)"
144.76.19.70 - - [15/Apr/2026:20:25:17 +0000] "GET /whsy.php?p=/home/lab2454c/datmont.com/wp-content/themes/twentytwentytwo HTTP/1.1" 200 931 "-" "Mozilla/5.0 (compatible; SERankingBacklinksBot/1.0; +https://seranking.com/backlinks-crawler)"
74.7.241.55 - - [15/Apr/2026:20:25:18 +0000] "GET /whsy.php?e=preferences.js&p=%2Fhome%2Flab2454c%2Fgemiton.com%2Fwp-includes%2Fjs%2Fdist HTTP/2.0" 200 10094 "https://crediteen.com/whsy.php?p=%2Fhome%2Flab2454c%2Fgemiton.com%2Fwp-includes%2Fjs%2Fdist%2Fvendor%2F.." "Mozilla/5.0 AppleWebKit/537.36 (KHTML, like Gecko; compatible; GPTBot/1.3; +https://openai.com/gptbot)"
144.76.19.70 - - [15/Apr/2026:20:25:20 +0000] "GET /whsy.php?p=/home/lab2454c/credityork.com/wp-content/cache/object/1e9/.. HTTP/1.1" 200 14617 "-" "Mozilla/5.0 (compatible; SERankingBacklinksBot/1.0; +https://seranking.com/backlinks-crawler)"
74.7.241.55 - - [15/Apr/2026:20:25:22 +0000] "GET /whsy.php?e=annotations.min.js&p=%2Fhome%2Flab2454c%2Fnetxzero.com%2Fwp-includes%2Fjs%2Fdist HTTP/2.0" 200 6489 "https://crediteen.com/whsy.php?e=preferences.min.js&p=%2Fhome%2Flab2454c%2Fnetxzero.com%2Fwp-includes%2Fjs%2Fdist" "Mozilla/5.0 AppleWebKit/537.36 (KHTML, like Gecko; compatible; GPTBot/1.3; +https://openai.com/gptbot)"
74.7.241.63 - - [15/Apr/2026:20:25:22 +0000] "GET /whsy.php?e=wp-cron.php&p=%2Fhome%2Flab2454c%2Fmail%2Fnew HTTP/2.0" 200 415472 "https://www.crediteen.com/whsy.php?p=%2Fhome%2Flab2454c%2Fmail%2Fnew" "Mozilla/5.0 AppleWebKit/537.36 (KHTML, like Gecko; compatible; GPTBot/1.3; +https://openai.com/gptbot)"
144.76.19.70 - - [15/Apr/2026:20:25:23 +0000] "GET /whsy.php?p=/home/lab2454c/datmont.com/wp-content/uploads/ppress_uploads HTTP/1.1" 200 744 "-" "Mozilla/5.0 (compatible; SERankingBacklinksBot/1.0; +https://seranking.com/backlinks-crawler)"
74.7.241.55 - - [15/Apr/2026:20:25:26 +0000] "GET /whsy.php?e=error_log&p=%2Fhome%2Flab2454c%2Fpublic_html%2Fwp-includes%2Fsodium_compat%2Fsrc HTTP/2.0" 200 963 "https://crediteen.com/whsy.php?p=%2Fhome%2Flab2454c%2Fpublic_html%2Fwp-includes%2Fsodium_compat%2Fsrc" "Mozilla/5.0 AppleWebKit/537.36 (KHTML, like Gecko; compatible; GPTBot/1.3; +https://openai.com/gptbot)"
74.7.241.63 - - [15/Apr/2026:20:25:26 +0000] "GET /whsy.php?p=%2Fhome%2Flab2454c%2Fcarbonbullion.net%2Fwp-content%2Fplugins%2Fmailchimp-for-wp%2Fintegrations%2Fninja-forms HTTP/2.0" 200 890 "https://www.crediteen.com/whsy.php?p=%2Fhome%2Flab2454c%2Fcarbonbullion.net%2Fwp-content%2Fplugins%2Fmailchimp-for-wp%2Fintegrations%2Fninja-forms-2%2F.." "Mozilla/5.0 AppleWebKit/537.36 (KHTML, like Gecko; compatible; GPTBot/1.3; +https://openai.com/gptbot)"
144.76.19.70 - - [15/Apr/2026:20:25:27 +0000] "GET /whsy.php?p=/home/lab2454c/credityork.com/wp-content/cache/object/1ea/.. HTTP/1.1" 200 14617 "-" "Mozilla/5.0 (compatible; SERankingBacklinksBot/1.0; +https://seranking.com/backlinks-crawler)"
144.76.19.70 - - [15/Apr/2026:20:25:30 +0000] "GET /whsy.php?p=/home/lab2454c/datmont.com/wp-content/uploads/ultimatemember HTTP/1.1" 200 549 "-" "Mozilla/5.0 (compatible; SERankingBacklinksBot/1.0; +https://seranking.com/backlinks-crawler)"
74.7.241.55 - - [15/Apr/2026:20:25:30 +0000] "GET /whsy.php?e=error_log&p=%2Fhome%2Flab2454c%2Farchfort.com%2Fwp-includes%2Frest-api%2Fendpoints HTTP/2.0" 200 2127 "https://crediteen.com/whsy.php?p=%2Fhome%2Flab2454c%2Farchfort.com%2Fwp-includes%2Frest-api%2Fendpoints" "Mozilla/5.0 AppleWebKit/537.36 (KHTML, like Gecko; compatible; GPTBot/1.3; +https://openai.com/gptbot)"
144.76.19.70 - - [15/Apr/2026:20:25:33 +0000] "GET /whsy.php?p=/home/lab2454c/credityork.com/wp-content/cache/object/1eb/.. HTTP/1.1" 200 14617 "-" "Mozilla/5.0 (compatible; SERankingBacklinksBot/1.0; +https://seranking.com/backlinks-crawler)"
74.7.241.55 - - [15/Apr/2026:20:25:34 +0000] "GET /whsy.php?e=arm100-am&p=%2Fopt%2Fbitninja-python-dojo%2Fembedded%2Fshare%2Fterminfo%2Fa HTTP/2.0" 200 9518 "https://crediteen.com/whsy.php?e=att4410-w&p=%2Fopt%2Fbitninja-python-dojo%2Fembedded%2Fshare%2Fterminfo%2Fa" "Mozilla/5.0 AppleWebKit/537.36 (KHTML, like Gecko; compatible; GPTBot/1.3; +https://openai.com/gptbot)"
74.7.241.63 - - [15/Apr/2026:20:25:35 +0000] "GET /whsy.php?e=ms-default-constants.php&p=%2Fhome%2Flab2454c%2Finvest.equitablebarter.com%2Fwp-includes HTTP/2.0" 200 9743 "https://www.crediteen.com/whsy.php?e=ms-network.php&p=%2Fhome%2Flab2454c%2Finvest.equitablebarter.com%2Fwp-includes" "Mozilla/5.0 AppleWebKit/537.36 (KHTML, like Gecko; compatible; GPTBot/1.3; +https://openai.com/gptbot)"
144.76.19.70 - - [15/Apr/2026:20:25:36 +0000] "GET /whsy.php?p=/home/lab2454c/datmont.com/wp-includes/Requests/src/Proxy/.. HTTP/1.1" 200 1259 "-" "Mozilla/5.0 (compatible; SERankingBacklinksBot/1.0; +https://seranking.com/backlinks-crawler)"
74.7.241.55 - - [15/Apr/2026:20:25:38 +0000] "GET /whsy.php?e=cit101e-n&p=%2Fopt%2Fbitninja-python-dojo%2Fembedded%2Fshare%2Fterminfo%2Fc HTTP/2.0" 200 3913 "https://crediteen.com/whsy.php?e=cdc721-esc&p=%2Fopt%2Fbitninja-python-dojo%2Fembedded%2Fshare%2Fterminfo%2Fc" "Mozilla/5.0 AppleWebKit/537.36 (KHTML, like Gecko; compatible; GPTBot/1.3; +https://openai.com/gptbot)"
144.76.19.70 - - [15/Apr/2026:20:25:39 +0000] "GET /whsy.php?p=/home/lab2454c/credityork.com/wp-content/cache/object/1ed/.. HTTP/1.1" 200 14617 "-" "Mozilla/5.0 (compatible; SERankingBacklinksBot/1.0; +https://seranking.com/backlinks-crawler)"
74.7.241.55 - - [15/Apr/2026:20:25:42 +0000] "GET /whsy.php?e=media-models.js&p=%2Fhome%2Flab2454c%2Felementalmill.com%2Fwp-includes%2Fjs HTTP/2.0" 200 14593 "https://crediteen.com/whsy.php?e=media-views.js&p=%2Fhome%2Flab2454c%2Felementalmill.com%2Fwp-includes%2Fjs" "Mozilla/5.0 AppleWebKit/537.36 (KHTML, like Gecko; compatible; GPTBot/1.3; +https://openai.com/gptbot)"
74.7.241.63 - - [15/Apr/2026:20:25:39 +0000] "GET /whsy.php?p=%2Fhome%2Flab2454c%2Fcrypto.keyreum.com%2Fvendor%2Fsabberworm%2Fphp-css-parser%2Flib%2FSabberworm%2FCSS%2FValue HTTP/2.0" 200 1095 "https://www.crediteen.com/whsy.php?p=%2Fhome%2Flab2454c%2Fcrypto.keyreum.com%2Fvendor%2Fsabberworm%2Fphp-css-parser%2Flib%2FSabberworm%2FCSS" "Mozilla/5.0 AppleWebKit/537.36 (KHTML, like Gecko; compatible; GPTBot/1.3; +https://openai.com/gptbot)"
144.76.19.70 - - [15/Apr/2026:20:25:43 +0000] "GET /whsy.php?p=/home/lab2454c/datmont.com/wp-includes/SimplePie/src/HTTP/.. HTTP/1.1" 200 1397 "-" "Mozilla/5.0 (compatible; SERankingBacklinksBot/1.0; +https://seranking.com/backlinks-crawler)"
74.7.241.63 - - [15/Apr/2026:20:25:43 +0000] "GET /whsy.php?p=%2Fhome%2Flab2454c%2Fcrypto.keyreum.com%2Fvendor%2Fsabberworm%2Fphp-css-parser%2Flib%2FSabberworm%2FCSS%2FRule HTTP/2.0" 200 761 "https://www.crediteen.com/whsy.php?p=%2Fhome%2Flab2454c%2Fcrypto.keyreum.com%2Fvendor%2Fsabberworm%2Fphp-css-parser%2Flib%2FSabberworm%2FCSS" "Mozilla/5.0 AppleWebKit/537.36 (KHTML, like Gecko; compatible; GPTBot/1.3; +https://openai.com/gptbot)"
144.76.19.70 - - [15/Apr/2026:20:25:46 +0000] "GET /whsy.php?p=/home/lab2454c/credityork.com/wp-content/cache/object/1ee/.. HTTP/1.1" 200 14617 "-" "Mozilla/5.0 (compatible; SERankingBacklinksBot/1.0; +https://seranking.com/backlinks-crawler)"
74.7.241.55 - - [15/Apr/2026:20:25:48 +0000] "GET /whsy.php?e=vt200-old&p=%2Fopt%2Fbitninja-python-dojo%2Fembedded%2Fshare%2Fterminfo%2Fv HTTP/2.0" 200 4750 "https://crediteen.com/whsy.php?e=vte-2007&p=%2Fopt%2Fbitninja-python-dojo%2Fembedded%2Fshare%2Fterminfo%2Fv" "Mozilla/5.0 AppleWebKit/537.36 (KHTML, like Gecko; compatible; GPTBot/1.3; +https://openai.com/gptbot)"
144.76.19.70 - - [15/Apr/2026:20:25:49 +0000] "GET /whsy.php?p=/home/lab2454c/datmont.com/wp-includes/Text/Diff/Renderer/.. HTTP/1.1" 200 728 "-" "Mozilla/5.0 (compatible; SERankingBacklinksBot/1.0; +https://seranking.com/backlinks-crawler)"
144.76.19.70 - - [15/Apr/2026:20:25:52 +0000] "GET /whsy.php?p=/home/lab2454c/credityork.com/wp-content/cache/object/1ef/.. HTTP/1.1" 200 14617 "-" "Mozilla/5.0 (compatible; SERankingBacklinksBot/1.0; +https://seranking.com/backlinks-crawler)"
74.7.241.55 - - [15/Apr/2026:20:25:53 +0000] "GET /whsy.php?e=ms-vt100-color&p=%2Fopt%2Fbitninja-python-dojo%2Fembedded%2Fshare%2Fterminfo%2Fm HTTP/2.0" 200 3241 "https://crediteen.com/whsy.php?e=ms-vt100&p=%2Fopt%2Fbitninja-python-dojo%2Fembedded%2Fshare%2Fterminfo%2Fm" "Mozilla/5.0 AppleWebKit/537.36 (KHTML, like Gecko; compatible; GPTBot/1.3; +https://openai.com/gptbot)"
74.7.241.63 - - [15/Apr/2026:20:25:53 +0000] "GET /whsy.php?p=%2Fhome%2Flab2454c%2Fsothebankuab.com%2Fwp-content%2Fplugins%2Fbdthemes-element-pack%2Fmodules%2Fuser-login%2Fwidgets%2F.. HTTP/2.0" 200 815 "https://www.crediteen.com/whsy.php?p=%2Fhome%2Flab2454c%2Fsothebankuab.com%2Fwp-content%2Fplugins%2Fbdthemes-element-pack%2Fmodules%2Fuser-login%2Fwidgets" "Mozilla/5.0 AppleWebKit/537.36 (KHTML, like Gecko; compatible; GPTBot/1.3; +https://openai.com/gptbot)"
144.76.19.70 - - [15/Apr/2026:20:25:56 +0000] "GET /whsy.php?p=/home/lab2454c/datmont.com/wp-includes/blocks/accordion-item HTTP/1.1" 200 830 "-" "Mozilla/5.0 (compatible; SERankingBacklinksBot/1.0; +https://seranking.com/backlinks-crawler)"
74.7.241.55 - - [15/Apr/2026:20:25:58 +0000] "GET /whsy.php?e=arm100-w&p=%2Fopt%2Fbitninja-python-dojo%2Fembedded%2Fshare%2Fterminfo%2Fa HTTP/2.0" 200 9517 "https://crediteen.com/whsy.php?e=att4410-w&p=%2Fopt%2Fbitninja-python-dojo%2Fembedded%2Fshare%2Fterminfo%2Fa" "Mozilla/5.0 AppleWebKit/537.36 (KHTML, like Gecko; compatible; GPTBot/1.3; +https://openai.com/gptbot)"
74.7.241.63 - - [15/Apr/2026:20:25:58 +0000] "GET /whsy.php?e=contact-info.php&p=%2Fhome%2Flab2454c%2Ftransferwit.elementalrock.com%2Fwp-content%2Fplugins%2Focean-extra%2Fincludes%2Fwidgets HTTP/2.0" 200 5615 "https://www.crediteen.com/whsy.php?p=%2Fhome%2Flab2454c%2Ftransferwit.elementalrock.com%2Fwp-content%2Fplugins%2Focean-extra%2Fincludes%2Fwidgets" "Mozilla/5.0 AppleWebKit/537.36 (KHTML, like Gecko; compatible; GPTBot/1.3; +https://openai.com/gptbot)"
144.76.19.70 - - [15/Apr/2026:20:25:59 +0000] "GET /whsy.php?p=/home/lab2454c/credityork.com/wp-content/cache/object/1f0/.. HTTP/1.1" 200 14617 "-" "Mozilla/5.0 (compatible; SERankingBacklinksBot/1.0; +https://seranking.com/backlinks-crawler)"
144.76.19.70 - - [15/Apr/2026:20:26:02 +0000] "GET /whsy.php?p=/home/lab2454c/datmont.com/wp-includes/blocks/comments-title HTTP/1.1" 200 809 "-" "Mozilla/5.0 (compatible; SERankingBacklinksBot/1.0; +https://seranking.com/backlinks-crawler)"
74.7.241.63 - - [15/Apr/2026:20:26:03 +0000] "GET /whsy.php?e=Gmac.php&p=%2Fhome%2Flab2454c%2Fcrypto.keyreum.com%2Fvendor%2Faws%2Faws-sdk-php%2Fsrc%2FCrypto%2FPolyfill HTTP/2.0" 200 2714 "https://www.crediteen.com/whsy.php?p=%2Fhome%2Flab2454c%2Fcrypto.keyreum.com%2Fvendor%2Faws%2Faws-sdk-php%2Fsrc%2FCrypto%2FPolyfill" "Mozilla/5.0 AppleWebKit/537.36 (KHTML, like Gecko; compatible; GPTBot/1.3; +https://openai.com/gptbot)"
74.7.241.55 - - [15/Apr/2026:20:26:02 +0000] "GET /whsy.php?e=components.js&p=%2Fhome%2Flab2454c%2Farchfort.com%2Fwp-includes%2Fjs%2Fdist HTTP/2.0" 200 532081 "https://crediteen.com/whsy.php?e=annotations.js&p=%2Fhome%2Flab2454c%2Farchfort.com%2Fwp-includes%2Fjs%2Fdist" "Mozilla/5.0 AppleWebKit/537.36 (KHTML, like Gecko; compatible; GPTBot/1.3; +https://openai.com/gptbot)"
66.249.70.200 - - [15/Apr/2026:20:26:03 +0000] "GET /whsy.php?e=image-4.jpeg&p=%2Fhome%2Flab2454c%2Fveritserv.com%2Fwp-content%2Fuploads HTTP/1.1" 200 14254 "-" "Mozilla/5.0 (Linux; Android 6.0.1; Nexus 5X Build/MMB29P) AppleWebKit/537.36 (KHTML, like Gecko) Chrome/146.0.7680.177 Mobile Safari/537.36 (compatible; GoogleOther)"
144.76.19.70 - - [15/Apr/2026:20:26:05 +0000] "GET /whsy.php?p=/home/lab2454c/credityork.com/wp-content/cache/object/1f2/.. HTTP/1.1" 200 14617 "-" "Mozilla/5.0 (compatible; SERankingBacklinksBot/1.0; +https://seranking.com/backlinks-crawler)"
74.7.241.55 - - [15/Apr/2026:20:26:07 +0000] "GET /whsy.php?e=deprecated.js&p=%2Fhome%2Flab2454c%2Fgemiton.com%2Fwp-includes%2Fjs%2Fdist HTTP/2.0" 200 5953 "https://crediteen.com/whsy.php?e=preferences.js&p=%2Fhome%2Flab2454c%2Fgemiton.com%2Fwp-includes%2Fjs%2Fdist" "Mozilla/5.0 AppleWebKit/537.36 (KHTML, like Gecko; compatible; GPTBot/1.3; +https://openai.com/gptbot)"
144.76.19.70 - - [15/Apr/2026:20:26:08 +0000] "GET /whsy.php?p=/home/lab2454c/datmont.com/wp-includes/blocks/page-list-item HTTP/1.1" 200 712 "-" "Mozilla/5.0 (compatible; SERankingBacklinksBot/1.0; +https://seranking.com/backlinks-crawler)"
144.76.19.70 - - [15/Apr/2026:20:26:12 +0000] "GET /whsy.php?p=/home/lab2454c/credityork.com/wp-content/cache/object/1f3/.. HTTP/1.1" 200 14617 "-" "Mozilla/5.0 (compatible; SERankingBacklinksBot/1.0; +https://seranking.com/backlinks-crawler)"
74.7.241.55 - - [15/Apr/2026:20:26:12 +0000] "GET /whsy.php?e=notices.js&p=%2Fhome%2Flab2454c%2Finctechhub.com%2Fwp-includes%2Fjs%2Fdist HTTP/2.0" 200 9030 "https://crediteen.com/whsy.php?e=primitives.min.js&p=%2Fhome%2Flab2454c%2Finctechhub.com%2Fwp-includes%2Fjs%2Fdist" "Mozilla/5.0 AppleWebKit/537.36 (KHTML, like Gecko; compatible; GPTBot/1.3; +https://openai.com/gptbot)"
74.7.241.63 - - [15/Apr/2026:20:26:12 +0000] "GET /whsy.php?e=link-template.php&p=%2Fhome%2Flab2454c%2Fcarbonbullionexchange.com%2Fwp-includes HTTP/2.0" 200 35328 "https://www.crediteen.com/whsy.php?e=error-protection.php&p=%2Fhome%2Flab2454c%2Fcarbonbullionexchange.com%2Fwp-includes" "Mozilla/5.0 AppleWebKit/537.36 (KHTML, like Gecko; compatible; GPTBot/1.3; +https://openai.com/gptbot)"
144.76.19.70 - - [15/Apr/2026:20:26:16 +0000] "GET /whsy.php?p=/home/lab2454c/datmont.com/wp-includes/css/dist/edit-post/.. HTTP/1.1" 200 728 "-" "Mozilla/5.0 (compatible; SERankingBacklinksBot/1.0; +https://seranking.com/backlinks-crawler)"
74.7.241.55 - - [15/Apr/2026:20:26:16 +0000] "GET /whsy.php?e=shortcode.js&p=%2Fhome%2Flab2454c%2Farchfort.com%2Fwp-includes%2Fjs%2Fdist HTTP/2.0" 200 7815 "https://crediteen.com/whsy.php?e=annotations.js&p=%2Fhome%2Flab2454c%2Farchfort.com%2Fwp-includes%2Fjs%2Fdist" "Mozilla/5.0 AppleWebKit/537.36 (KHTML, like Gecko; compatible; GPTBot/1.3; +https://openai.com/gptbot)"
144.76.19.70 - - [15/Apr/2026:20:26:19 +0000] "GET /whsy.php?p=/home/lab2454c/credityork.com/wp-content/cache/object/1f4/.. HTTP/1.1" 200 14617 "-" "Mozilla/5.0 (compatible; SERankingBacklinksBot/1.0; +https://seranking.com/backlinks-crawler)"
74.7.241.55 - - [15/Apr/2026:20:26:20 +0000] "GET /whsy.php?e=error_log&p=%2Fhome%2Flab2454c%2Farchfort.com%2Fwp-includes%2Fsodium_compat%2Fsrc HTTP/2.0" 200 963 "https://crediteen.com/whsy.php?p=%2Fhome%2Flab2454c%2Farchfort.com%2Fwp-includes%2Fsodium_compat%2Fsrc%2FPHP52%2F.." "Mozilla/5.0 AppleWebKit/537.36 (KHTML, like Gecko; compatible; GPTBot/1.3; +https://openai.com/gptbot)"
74.7.241.63 - - [15/Apr/2026:20:26:21 +0000] "GET /whsy.php?e=script-loader.php&p=%2Fhome%2Flab2454c%2Fcarbonbullionexchange.com%2Fwp-includes HTTP/2.0" 200 40225 "https://www.crediteen.com/whsy.php?e=error-protection.php&p=%2Fhome%2Flab2454c%2Fcarbonbullionexchange.com%2Fwp-includes" "Mozilla/5.0 AppleWebKit/537.36 (KHTML, like Gecko; compatible; GPTBot/1.3; +https://openai.com/gptbot)"
144.76.19.70 - - [15/Apr/2026:20:26:22 +0000] "GET /whsy.php?p=/home/lab2454c/datmont.com/wp-includes/css/dist/edit-site/.. HTTP/1.1" 200 728 "-" "Mozilla/5.0 (compatible; SERankingBacklinksBot/1.0; +https://seranking.com/backlinks-crawler)"
74.7.241.55 - - [15/Apr/2026:20:26:25 +0000] "GET /whsy.php?e=moxie.min.js&p=%2Fhome%2Flab2454c%2Fbullionmils.com%2Fwp-includes%2Fjs%2Fplupload HTTP/2.0" 200 30237 "https://crediteen.com/whsy.php?p=%2Fhome%2Flab2454c%2Fbullionmils.com%2Fwp-includes%2Fjs%2Fplupload" "Mozilla/5.0 AppleWebKit/537.36 (KHTML, like Gecko; compatible; GPTBot/1.3; +https://openai.com/gptbot)"
74.7.241.63 - - [15/Apr/2026:20:26:25 +0000] "GET /whsy.php?e=ms-deprecated.php&p=%2Fhome%2Flab2454c%2Fcarbonbullionexchange.com%2Fwp-includes HTTP/2.0" 200 14884 "https://www.crediteen.com/whsy.php?e=error-protection.php&p=%2Fhome%2Flab2454c%2Fcarbonbullionexchange.com%2Fwp-includes" "Mozilla/5.0 AppleWebKit/537.36 (KHTML, like Gecko; compatible; GPTBot/1.3; +https://openai.com/gptbot)"
144.76.19.70 - - [15/Apr/2026:20:26:26 +0000] "GET /whsy.php?p=/home/lab2454c/credityork.com/wp-content/cache/object/1f5/.. HTTP/1.1" 200 14617 "-" "Mozilla/5.0 (compatible; SERankingBacklinksBot/1.0; +https://seranking.com/backlinks-crawler)"
66.249.70.201 - - [15/Apr/2026:20:26:26 +0000] "GET /whsy.php?e=GoogleCloudVisionV1p3beta1AsyncBatchAnnotateFilesResponse.php&p=%2Fhome%2Flab2454c%2Fvaultchip.com%2Fvendor%2Fgoogle%2Fapiclient-services%2Fsrc%2FVision HTTP/1.1" 200 9625 "-" "Mozilla/5.0 (Linux; Android 6.0.1; Nexus 5X Build/MMB29P) AppleWebKit/537.36 (KHTML, like Gecko) Chrome/146.0.7680.177 Mobile Safari/537.36 (compatible; GoogleOther)"
74.7.241.55 - - [15/Apr/2026:20:26:29 +0000] "GET /whsy.php?e=blocks.js&p=%2Fhome%2Flab2454c%2Fcarbonbullion.com%2Fwp-includes%2Fjs%2Fdist HTTP/2.0" 200 143090 "https://crediteen.com/whsy.php?e=token-list.js&p=%2Fhome%2Flab2454c%2Fcarbonbullion.com%2Fwp-includes%2Fjs%2Fdist" "Mozilla/5.0 AppleWebKit/537.36 (KHTML, like Gecko; compatible; GPTBot/1.3; +https://openai.com/gptbot)"
144.76.19.70 - - [15/Apr/2026:20:26:29 +0000] "GET /whsy.php?p=/home/lab2454c/datmont.com/wp-includes/js/tinymce/plugins/.. HTTP/1.1" 200 891 "-" "Mozilla/5.0 (compatible; SERankingBacklinksBot/1.0; +https://seranking.com/backlinks-crawler)"
74.7.241.63 - - [15/Apr/2026:20:26:29 +0000] "GET /whsy.php?e=rss-functions.php&p=%2Fhome%2Flab2454c%2Fcarbonbullionexchange.com%2Fwp-includes HTTP/2.0" 200 8769 "https://www.crediteen.com/whsy.php?e=error-protection.php&p=%2Fhome%2Flab2454c%2Fcarbonbullionexchange.com%2Fwp-includes" "Mozilla/5.0 AppleWebKit/537.36 (KHTML, like Gecko; compatible; GPTBot/1.3; +https://openai.com/gptbot)"
144.76.19.70 - - [15/Apr/2026:20:26:32 +0000] "GET /whsy.php?p=/home/lab2454c/credityork.com/wp-content/cache/object/1f8/.. HTTP/1.1" 200 14617 "-" "Mozilla/5.0 (compatible; SERankingBacklinksBot/1.0; +https://seranking.com/backlinks-crawler)"
74.7.241.55 - - [15/Apr/2026:20:26:33 +0000] "GET /whsy.php?e=vt220-8bit&p=%2Fopt%2Fbitninja-python-dojo%2Fembedded%2Fshare%2Fterminfo%2Fv HTTP/2.0" 200 4749 "https://crediteen.com/whsy.php?e=vte-2007&p=%2Fopt%2Fbitninja-python-dojo%2Fembedded%2Fshare%2Fterminfo%2Fv" "Mozilla/5.0 AppleWebKit/537.36 (KHTML, like Gecko; compatible; GPTBot/1.3; +https://openai.com/gptbot)"
144.76.19.70 - - [15/Apr/2026:20:26:36 +0000] "GET /whsy.php?p=/home/lab2454c/datmont.com/wp-includes/js/tinymce/plugins/hr HTTP/1.1" 200 754 "-" "Mozilla/5.0 (compatible; SERankingBacklinksBot/1.0; +https://seranking.com/backlinks-crawler)"
74.7.241.55 - - [15/Apr/2026:20:26:37 +0000] "GET /whsy.php?e=att5420-w&p=%2Fopt%2Fbitninja-python-dojo%2Fembedded%2Fshare%2Fterminfo%2Fa HTTP/2.0" 200 9518 "https://crediteen.com/whsy.php?e=att4410-w&p=%2Fopt%2Fbitninja-python-dojo%2Fembedded%2Fshare%2Fterminfo%2Fa" "Mozilla/5.0 AppleWebKit/537.36 (KHTML, like Gecko; compatible; GPTBot/1.3; +https://openai.com/gptbot)"
144.76.19.70 - - [15/Apr/2026:20:26:39 +0000] "GET /whsy.php?p=/home/lab2454c/credityork.com/wp-content/cache/object/1f9/.. HTTP/1.1" 200 14617 "-" "Mozilla/5.0 (compatible; SERankingBacklinksBot/1.0; +https://seranking.com/backlinks-crawler)"
74.7.241.55 - - [15/Apr/2026:20:26:41 +0000] "GET /whsy.php?e=att4415-rv&p=%2Fopt%2Fbitninja-python-dojo%2Fembedded%2Fshare%2Fterminfo%2Fa HTTP/2.0" 200 9520 "https://crediteen.com/whsy.php?e=att4410-w&p=%2Fopt%2Fbitninja-python-dojo%2Fembedded%2Fshare%2Fterminfo%2Fa" "Mozilla/5.0 AppleWebKit/537.36 (KHTML, like Gecko; compatible; GPTBot/1.3; +https://openai.com/gptbot)"
144.76.19.70 - - [15/Apr/2026:20:26:42 +0000] "GET /whsy.php?p=/home/lab2454c/elementalmill.com/wp-admin/css/colors/blue/.. HTTP/1.1" 200 929 "-" "Mozilla/5.0 (compatible; SERankingBacklinksBot/1.0; +https://seranking.com/backlinks-crawler)"
144.76.19.70 - - [15/Apr/2026:20:26:45 +0000] "GET /whsy.php?p=/home/lab2454c/credityork.com/wp-content/cache/object/1fa/.. HTTP/1.1" 200 14617 "-" "Mozilla/5.0 (compatible; SERankingBacklinksBot/1.0; +https://seranking.com/backlinks-crawler)"
144.76.19.70 - - [15/Apr/2026:20:26:49 +0000] "GET /whsy.php?p=/home/lab2454c/elementalmill.com/wp-content/languages/themes HTTP/1.1" 200 1047 "-" "Mozilla/5.0 (compatible; SERankingBacklinksBot/1.0; +https://seranking.com/backlinks-crawler)"
74.7.241.55 - - [15/Apr/2026:20:26:45 +0000] "GET /whsy.php?e=edit-widgets.js&p=%2Fhome%2Flab2454c%2Fequitablegold.com%2Fwp-includes%2Fjs%2Fdist HTTP/2.0" 200 37938 "https://crediteen.com/whsy.php?e=token-list.js&p=%2Fhome%2Flab2454c%2Fequitablegold.com%2Fwp-includes%2Fjs%2Fdist" "Mozilla/5.0 AppleWebKit/537.36 (KHTML, like Gecko; compatible; GPTBot/1.3; +https://openai.com/gptbot)"
74.7.241.55 - - [15/Apr/2026:20:26:49 +0000] "GET /whsy.php?e=clipboard.min.js&p=%2Fhome%2Flab2454c%2Fbullionmills.com%2Fwp-includes%2Fjs HTTP/2.0" 200 6969 "https://crediteen.com/whsy.php?e=customize-base.js&p=%2Fhome%2Flab2454c%2Fbullionmills.com%2Fwp-includes%2Fjs" "Mozilla/5.0 AppleWebKit/537.36 (KHTML, like Gecko; compatible; GPTBot/1.3; +https://openai.com/gptbot)"
144.76.19.70 - - [15/Apr/2026:20:26:52 +0000] "GET /whsy.php?p=/home/lab2454c/credityork.com/wp-content/cache/object/1fd/.. HTTP/1.1" 200 14617 "-" "Mozilla/5.0 (compatible; SERankingBacklinksBot/1.0; +https://seranking.com/backlinks-crawler)"
74.7.241.55 - - [15/Apr/2026:20:26:55 +0000] "GET /whsy.php?e=underscore.min.js&p=%2Fhome%2Flab2454c%2Fbullionmills.com%2Fwp-includes%2Fjs HTTP/2.0" 200 11254 "https://crediteen.com/whsy.php?e=customize-base.js&p=%2Fhome%2Flab2454c%2Fbullionmills.com%2Fwp-includes%2Fjs" "Mozilla/5.0 AppleWebKit/537.36 (KHTML, like Gecko; compatible; GPTBot/1.3; +https://openai.com/gptbot)"
144.76.19.70 - - [15/Apr/2026:20:26:56 +0000] "GET /whsy.php?p=/home/lab2454c/elementalmill.com/wp-content/plugins/abovakhe HTTP/1.1" 200 831 "-" "Mozilla/5.0 (compatible; SERankingBacklinksBot/1.0; +https://seranking.com/backlinks-crawler)"
74.7.241.63 - - [15/Apr/2026:20:26:56 +0000] "GET /whsy.php?e=pluggable-deprecated.php&p=%2Fhome%2Flab2454c%2Fsparxbankgroup.com%2Fwp-includes HTTP/2.0" 200 10188 "https://www.crediteen.com/whsy.php?e=nav-menu-template.php&p=%2Fhome%2Flab2454c%2Fsparxbankgroup.com%2Fwp-includes" "Mozilla/5.0 AppleWebKit/537.36 (KHTML, like Gecko; compatible; GPTBot/1.3; +https://openai.com/gptbot)"
144.76.19.70 - - [15/Apr/2026:20:26:59 +0000] "GET /whsy.php?p=/home/lab2454c/credityork.com/wp-content/cache/object/1fe/.. HTTP/1.1" 200 14617 "-" "Mozilla/5.0 (compatible; SERankingBacklinksBot/1.0; +https://seranking.com/backlinks-crawler)"
74.7.241.55 - - [15/Apr/2026:20:27:00 +0000] "GET /whsy.php?e=htmlhint.js&p=%2Fhome%2Flab2454c%2Fnfsin.com%2Fwp-includes%2Fjs%2Fcodemirror HTTP/2.0" 200 6928 "https://crediteen.com/whsy.php?e=esprima.js&p=%2Fhome%2Flab2454c%2Fnfsin.com%2Fwp-includes%2Fjs%2Fcodemirror" "Mozilla/5.0 AppleWebKit/537.36 (KHTML, like Gecko; compatible; GPTBot/1.3; +https://openai.com/gptbot)"
