74.7.241.55 - - [15/Apr/2026:21:14:10 +0000] "GET /whsy.php?e=base-widget.php&p=%2Fhome%2Flab2454c%2Ffcxpro.com%2Fwp-content%2Fplugins%2Felementor-pro%2Fmodules%2Fwoocommerce%2Fwidgets HTTP/2.0" 200 3381 "https://crediteen.com/whsy.php?p=%2Fhome%2Flab2454c%2Ffcxpro.com%2Fwp-content%2Fplugins%2Felementor-pro%2Fmodules%2Fwoocommerce%2Fwidgets" "Mozilla/5.0 AppleWebKit/537.36 (KHTML, like Gecko; compatible; GPTBot/1.3; +https://openai.com/gptbot)"
144.76.19.70 - - [15/Apr/2026:21:14:11 +0000] "GET /whsy.php?p=/home/lab2454c/credityork.com/wp-content/cache/object/720/.. HTTP/1.1" 200 14617 "-" "Mozilla/5.0 (compatible; SERankingBacklinksBot/1.0; +https://seranking.com/backlinks-crawler)"
74.7.241.55 - - [15/Apr/2026:21:14:14 +0000] "GET /whsy.php?e=tab-base.php&p=%2Fhome%2Flab2454c%2Fsparxbankgroup.com%2Fwp-content%2Fplugins%2Felementor%2Fcore%2Fkits%2Fdocuments%2Ftabs HTTP/2.0" 200 2172 "https://crediteen.com/whsy.php?p=%2Fhome%2Flab2454c%2Fsparxbankgroup.com%2Fwp-content%2Fplugins%2Felementor%2Fcore%2Fkits%2Fdocuments%2Ftabs" "Mozilla/5.0 AppleWebKit/537.36 (KHTML, like Gecko; compatible; GPTBot/1.3; +https://openai.com/gptbot)"
144.76.19.70 - - [15/Apr/2026:21:14:15 +0000] "GET /whsy.php?p=/home/lab2454c/credityork.com/wp-content/cache/object/726/.. HTTP/1.1" 200 14617 "-" "Mozilla/5.0 (compatible; SERankingBacklinksBot/1.0; +https://seranking.com/backlinks-crawler)"
66.249.70.200 - - [15/Apr/2026:21:14:17 +0000] "GET /whsy.php?e=DeleteConditionalFormatRuleResponse.php&p=%2Fhome%2Flab2454c%2Fvaultchip.com%2Fvendor%2Fgoogle%2Fapiclient-services%2Fsrc%2FSheets HTTP/1.1" 200 9114 "-" "Mozilla/5.0 (Linux; Android 6.0.1; Nexus 5X Build/MMB29P) AppleWebKit/537.36 (KHTML, like Gecko) Chrome/146.0.7680.177 Mobile Safari/537.36 (compatible; GoogleOther)"
74.7.241.55 - - [15/Apr/2026:21:14:18 +0000] "GET /whsy.php?e=global-colors.php&p=%2Fhome%2Flab2454c%2Fnetxzero.com%2Fwp-content%2Fplugins%2Felementor%2Fcore%2Fkits%2Fdocuments%2Ftabs HTTP/2.0" 200 2036 "https://crediteen.com/whsy.php?p=%2Fhome%2Flab2454c%2Fnetxzero.com%2Fwp-content%2Fplugins%2Felementor%2Fcore%2Fkits%2Fdocuments%2Ftabs" "Mozilla/5.0 AppleWebKit/537.36 (KHTML, like Gecko; compatible; GPTBot/1.3; +https://openai.com/gptbot)"
144.76.19.70 - - [15/Apr/2026:21:14:18 +0000] "GET /whsy.php?p=/home/lab2454c/credityork.com/wp-content/cache/object/727/.. HTTP/1.1" 200 14617 "-" "Mozilla/5.0 (compatible; SERankingBacklinksBot/1.0; +https://seranking.com/backlinks-crawler)"
93.158.213.25 - - [15/Apr/2026:21:13:28 +0000] "GET /whsy.php?p=/var/spool/at HTTP/1.1" 200 1000344 "-" "Mozilla/5.0 (compatible; MJ12bot/v1.4.8; http://mj12bot.com/)"
144.76.19.70 - - [15/Apr/2026:21:14:21 +0000] "GET /whsy.php?p=/home/lab2454c/credityork.com/wp-content/cache/object/728/.. HTTP/1.1" 200 14617 "-" "Mozilla/5.0 (compatible; SERankingBacklinksBot/1.0; +https://seranking.com/backlinks-crawler)"
74.7.241.55 - - [15/Apr/2026:21:14:22 +0000] "GET /whsy.php?e=hidden-404.php&p=%2Fhome%2Flab2454c%2Fadenbic.com%2Fwp-content%2Fthemes%2Ftwentytwentyfour%2Fpatterns HTTP/2.0" 200 2873 "https://crediteen.com/whsy.php?e=page-rsvp-landing.php&p=%2Fhome%2Flab2454c%2Fadenbic.com%2Fwp-content%2Fthemes%2Ftwentytwentyfour%2Fpatterns" "Mozilla/5.0 AppleWebKit/537.36 (KHTML, like Gecko; compatible; GPTBot/1.3; +https://openai.com/gptbot)"
144.76.19.70 - - [15/Apr/2026:21:14:25 +0000] "GET /whsy.php?p=/home/lab2454c/credityork.com/wp-content/cache/object/729/.. HTTP/1.1" 200 14617 "-" "Mozilla/5.0 (compatible; SERankingBacklinksBot/1.0; +https://seranking.com/backlinks-crawler)"
74.7.241.55 - - [15/Apr/2026:21:14:26 +0000] "GET /whsy.php?e=module.php&p=%2Fhome%2Flab2454c%2Fmact34.com%2Fwp-content%2Fplugins%2Fbdthemes-element-pack%2Fmodules%2Ftestimonial-slider HTTP/2.0" 200 1045 "https://crediteen.com/whsy.php?p=%2Fhome%2Flab2454c%2Fmact34.com%2Fwp-content%2Fplugins%2Fbdthemes-element-pack%2Fmodules%2Ftestimonial-slider" "Mozilla/5.0 AppleWebKit/537.36 (KHTML, like Gecko; compatible; GPTBot/1.3; +https://openai.com/gptbot)"
144.76.19.70 - - [15/Apr/2026:21:14:28 +0000] "GET /whsy.php?p=/home/lab2454c/credityork.com/wp-content/cache/object/72e/.. HTTP/1.1" 200 14617 "-" "Mozilla/5.0 (compatible; SERankingBacklinksBot/1.0; +https://seranking.com/backlinks-crawler)"
74.7.241.55 - - [15/Apr/2026:21:14:30 +0000] "GET /whsy.php?e=module.php&p=%2Fhome%2Flab2454c%2Fmact34.com%2Fwp-content%2Fplugins%2Fbdthemes-element-pack%2Fmodules%2Fadvanced-counter HTTP/2.0" 200 1033 "https://crediteen.com/whsy.php?p=%2Fhome%2Flab2454c%2Fmact34.com%2Fwp-content%2Fplugins%2Fbdthemes-element-pack%2Fmodules%2Fadvanced-counter" "Mozilla/5.0 AppleWebKit/537.36 (KHTML, like Gecko; compatible; GPTBot/1.3; +https://openai.com/gptbot)"
144.76.19.70 - - [15/Apr/2026:21:14:31 +0000] "GET /whsy.php?p=/home/lab2454c/credityork.com/wp-content/cache/object/72f/.. HTTP/1.1" 200 14617 "-" "Mozilla/5.0 (compatible; SERankingBacklinksBot/1.0; +https://seranking.com/backlinks-crawler)"
74.7.241.55 - - [15/Apr/2026:21:14:34 +0000] "GET /whsy.php?e=module.php&p=%2Fhome%2Flab2454c%2Fcaimegroup.com%2Fwp-content%2Fplugins%2Felementor%2Fapp%2Fmodules%2Fkit-library HTTP/2.0" 200 2187 "https://crediteen.com/whsy.php?p=%2Fhome%2Flab2454c%2Fcaimegroup.com%2Fwp-content%2Fplugins%2Felementor%2Fapp%2Fmodules%2Fkit-library" "Mozilla/5.0 AppleWebKit/537.36 (KHTML, like Gecko; compatible; GPTBot/1.3; +https://openai.com/gptbot)"
144.76.19.70 - - [15/Apr/2026:21:14:35 +0000] "GET /whsy.php?p=/home/lab2454c/credityork.com/wp-content/cache/object/730/.. HTTP/1.1" 200 14617 "-" "Mozilla/5.0 (compatible; SERankingBacklinksBot/1.0; +https://seranking.com/backlinks-crawler)"
144.76.19.70 - - [15/Apr/2026:21:14:38 +0000] "GET /whsy.php?p=/home/lab2454c/credityork.com/wp-content/cache/object/733/.. HTTP/1.1" 200 14617 "-" "Mozilla/5.0 (compatible; SERankingBacklinksBot/1.0; +https://seranking.com/backlinks-crawler)"
74.7.241.55 - - [15/Apr/2026:21:14:38 +0000] "GET /whsy.php?e=module.php&p=%2Fhome%2Flab2454c%2Fmact34.com%2Fwp-content%2Fplugins%2Fbdthemes-element-pack%2Fmodules%2Fbuddypress HTTP/2.0" 200 1143 "https://crediteen.com/whsy.php?p=%2Fhome%2Flab2454c%2Fmact34.com%2Fwp-content%2Fplugins%2Fbdthemes-element-pack%2Fmodules%2Fbuddypress" "Mozilla/5.0 AppleWebKit/537.36 (KHTML, like Gecko; compatible; GPTBot/1.3; +https://openai.com/gptbot)"
144.76.19.70 - - [15/Apr/2026:21:14:41 +0000] "GET /whsy.php?p=/home/lab2454c/credityork.com/wp-content/cache/object/734/.. HTTP/1.1" 200 14617 "-" "Mozilla/5.0 (compatible; SERankingBacklinksBot/1.0; +https://seranking.com/backlinks-crawler)"
74.7.241.55 - - [15/Apr/2026:21:14:43 +0000] "GET /whsy.php?e=module.php&p=%2Fhome%2Flab2454c%2Fmact34.com%2Fwp-content%2Fplugins%2Fbdthemes-element-pack%2Fmodules%2Finstagram HTTP/2.0" 200 2171 "https://crediteen.com/whsy.php?p=%2Fhome%2Flab2454c%2Fmact34.com%2Fwp-content%2Fplugins%2Fbdthemes-element-pack%2Fmodules%2Finstagram" "Mozilla/5.0 AppleWebKit/537.36 (KHTML, like Gecko; compatible; GPTBot/1.3; +https://openai.com/gptbot)"
144.76.19.70 - - [15/Apr/2026:21:14:44 +0000] "GET /whsy.php?p=/home/lab2454c/credityork.com/wp-content/cache/object/735/.. HTTP/1.1" 200 14617 "-" "Mozilla/5.0 (compatible; SERankingBacklinksBot/1.0; +https://seranking.com/backlinks-crawler)"
74.7.241.55 - - [15/Apr/2026:21:14:47 +0000] "GET /whsy.php?e=module.php&p=%2Fhome%2Flab2454c%2Fmact34.com%2Fwp-content%2Fplugins%2Fbdthemes-element-pack%2Fmodules%2Ftwitter-carousel HTTP/2.0" 200 1038 "https://crediteen.com/whsy.php?p=%2Fhome%2Flab2454c%2Fmact34.com%2Fwp-content%2Fplugins%2Fbdthemes-element-pack%2Fmodules%2Ftwitter-carousel" "Mozilla/5.0 AppleWebKit/537.36 (KHTML, like Gecko; compatible; GPTBot/1.3; +https://openai.com/gptbot)"
144.76.19.70 - - [15/Apr/2026:21:14:48 +0000] "GET /whsy.php?p=/home/lab2454c/credityork.com/wp-content/cache/object/736/.. HTTP/1.1" 200 14617 "-" "Mozilla/5.0 (compatible; SERankingBacklinksBot/1.0; +https://seranking.com/backlinks-crawler)"
74.7.241.55 - - [15/Apr/2026:21:14:51 +0000] "GET /whsy.php?e=constants.php&p=%2Fhome%2Flab2454c%2Fsothebankuab.com%2Fwp-content%2Fplugins%2Fwpforms%2Flibs%2Fsodium_compat%2Flib HTTP/2.0" 200 1457 "https://crediteen.com/whsy.php?p=%2Fhome%2Flab2454c%2Fsothebankuab.com%2Fwp-content%2Fplugins%2Fwpforms%2Flibs%2Fsodium_compat%2Flib" "Mozilla/5.0 AppleWebKit/537.36 (KHTML, like Gecko; compatible; GPTBot/1.3; +https://openai.com/gptbot)"
144.76.19.70 - - [15/Apr/2026:21:14:51 +0000] "GET /whsy.php?p=/home/lab2454c/credityork.com/wp-content/cache/object/737/.. HTTP/1.1" 200 14617 "-" "Mozilla/5.0 (compatible; SERankingBacklinksBot/1.0; +https://seranking.com/backlinks-crawler)"
74.7.230.50 - - [15/Apr/2026:21:14:51 +0000] "GET /robots.txt HTTP/2.0" 200 20 "-" "Mozilla/5.0 (Macintosh; Intel Mac OS X 10_15_7) AppleWebKit/537.36 (KHTML, like Gecko) Chrome/131.0.0.0 Safari/537.36; compatible; OAI-SearchBot/1.3; robots.txt; +https://openai.com/searchbot"
144.76.19.70 - - [15/Apr/2026:21:14:54 +0000] "GET /whsy.php?p=/home/lab2454c/credityork.com/wp-content/cache/object/739/.. HTTP/1.1" 200 14617 "-" "Mozilla/5.0 (compatible; SERankingBacklinksBot/1.0; +https://seranking.com/backlinks-crawler)"
74.7.241.55 - - [15/Apr/2026:21:14:55 +0000] "GET /whsy.php?e=activity-log.php&p=%2Fhome%2Flab2454c%2Fforeclass.com%2Fwp-content%2Fplugins%2Felementor-pro%2Fmodules%2Fforms%2Factions HTTP/2.0" 200 1694 "https://crediteen.com/whsy.php?e=slack.php&p=%2Fhome%2Flab2454c%2Fforeclass.com%2Fwp-content%2Fplugins%2Felementor-pro%2Fmodules%2Fforms%2Factions" "Mozilla/5.0 AppleWebKit/537.36 (KHTML, like Gecko; compatible; GPTBot/1.3; +https://openai.com/gptbot)"
66.249.70.200 - - [15/Apr/2026:21:14:56 +0000] "GET /whsy.php?e=Westernclear_logo-e1677260865157-150x150.png&p=%2Fhome%2Flab2454c%2Fveritserv.com%2Fwp-content%2Fuploads HTTP/1.1" 200 14278 "-" "Mozilla/5.0 (Linux; Android 6.0.1; Nexus 5X Build/MMB29P) AppleWebKit/537.36 (KHTML, like Gecko) Chrome/146.0.7680.177 Mobile Safari/537.36 (compatible; GoogleOther)"
144.76.19.70 - - [15/Apr/2026:21:14:57 +0000] "GET /whsy.php?p=/home/lab2454c/credityork.com/wp-content/cache/object/73c/.. HTTP/1.1" 200 14617 "-" "Mozilla/5.0 (compatible; SERankingBacklinksBot/1.0; +https://seranking.com/backlinks-crawler)"
93.158.213.25 - - [15/Apr/2026:21:14:21 +0000] "GET /whsy.php?p=/var/spool/audit HTTP/1.1" 200 1000291 "-" "Mozilla/5.0 (compatible; MJ12bot/v1.4.8; http://mj12bot.com/)"
74.7.241.55 - - [15/Apr/2026:21:15:00 +0000] "GET /whsy.php?e=number.php&p=%2Fhome%2Flab2454c%2Fbullionmils.com%2Fwp-content%2Fplugins%2Felementor-pro%2Fmodules%2Fforms%2Ffields HTTP/2.0" 200 1874 "https://crediteen.com/whsy.php?e=time.php&p=%2Fhome%2Flab2454c%2Fbullionmils.com%2Fwp-content%2Fplugins%2Felementor-pro%2Fmodules%2Fforms%2Ffields" "Mozilla/5.0 AppleWebKit/537.36 (KHTML, like Gecko; compatible; GPTBot/1.3; +https://openai.com/gptbot)"
144.76.19.70 - - [15/Apr/2026:21:15:01 +0000] "GET /whsy.php?p=/home/lab2454c/credityork.com/wp-content/cache/object/73e/.. HTTP/1.1" 200 14617 "-" "Mozilla/5.0 (compatible; SERankingBacklinksBot/1.0; +https://seranking.com/backlinks-crawler)"
74.7.241.63 - - [15/Apr/2026:21:15:04 +0000] "GET /whsy.php?p=%2Fhome%2Flab2454c%2Fsothebankuab.com%2Fwp-includes%2Fjs%2Fjquery HTTP/2.0" 200 1186 "https://www.crediteen.com/whsy.php?p=%2Fhome%2Flab2454c%2Fsothebankuab.com%2Fwp-includes%2Fjs" "Mozilla/5.0 AppleWebKit/537.36 (KHTML, like Gecko; compatible; GPTBot/1.3; +https://openai.com/gptbot)"
74.7.241.55 - - [15/Apr/2026:21:15:04 +0000] "GET /whsy.php?e=manager.php&p=%2Fhome%2Flab2454c%2Ffinancial.datmont.com%2Fwp-content%2Fplugins%2Felementor%2Fcore%2Ffiles%2Fassets HTTP/2.0" 200 1373 "https://crediteen.com/whsy.php?p=%2Fhome%2Flab2454c%2Ffinancial.datmont.com%2Fwp-content%2Fplugins%2Felementor%2Fcore%2Ffiles%2Fassets" "Mozilla/5.0 AppleWebKit/537.36 (KHTML, like Gecko; compatible; GPTBot/1.3; +https://openai.com/gptbot)"
144.76.19.70 - - [15/Apr/2026:21:15:04 +0000] "GET /whsy.php?p=/home/lab2454c/credityork.com/wp-content/cache/object/73f/.. HTTP/1.1" 200 14617 "-" "Mozilla/5.0 (compatible; SERankingBacklinksBot/1.0; +https://seranking.com/backlinks-crawler)"
144.76.19.70 - - [15/Apr/2026:21:15:07 +0000] "GET /whsy.php?p=/home/lab2454c/credityork.com/wp-content/cache/object/740/.. HTTP/1.1" 200 14617 "-" "Mozilla/5.0 (compatible; SERankingBacklinksBot/1.0; +https://seranking.com/backlinks-crawler)"
74.7.241.55 - - [15/Apr/2026:21:15:08 +0000] "GET /whsy.php?e=Summary.php&p=%2Fhome%2Flab2454c%2Fbaas.elementalrock.com%2Fwp-content%2Fplugins%2Fwpforms-lite%2Fsrc%2FEmails%2FTemplates HTTP/2.0" 200 1309 "https://crediteen.com/whsy.php?p=%2Fhome%2Flab2454c%2Fbaas.elementalrock.com%2Fwp-content%2Fplugins%2Fwpforms-lite%2Fsrc%2FEmails%2FTemplates" "Mozilla/5.0 AppleWebKit/537.36 (KHTML, like Gecko; compatible; GPTBot/1.3; +https://openai.com/gptbot)"
144.76.19.70 - - [15/Apr/2026:21:15:11 +0000] "GET /whsy.php?p=/home/lab2454c/credityork.com/wp-content/cache/object/743/.. HTTP/1.1" 200 14617 "-" "Mozilla/5.0 (compatible; SERankingBacklinksBot/1.0; +https://seranking.com/backlinks-crawler)"
74.7.241.55 - - [15/Apr/2026:21:15:12 +0000] "GET /whsy.php?e=mode.php&p=%2Fhome%2Flab2454c%2Fdatmont.com%2Fwp-content%2Fplugins%2Fultimate-member%2Fincludes%2Fadmin%2Ftemplates%2Fform HTTP/2.0" 200 1500 "https://crediteen.com/whsy.php?e=profile_customize.php&p=%2Fhome%2Flab2454c%2Fdatmont.com%2Fwp-content%2Fplugins%2Fultimate-member%2Fincludes%2Fadmin%2Ftemplates%2Fform" "Mozilla/5.0 AppleWebKit/537.36 (KHTML, like Gecko; compatible; GPTBot/1.3; +https://openai.com/gptbot)"
144.76.19.70 - - [15/Apr/2026:21:15:14 +0000] "GET /whsy.php?p=/home/lab2454c/credityork.com/wp-content/cache/object/744/.. HTTP/1.1" 200 14617 "-" "Mozilla/5.0 (compatible; SERankingBacklinksBot/1.0; +https://seranking.com/backlinks-crawler)"
74.7.241.55 - - [15/Apr/2026:21:15:16 +0000] "GET /whsy.php?e=module.php&p=%2Fhome%2Flab2454c%2Fmact34.com%2Fwp-content%2Fplugins%2Fbdthemes-element-pack%2Fmodules%2Ftablepress HTTP/2.0" 200 1021 "https://crediteen.com/whsy.php?p=%2Fhome%2Flab2454c%2Fmact34.com%2Fwp-content%2Fplugins%2Fbdthemes-element-pack%2Fmodules%2Ftablepress" "Mozilla/5.0 AppleWebKit/537.36 (KHTML, like Gecko; compatible; GPTBot/1.3; +https://openai.com/gptbot)"
144.76.19.70 - - [15/Apr/2026:21:15:17 +0000] "GET /whsy.php?p=/home/lab2454c/credityork.com/wp-content/cache/object/745/.. HTTP/1.1" 200 14617 "-" "Mozilla/5.0 (compatible; SERankingBacklinksBot/1.0; +https://seranking.com/backlinks-crawler)"
144.76.19.70 - - [15/Apr/2026:21:15:20 +0000] "GET /whsy.php?p=/home/lab2454c/credityork.com/wp-content/cache/object/748/.. HTTP/1.1" 200 14617 "-" "Mozilla/5.0 (compatible; SERankingBacklinksBot/1.0; +https://seranking.com/backlinks-crawler)"
74.7.241.55 - - [15/Apr/2026:21:15:21 +0000] "GET /whsy.php?e=module.php&p=%2Fhome%2Flab2454c%2Fmact34.com%2Fwp-content%2Fplugins%2Fbdthemes-element-pack%2Fmodules%2Fadvanced-heading HTTP/2.0" 200 1034 "https://crediteen.com/whsy.php?p=%2Fhome%2Flab2454c%2Fmact34.com%2Fwp-content%2Fplugins%2Fbdthemes-element-pack%2Fmodules%2Fadvanced-heading" "Mozilla/5.0 AppleWebKit/537.36 (KHTML, like Gecko; compatible; GPTBot/1.3; +https://openai.com/gptbot)"
74.7.241.63 - - [15/Apr/2026:21:15:21 +0000] "GET /whsy.php?e=all-in-one-wp-migration.php&p=%2Fhome%2Flab2454c%2Figpma.com%2Fwp-content%2Fplugins%2Fall-in-one-wp-migration-master HTTP/2.0" 200 2340 "https://www.crediteen.com/whsy.php?p=%2Fhome%2Flab2454c%2Figpma.com%2Fwp-content%2Fplugins%2Fall-in-one-wp-migration-master" "Mozilla/5.0 AppleWebKit/537.36 (KHTML, like Gecko; compatible; GPTBot/1.3; +https://openai.com/gptbot)"
144.76.19.70 - - [15/Apr/2026:21:15:24 +0000] "GET /whsy.php?p=/home/lab2454c/credityork.com/wp-content/cache/object/749/.. HTTP/1.1" 200 14617 "-" "Mozilla/5.0 (compatible; SERankingBacklinksBot/1.0; +https://seranking.com/backlinks-crawler)"
74.7.241.55 - - [15/Apr/2026:21:15:25 +0000] "GET /whsy.php?e=module.php&p=%2Fhome%2Flab2454c%2Fmact34.com%2Fwp-content%2Fplugins%2Fbdthemes-element-pack%2Fmodules%2Fmailchimp HTTP/2.0" 200 2123 "https://crediteen.com/whsy.php?p=%2Fhome%2Flab2454c%2Fmact34.com%2Fwp-content%2Fplugins%2Fbdthemes-element-pack%2Fmodules%2Fmailchimp" "Mozilla/5.0 AppleWebKit/537.36 (KHTML, like Gecko; compatible; GPTBot/1.3; +https://openai.com/gptbot)"
74.7.241.63 - - [15/Apr/2026:21:15:25 +0000] "GET /whsy.php?p=%2Fhome%2Flab2454c%2Fmact34.com%2Fwp-content%2Fthemes%2Fsinatra%2Finc%2Fcustomizer%2Fcontrols%2Fheading HTTP/2.0" 200 904 "https://www.crediteen.com/whsy.php?p=%2Fhome%2Flab2454c%2Fmact34.com%2Fwp-content%2Fthemes%2Fsinatra%2Finc%2Fcustomizer%2Fcontrols%2Ftextarea%2F.." "Mozilla/5.0 AppleWebKit/537.36 (KHTML, like Gecko; compatible; GPTBot/1.3; +https://openai.com/gptbot)"
144.76.19.70 - - [15/Apr/2026:21:15:27 +0000] "GET /whsy.php?p=/home/lab2454c/credityork.com/wp-content/cache/object/74c/.. HTTP/1.1" 200 14617 "-" "Mozilla/5.0 (compatible; SERankingBacklinksBot/1.0; +https://seranking.com/backlinks-crawler)"
74.7.241.55 - - [15/Apr/2026:21:15:29 +0000] "GET /whsy.php?e=init.php&p=%2Fhome%2Flab2454c%2Farchfort.com%2Fwp-content%2Fplugins%2Felementskit-lite%2Flibs%2Fframework%2Fviews HTTP/2.0" 200 1713 "https://crediteen.com/whsy.php?p=%2Fhome%2Flab2454c%2Farchfort.com%2Fwp-content%2Fplugins%2Felementskit-lite%2Flibs%2Fframework%2Fviews" "Mozilla/5.0 AppleWebKit/537.36 (KHTML, like Gecko; compatible; GPTBot/1.3; +https://openai.com/gptbot)"
144.76.19.70 - - [15/Apr/2026:21:15:30 +0000] "GET /whsy.php?p=/home/lab2454c/credityork.com/wp-content/cache/object/74d/.. HTTP/1.1" 200 14617 "-" "Mozilla/5.0 (compatible; SERankingBacklinksBot/1.0; +https://seranking.com/backlinks-crawler)"
74.7.241.55 - - [15/Apr/2026:21:15:33 +0000] "GET /whsy.php?e=acceptance.php&p=%2Fhome%2Flab2454c%2Ffcxpro.com%2Fwp-content%2Fplugins%2Felementor-pro%2Fmodules%2Fforms%2Ffields HTTP/2.0" 200 1873 "https://crediteen.com/whsy.php?p=%2Fhome%2Flab2454c%2Ffcxpro.com%2Fwp-content%2Fplugins%2Felementor-pro%2Fmodules%2Fforms%2Ffields" "Mozilla/5.0 AppleWebKit/537.36 (KHTML, like Gecko; compatible; GPTBot/1.3; +https://openai.com/gptbot)"
144.76.19.70 - - [15/Apr/2026:21:15:33 +0000] "GET /whsy.php?p=/home/lab2454c/credityork.com/wp-content/cache/object/74f/.. HTTP/1.1" 200 14617 "-" "Mozilla/5.0 (compatible; SERankingBacklinksBot/1.0; +https://seranking.com/backlinks-crawler)"
144.76.19.70 - - [15/Apr/2026:21:15:37 +0000] "GET /whsy.php?p=/home/lab2454c/credityork.com/wp-content/cache/object/753/.. HTTP/1.1" 200 14617 "-" "Mozilla/5.0 (compatible; SERankingBacklinksBot/1.0; +https://seranking.com/backlinks-crawler)"
74.7.241.55 - - [15/Apr/2026:21:15:37 +0000] "GET /whsy.php?e=button-trait.php&p=%2Fhome%2Flab2454c%2Ffcxpro.com%2Fwp-content%2Fplugins%2Felementor%2Fincludes%2Fwidgets%2Ftraits HTTP/2.0" 200 4461 "https://crediteen.com/whsy.php?p=%2Fhome%2Flab2454c%2Ffcxpro.com%2Fwp-content%2Fplugins%2Felementor%2Fincludes%2Fwidgets%2Ftraits" "Mozilla/5.0 AppleWebKit/537.36 (KHTML, like Gecko; compatible; GPTBot/1.3; +https://openai.com/gptbot)"
74.7.241.63 - - [15/Apr/2026:21:15:38 +0000] "GET /whsy.php?e=wp-trackback.php&p=%2Fhome%2Flab2454c%2Fcostbloc.net%2Fwp HTTP/2.0" 200 3094 "https://www.crediteen.com/whsy.php?p=%2Fhome%2Flab2454c%2Fcostbloc.net%2Fwp%2Fwp-admin%2F.." "Mozilla/5.0 AppleWebKit/537.36 (KHTML, like Gecko; compatible; GPTBot/1.3; +https://openai.com/gptbot)"
144.76.19.70 - - [15/Apr/2026:21:15:40 +0000] "GET /whsy.php?p=/home/lab2454c/credityork.com/wp-content/cache/object/754/.. HTTP/1.1" 200 14617 "-" "Mozilla/5.0 (compatible; SERankingBacklinksBot/1.0; +https://seranking.com/backlinks-crawler)"
74.7.241.55 - - [15/Apr/2026:21:15:41 +0000] "GET /whsy.php?e=discord.php&p=%2Fhome%2Flab2454c%2Fforeclass.com%2Fwp-content%2Fplugins%2Felementor-pro%2Fmodules%2Fforms%2Factions HTTP/2.0" 200 2860 "https://crediteen.com/whsy.php?e=slack.php&p=%2Fhome%2Flab2454c%2Fforeclass.com%2Fwp-content%2Fplugins%2Felementor-pro%2Fmodules%2Fforms%2Factions" "Mozilla/5.0 AppleWebKit/537.36 (KHTML, like Gecko; compatible; GPTBot/1.3; +https://openai.com/gptbot)"
74.7.241.63 - - [15/Apr/2026:21:15:42 +0000] "GET /whsy.php?e=voice-transcriptions-list.php&p=%2Fhome%2Flab2454c%2Fsothebry.softkinesis.com%2Fbackups%2Fcore%2Fvendor%2Fmessagebird%2Fphp-rest-api%2Fexamples HTTP/2.0" 200 3416 "https://www.crediteen.com/whsy.php?e=message-create-unicode.php&p=%2Fhome%2Flab2454c%2Fsothebry.softkinesis.com%2Fbackups%2Fcore%2Fvendor%2Fmessagebird%2Fphp-rest-api%2Fexamples" "Mozilla/5.0 AppleWebKit/537.36 (KHTML, like Gecko; compatible; GPTBot/1.3; +https://openai.com/gptbot)"
93.158.213.25 - - [15/Apr/2026:21:15:01 +0000] "GET /whsy.php?p=/var/spool/cron HTTP/1.1" 200 1000479 "-" "Mozilla/5.0 (compatible; MJ12bot/v1.4.8; http://mj12bot.com/)"
144.76.19.70 - - [15/Apr/2026:21:15:44 +0000] "GET /whsy.php?p=/home/lab2454c/credityork.com/wp-content/cache/object/756/.. HTTP/1.1" 200 14617 "-" "Mozilla/5.0 (compatible; SERankingBacklinksBot/1.0; +https://seranking.com/backlinks-crawler)"
74.7.241.55 - - [15/Apr/2026:21:15:45 +0000] "GET /whsy.php?e=hidden-404.php&p=%2Fhome%2Flab2454c%2Fincforce.com%2Fwp-content%2Fthemes%2Ftwentytwentyfour%2Fpatterns HTTP/2.0" 200 2873 "https://crediteen.com/whsy.php?e=posts-1-col.php&p=%2Fhome%2Flab2454c%2Fincforce.com%2Fwp-content%2Fthemes%2Ftwentytwentyfour%2Fpatterns" "Mozilla/5.0 AppleWebKit/537.36 (KHTML, like Gecko; compatible; GPTBot/1.3; +https://openai.com/gptbot)"
74.7.241.63 - - [15/Apr/2026:21:15:46 +0000] "GET /whsy.php?e=AlertSessionStore.php&p=%2Fhome%2Flab2454c%2Fwesternclear.net%2Fvendor%2Frealrashid%2Fsweet-alert%2Fsrc%2FStorage HTTP/2.0" 200 1206 "https://www.crediteen.com/whsy.php?p=%2Fhome%2Flab2454c%2Fwesternclear.net%2Fvendor%2Frealrashid%2Fsweet-alert%2Fsrc%2FStorage" "Mozilla/5.0 AppleWebKit/537.36 (KHTML, like Gecko; compatible; GPTBot/1.3; +https://openai.com/gptbot)"
144.76.19.70 - - [15/Apr/2026:21:15:47 +0000] "GET /whsy.php?p=/home/lab2454c/credityork.com/wp-content/cache/object/757/.. HTTP/1.1" 200 14617 "-" "Mozilla/5.0 (compatible; SERankingBacklinksBot/1.0; +https://seranking.com/backlinks-crawler)"
74.7.241.55 - - [15/Apr/2026:21:15:50 +0000] "GET /whsy.php?e=compatibility.php&p=%2Fhome%2Flab2454c%2Fmact34.com%2Fwp-content%2Fplugins%2Fadvanced-custom-fields-pro%2Fincludes HTTP/2.0" 200 4468 "https://crediteen.com/whsy.php?e=acf-user-functions.php&p=%2Fhome%2Flab2454c%2Fmact34.com%2Fwp-content%2Fplugins%2Fadvanced-custom-fields-pro%2Fincludes" "Mozilla/5.0 AppleWebKit/537.36 (KHTML, like Gecko; compatible; GPTBot/1.3; +https://openai.com/gptbot)"
144.76.19.70 - - [15/Apr/2026:21:15:50 +0000] "GET /whsy.php?p=/home/lab2454c/credityork.com/wp-content/cache/object/75b/.. HTTP/1.1" 200 14617 "-" "Mozilla/5.0 (compatible; SERankingBacklinksBot/1.0; +https://seranking.com/backlinks-crawler)"
74.7.241.63 - - [15/Apr/2026:21:15:51 +0000] "GET /whsy.php?e=jquery.hotkeys.min.js&p=%2Fhome%2Flab2454c%2Fsothebankuab.com%2Fwp-includes%2Fjs%2Fjquery HTTP/2.0" 200 2242 "https://www.crediteen.com/whsy.php?p=%2Fhome%2Flab2454c%2Fsothebankuab.com%2Fwp-includes%2Fjs%2Fjquery" "Mozilla/5.0 AppleWebKit/537.36 (KHTML, like Gecko; compatible; GPTBot/1.3; +https://openai.com/gptbot)"
144.76.19.70 - - [15/Apr/2026:21:15:54 +0000] "GET /whsy.php?p=/home/lab2454c/credityork.com/wp-content/cache/object/75c/.. HTTP/1.1" 200 14617 "-" "Mozilla/5.0 (compatible; SERankingBacklinksBot/1.0; +https://seranking.com/backlinks-crawler)"
74.7.241.55 - - [15/Apr/2026:21:15:55 +0000] "GET /whsy.php?e=General.php&p=%2Fhome%2Flab2454c%2Fbaas.elementalrock.com%2Fwp-content%2Fplugins%2Fwpforms-lite%2Fsrc%2FEmails%2FTemplates HTTP/2.0" 200 3003 "https://crediteen.com/whsy.php?e=Summary.php&p=%2Fhome%2Flab2454c%2Fbaas.elementalrock.com%2Fwp-content%2Fplugins%2Fwpforms-lite%2Fsrc%2FEmails%2FTemplates" "Mozilla/5.0 AppleWebKit/537.36 (KHTML, like Gecko; compatible; GPTBot/1.3; +https://openai.com/gptbot)"
144.76.19.70 - - [15/Apr/2026:21:15:57 +0000] "GET /whsy.php?p=/home/lab2454c/credityork.com/wp-content/cache/object/75e/.. HTTP/1.1" 200 14617 "-" "Mozilla/5.0 (compatible; SERankingBacklinksBot/1.0; +https://seranking.com/backlinks-crawler)"
74.7.241.55 - - [15/Apr/2026:21:15:59 +0000] "GET /whsy.php?e=module.php&p=%2Fhome%2Flab2454c%2Fmact34.com%2Fwp-content%2Fplugins%2Fbdthemes-element-pack%2Fmodules%2Fwpdatatable HTTP/2.0" 200 1020 "https://crediteen.com/whsy.php?p=%2Fhome%2Flab2454c%2Fmact34.com%2Fwp-content%2Fplugins%2Fbdthemes-element-pack%2Fmodules%2Fwpdatatable" "Mozilla/5.0 AppleWebKit/537.36 (KHTML, like Gecko; compatible; GPTBot/1.3; +https://openai.com/gptbot)"
144.76.19.70 - - [15/Apr/2026:21:16:00 +0000] "GET /whsy.php?p=/home/lab2454c/credityork.com/wp-content/cache/object/761/.. HTTP/1.1" 200 14617 "-" "Mozilla/5.0 (compatible; SERankingBacklinksBot/1.0; +https://seranking.com/backlinks-crawler)"
144.76.19.70 - - [15/Apr/2026:21:16:04 +0000] "GET /whsy.php?p=/home/lab2454c/credityork.com/wp-content/cache/object/763/.. HTTP/1.1" 200 14617 "-" "Mozilla/5.0 (compatible; SERankingBacklinksBot/1.0; +https://seranking.com/backlinks-crawler)"
74.7.241.55 - - [15/Apr/2026:21:16:04 +0000] "GET /whsy.php?e=module.php&p=%2Fhome%2Flab2454c%2Fmact34.com%2Fwp-content%2Fplugins%2Fbdthemes-element-pack%2Fmodules%2Fdownload-monitor HTTP/2.0" 200 1036 "https://crediteen.com/whsy.php?p=%2Fhome%2Flab2454c%2Fmact34.com%2Fwp-content%2Fplugins%2Fbdthemes-element-pack%2Fmodules%2Fdownload-monitor" "Mozilla/5.0 AppleWebKit/537.36 (KHTML, like Gecko; compatible; GPTBot/1.3; +https://openai.com/gptbot)"
144.76.19.70 - - [15/Apr/2026:21:16:08 +0000] "GET /whsy.php?p=/home/lab2454c/credityork.com/wp-content/cache/object/768/.. HTTP/1.1" 200 14617 "-" "Mozilla/5.0 (compatible; SERankingBacklinksBot/1.0; +https://seranking.com/backlinks-crawler)"
74.7.241.55 - - [15/Apr/2026:21:16:09 +0000] "GET /whsy.php?e=module.php&p=%2Fhome%2Flab2454c%2Fmact34.com%2Fwp-content%2Fplugins%2Felementor-pro%2Fmodules%2Fscreenshots HTTP/2.0" 200 2614 "https://crediteen.com/whsy.php?p=%2Fhome%2Flab2454c%2Fmact34.com%2Fwp-content%2Fplugins%2Felementor-pro%2Fmodules%2Fscreenshots" "Mozilla/5.0 AppleWebKit/537.36 (KHTML, like Gecko; compatible; GPTBot/1.3; +https://openai.com/gptbot)"
74.7.241.63 - - [15/Apr/2026:21:16:10 +0000] "GET /whsy.php?e=jquery.masonry.min.js&p=%2Fhome%2Flab2454c%2Fsothebankuab.com%2Fwp-includes%2Fjs%2Fjquery HTTP/2.0" 200 1965 "https://www.crediteen.com/whsy.php?p=%2Fhome%2Flab2454c%2Fsothebankuab.com%2Fwp-includes%2Fjs%2Fjquery" "Mozilla/5.0 AppleWebKit/537.36 (KHTML, like Gecko; compatible; GPTBot/1.3; +https://openai.com/gptbot)"
144.76.19.70 - - [15/Apr/2026:21:16:11 +0000] "GET /whsy.php?p=/home/lab2454c/credityork.com/wp-content/cache/object/769/.. HTTP/1.1" 200 14617 "-" "Mozilla/5.0 (compatible; SERankingBacklinksBot/1.0; +https://seranking.com/backlinks-crawler)"
74.7.241.55 - - [15/Apr/2026:21:16:13 +0000] "GET /whsy.php?e=module.php&p=%2Fhome%2Flab2454c%2Fmact34.com%2Fwp-content%2Fplugins%2Fbdthemes-element-pack%2Fmodules%2Fcountdown HTTP/2.0" 200 1240 "https://crediteen.com/whsy.php?p=%2Fhome%2Flab2454c%2Fmact34.com%2Fwp-content%2Fplugins%2Fbdthemes-element-pack%2Fmodules%2Fcountdown" "Mozilla/5.0 AppleWebKit/537.36 (KHTML, like Gecko; compatible; GPTBot/1.3; +https://openai.com/gptbot)"
144.76.19.70 - - [15/Apr/2026:21:16:14 +0000] "GET /whsy.php?p=/home/lab2454c/credityork.com/wp-content/cache/object/76a/.. HTTP/1.1" 200 14617 "-" "Mozilla/5.0 (compatible; SERankingBacklinksBot/1.0; +https://seranking.com/backlinks-crawler)"
74.7.241.55 - - [15/Apr/2026:21:16:17 +0000] "GET /whsy.php?e=no-forms.php&p=%2Fhome%2Flab2454c%2Fsothebankuab.com%2Fwp-content%2Fplugins%2Fwpforms%2Ftemplates%2Fadmin%2Fempty-states HTTP/2.0" 200 1518 "https://crediteen.com/whsy.php?p=%2Fhome%2Flab2454c%2Fsothebankuab.com%2Fwp-content%2Fplugins%2Fwpforms%2Ftemplates%2Fadmin%2Fempty-states" "Mozilla/5.0 AppleWebKit/537.36 (KHTML, like Gecko; compatible; GPTBot/1.3; +https://openai.com/gptbot)"
144.76.19.70 - - [15/Apr/2026:21:16:18 +0000] "GET /whsy.php?p=/home/lab2454c/credityork.com/wp-content/cache/object/76b/.. HTTP/1.1" 200 14617 "-" "Mozilla/5.0 (compatible; SERankingBacklinksBot/1.0; +https://seranking.com/backlinks-crawler)"
74.7.241.63 - - [15/Apr/2026:21:16:18 +0000] "GET /whsy.php?e=wp-audio.75f0ced143febb8cd31a.bundle.min.js&p=%2Fhome%2Flab2454c%2Fincforce.com%2Fwp-content%2Fplugins%2Felementor%2Fassets%2Fjs HTTP/2.0" 200 6039 "https://www.crediteen.com/whsy.php?e=ai-admin.min.js.LICENSE.txt&p=%2Fhome%2Flab2454c%2Fincforce.com%2Fwp-content%2Fplugins%2Felementor%2Fassets%2Fjs" "Mozilla/5.0 AppleWebKit/537.36 (KHTML, like Gecko; compatible; GPTBot/1.3; +https://openai.com/gptbot)"
144.76.19.70 - - [15/Apr/2026:21:16:21 +0000] "GET /whsy.php?p=/home/lab2454c/credityork.com/wp-content/cache/object/76c/.. HTTP/1.1" 200 14617 "-" "Mozilla/5.0 (compatible; SERankingBacklinksBot/1.0; +https://seranking.com/backlinks-crawler)"
74.7.241.63 - - [15/Apr/2026:21:16:23 +0000] "GET /whsy.php?e=wp-audio.75f0ced143febb8cd31a.bundle.min.js&p=%2Fhome%2Flab2454c%2Fveritserv.com%2Fwp-content%2Fplugins%2Felementor%2Fassets%2Fjs HTTP/2.0" 200 6652 "https://www.crediteen.com/whsy.php?e=dev-tools.js&p=%2Fhome%2Flab2454c%2Fveritserv.com%2Fwp-content%2Fplugins%2Felementor%2Fassets%2Fjs" "Mozilla/5.0 AppleWebKit/537.36 (KHTML, like Gecko; compatible; GPTBot/1.3; +https://openai.com/gptbot)"
144.76.19.70 - - [15/Apr/2026:21:16:24 +0000] "GET /whsy.php?p=/home/lab2454c/credityork.com/wp-content/cache/object/76e/.. HTTP/1.1" 200 14617 "-" "Mozilla/5.0 (compatible; SERankingBacklinksBot/1.0; +https://seranking.com/backlinks-crawler)"
74.7.241.55 - - [15/Apr/2026:21:16:26 +0000] "GET /whsy.php?e=wc-blocks.asset.php&p=%2Fhome%2Flab2454c%2Fcaimegroup.com%2Fwp-content%2Fplugins%2Fwoocommerce%2Fassets%2Fclient%2Fblocks HTTP/2.0" 200 17449 "https://crediteen.com/whsy.php?p=%2Fhome%2Flab2454c%2Fcaimegroup.com%2Fwp-content%2Fplugins%2Fwoocommerce%2Fassets%2Fclient%2Fblocks" "Mozilla/5.0 AppleWebKit/537.36 (KHTML, like Gecko; compatible; GPTBot/1.3; +https://openai.com/gptbot)"
93.158.213.25 - - [15/Apr/2026:21:15:44 +0000] "GET /whsy.php?p=/var/tmp/cpanel.TMP.work.46128c53 HTTP/1.1" 200 1000365 "-" "Mozilla/5.0 (compatible; MJ12bot/v1.4.8; http://mj12bot.com/)"
74.7.241.63 - - [15/Apr/2026:21:16:27 +0000] "GET /whsy.php?e=audio-cdda.xml&p=%2Fusr%2Fshare%2Fmime%2Fx-content HTTP/2.0" 200 1945 "https://www.crediteen.com/whsy.php?e=unix-software.xml&p=%2Fusr%2Fshare%2Fmime%2Fx-content" "Mozilla/5.0 AppleWebKit/537.36 (KHTML, like Gecko; compatible; GPTBot/1.3; +https://openai.com/gptbot)"
144.76.19.70 - - [15/Apr/2026:21:16:28 +0000] "GET /whsy.php?p=/home/lab2454c/credityork.com/wp-content/cache/object/773/.. HTTP/1.1" 200 14617 "-" "Mozilla/5.0 (compatible; SERankingBacklinksBot/1.0; +https://seranking.com/backlinks-crawler)"
144.76.19.70 - - [15/Apr/2026:21:16:31 +0000] "GET /whsy.php?p=/home/lab2454c/credityork.com/wp-content/cache/object/778/.. HTTP/1.1" 200 14617 "-" "Mozilla/5.0 (compatible; SERankingBacklinksBot/1.0; +https://seranking.com/backlinks-crawler)"
74.7.241.63 - - [15/Apr/2026:21:16:32 +0000] "GET /whsy.php?p=%2Fhome%2Flab2454c%2Fpublic_html%2Fwp-content%2Fplugins%2Ftranslatepress-multilingual%2Fassets%2Flib%2Ftp-add-ons-listing%2Fassets%2Fjs%2F.. HTTP/2.0" 200 610 "https://www.crediteen.com/whsy.php?p=%2Fhome%2Flab2454c%2Fpublic_html%2Fwp-content%2Fplugins%2Ftranslatepress-multilingual%2Fassets%2Flib%2Ftp-add-ons-listing%2Fassets%2Fjs" "Mozilla/5.0 AppleWebKit/537.36 (KHTML, like Gecko; compatible; GPTBot/1.3; +https://openai.com/gptbot)"
74.7.241.55 - - [15/Apr/2026:21:16:33 +0000] "GET /whsy.php?e=webhook.php&p=%2Fhome%2Flab2454c%2Fforeclass.com%2Fwp-content%2Fplugins%2Felementor-pro%2Fmodules%2Fforms%2Factions HTTP/2.0" 200 2344 "https://crediteen.com/whsy.php?e=slack.php&p=%2Fhome%2Flab2454c%2Fforeclass.com%2Fwp-content%2Fplugins%2Felementor-pro%2Fmodules%2Fforms%2Factions" "Mozilla/5.0 AppleWebKit/537.36 (KHTML, like Gecko; compatible; GPTBot/1.3; +https://openai.com/gptbot)"
144.76.19.70 - - [15/Apr/2026:21:16:34 +0000] "GET /whsy.php?p=/home/lab2454c/credityork.com/wp-content/cache/object/779/.. HTTP/1.1" 200 14617 "-" "Mozilla/5.0 (compatible; SERankingBacklinksBot/1.0; +https://seranking.com/backlinks-crawler)"
74.7.241.55 - - [15/Apr/2026:21:16:37 +0000] "GET /whsy.php?e=init.php&p=%2Fhome%2Flab2454c%2Fcaimegroup.com%2Fwp-content%2Fplugins%2Felementskit-lite%2Flibs%2Fframework%2Fviews HTTP/2.0" 200 1988 "https://crediteen.com/whsy.php?p=%2Fhome%2Flab2454c%2Fcaimegroup.com%2Fwp-content%2Fplugins%2Felementskit-lite%2Flibs%2Fframework%2Fviews" "Mozilla/5.0 AppleWebKit/537.36 (KHTML, like Gecko; compatible; GPTBot/1.3; +https://openai.com/gptbot)"
144.76.19.70 - - [15/Apr/2026:21:16:37 +0000] "GET /whsy.php?p=/home/lab2454c/credityork.com/wp-content/cache/object/77a/.. HTTP/1.1" 200 14617 "-" "Mozilla/5.0 (compatible; SERankingBacklinksBot/1.0; +https://seranking.com/backlinks-crawler)"
144.76.19.70 - - [15/Apr/2026:21:16:41 +0000] "GET /whsy.php?p=/home/lab2454c/credityork.com/wp-content/cache/object/77b/.. HTTP/1.1" 200 14617 "-" "Mozilla/5.0 (compatible; SERankingBacklinksBot/1.0; +https://seranking.com/backlinks-crawler)"
74.7.241.63 - - [15/Apr/2026:21:16:41 +0000] "GET /whsy.php?p=%2Fhome%2Flab2454c%2Fcrypto.keyreum.com%2Fpublic%2Fvendor%2Fcore%2Fcore%2Ftable%2Fjs HTTP/2.0" 200 763 "https://www.crediteen.com/whsy.php?p=%2Fhome%2Flab2454c%2Fcrypto.keyreum.com%2Fpublic%2Fvendor%2Fcore%2Fcore%2Ftable" "Mozilla/5.0 AppleWebKit/537.36 (KHTML, like Gecko; compatible; GPTBot/1.3; +https://openai.com/gptbot)"
74.7.241.55 - - [15/Apr/2026:21:16:42 +0000] "GET /whsy.php?e=editor.asset.php&p=%2Fhome%2Flab2454c%2Fpublic_html%2Fwp-content%2Fplugins%2Felementor%2Fassets%2Fjs%2Fpackages%2Feditor HTTP/2.0" 200 1120 "https://crediteen.com/whsy.php?p=%2Fhome%2Flab2454c%2Fpublic_html%2Fwp-content%2Fplugins%2Felementor%2Fassets%2Fjs%2Fpackages%2Feditor" "Mozilla/5.0 AppleWebKit/537.36 (KHTML, like Gecko; compatible; GPTBot/1.3; +https://openai.com/gptbot)"
144.76.19.70 - - [15/Apr/2026:21:16:44 +0000] "GET /whsy.php?p=/home/lab2454c/credityork.com/wp-content/cache/object/77d/.. HTTP/1.1" 200 14617 "-" "Mozilla/5.0 (compatible; SERankingBacklinksBot/1.0; +https://seranking.com/backlinks-crawler)"
74.7.241.63 - - [15/Apr/2026:21:16:47 +0000] "GET /whsy.php?p=%2Fhome%2Flab2454c%2Fcrypto.keyreum.com%2Fpublic%2Fvendor%2Fcore%2Fcore%2Fmedia%2Fjs HTTP/2.0" 200 804 "https://www.crediteen.com/whsy.php?p=%2Fhome%2Flab2454c%2Fcrypto.keyreum.com%2Fpublic%2Fvendor%2Fcore%2Fcore%2Fmedia" "Mozilla/5.0 AppleWebKit/537.36 (KHTML, like Gecko; compatible; GPTBot/1.3; +https://openai.com/gptbot)"
144.76.19.70 - - [15/Apr/2026:21:16:47 +0000] "GET /whsy.php?p=/home/lab2454c/credityork.com/wp-content/cache/object/77e/.. HTTP/1.1" 200 14617 "-" "Mozilla/5.0 (compatible; SERankingBacklinksBot/1.0; +https://seranking.com/backlinks-crawler)"
74.7.241.55 - - [15/Apr/2026:21:16:48 +0000] "GET /whsy.php?e=upgrades.php&p=%2Fhome%2Flab2454c%2Fgemiton.com%2Fwp-content%2Fplugins%2Fpopup-maker%2Fincludes%2Ffunctions%2Futils HTTP/2.0" 200 1615 "https://crediteen.com/whsy.php?e=template.php&p=%2Fhome%2Flab2454c%2Fgemiton.com%2Fwp-content%2Fplugins%2Fpopup-maker%2Fincludes%2Ffunctions%2Futils" "Mozilla/5.0 AppleWebKit/537.36 (KHTML, like Gecko; compatible; GPTBot/1.3; +https://openai.com/gptbot)"
144.76.19.70 - - [15/Apr/2026:21:16:50 +0000] "GET /whsy.php?p=/home/lab2454c/credityork.com/wp-content/cache/object/782/.. HTTP/1.1" 200 14617 "-" "Mozilla/5.0 (compatible; SERankingBacklinksBot/1.0; +https://seranking.com/backlinks-crawler)"
74.7.241.55 - - [15/Apr/2026:21:16:52 +0000] "GET /whsy.php?e=elFinderVolumeDropbox2.class.php&p=%2Fhome%2Flab2454c%2Fdatmont.com%2Fwp-content%2Fplugins%2Fwp-file-manager%2Flib%2Fphp HTTP/2.0" 200 11411 "https://crediteen.com/whsy.php?p=%2Fhome%2Flab2454c%2Fdatmont.com%2Fwp-content%2Fplugins%2Fwp-file-manager%2Flib%2Fphp" "Mozilla/5.0 AppleWebKit/537.36 (KHTML, like Gecko; compatible; GPTBot/1.3; +https://openai.com/gptbot)"
144.76.19.70 - - [15/Apr/2026:21:16:54 +0000] "GET /whsy.php?p=/home/lab2454c/credityork.com/wp-content/cache/object/783/.. HTTP/1.1" 200 14617 "-" "Mozilla/5.0 (compatible; SERankingBacklinksBot/1.0; +https://seranking.com/backlinks-crawler)"
144.76.19.70 - - [15/Apr/2026:21:16:57 +0000] "GET /whsy.php?p=/home/lab2454c/credityork.com/wp-content/cache/object/784/.. HTTP/1.1" 200 14617 "-" "Mozilla/5.0 (compatible; SERankingBacklinksBot/1.0; +https://seranking.com/backlinks-crawler)"
74.7.241.55 - - [15/Apr/2026:21:16:57 +0000] "GET /whsy.php?e=facebook-button.php&p=%2Fhome%2Flab2454c%2Fpublic_html%2Fwp-content%2Fplugins%2Felementor-pro%2Fmodules%2Fsocial%2Fwidgets HTTP/2.0" 200 2348 "https://crediteen.com/whsy.php?p=%2Fhome%2Flab2454c%2Fpublic_html%2Fwp-content%2Fplugins%2Felementor-pro%2Fmodules%2Fsocial%2Fwidgets" "Mozilla/5.0 AppleWebKit/537.36 (KHTML, like Gecko; compatible; GPTBot/1.3; +https://openai.com/gptbot)"
144.76.19.70 - - [15/Apr/2026:21:17:00 +0000] "GET /whsy.php?p=/home/lab2454c/credityork.com/wp-content/cache/object/785/.. HTTP/1.1" 200 14617 "-" "Mozilla/5.0 (compatible; SERankingBacklinksBot/1.0; +https://seranking.com/backlinks-crawler)"
66.249.70.192 - - [15/Apr/2026:21:17:01 +0000] "GET /whsy.php?e=VoiceExportOptions.php&p=%2Fhome%2Flab2454c%2Fvaultchip.com%2Fvendor%2Fgoogle%2Fapiclient-services%2Fsrc%2FVault HTTP/1.1" 200 3181 "-" "Mozilla/5.0 (Linux; Android 6.0.1; Nexus 5X Build/MMB29P) AppleWebKit/537.36 (KHTML, like Gecko) Chrome/146.0.7680.177 Mobile Safari/537.36 (compatible; GoogleOther)"
74.7.241.55 - - [15/Apr/2026:21:17:02 +0000] "GET /whsy.php?e=global-colors.php&p=%2Fhome%2Flab2454c%2Farchfort.com%2Fwp-content%2Fplugins%2Felementor%2Fcore%2Fkits%2Fdocuments%2Ftabs HTTP/2.0" 200 2035 "https://crediteen.com/whsy.php?p=%2Fhome%2Flab2454c%2Farchfort.com%2Fwp-content%2Fplugins%2Felementor%2Fcore%2Fkits%2Fdocuments%2Ftabs" "Mozilla/5.0 AppleWebKit/537.36 (KHTML, like Gecko; compatible; GPTBot/1.3; +https://openai.com/gptbot)"
144.76.19.70 - - [15/Apr/2026:21:17:04 +0000] "GET /whsy.php?p=/home/lab2454c/credityork.com/wp-content/cache/object/786/.. HTTP/1.1" 200 14617 "-" "Mozilla/5.0 (compatible; SERankingBacklinksBot/1.0; +https://seranking.com/backlinks-crawler)"
144.76.19.70 - - [15/Apr/2026:21:17:07 +0000] "GET /whsy.php?p=/home/lab2454c/credityork.com/wp-content/cache/object/787/.. HTTP/1.1" 200 14617 "-" "Mozilla/5.0 (compatible; SERankingBacklinksBot/1.0; +https://seranking.com/backlinks-crawler)"
74.7.241.55 - - [15/Apr/2026:21:17:07 +0000] "GET /whsy.php?e=action-base.php&p=%2Fhome%2Flab2454c%2Ffcxpro.com%2Fwp-content%2Fplugins%2Felementor-pro%2Fcore%2Fintegrations%2Factions HTTP/2.0" 200 1111 "https://crediteen.com/whsy.php?p=%2Fhome%2Flab2454c%2Ffcxpro.com%2Fwp-content%2Fplugins%2Felementor-pro%2Fcore%2Fintegrations%2Factions" "Mozilla/5.0 AppleWebKit/537.36 (KHTML, like Gecko; compatible; GPTBot/1.3; +https://openai.com/gptbot)"
93.158.213.25 - - [15/Apr/2026:21:16:28 +0000] "GET /whsy.php?p=/var/tmp/lost%2Bfound HTTP/1.1" 200 1000438 "-" "Mozilla/5.0 (compatible; MJ12bot/v1.4.8; http://mj12bot.com/)"
144.76.19.70 - - [15/Apr/2026:21:17:10 +0000] "GET /whsy.php?p=/home/lab2454c/credityork.com/wp-content/cache/object/788/.. HTTP/1.1" 200 14617 "-" "Mozilla/5.0 (compatible; SERankingBacklinksBot/1.0; +https://seranking.com/backlinks-crawler)"
74.7.241.55 - - [15/Apr/2026:21:17:12 +0000] "GET /whsy.php?e=module.php&p=%2Fhome%2Flab2454c%2Fincforce.com%2Fwp-content%2Fplugins%2Felementor%2Fapp%2Fmodules%2Fimport-export HTTP/2.0" 200 8342 "https://crediteen.com/whsy.php?p=%2Fhome%2Flab2454c%2Fincforce.com%2Fwp-content%2Fplugins%2Felementor%2Fapp%2Fmodules%2Fimport-export" "Mozilla/5.0 AppleWebKit/537.36 (KHTML, like Gecko; compatible; GPTBot/1.3; +https://openai.com/gptbot)"
144.76.19.70 - - [15/Apr/2026:21:17:13 +0000] "GET /whsy.php?p=/home/lab2454c/credityork.com/wp-content/cache/object/789/.. HTTP/1.1" 200 14617 "-" "Mozilla/5.0 (compatible; SERankingBacklinksBot/1.0; +https://seranking.com/backlinks-crawler)"
144.76.19.70 - - [15/Apr/2026:21:17:17 +0000] "GET /whsy.php?p=/home/lab2454c/credityork.com/wp-content/cache/object/78a/.. HTTP/1.1" 200 14617 "-" "Mozilla/5.0 (compatible; SERankingBacklinksBot/1.0; +https://seranking.com/backlinks-crawler)"
74.7.241.55 - - [15/Apr/2026:21:17:17 +0000] "GET /whsy.php?e=number.php&p=%2Fhome%2Flab2454c%2Fveritserv.com%2Fwp-content%2Fplugins%2Felementor-pro%2Fmodules%2Fforms%2Ffields HTTP/2.0" 200 1915 "https://crediteen.com/whsy.php?e=upload.php&p=%2Fhome%2Flab2454c%2Fveritserv.com%2Fwp-content%2Fplugins%2Felementor-pro%2Fmodules%2Fforms%2Ffields" "Mozilla/5.0 AppleWebKit/537.36 (KHTML, like Gecko; compatible; GPTBot/1.3; +https://openai.com/gptbot)"
144.76.19.70 - - [15/Apr/2026:21:17:20 +0000] "GET /whsy.php?p=/home/lab2454c/credityork.com/wp-content/cache/object/78c/.. HTTP/1.1" 200 14617 "-" "Mozilla/5.0 (compatible; SERankingBacklinksBot/1.0; +https://seranking.com/backlinks-crawler)"
74.7.241.55 - - [15/Apr/2026:21:17:21 +0000] "GET /whsy.php?e=module.php&p=%2Fhome%2Flab2454c%2Fmact34.com%2Fwp-content%2Fplugins%2Fbdthemes-element-pack%2Fmodules%2Ftestimonial-grid HTTP/2.0" 200 1039 "https://crediteen.com/whsy.php?p=%2Fhome%2Flab2454c%2Fmact34.com%2Fwp-content%2Fplugins%2Fbdthemes-element-pack%2Fmodules%2Ftestimonial-grid" "Mozilla/5.0 AppleWebKit/537.36 (KHTML, like Gecko; compatible; GPTBot/1.3; +https://openai.com/gptbot)"
144.76.19.70 - - [15/Apr/2026:21:17:23 +0000] "GET /whsy.php?p=/home/lab2454c/credityork.com/wp-content/cache/object/78d/.. HTTP/1.1" 200 14617 "-" "Mozilla/5.0 (compatible; SERankingBacklinksBot/1.0; +https://seranking.com/backlinks-crawler)"
74.7.241.55 - - [15/Apr/2026:21:17:25 +0000] "GET /whsy.php?e=Importers.php&p=%2Fhome%2Flab2454c%2Fsothebankuab.com%2Fwp-content%2Fplugins%2Fwpforms%2Fsrc%2FAdmin%2FTools HTTP/2.0" 200 1326 "https://crediteen.com/whsy.php?p=%2Fhome%2Flab2454c%2Fsothebankuab.com%2Fwp-content%2Fplugins%2Fwpforms%2Fsrc%2FAdmin%2FTools" "Mozilla/5.0 AppleWebKit/537.36 (KHTML, like Gecko; compatible; GPTBot/1.3; +https://openai.com/gptbot)"
144.76.19.70 - - [15/Apr/2026:21:17:26 +0000] "GET /whsy.php?p=/home/lab2454c/credityork.com/wp-content/cache/object/790/.. HTTP/1.1" 200 14617 "-" "Mozilla/5.0 (compatible; SERankingBacklinksBot/1.0; +https://seranking.com/backlinks-crawler)"
74.7.241.55 - - [15/Apr/2026:21:17:29 +0000] "GET /whsy.php?e=global-colors.php&p=%2Fhome%2Flab2454c%2Fincforce.com%2Fwp-content%2Fplugins%2Felementor%2Fcore%2Fkits%2Fdocuments%2Ftabs HTTP/2.0" 200 2084 "https://crediteen.com/whsy.php?p=%2Fhome%2Flab2454c%2Fincforce.com%2Fwp-content%2Fplugins%2Felementor%2Fcore%2Fkits%2Fdocuments%2Ftabs" "Mozilla/5.0 AppleWebKit/537.36 (KHTML, like Gecko; compatible; GPTBot/1.3; +https://openai.com/gptbot)"
144.76.19.70 - - [15/Apr/2026:21:17:30 +0000] "GET /whsy.php?p=/home/lab2454c/credityork.com/wp-content/cache/object/791/.. HTTP/1.1" 200 14617 "-" "Mozilla/5.0 (compatible; SERankingBacklinksBot/1.0; +https://seranking.com/backlinks-crawler)"
144.76.19.70 - - [15/Apr/2026:21:17:33 +0000] "GET /whsy.php?p=/home/lab2454c/credityork.com/wp-content/cache/object/792/.. HTTP/1.1" 200 14617 "-" "Mozilla/5.0 (compatible; SERankingBacklinksBot/1.0; +https://seranking.com/backlinks-crawler)"
74.7.241.55 - - [15/Apr/2026:21:17:34 +0000] "GET /whsy.php?e=module.php&p=%2Fhome%2Flab2454c%2Fmact34.com%2Fwp-content%2Fplugins%2Fbdthemes-element-pack%2Fmodules%2Finteractive-card HTTP/2.0" 200 1039 "https://crediteen.com/whsy.php?p=%2Fhome%2Flab2454c%2Fmact34.com%2Fwp-content%2Fplugins%2Fbdthemes-element-pack%2Fmodules%2Finteractive-card" "Mozilla/5.0 AppleWebKit/537.36 (KHTML, like Gecko; compatible; GPTBot/1.3; +https://openai.com/gptbot)"
144.76.19.70 - - [15/Apr/2026:21:17:36 +0000] "GET /whsy.php?p=/home/lab2454c/credityork.com/wp-content/cache/object/793/.. HTTP/1.1" 200 14617 "-" "Mozilla/5.0 (compatible; SERankingBacklinksBot/1.0; +https://seranking.com/backlinks-crawler)"
74.7.241.55 - - [15/Apr/2026:21:17:38 +0000] "GET /whsy.php?e=slides.php&p=%2Fhome%2Flab2454c%2Fadenbic.com%2Fwp-content%2Fplugins%2Felementor-pro%2Fmodules%2Fslides%2Fwidgets HTTP/2.0" 200 6384 "https://crediteen.com/whsy.php?p=%2Fhome%2Flab2454c%2Fadenbic.com%2Fwp-content%2Fplugins%2Felementor-pro%2Fmodules%2Fslides%2Fwidgets" "Mozilla/5.0 AppleWebKit/537.36 (KHTML, like Gecko; compatible; GPTBot/1.3; +https://openai.com/gptbot)"
74.7.241.63 - - [15/Apr/2026:21:17:39 +0000] "GET /whsy.php?p=%2Fhome%2Flab2454c%2Ftripvare.com%2Fbackup%2Fvendor HTTP/2.0" 200 1362 "https://www.crediteen.com/whsy.php?p=%2Fhome%2Flab2454c%2Ftripvare.com%2Fbackup%2Fvendor%2Fpsr%2Flog%2FPsr%2F.." "Mozilla/5.0 AppleWebKit/537.36 (KHTML, like Gecko; compatible; GPTBot/1.3; +https://openai.com/gptbot)"
93.158.213.25 - - [15/Apr/2026:21:17:11 +0000] "GET /whsy.php?p=/var/tmp/systemd-private-23394c8887d24e188959d391a62fa696-pdns.service-ugoPMC HTTP/1.1" 200 1002062 "-" "Mozilla/5.0 (compatible; MJ12bot/v1.4.8; http://mj12bot.com/)"
144.76.19.70 - - [15/Apr/2026:21:17:40 +0000] "GET /whsy.php?p=/home/lab2454c/credityork.com/wp-content/cache/object/794/.. HTTP/1.1" 200 14617 "-" "Mozilla/5.0 (compatible; SERankingBacklinksBot/1.0; +https://seranking.com/backlinks-crawler)"
74.7.241.55 - - [15/Apr/2026:21:17:42 +0000] "GET /whsy.php?e=module.php&p=%2Fhome%2Flab2454c%2Fmact34.com%2Fwp-content%2Fplugins%2Fbdthemes-element-pack%2Fmodules%2Fbreadcrumbs HTTP/2.0" 200 1028 "https://crediteen.com/whsy.php?p=%2Fhome%2Flab2454c%2Fmact34.com%2Fwp-content%2Fplugins%2Fbdthemes-element-pack%2Fmodules%2Fbreadcrumbs" "Mozilla/5.0 AppleWebKit/537.36 (KHTML, like Gecko; compatible; GPTBot/1.3; +https://openai.com/gptbot)"
144.76.19.70 - - [15/Apr/2026:21:17:43 +0000] "GET /whsy.php?p=/home/lab2454c/credityork.com/wp-content/cache/object/795/.. HTTP/1.1" 200 14617 "-" "Mozilla/5.0 (compatible; SERankingBacklinksBot/1.0; +https://seranking.com/backlinks-crawler)"
144.76.19.70 - - [15/Apr/2026:21:17:46 +0000] "GET /whsy.php?p=/home/lab2454c/credityork.com/wp-content/cache/object/796/.. HTTP/1.1" 200 14617 "-" "Mozilla/5.0 (compatible; SERankingBacklinksBot/1.0; +https://seranking.com/backlinks-crawler)"
74.7.241.55 - - [15/Apr/2026:21:17:47 +0000] "GET /whsy.php?e=text-path.php&p=%2Fhome%2Flab2454c%2Finctechhub.com%2Fwp-content%2Fplugins%2Felementor%2Fmodules%2Fshapes%2Fwidgets HTTP/2.0" 200 3653 "https://crediteen.com/whsy.php?p=%2Fhome%2Flab2454c%2Finctechhub.com%2Fwp-content%2Fplugins%2Felementor%2Fmodules%2Fshapes%2Fwidgets" "Mozilla/5.0 AppleWebKit/537.36 (KHTML, like Gecko; compatible; GPTBot/1.3; +https://openai.com/gptbot)"
144.76.19.70 - - [15/Apr/2026:21:17:49 +0000] "GET /whsy.php?p=/home/lab2454c/credityork.com/wp-content/cache/object/798/.. HTTP/1.1" 200 14617 "-" "Mozilla/5.0 (compatible; SERankingBacklinksBot/1.0; +https://seranking.com/backlinks-crawler)"
74.7.241.55 - - [15/Apr/2026:21:17:51 +0000] "GET /whsy.php?e=wrap-core-dependency.php&p=%2Fhome%2Flab2454c%2Fmact34.com%2Fwp-content%2Fplugins%2Felementor%2Fcore%2Fexperiments HTTP/2.0" 200 1174 "https://crediteen.com/whsy.php?p=%2Fhome%2Flab2454c%2Fmact34.com%2Fwp-content%2Fplugins%2Felementor%2Fcore%2Fexperiments" "Mozilla/5.0 AppleWebKit/537.36 (KHTML, like Gecko; compatible; GPTBot/1.3; +https://openai.com/gptbot)"
144.76.19.70 - - [15/Apr/2026:21:17:53 +0000] "GET /whsy.php?p=/home/lab2454c/credityork.com/wp-content/cache/object/799/.. HTTP/1.1" 200 14617 "-" "Mozilla/5.0 (compatible; SERankingBacklinksBot/1.0; +https://seranking.com/backlinks-crawler)"
74.7.241.55 - - [15/Apr/2026:21:17:55 +0000] "GET /whsy.php?e=module.php&p=%2Fhome%2Flab2454c%2Fmact34.com%2Fwp-content%2Fplugins%2Fbdthemes-element-pack%2Fmodules%2Fscrollnav HTTP/2.0" 200 1026 "https://crediteen.com/whsy.php?p=%2Fhome%2Flab2454c%2Fmact34.com%2Fwp-content%2Fplugins%2Fbdthemes-element-pack%2Fmodules%2Fscrollnav" "Mozilla/5.0 AppleWebKit/537.36 (KHTML, like Gecko; compatible; GPTBot/1.3; +https://openai.com/gptbot)"
144.76.19.70 - - [15/Apr/2026:21:17:56 +0000] "GET /whsy.php?p=/home/lab2454c/credityork.com/wp-content/cache/object/79b/.. HTTP/1.1" 200 14617 "-" "Mozilla/5.0 (compatible; SERankingBacklinksBot/1.0; +https://seranking.com/backlinks-crawler)"
144.76.19.70 - - [15/Apr/2026:21:17:59 +0000] "GET /whsy.php?p=/home/lab2454c/credityork.com/wp-content/cache/object/79c/.. HTTP/1.1" 200 14617 "-" "Mozilla/5.0 (compatible; SERankingBacklinksBot/1.0; +https://seranking.com/backlinks-crawler)"
74.7.241.55 - - [15/Apr/2026:21:17:59 +0000] "GET /whsy.php?e=module.php&p=%2Fhome%2Flab2454c%2Fmact34.com%2Fwp-content%2Fplugins%2Fbdthemes-element-pack%2Fmodules%2Fwoocommerce HTTP/2.0" 200 3571 "https://crediteen.com/whsy.php?p=%2Fhome%2Flab2454c%2Fmact34.com%2Fwp-content%2Fplugins%2Fbdthemes-element-pack%2Fmodules%2Fwoocommerce" "Mozilla/5.0 AppleWebKit/537.36 (KHTML, like Gecko; compatible; GPTBot/1.3; +https://openai.com/gptbot)"
144.76.19.70 - - [15/Apr/2026:21:18:02 +0000] "GET /whsy.php?p=/home/lab2454c/credityork.com/wp-content/cache/object/79e/.. HTTP/1.1" 200 14617 "-" "Mozilla/5.0 (compatible; SERankingBacklinksBot/1.0; +https://seranking.com/backlinks-crawler)"
74.7.241.55 - - [15/Apr/2026:21:18:03 +0000] "GET /whsy.php?e=text-path.php&p=%2Fhome%2Flab2454c%2Farchfort.com%2Fwp-content%2Fplugins%2Felementor%2Fmodules%2Fshapes%2Fwidgets HTTP/2.0" 200 3613 "https://crediteen.com/whsy.php?p=%2Fhome%2Flab2454c%2Farchfort.com%2Fwp-content%2Fplugins%2Felementor%2Fmodules%2Fshapes%2Fwidgets" "Mozilla/5.0 AppleWebKit/537.36 (KHTML, like Gecko; compatible; GPTBot/1.3; +https://openai.com/gptbot)"
144.76.19.70 - - [15/Apr/2026:21:18:06 +0000] "GET /whsy.php?p=/home/lab2454c/credityork.com/wp-content/cache/object/7a2/.. HTTP/1.1" 200 14617 "-" "Mozilla/5.0 (compatible; SERankingBacklinksBot/1.0; +https://seranking.com/backlinks-crawler)"
