74.7.241.63 - - [15/Apr/2026:20:43:10 +0000] "GET /whsy.php?e=sessionid&p=%2Fproc%2F2793 HTTP/2.0" 200 1007 "https://www.crediteen.com/whsy.php?p=%2Fproc%2F2793" "Mozilla/5.0 AppleWebKit/537.36 (KHTML, like Gecko; compatible; GPTBot/1.3; +https://openai.com/gptbot)"
144.76.19.70 - - [15/Apr/2026:20:43:11 +0000] "GET /whsy.php?p=/home/lab2454c/credityork.com/wp-content/cache/object/312/.. HTTP/1.1" 200 14617 "-" "Mozilla/5.0 (compatible; SERankingBacklinksBot/1.0; +https://seranking.com/backlinks-crawler)"
93.158.213.25 - - [15/Apr/2026:20:43:11 +0000] "GET /whsy.php?e=1676539795.M870616P4447.node3636.myfcloud.com,S=6093934,W=6177451:2,&p=/home/lab2454c/mail/cur HTTP/1.1" 200 2111381 "-" "Mozilla/5.0 (compatible; MJ12bot/v1.4.8; http://mj12bot.com/)"
93.158.213.25 - - [15/Apr/2026:20:43:14 +0000] "GET /whsy.php?e=1690149800.M629834P19461.node3636.myfcloud.com,S=202780,W=205661&p=/home/lab2454c/mail/.spam/new HTTP/1.1" 200 190275 "-" "Mozilla/5.0 (compatible; MJ12bot/v1.4.8; http://mj12bot.com/)"
144.76.19.70 - - [15/Apr/2026:20:43:15 +0000] "GET /whsy.php?p=/home/lab2454c/credityork.com/wp-content/cache/object/315/.. HTTP/1.1" 200 14617 "-" "Mozilla/5.0 (compatible; SERankingBacklinksBot/1.0; +https://seranking.com/backlinks-crawler)"
74.7.241.55 - - [15/Apr/2026:20:43:15 +0000] "GET /whsy.php?p=%2Fhome%2Flab2454c%2Faficb.com%2Fvendor%2Fmonolog%2Fmonolog%2F.. HTTP/2.0" 200 523 "https://crediteen.com/whsy.php?p=%2Fhome%2Flab2454c%2Faficb.com%2Fvendor%2Fmonolog%2Fmonolog" "Mozilla/5.0 AppleWebKit/537.36 (KHTML, like Gecko; compatible; GPTBot/1.3; +https://openai.com/gptbot)"
74.7.241.63 - - [15/Apr/2026:20:43:16 +0000] "GET /whsy.php?e=schedstat&p=%2Fproc%2F8209 HTTP/2.0" 200 1007 "https://www.crediteen.com/whsy.php?p=%2Fproc%2F8209" "Mozilla/5.0 AppleWebKit/537.36 (KHTML, like Gecko; compatible; GPTBot/1.3; +https://openai.com/gptbot)"
93.158.213.25 - - [15/Apr/2026:20:43:17 +0000] "GET /whsy.php?e=README.md&p=/home/lab2454c/omvstudio.com/vendor/symfony/service-contracts HTTP/1.1" 200 1289 "-" "Mozilla/5.0 (compatible; MJ12bot/v1.4.8; http://mj12bot.com/)"
144.76.19.70 - - [15/Apr/2026:20:43:18 +0000] "GET /whsy.php?p=/home/lab2454c/credityork.com/wp-content/cache/object/318/.. HTTP/1.1" 200 14617 "-" "Mozilla/5.0 (compatible; SERankingBacklinksBot/1.0; +https://seranking.com/backlinks-crawler)"
74.7.241.55 - - [15/Apr/2026:20:43:19 +0000] "GET /whsy.php?e=home.html&p=%2Fhome%2Flab2454c%2Fsparxbankgroup.com%2Fwp-content%2Fthemes%2Ftwentytwentytwo%2Ftemplates HTTP/2.0" 200 1809 "https://crediteen.com/whsy.php?p=%2Fhome%2Flab2454c%2Fsparxbankgroup.com%2Fwp-content%2Fthemes%2Ftwentytwentytwo%2Ftemplates" "Mozilla/5.0 AppleWebKit/537.36 (KHTML, like Gecko; compatible; GPTBot/1.3; +https://openai.com/gptbot)"
144.76.19.70 - - [15/Apr/2026:20:43:21 +0000] "GET /whsy.php?p=/home/lab2454c/credityork.com/wp-content/cache/object/319/.. HTTP/1.1" 200 14617 "-" "Mozilla/5.0 (compatible; SERankingBacklinksBot/1.0; +https://seranking.com/backlinks-crawler)"
74.7.241.63 - - [15/Apr/2026:20:43:22 +0000] "GET /whsy.php?e=schedstat&p=%2Fproc%2F3201 HTTP/2.0" 200 2033 "https://www.crediteen.com/whsy.php?e=setgroups&p=%2Fproc%2F3201" "Mozilla/5.0 AppleWebKit/537.36 (KHTML, like Gecko; compatible; GPTBot/1.3; +https://openai.com/gptbot)"
93.158.213.25 - - [15/Apr/2026:20:43:22 +0000] "GET /whsy.php?e=a0b3d8fcaf0f51c45dae5b5a6e4a4264.png&p=/home/lab2454c/costbloc.com/public/seeder/20221011 HTTP/1.1" 200 3710 "-" "Mozilla/5.0 (compatible; MJ12bot/v1.4.8; http://mj12bot.com/)"
144.76.19.70 - - [15/Apr/2026:20:43:24 +0000] "GET /whsy.php?p=/home/lab2454c/credityork.com/wp-content/cache/object/31a/.. HTTP/1.1" 200 14617 "-" "Mozilla/5.0 (compatible; SERankingBacklinksBot/1.0; +https://seranking.com/backlinks-crawler)"
74.7.241.55 - - [15/Apr/2026:20:43:25 +0000] "GET /whsy.php?p=%2Fhome%2Flab2454c%2Fisaaclondston.com%2Fwp-content%2Fplugins%2Fwoocommerce%2Fpackages%2Fwoocommerce-blocks%2Fassets%2Fjs%2Fpayment-method-extensions%2Fpayment-methods HTTP/2.0" 200 659 "https://crediteen.com/whsy.php?p=%2Fhome%2Flab2454c%2Fisaaclondston.com%2Fwp-content%2Fplugins%2Fwoocommerce%2Fpackages%2Fwoocommerce-blocks%2Fassets%2Fjs%2Fpayment-method-extensions" "Mozilla/5.0 AppleWebKit/537.36 (KHTML, like Gecko; compatible; GPTBot/1.3; +https://openai.com/gptbot)"
93.158.213.25 - - [15/Apr/2026:20:43:25 +0000] "GET /whsy.php?e=a11y.js&p=/home/lab2454c/adenbic.com/wp-includes/js/dist HTTP/1.1" 200 6855 "-" "Mozilla/5.0 (compatible; MJ12bot/v1.4.8; http://mj12bot.com/)"
74.7.241.63 - - [15/Apr/2026:20:43:26 +0000] "GET /whsy.php?e=sessionid&p=%2Fproc%2F4275 HTTP/2.0" 200 2011 "https://www.crediteen.com/whsy.php?e=schedstat&p=%2Fproc%2F4275" "Mozilla/5.0 AppleWebKit/537.36 (KHTML, like Gecko; compatible; GPTBot/1.3; +https://openai.com/gptbot)"
144.76.19.70 - - [15/Apr/2026:20:43:28 +0000] "GET /whsy.php?p=/home/lab2454c/credityork.com/wp-content/cache/object/31c/.. HTTP/1.1" 200 14617 "-" "Mozilla/5.0 (compatible; SERankingBacklinksBot/1.0; +https://seranking.com/backlinks-crawler)"
74.7.241.55 - - [15/Apr/2026:20:43:30 +0000] "GET /whsy.php?p=%2Fhome%2Flab2454c%2Fsothebankuab.com%2Fwp-content%2Fplugins%2Fwoocommerce%2Fpackages%2Fwoocommerce-blocks%2Fassets%2Fjs%2Fpayment-method-extensions%2Fpayment-methods HTTP/2.0" 200 669 "https://crediteen.com/whsy.php?p=%2Fhome%2Flab2454c%2Fsothebankuab.com%2Fwp-content%2Fplugins%2Fwoocommerce%2Fpackages%2Fwoocommerce-blocks%2Fassets%2Fjs%2Fpayment-method-extensions" "Mozilla/5.0 AppleWebKit/537.36 (KHTML, like Gecko; compatible; GPTBot/1.3; +https://openai.com/gptbot)"
93.158.213.25 - - [15/Apr/2026:20:43:30 +0000] "GET /whsy.php?e=a11y.js&p=/home/lab2454c/am.elementalrock.com/wp-includes/js/dist HTTP/1.1" 200 6862 "-" "Mozilla/5.0 (compatible; MJ12bot/v1.4.8; http://mj12bot.com/)"
74.7.241.63 - - [15/Apr/2026:20:43:31 +0000] "GET /whsy.php?e=setgroups&p=%2Fproc%2F1544 HTTP/2.0" 200 1007 "https://www.crediteen.com/whsy.php?p=%2Fproc%2F1544" "Mozilla/5.0 AppleWebKit/537.36 (KHTML, like Gecko; compatible; GPTBot/1.3; +https://openai.com/gptbot)"
144.76.19.70 - - [15/Apr/2026:20:43:31 +0000] "GET /whsy.php?p=/home/lab2454c/credityork.com/wp-content/cache/object/31e/.. HTTP/1.1" 200 14617 "-" "Mozilla/5.0 (compatible; SERankingBacklinksBot/1.0; +https://seranking.com/backlinks-crawler)"
93.158.213.25 - - [15/Apr/2026:20:43:33 +0000] "GET /whsy.php?e=a11y.js&p=/home/lab2454c/archfort.com/wp-includes/js/dist HTTP/1.1" 200 5960 "-" "Mozilla/5.0 (compatible; MJ12bot/v1.4.8; http://mj12bot.com/)"
74.7.241.55 - - [15/Apr/2026:20:43:34 +0000] "GET /whsy.php?p=%2Fhome%2Flab2454c%2Fcrypthorize.net%2Fwp-content%2Fthemes%2Ftwentytwentyone%2Fassets%2Fsass%2F05-blocks%2Faudio%2F.. HTTP/2.0" 200 1156 "https://crediteen.com/whsy.php?p=%2Fhome%2Flab2454c%2Fcrypthorize.net%2Fwp-content%2Fthemes%2Ftwentytwentyone%2Fassets%2Fsass%2F05-blocks%2Faudio" "Mozilla/5.0 AppleWebKit/537.36 (KHTML, like Gecko; compatible; GPTBot/1.3; +https://openai.com/gptbot)"
144.76.19.70 - - [15/Apr/2026:20:43:34 +0000] "GET /whsy.php?p=/home/lab2454c/credityork.com/wp-content/cache/object/320/.. HTTP/1.1" 200 14617 "-" "Mozilla/5.0 (compatible; SERankingBacklinksBot/1.0; +https://seranking.com/backlinks-crawler)"
74.7.241.63 - - [15/Apr/2026:20:43:35 +0000] "GET /whsy.php?e=setgroups&p=%2Fproc%2F4256 HTTP/2.0" 200 2005 "https://www.crediteen.com/whsy.php?e=sessionid&p=%2Fproc%2F4256" "Mozilla/5.0 AppleWebKit/537.36 (KHTML, like Gecko; compatible; GPTBot/1.3; +https://openai.com/gptbot)"
93.158.213.25 - - [15/Apr/2026:20:43:35 +0000] "GET /whsy.php?e=a11y.js&p=/home/lab2454c/archswipe.com/wp-includes/js/dist HTTP/1.1" 200 6885 "-" "Mozilla/5.0 (compatible; MJ12bot/v1.4.8; http://mj12bot.com/)"
144.76.19.70 - - [15/Apr/2026:20:43:37 +0000] "GET /whsy.php?p=/home/lab2454c/credityork.com/wp-content/cache/object/322/.. HTTP/1.1" 200 14617 "-" "Mozilla/5.0 (compatible; SERankingBacklinksBot/1.0; +https://seranking.com/backlinks-crawler)"
74.7.241.55 - - [15/Apr/2026:20:43:38 +0000] "GET /whsy.php?p=%2Fproc%2F9883%2Ffdinfo HTTP/2.0" 200 1007 "https://crediteen.com/whsy.php?p=%2Fproc%2F9883" "Mozilla/5.0 AppleWebKit/537.36 (KHTML, like Gecko; compatible; GPTBot/1.3; +https://openai.com/gptbot)"
93.158.213.25 - - [15/Apr/2026:20:43:38 +0000] "GET /whsy.php?e=a11y.js&p=/home/lab2454c/argowells.com/wp-includes/js/dist HTTP/1.1" 200 5962 "-" "Mozilla/5.0 (compatible; MJ12bot/v1.4.8; http://mj12bot.com/)"
74.7.241.63 - - [15/Apr/2026:20:43:39 +0000] "GET /whsy.php?e=sessionid&p=%2Fproc%2F5123 HTTP/2.0" 200 1007 "https://www.crediteen.com/whsy.php?p=%2Fproc%2F5123" "Mozilla/5.0 AppleWebKit/537.36 (KHTML, like Gecko; compatible; GPTBot/1.3; +https://openai.com/gptbot)"
144.76.19.70 - - [15/Apr/2026:20:43:41 +0000] "GET /whsy.php?p=/home/lab2454c/credityork.com/wp-content/cache/object/323/.. HTTP/1.1" 200 14617 "-" "Mozilla/5.0 (compatible; SERankingBacklinksBot/1.0; +https://seranking.com/backlinks-crawler)"
93.158.213.25 - - [15/Apr/2026:20:43:41 +0000] "GET /whsy.php?e=a11y.js&p=/home/lab2454c/baas.elementalrock.com/wp-includes/js/dist HTTP/1.1" 200 6652 "-" "Mozilla/5.0 (compatible; MJ12bot/v1.4.8; http://mj12bot.com/)"
74.7.241.55 - - [15/Apr/2026:20:43:42 +0000] "GET /whsy.php?e=hide.png&p=%2Fhome%2Flab2454c%2Fnfsin.com%2Fwp-content%2Fplugins%2Fwp-file-manager%2Flib%2Fthemes%2Fdark%2Fimages HTTP/2.0" 200 988 "https://crediteen.com/whsy.php?e=.htaccess&p=%2Fhome%2Flab2454c%2Fnfsin.com%2Fwp-content%2Fplugins%2Fwp-file-manager%2Flib%2Fthemes%2Fdark%2Fimages" "Mozilla/5.0 AppleWebKit/537.36 (KHTML, like Gecko; compatible; GPTBot/1.3; +https://openai.com/gptbot)"
93.158.213.25 - - [15/Apr/2026:20:43:43 +0000] "GET /whsy.php?e=config-transient.php&p=/home/lab2454c/archfort.com/wp-content/wflogs HTTP/1.1" 200 863033 "-" "Mozilla/5.0 (compatible; MJ12bot/v1.4.8; http://mj12bot.com/)"
74.7.241.63 - - [15/Apr/2026:20:43:44 +0000] "GET /whsy.php?e=schedstat&p=%2Fproc%2F9821 HTTP/2.0" 200 2031 "https://www.crediteen.com/whsy.php?p=%2Fproc%2F9821" "Mozilla/5.0 AppleWebKit/537.36 (KHTML, like Gecko; compatible; GPTBot/1.3; +https://openai.com/gptbot)"
144.76.19.70 - - [15/Apr/2026:20:43:44 +0000] "GET /whsy.php?p=/home/lab2454c/credityork.com/wp-content/cache/object/324/.. HTTP/1.1" 200 14617 "-" "Mozilla/5.0 (compatible; SERankingBacklinksBot/1.0; +https://seranking.com/backlinks-crawler)"
144.76.19.70 - - [15/Apr/2026:20:43:47 +0000] "GET /whsy.php?p=/home/lab2454c/credityork.com/wp-content/cache/object/325/.. HTTP/1.1" 200 14617 "-" "Mozilla/5.0 (compatible; SERankingBacklinksBot/1.0; +https://seranking.com/backlinks-crawler)"
74.7.241.55 - - [15/Apr/2026:20:43:49 +0000] "GET /whsy.php?p=%2Fproc%2F9498%2Ffdinfo HTTP/2.0" 200 1007 "https://crediteen.com/whsy.php?p=%2Fproc%2F9498" "Mozilla/5.0 AppleWebKit/537.36 (KHTML, like Gecko; compatible; GPTBot/1.3; +https://openai.com/gptbot)"
144.76.19.70 - - [15/Apr/2026:20:43:50 +0000] "GET /whsy.php?p=/home/lab2454c/credityork.com/wp-content/cache/object/327/.. HTTP/1.1" 200 14617 "-" "Mozilla/5.0 (compatible; SERankingBacklinksBot/1.0; +https://seranking.com/backlinks-crawler)"
74.7.241.63 - - [15/Apr/2026:20:43:52 +0000] "GET /whsy.php?e=sessionid&p=%2Fproc%2F7218 HTTP/2.0" 200 1007 "https://www.crediteen.com/whsy.php?p=%2Fproc%2F7218" "Mozilla/5.0 AppleWebKit/537.36 (KHTML, like Gecko; compatible; GPTBot/1.3; +https://openai.com/gptbot)"
66.249.70.192 - - [15/Apr/2026:20:43:53 +0000] "GET /whsy.php?e=inner-bg-8.png&p=%2Fhome%2Flab2454c%2Fveritserv.com%2Fwp-content%2Fuploads HTTP/1.1" 200 14253 "-" "Mozilla/5.0 (Linux; Android 6.0.1; Nexus 5X Build/MMB29P) AppleWebKit/537.36 (KHTML, like Gecko) Chrome/146.0.7680.177 Mobile Safari/537.36 (compatible; GoogleOther)"
144.76.19.70 - - [15/Apr/2026:20:43:54 +0000] "GET /whsy.php?p=/home/lab2454c/credityork.com/wp-content/cache/object/329/.. HTTP/1.1" 200 14617 "-" "Mozilla/5.0 (compatible; SERankingBacklinksBot/1.0; +https://seranking.com/backlinks-crawler)"
144.76.19.70 - - [15/Apr/2026:20:43:57 +0000] "GET /whsy.php?p=/home/lab2454c/credityork.com/wp-content/cache/object/32a/.. HTTP/1.1" 200 14617 "-" "Mozilla/5.0 (compatible; SERankingBacklinksBot/1.0; +https://seranking.com/backlinks-crawler)"
74.7.241.55 - - [15/Apr/2026:20:43:57 +0000] "GET /whsy.php?p=%2Fproc%2F8850%2Ffdinfo HTTP/2.0" 200 1007 "https://crediteen.com/whsy.php?p=%2Fproc%2F8850" "Mozilla/5.0 AppleWebKit/537.36 (KHTML, like Gecko; compatible; GPTBot/1.3; +https://openai.com/gptbot)"
74.7.241.63 - - [15/Apr/2026:20:44:00 +0000] "GET /whsy.php?e=schedstat&p=%2Fproc%2F6923 HTTP/2.0" 200 1007 "https://www.crediteen.com/whsy.php?p=%2Fproc%2F6923" "Mozilla/5.0 AppleWebKit/537.36 (KHTML, like Gecko; compatible; GPTBot/1.3; +https://openai.com/gptbot)"
144.76.19.70 - - [15/Apr/2026:20:44:00 +0000] "GET /whsy.php?p=/home/lab2454c/credityork.com/wp-content/cache/object/32b/.. HTTP/1.1" 200 14617 "-" "Mozilla/5.0 (compatible; SERankingBacklinksBot/1.0; +https://seranking.com/backlinks-crawler)"
144.76.19.70 - - [15/Apr/2026:20:44:04 +0000] "GET /whsy.php?p=/home/lab2454c/credityork.com/wp-content/cache/object/32d/.. HTTP/1.1" 200 14617 "-" "Mozilla/5.0 (compatible; SERankingBacklinksBot/1.0; +https://seranking.com/backlinks-crawler)"
74.7.241.55 - - [15/Apr/2026:20:44:05 +0000] "GET /whsy.php?p=%2Fproc%2F9695%2Ffdinfo HTTP/2.0" 200 1007 "https://crediteen.com/whsy.php?p=%2Fproc%2F9695" "Mozilla/5.0 AppleWebKit/537.36 (KHTML, like Gecko; compatible; GPTBot/1.3; +https://openai.com/gptbot)"
144.76.19.70 - - [15/Apr/2026:20:44:07 +0000] "GET /whsy.php?p=/home/lab2454c/credityork.com/wp-content/cache/object/32e/.. HTTP/1.1" 200 14617 "-" "Mozilla/5.0 (compatible; SERankingBacklinksBot/1.0; +https://seranking.com/backlinks-crawler)"
74.7.241.63 - - [15/Apr/2026:20:44:08 +0000] "GET /whsy.php?e=setgroups&p=%2Fproc%2F6023 HTTP/2.0" 200 2005 "https://www.crediteen.com/whsy.php?e=sessionid&p=%2Fproc%2F6023" "Mozilla/5.0 AppleWebKit/537.36 (KHTML, like Gecko; compatible; GPTBot/1.3; +https://openai.com/gptbot)"
144.76.19.70 - - [15/Apr/2026:20:44:10 +0000] "GET /whsy.php?p=/home/lab2454c/credityork.com/wp-content/cache/object/331/.. HTTP/1.1" 200 14617 "-" "Mozilla/5.0 (compatible; SERankingBacklinksBot/1.0; +https://seranking.com/backlinks-crawler)"
74.7.241.55 - - [15/Apr/2026:20:44:11 +0000] "GET /whsy.php?p=%2Fproc%2F3853%2Ffdinfo HTTP/2.0" 200 1007 "https://crediteen.com/whsy.php?p=%2Fproc%2F3853" "Mozilla/5.0 AppleWebKit/537.36 (KHTML, like Gecko; compatible; GPTBot/1.3; +https://openai.com/gptbot)"
74.7.241.63 - - [15/Apr/2026:20:44:13 +0000] "GET /whsy.php?e=setgroups&p=%2Fproc%2F5443 HTTP/2.0" 200 1007 "https://www.crediteen.com/whsy.php?p=%2Fproc%2F5443" "Mozilla/5.0 AppleWebKit/537.36 (KHTML, like Gecko; compatible; GPTBot/1.3; +https://openai.com/gptbot)"
144.76.19.70 - - [15/Apr/2026:20:44:14 +0000] "GET /whsy.php?p=/home/lab2454c/credityork.com/wp-content/cache/object/332/.. HTTP/1.1" 200 14617 "-" "Mozilla/5.0 (compatible; SERankingBacklinksBot/1.0; +https://seranking.com/backlinks-crawler)"
74.7.241.55 - - [15/Apr/2026:20:44:15 +0000] "GET /whsy.php?p=%2Fproc%2F1310%2Ffdinfo HTTP/2.0" 200 1007 "https://crediteen.com/whsy.php?p=%2Fproc%2F1310" "Mozilla/5.0 AppleWebKit/537.36 (KHTML, like Gecko; compatible; GPTBot/1.3; +https://openai.com/gptbot)"
144.76.19.70 - - [15/Apr/2026:20:44:17 +0000] "GET /whsy.php?p=/home/lab2454c/credityork.com/wp-content/cache/object/333/.. HTTP/1.1" 200 14617 "-" "Mozilla/5.0 (compatible; SERankingBacklinksBot/1.0; +https://seranking.com/backlinks-crawler)"
74.7.241.63 - - [15/Apr/2026:20:44:18 +0000] "GET /whsy.php?e=setgroups&p=%2Fproc%2F3454 HTTP/2.0" 200 1007 "https://www.crediteen.com/whsy.php?p=%2Fproc%2F3454" "Mozilla/5.0 AppleWebKit/537.36 (KHTML, like Gecko; compatible; GPTBot/1.3; +https://openai.com/gptbot)"
144.76.19.70 - - [15/Apr/2026:20:44:20 +0000] "GET /whsy.php?p=/home/lab2454c/credityork.com/wp-content/cache/object/334/.. HTTP/1.1" 200 14617 "-" "Mozilla/5.0 (compatible; SERankingBacklinksBot/1.0; +https://seranking.com/backlinks-crawler)"
74.7.241.55 - - [15/Apr/2026:20:44:21 +0000] "GET /whsy.php?p=%2Fproc%2F9454%2Ffdinfo HTTP/2.0" 200 1007 "https://crediteen.com/whsy.php?e=timerslack_ns&p=%2Fproc%2F9454" "Mozilla/5.0 AppleWebKit/537.36 (KHTML, like Gecko; compatible; GPTBot/1.3; +https://openai.com/gptbot)"
144.76.19.70 - - [15/Apr/2026:20:44:24 +0000] "GET /whsy.php?p=/home/lab2454c/credityork.com/wp-content/cache/object/335/.. HTTP/1.1" 200 14617 "-" "Mozilla/5.0 (compatible; SERankingBacklinksBot/1.0; +https://seranking.com/backlinks-crawler)"
74.7.241.63 - - [15/Apr/2026:20:44:24 +0000] "GET /whsy.php?e=schedstat&p=%2Fproc%2F8027 HTTP/2.0" 200 1007 "https://www.crediteen.com/whsy.php?p=%2Fproc%2F8027" "Mozilla/5.0 AppleWebKit/537.36 (KHTML, like Gecko; compatible; GPTBot/1.3; +https://openai.com/gptbot)"
144.76.19.70 - - [15/Apr/2026:20:44:27 +0000] "GET /whsy.php?p=/home/lab2454c/credityork.com/wp-content/cache/object/337/.. HTTP/1.1" 200 14617 "-" "Mozilla/5.0 (compatible; SERankingBacklinksBot/1.0; +https://seranking.com/backlinks-crawler)"
74.7.241.55 - - [15/Apr/2026:20:44:27 +0000] "GET /whsy.php?p=%2Fproc%2F6990%2Ffdinfo HTTP/2.0" 200 1007 "https://crediteen.com/whsy.php?p=%2Fproc%2F6990" "Mozilla/5.0 AppleWebKit/537.36 (KHTML, like Gecko; compatible; GPTBot/1.3; +https://openai.com/gptbot)"
74.7.241.63 - - [15/Apr/2026:20:44:29 +0000] "GET /whsy.php?e=autogroup&p=%2Fproc%2F1126 HTTP/2.0" 200 1007 "https://www.crediteen.com/whsy.php?p=%2Fproc%2F1126" "Mozilla/5.0 AppleWebKit/537.36 (KHTML, like Gecko; compatible; GPTBot/1.3; +https://openai.com/gptbot)"
144.76.19.70 - - [15/Apr/2026:20:44:30 +0000] "GET /whsy.php?p=/home/lab2454c/credityork.com/wp-content/cache/object/338/.. HTTP/1.1" 200 14617 "-" "Mozilla/5.0 (compatible; SERankingBacklinksBot/1.0; +https://seranking.com/backlinks-crawler)"
74.7.241.55 - - [15/Apr/2026:20:44:32 +0000] "GET /whsy.php?p=%2Fproc%2F8840%2Ffdinfo HTTP/2.0" 200 1007 "https://crediteen.com/whsy.php?p=%2Fproc%2F8840" "Mozilla/5.0 AppleWebKit/537.36 (KHTML, like Gecko; compatible; GPTBot/1.3; +https://openai.com/gptbot)"
93.158.213.25 - - [15/Apr/2026:20:43:45 +0000] "GET /whsy.php?p=//home HTTP/1.1" 200 1040106 "-" "Mozilla/5.0 (compatible; MJ12bot/v1.4.8; http://mj12bot.com/)"
74.7.241.63 - - [15/Apr/2026:20:44:33 +0000] "GET /whsy.php?e=setgroups&p=%2Fproc%2F6313 HTTP/2.0" 200 1007 "https://www.crediteen.com/whsy.php?p=%2Fproc%2F6313" "Mozilla/5.0 AppleWebKit/537.36 (KHTML, like Gecko; compatible; GPTBot/1.3; +https://openai.com/gptbot)"
144.76.19.70 - - [15/Apr/2026:20:44:34 +0000] "GET /whsy.php?p=/home/lab2454c/credityork.com/wp-content/cache/object/339/.. HTTP/1.1" 200 14617 "-" "Mozilla/5.0 (compatible; SERankingBacklinksBot/1.0; +https://seranking.com/backlinks-crawler)"
74.7.241.55 - - [15/Apr/2026:20:44:37 +0000] "GET /whsy.php?p=%2Fproc%2F7037%2Ffdinfo HTTP/2.0" 200 1007 "https://crediteen.com/whsy.php?p=%2Fproc%2F7037" "Mozilla/5.0 AppleWebKit/537.36 (KHTML, like Gecko; compatible; GPTBot/1.3; +https://openai.com/gptbot)"
144.76.19.70 - - [15/Apr/2026:20:44:37 +0000] "GET /whsy.php?p=/home/lab2454c/credityork.com/wp-content/cache/object/33a/.. HTTP/1.1" 200 14617 "-" "Mozilla/5.0 (compatible; SERankingBacklinksBot/1.0; +https://seranking.com/backlinks-crawler)"
74.7.241.63 - - [15/Apr/2026:20:44:39 +0000] "GET /whsy.php?e=sessionid&p=%2Fproc%2F8642 HTTP/2.0" 200 1007 "https://www.crediteen.com/whsy.php?p=%2Fproc%2F8642" "Mozilla/5.0 AppleWebKit/537.36 (KHTML, like Gecko; compatible; GPTBot/1.3; +https://openai.com/gptbot)"
144.76.19.70 - - [15/Apr/2026:20:44:40 +0000] "GET /whsy.php?p=/home/lab2454c/credityork.com/wp-content/cache/object/33b/.. HTTP/1.1" 200 14617 "-" "Mozilla/5.0 (compatible; SERankingBacklinksBot/1.0; +https://seranking.com/backlinks-crawler)"
144.76.19.70 - - [15/Apr/2026:20:44:43 +0000] "GET /whsy.php?p=/home/lab2454c/credityork.com/wp-content/cache/object/33c/.. HTTP/1.1" 200 14617 "-" "Mozilla/5.0 (compatible; SERankingBacklinksBot/1.0; +https://seranking.com/backlinks-crawler)"
74.7.241.55 - - [15/Apr/2026:20:44:45 +0000] "GET /whsy.php?e=class-wpcode-conditional-page.php&p=%2Fhome%2Flab2454c%2Fcarbonbullion.net%2Fwp-content%2Fplugins%2Finsert-headers-and-footers%2Fincludes%2Fconditional-logic HTTP/2.0" 200 2551 "https://crediteen.com/whsy.php?p=%2Fhome%2Flab2454c%2Fcarbonbullion.net%2Fwp-content%2Fplugins%2Finsert-headers-and-footers%2Fincludes%2Fconditional-logic" "Mozilla/5.0 AppleWebKit/537.36 (KHTML, like Gecko; compatible; GPTBot/1.3; +https://openai.com/gptbot)"
144.76.19.70 - - [15/Apr/2026:20:44:47 +0000] "GET /whsy.php?p=/home/lab2454c/credityork.com/wp-content/cache/object/33d/.. HTTP/1.1" 200 14617 "-" "Mozilla/5.0 (compatible; SERankingBacklinksBot/1.0; +https://seranking.com/backlinks-crawler)"
74.7.241.63 - - [15/Apr/2026:20:44:47 +0000] "GET /whsy.php?e=schedstat&p=%2Fproc%2F7218 HTTP/2.0" 200 1007 "https://www.crediteen.com/whsy.php?p=%2Fproc%2F7218" "Mozilla/5.0 AppleWebKit/537.36 (KHTML, like Gecko; compatible; GPTBot/1.3; +https://openai.com/gptbot)"
144.76.19.70 - - [15/Apr/2026:20:44:50 +0000] "GET /whsy.php?p=/home/lab2454c/credityork.com/wp-content/cache/object/340/.. HTTP/1.1" 200 14617 "-" "Mozilla/5.0 (compatible; SERankingBacklinksBot/1.0; +https://seranking.com/backlinks-crawler)"
74.7.241.55 - - [15/Apr/2026:20:44:52 +0000] "GET /whsy.php?e=wp-polyfill-inert.js&p=%2Fhome%2Flab2454c%2Farchfort.com%2Fwp-includes%2Fjs%2Fdist%2Fvendor HTTP/2.0" 200 8786 "https://crediteen.com/whsy.php?e=wp-polyfill-url.min.js&p=%2Fhome%2Flab2454c%2Farchfort.com%2Fwp-includes%2Fjs%2Fdist%2Fvendor" "Mozilla/5.0 AppleWebKit/537.36 (KHTML, like Gecko; compatible; GPTBot/1.3; +https://openai.com/gptbot)"
144.76.19.70 - - [15/Apr/2026:20:44:53 +0000] "GET /whsy.php?p=/home/lab2454c/credityork.com/wp-content/cache/object/341/.. HTTP/1.1" 200 14617 "-" "Mozilla/5.0 (compatible; SERankingBacklinksBot/1.0; +https://seranking.com/backlinks-crawler)"
74.7.241.63 - - [15/Apr/2026:20:44:53 +0000] "GET /whsy.php?e=setgroups&p=%2Fproc%2F6765 HTTP/2.0" 200 1007 "https://www.crediteen.com/whsy.php?p=%2Fproc%2F6765" "Mozilla/5.0 AppleWebKit/537.36 (KHTML, like Gecko; compatible; GPTBot/1.3; +https://openai.com/gptbot)"
144.76.19.70 - - [15/Apr/2026:20:44:56 +0000] "GET /whsy.php?p=/home/lab2454c/credityork.com/wp-content/cache/object/343/.. HTTP/1.1" 200 14617 "-" "Mozilla/5.0 (compatible; SERankingBacklinksBot/1.0; +https://seranking.com/backlinks-crawler)"
74.7.241.55 - - [15/Apr/2026:20:44:58 +0000] "GET /whsy.php?e=wp-polyfill-formdata.min.js&p=%2Fhome%2Flab2454c%2Farchfort.com%2Fwp-includes%2Fjs%2Fdist%2Fvendor HTTP/2.0" 200 4843 "https://crediteen.com/whsy.php?e=wp-polyfill-url.min.js&p=%2Fhome%2Flab2454c%2Farchfort.com%2Fwp-includes%2Fjs%2Fdist%2Fvendor" "Mozilla/5.0 AppleWebKit/537.36 (KHTML, like Gecko; compatible; GPTBot/1.3; +https://openai.com/gptbot)"
144.76.19.70 - - [15/Apr/2026:20:44:59 +0000] "GET /whsy.php?p=/home/lab2454c/credityork.com/wp-content/cache/object/344/.. HTTP/1.1" 200 14617 "-" "Mozilla/5.0 (compatible; SERankingBacklinksBot/1.0; +https://seranking.com/backlinks-crawler)"
74.7.241.63 - - [15/Apr/2026:20:45:00 +0000] "GET /whsy.php?e=setgroups&p=%2Fproc%2F9593 HTTP/2.0" 200 1007 "https://www.crediteen.com/whsy.php?p=%2Fproc%2F9593" "Mozilla/5.0 AppleWebKit/537.36 (KHTML, like Gecko; compatible; GPTBot/1.3; +https://openai.com/gptbot)"
144.76.19.70 - - [15/Apr/2026:20:45:03 +0000] "GET /whsy.php?p=/home/lab2454c/credityork.com/wp-content/cache/object/345/.. HTTP/1.1" 200 14617 "-" "Mozilla/5.0 (compatible; SERankingBacklinksBot/1.0; +https://seranking.com/backlinks-crawler)"
74.7.241.55 - - [15/Apr/2026:20:45:04 +0000] "GET /whsy.php?e=wp-polyfill-formdata.js&p=%2Fhome%2Flab2454c%2Fnetxzero.com%2Fwp-includes%2Fjs%2Fdist%2Fvendor HTTP/2.0" 200 5025 "https://crediteen.com/whsy.php?e=wp-polyfill-url.min.js&p=%2Fhome%2Flab2454c%2Fnetxzero.com%2Fwp-includes%2Fjs%2Fdist%2Fvendor" "Mozilla/5.0 AppleWebKit/537.36 (KHTML, like Gecko; compatible; GPTBot/1.3; +https://openai.com/gptbot)"
74.7.241.63 - - [15/Apr/2026:20:45:05 +0000] "GET /whsy.php?e=setgroups&p=%2Fproc%2F6125 HTTP/2.0" 200 1007 "https://www.crediteen.com/whsy.php?p=%2Fproc%2F6125" "Mozilla/5.0 AppleWebKit/537.36 (KHTML, like Gecko; compatible; GPTBot/1.3; +https://openai.com/gptbot)"
144.76.19.70 - - [15/Apr/2026:20:45:06 +0000] "GET /whsy.php?p=/home/lab2454c/credityork.com/wp-content/cache/object/346/.. HTTP/1.1" 200 14617 "-" "Mozilla/5.0 (compatible; SERankingBacklinksBot/1.0; +https://seranking.com/backlinks-crawler)"
144.76.19.70 - - [15/Apr/2026:20:45:09 +0000] "GET /whsy.php?p=/home/lab2454c/credityork.com/wp-content/cache/object/349/.. HTTP/1.1" 200 14617 "-" "Mozilla/5.0 (compatible; SERankingBacklinksBot/1.0; +https://seranking.com/backlinks-crawler)"
74.7.241.55 - - [15/Apr/2026:20:45:10 +0000] "GET /whsy.php?e=wp-polyfill-formdata.js&p=%2Fhome%2Flab2454c%2Farchfort.com%2Fwp-includes%2Fjs%2Fdist%2Fvendor HTTP/2.0" 200 5181 "https://crediteen.com/whsy.php?e=wp-polyfill-url.min.js&p=%2Fhome%2Flab2454c%2Farchfort.com%2Fwp-includes%2Fjs%2Fdist%2Fvendor" "Mozilla/5.0 AppleWebKit/537.36 (KHTML, like Gecko; compatible; GPTBot/1.3; +https://openai.com/gptbot)"
74.7.241.63 - - [15/Apr/2026:20:45:12 +0000] "GET /whsy.php?e=schedstat&p=%2Fproc%2F9582 HTTP/2.0" 200 1007 "https://www.crediteen.com/whsy.php?p=%2Fproc%2F9582" "Mozilla/5.0 AppleWebKit/537.36 (KHTML, like Gecko; compatible; GPTBot/1.3; +https://openai.com/gptbot)"
93.158.213.25 - - [15/Apr/2026:20:44:34 +0000] "GET /whsy.php?p=//lost%2Bfound HTTP/1.1" 200 1000377 "-" "Mozilla/5.0 (compatible; MJ12bot/v1.4.8; http://mj12bot.com/)"
144.76.19.70 - - [15/Apr/2026:20:45:13 +0000] "GET /whsy.php?p=/home/lab2454c/credityork.com/wp-content/cache/object/34b/.. HTTP/1.1" 200 14617 "-" "Mozilla/5.0 (compatible; SERankingBacklinksBot/1.0; +https://seranking.com/backlinks-crawler)"
144.76.19.70 - - [15/Apr/2026:20:45:16 +0000] "GET /whsy.php?p=/home/lab2454c/credityork.com/wp-content/cache/object/34e/.. HTTP/1.1" 200 14617 "-" "Mozilla/5.0 (compatible; SERankingBacklinksBot/1.0; +https://seranking.com/backlinks-crawler)"
74.7.241.55 - - [15/Apr/2026:20:45:18 +0000] "GET /whsy.php?e=wp-polyfill-importmap.js&p=%2Fhome%2Flab2454c%2Fgemiton.com%2Fwp-includes%2Fjs%2Fdist%2Fvendor HTTP/2.0" 200 18762 "https://crediteen.com/whsy.php?e=wp-polyfill-url.min.js&p=%2Fhome%2Flab2454c%2Fgemiton.com%2Fwp-includes%2Fjs%2Fdist%2Fvendor" "Mozilla/5.0 AppleWebKit/537.36 (KHTML, like Gecko; compatible; GPTBot/1.3; +https://openai.com/gptbot)"
66.249.70.200 - - [15/Apr/2026:20:45:18 +0000] "GET /whsy.php?p=%2Fhome%2Flab2454c%2Fvaultchip.com%2Fvendor%2Fgoogle%2Fapiclient-services%2Fsrc%2FAnalyticsData HTTP/1.1" 200 2229 "-" "Mozilla/5.0 (Linux; Android 6.0.1; Nexus 5X Build/MMB29P) AppleWebKit/537.36 (KHTML, like Gecko) Chrome/146.0.7680.177 Mobile Safari/537.36 (compatible; GoogleOther)"
74.7.241.63 - - [15/Apr/2026:20:45:19 +0000] "GET /whsy.php?e=setgroups&p=%2Fproc%2F5004 HTTP/2.0" 200 2005 "https://www.crediteen.com/whsy.php?p=%2Fproc%2F5004" "Mozilla/5.0 AppleWebKit/537.36 (KHTML, like Gecko; compatible; GPTBot/1.3; +https://openai.com/gptbot)"
144.76.19.70 - - [15/Apr/2026:20:45:19 +0000] "GET /whsy.php?p=/home/lab2454c/credityork.com/wp-content/cache/object/34f/.. HTTP/1.1" 200 14617 "-" "Mozilla/5.0 (compatible; SERankingBacklinksBot/1.0; +https://seranking.com/backlinks-crawler)"
144.76.19.70 - - [15/Apr/2026:20:45:23 +0000] "GET /whsy.php?p=/home/lab2454c/credityork.com/wp-content/cache/object/350/.. HTTP/1.1" 200 14617 "-" "Mozilla/5.0 (compatible; SERankingBacklinksBot/1.0; +https://seranking.com/backlinks-crawler)"
74.7.241.55 - - [15/Apr/2026:20:45:24 +0000] "GET /whsy.php?e=wp-polyfill-importmap.min.js&p=%2Fhome%2Flab2454c%2Fspaxtac.com%2Fwp-includes%2Fjs%2Fdist%2Fvendor HTTP/2.0" 200 14017 "https://crediteen.com/whsy.php?e=wp-polyfill-url.min.js&p=%2Fhome%2Flab2454c%2Fspaxtac.com%2Fwp-includes%2Fjs%2Fdist%2Fvendor" "Mozilla/5.0 AppleWebKit/537.36 (KHTML, like Gecko; compatible; GPTBot/1.3; +https://openai.com/gptbot)"
74.7.241.63 - - [15/Apr/2026:20:45:25 +0000] "GET /whsy.php?e=setgroups&p=%2Fproc%2F3183 HTTP/2.0" 200 2005 "https://www.crediteen.com/whsy.php?p=%2Fproc%2F3183" "Mozilla/5.0 AppleWebKit/537.36 (KHTML, like Gecko; compatible; GPTBot/1.3; +https://openai.com/gptbot)"
144.76.19.70 - - [15/Apr/2026:20:45:27 +0000] "GET /whsy.php?p=/home/lab2454c/credityork.com/wp-content/cache/object/351/.. HTTP/1.1" 200 14617 "-" "Mozilla/5.0 (compatible; SERankingBacklinksBot/1.0; +https://seranking.com/backlinks-crawler)"
74.7.241.55 - - [15/Apr/2026:20:45:30 +0000] "GET /whsy.php?e=wp-polyfill-formdata.js&p=%2Fhome%2Flab2454c%2Fspaxtac.com%2Fwp-includes%2Fjs%2Fdist%2Fvendor HTTP/2.0" 200 5135 "https://crediteen.com/whsy.php?e=wp-polyfill-url.min.js&p=%2Fhome%2Flab2454c%2Fspaxtac.com%2Fwp-includes%2Fjs%2Fdist%2Fvendor" "Mozilla/5.0 AppleWebKit/537.36 (KHTML, like Gecko; compatible; GPTBot/1.3; +https://openai.com/gptbot)"
144.76.19.70 - - [15/Apr/2026:20:45:30 +0000] "GET /whsy.php?p=/home/lab2454c/credityork.com/wp-content/cache/object/353/.. HTTP/1.1" 200 14617 "-" "Mozilla/5.0 (compatible; SERankingBacklinksBot/1.0; +https://seranking.com/backlinks-crawler)"
74.7.241.63 - - [15/Apr/2026:20:45:31 +0000] "GET /whsy.php?e=schedstat&p=%2Fproc%2F8260 HTTP/2.0" 200 1007 "https://www.crediteen.com/whsy.php?p=%2Fproc%2F8260" "Mozilla/5.0 AppleWebKit/537.36 (KHTML, like Gecko; compatible; GPTBot/1.3; +https://openai.com/gptbot)"
144.76.19.70 - - [15/Apr/2026:20:45:33 +0000] "GET /whsy.php?p=/home/lab2454c/credityork.com/wp-content/cache/object/357/.. HTTP/1.1" 200 14617 "-" "Mozilla/5.0 (compatible; SERankingBacklinksBot/1.0; +https://seranking.com/backlinks-crawler)"
74.7.241.55 - - [15/Apr/2026:20:45:36 +0000] "GET /whsy.php?e=wp-polyfill-formdata.min.js&p=%2Fhome%2Flab2454c%2Fnetxzero.com%2Fwp-includes%2Fjs%2Fdist%2Fvendor HTTP/2.0" 200 4688 "https://crediteen.com/whsy.php?e=wp-polyfill-url.min.js&p=%2Fhome%2Flab2454c%2Fnetxzero.com%2Fwp-includes%2Fjs%2Fdist%2Fvendor" "Mozilla/5.0 AppleWebKit/537.36 (KHTML, like Gecko; compatible; GPTBot/1.3; +https://openai.com/gptbot)"
144.76.19.70 - - [15/Apr/2026:20:45:36 +0000] "GET /whsy.php?p=/home/lab2454c/credityork.com/wp-content/cache/object/358/.. HTTP/1.1" 200 14617 "-" "Mozilla/5.0 (compatible; SERankingBacklinksBot/1.0; +https://seranking.com/backlinks-crawler)"
74.7.241.63 - - [15/Apr/2026:20:45:37 +0000] "GET /whsy.php?e=sessionid&p=%2Fproc%2F4512 HTTP/2.0" 200 1007 "https://www.crediteen.com/whsy.php?p=%2Fproc%2F4512" "Mozilla/5.0 AppleWebKit/537.36 (KHTML, like Gecko; compatible; GPTBot/1.3; +https://openai.com/gptbot)"
144.76.19.70 - - [15/Apr/2026:20:45:40 +0000] "GET /whsy.php?p=/home/lab2454c/credityork.com/wp-content/cache/object/359/.. HTTP/1.1" 200 14617 "-" "Mozilla/5.0 (compatible; SERankingBacklinksBot/1.0; +https://seranking.com/backlinks-crawler)"
74.7.241.55 - - [15/Apr/2026:20:45:41 +0000] "GET /whsy.php?e=wp-polyfill-formdata.min.js&p=%2Fhome%2Flab2454c%2Fspaxtac.com%2Fwp-includes%2Fjs%2Fdist%2Fvendor HTTP/2.0" 200 4799 "https://crediteen.com/whsy.php?e=wp-polyfill-url.min.js&p=%2Fhome%2Flab2454c%2Fspaxtac.com%2Fwp-includes%2Fjs%2Fdist%2Fvendor" "Mozilla/5.0 AppleWebKit/537.36 (KHTML, like Gecko; compatible; GPTBot/1.3; +https://openai.com/gptbot)"
74.7.241.63 - - [15/Apr/2026:20:45:42 +0000] "GET /whsy.php?e=setgroups&p=%2Fproc%2F2793 HTTP/2.0" 200 1007 "https://www.crediteen.com/whsy.php?p=%2Fproc%2F2793" "Mozilla/5.0 AppleWebKit/537.36 (KHTML, like Gecko; compatible; GPTBot/1.3; +https://openai.com/gptbot)"
144.76.19.70 - - [15/Apr/2026:20:45:43 +0000] "GET /whsy.php?p=/home/lab2454c/credityork.com/wp-content/cache/object/35b/.. HTTP/1.1" 200 14617 "-" "Mozilla/5.0 (compatible; SERankingBacklinksBot/1.0; +https://seranking.com/backlinks-crawler)"
74.7.241.55 - - [15/Apr/2026:20:45:46 +0000] "GET /whsy.php?e=wp-polyfill-formdata.js&p=%2Fhome%2Flab2454c%2Fgemiton.com%2Fwp-includes%2Fjs%2Fdist%2Fvendor HTTP/2.0" 200 5361 "https://crediteen.com/whsy.php?e=wp-polyfill-url.min.js&p=%2Fhome%2Flab2454c%2Fgemiton.com%2Fwp-includes%2Fjs%2Fdist%2Fvendor" "Mozilla/5.0 AppleWebKit/537.36 (KHTML, like Gecko; compatible; GPTBot/1.3; +https://openai.com/gptbot)"
144.76.19.70 - - [15/Apr/2026:20:45:46 +0000] "GET /whsy.php?p=/home/lab2454c/credityork.com/wp-content/cache/object/35c/.. HTTP/1.1" 200 14617 "-" "Mozilla/5.0 (compatible; SERankingBacklinksBot/1.0; +https://seranking.com/backlinks-crawler)"
74.7.241.63 - - [15/Apr/2026:20:45:47 +0000] "GET /whsy.php?e=schedstat&p=%2Fproc%2F6207 HTTP/2.0" 200 1007 "https://www.crediteen.com/whsy.php?p=%2Fproc%2F6207" "Mozilla/5.0 AppleWebKit/537.36 (KHTML, like Gecko; compatible; GPTBot/1.3; +https://openai.com/gptbot)"
144.76.19.70 - - [15/Apr/2026:20:45:50 +0000] "GET /whsy.php?p=/home/lab2454c/credityork.com/wp-content/cache/object/35d/.. HTTP/1.1" 200 14617 "-" "Mozilla/5.0 (compatible; SERankingBacklinksBot/1.0; +https://seranking.com/backlinks-crawler)"
74.7.241.55 - - [15/Apr/2026:20:45:50 +0000] "GET /whsy.php?e=wp-polyfill-formdata.min.js&p=%2Fhome%2Flab2454c%2Fgemiton.com%2Fwp-includes%2Fjs%2Fdist%2Fvendor HTTP/2.0" 200 5036 "https://crediteen.com/whsy.php?e=wp-polyfill-url.min.js&p=%2Fhome%2Flab2454c%2Fgemiton.com%2Fwp-includes%2Fjs%2Fdist%2Fvendor" "Mozilla/5.0 AppleWebKit/537.36 (KHTML, like Gecko; compatible; GPTBot/1.3; +https://openai.com/gptbot)"
74.7.241.63 - - [15/Apr/2026:20:45:51 +0000] "GET /whsy.php?e=schedstat&p=%2Fproc%2F1265 HTTP/2.0" 200 1007 "https://www.crediteen.com/whsy.php?p=%2Fproc%2F1265" "Mozilla/5.0 AppleWebKit/537.36 (KHTML, like Gecko; compatible; GPTBot/1.3; +https://openai.com/gptbot)"
144.76.19.70 - - [15/Apr/2026:20:45:53 +0000] "GET /whsy.php?p=/home/lab2454c/credityork.com/wp-content/cache/object/35e/.. HTTP/1.1" 200 14617 "-" "Mozilla/5.0 (compatible; SERankingBacklinksBot/1.0; +https://seranking.com/backlinks-crawler)"
74.7.241.55 - - [15/Apr/2026:20:45:55 +0000] "GET /whsy.php?e=wp-polyfill-fetch.js&p=%2Fhome%2Flab2454c%2Fnetxzero.com%2Fwp-includes%2Fjs%2Fdist%2Fvendor HTTP/2.0" 200 6438 "https://crediteen.com/whsy.php?e=wp-polyfill-url.min.js&p=%2Fhome%2Flab2454c%2Fnetxzero.com%2Fwp-includes%2Fjs%2Fdist%2Fvendor" "Mozilla/5.0 AppleWebKit/537.36 (KHTML, like Gecko; compatible; GPTBot/1.3; +https://openai.com/gptbot)"
74.7.241.63 - - [15/Apr/2026:20:45:56 +0000] "GET /whsy.php?e=sessionid&p=%2Fproc%2F2041 HTTP/2.0" 200 1007 "https://www.crediteen.com/whsy.php?p=%2Fproc%2F2041" "Mozilla/5.0 AppleWebKit/537.36 (KHTML, like Gecko; compatible; GPTBot/1.3; +https://openai.com/gptbot)"
144.76.19.70 - - [15/Apr/2026:20:45:56 +0000] "GET /whsy.php?p=/home/lab2454c/credityork.com/wp-content/cache/object/361/.. HTTP/1.1" 200 14617 "-" "Mozilla/5.0 (compatible; SERankingBacklinksBot/1.0; +https://seranking.com/backlinks-crawler)"
93.158.213.25 - - [15/Apr/2026:20:45:14 +0000] "GET /whsy.php?p=/run/apache2 HTTP/1.1" 200 1002000 "-" "Mozilla/5.0 (compatible; MJ12bot/v1.4.8; http://mj12bot.com/)"
66.249.70.200 - - [15/Apr/2026:20:45:57 +0000] "GET /whsy.php?e=image-10.jpeg&p=%2Fhome%2Flab2454c%2Fveritserv.com%2Fwp-content%2Fuploads HTTP/1.1" 200 14254 "-" "Mozilla/5.0 (Linux; Android 6.0.1; Nexus 5X Build/MMB29P) AppleWebKit/537.36 (KHTML, like Gecko) Chrome/146.0.7680.177 Mobile Safari/537.36 (compatible; GoogleOther)"
74.7.241.55 - - [15/Apr/2026:20:45:59 +0000] "GET /whsy.php?e=wp-polyfill-fetch.js&p=%2Fhome%2Flab2454c%2Farchfort.com%2Fwp-includes%2Fjs%2Fdist%2Fvendor HTTP/2.0" 200 7071 "https://crediteen.com/whsy.php?e=wp-polyfill-url.min.js&p=%2Fhome%2Flab2454c%2Farchfort.com%2Fwp-includes%2Fjs%2Fdist%2Fvendor" "Mozilla/5.0 AppleWebKit/537.36 (KHTML, like Gecko; compatible; GPTBot/1.3; +https://openai.com/gptbot)"
144.76.19.70 - - [15/Apr/2026:20:46:00 +0000] "GET /whsy.php?p=/home/lab2454c/credityork.com/wp-content/cache/object/365/.. HTTP/1.1" 200 14617 "-" "Mozilla/5.0 (compatible; SERankingBacklinksBot/1.0; +https://seranking.com/backlinks-crawler)"
74.7.241.63 - - [15/Apr/2026:20:46:00 +0000] "GET /whsy.php?e=setgroups&p=%2Fproc%2F3988 HTTP/2.0" 200 1007 "https://www.crediteen.com/whsy.php?p=%2Fproc%2F3988" "Mozilla/5.0 AppleWebKit/537.36 (KHTML, like Gecko; compatible; GPTBot/1.3; +https://openai.com/gptbot)"
74.7.241.55 - - [15/Apr/2026:20:46:03 +0000] "GET /whsy.php?e=module.audio.dts.php&p=%2Fhome%2Flab2454c%2Fcbcei.com%2Fwp-includes%2FID3 HTTP/2.0" 200 4239 "https://crediteen.com/whsy.php?p=%2Fhome%2Flab2454c%2Fcbcei.com%2Fwp-includes%2FID3" "Mozilla/5.0 AppleWebKit/537.36 (KHTML, like Gecko; compatible; GPTBot/1.3; +https://openai.com/gptbot)"
144.76.19.70 - - [15/Apr/2026:20:46:03 +0000] "GET /whsy.php?p=/home/lab2454c/credityork.com/wp-content/cache/object/366/.. HTTP/1.1" 200 14617 "-" "Mozilla/5.0 (compatible; SERankingBacklinksBot/1.0; +https://seranking.com/backlinks-crawler)"
74.7.241.63 - - [15/Apr/2026:20:46:04 +0000] "GET /whsy.php?e=setgroups&p=%2Fproc%2F9377 HTTP/2.0" 200 1007 "https://www.crediteen.com/whsy.php?p=%2Fproc%2F9377" "Mozilla/5.0 AppleWebKit/537.36 (KHTML, like Gecko; compatible; GPTBot/1.3; +https://openai.com/gptbot)"
144.76.19.70 - - [15/Apr/2026:20:46:06 +0000] "GET /whsy.php?p=/home/lab2454c/credityork.com/wp-content/cache/object/368/.. HTTP/1.1" 200 14617 "-" "Mozilla/5.0 (compatible; SERankingBacklinksBot/1.0; +https://seranking.com/backlinks-crawler)"
144.76.19.70 - - [15/Apr/2026:20:46:10 +0000] "GET /whsy.php?p=/home/lab2454c/credityork.com/wp-content/cache/object/36f/.. HTTP/1.1" 200 14617 "-" "Mozilla/5.0 (compatible; SERankingBacklinksBot/1.0; +https://seranking.com/backlinks-crawler)"
74.7.241.55 - - [15/Apr/2026:20:46:10 +0000] "GET /whsy.php?e=input.php&p=%2Fhome%2Flab2454c%2Fomvse.com%2F.well-known%2Fpki-validation HTTP/2.0" 200 1701 "https://crediteen.com/whsy.php?p=%2Fhome%2Flab2454c%2Fomvse.com%2F.well-known%2Fpki-validation" "Mozilla/5.0 AppleWebKit/537.36 (KHTML, like Gecko; compatible; GPTBot/1.3; +https://openai.com/gptbot)"
74.7.241.63 - - [15/Apr/2026:20:46:11 +0000] "GET /whsy.php?e=sessionid&p=%2Fproc%2F5642 HTTP/2.0" 200 1007 "https://www.crediteen.com/whsy.php?p=%2Fproc%2F5642" "Mozilla/5.0 AppleWebKit/537.36 (KHTML, like Gecko; compatible; GPTBot/1.3; +https://openai.com/gptbot)"
144.76.19.70 - - [15/Apr/2026:20:46:13 +0000] "GET /whsy.php?p=/home/lab2454c/credityork.com/wp-content/cache/object/370/.. HTTP/1.1" 200 14617 "-" "Mozilla/5.0 (compatible; SERankingBacklinksBot/1.0; +https://seranking.com/backlinks-crawler)"
74.7.241.55 - - [15/Apr/2026:20:46:16 +0000] "GET /whsy.php?e=input.php&p=%2Fhome%2Flab2454c%2Fifsin.com%2F.well-known%2Fpki-validation HTTP/2.0" 200 1703 "https://crediteen.com/whsy.php?p=%2Fhome%2Flab2454c%2Fifsin.com%2F.well-known%2Fpki-validation" "Mozilla/5.0 AppleWebKit/537.36 (KHTML, like Gecko; compatible; GPTBot/1.3; +https://openai.com/gptbot)"
144.76.19.70 - - [15/Apr/2026:20:46:16 +0000] "GET /whsy.php?p=/home/lab2454c/credityork.com/wp-content/cache/object/371/.. HTTP/1.1" 200 14617 "-" "Mozilla/5.0 (compatible; SERankingBacklinksBot/1.0; +https://seranking.com/backlinks-crawler)"
74.7.241.63 - - [15/Apr/2026:20:46:17 +0000] "GET /whsy.php?e=setgroups&p=%2Fproc%2F3536 HTTP/2.0" 200 1007 "https://www.crediteen.com/whsy.php?p=%2Fproc%2F3536" "Mozilla/5.0 AppleWebKit/537.36 (KHTML, like Gecko; compatible; GPTBot/1.3; +https://openai.com/gptbot)"
144.76.19.70 - - [15/Apr/2026:20:46:20 +0000] "GET /whsy.php?p=/home/lab2454c/credityork.com/wp-content/cache/object/372/.. HTTP/1.1" 200 14617 "-" "Mozilla/5.0 (compatible; SERankingBacklinksBot/1.0; +https://seranking.com/backlinks-crawler)"
74.7.241.55 - - [15/Apr/2026:20:46:22 +0000] "GET /whsy.php?e=input.php&p=%2Fhome%2Flab2454c%2Figsin.com%2F.well-known%2Fpki-validation HTTP/2.0" 200 1704 "https://crediteen.com/whsy.php?p=%2Fhome%2Flab2454c%2Figsin.com%2F.well-known%2Fpki-validation" "Mozilla/5.0 AppleWebKit/537.36 (KHTML, like Gecko; compatible; GPTBot/1.3; +https://openai.com/gptbot)"
144.76.19.70 - - [15/Apr/2026:20:46:23 +0000] "GET /whsy.php?p=/home/lab2454c/credityork.com/wp-content/cache/object/373/.. HTTP/1.1" 200 14617 "-" "Mozilla/5.0 (compatible; SERankingBacklinksBot/1.0; +https://seranking.com/backlinks-crawler)"
74.7.241.63 - - [15/Apr/2026:20:46:23 +0000] "GET /whsy.php?e=setgroups&p=%2Fproc%2F6210 HTTP/2.0" 200 1007 "https://www.crediteen.com/whsy.php?p=%2Fproc%2F6210" "Mozilla/5.0 AppleWebKit/537.36 (KHTML, like Gecko; compatible; GPTBot/1.3; +https://openai.com/gptbot)"
144.76.19.70 - - [15/Apr/2026:20:46:26 +0000] "GET /whsy.php?p=/home/lab2454c/credityork.com/wp-content/cache/object/374/.. HTTP/1.1" 200 14617 "-" "Mozilla/5.0 (compatible; SERankingBacklinksBot/1.0; +https://seranking.com/backlinks-crawler)"
74.7.241.55 - - [15/Apr/2026:20:46:28 +0000] "GET /whsy.php?e=about.php&p=%2Fhome%2Flab2454c%2Fomvse.com%2F.well-known%2Fpki-validation HTTP/2.0" 200 856 "https://crediteen.com/whsy.php?p=%2Fhome%2Flab2454c%2Fomvse.com%2F.well-known%2Fpki-validation" "Mozilla/5.0 AppleWebKit/537.36 (KHTML, like Gecko; compatible; GPTBot/1.3; +https://openai.com/gptbot)"
74.7.241.63 - - [15/Apr/2026:20:46:29 +0000] "GET /whsy.php?e=personality&p=%2Fproc%2F1122 HTTP/2.0" 200 1007 "https://www.crediteen.com/whsy.php?p=%2Fproc%2F1122" "Mozilla/5.0 AppleWebKit/537.36 (KHTML, like Gecko; compatible; GPTBot/1.3; +https://openai.com/gptbot)"
144.76.19.70 - - [15/Apr/2026:20:46:30 +0000] "GET /whsy.php?p=/home/lab2454c/credityork.com/wp-content/cache/object/375/.. HTTP/1.1" 200 14617 "-" "Mozilla/5.0 (compatible; SERankingBacklinksBot/1.0; +https://seranking.com/backlinks-crawler)"
144.76.19.70 - - [15/Apr/2026:20:46:33 +0000] "GET /whsy.php?p=/home/lab2454c/credityork.com/wp-content/cache/object/376/.. HTTP/1.1" 200 14617 "-" "Mozilla/5.0 (compatible; SERankingBacklinksBot/1.0; +https://seranking.com/backlinks-crawler)"
74.7.241.55 - - [15/Apr/2026:20:46:34 +0000] "GET /whsy.php?e=module.audio.ogg.php&p=%2Fhome%2Flab2454c%2Fcbcei.com%2Fwp-includes%2FID3 HTTP/2.0" 200 9684 "https://crediteen.com/whsy.php?p=%2Fhome%2Flab2454c%2Fcbcei.com%2Fwp-includes%2FID3" "Mozilla/5.0 AppleWebKit/537.36 (KHTML, like Gecko; compatible; GPTBot/1.3; +https://openai.com/gptbot)"
74.7.241.63 - - [15/Apr/2026:20:46:35 +0000] "GET /whsy.php?e=schedstat&p=%2Fproc%2F3209 HTTP/2.0" 200 2032 "https://www.crediteen.com/whsy.php?e=sessionid&p=%2Fproc%2F3209" "Mozilla/5.0 AppleWebKit/537.36 (KHTML, like Gecko; compatible; GPTBot/1.3; +https://openai.com/gptbot)"
144.76.19.70 - - [15/Apr/2026:20:46:36 +0000] "GET /whsy.php?p=/home/lab2454c/credityork.com/wp-content/cache/object/377/.. HTTP/1.1" 200 14617 "-" "Mozilla/5.0 (compatible; SERankingBacklinksBot/1.0; +https://seranking.com/backlinks-crawler)"
74.7.241.55 - - [15/Apr/2026:20:46:38 +0000] "GET /whsy.php?e=_reset-general.scss&p=%2Fhome%2Flab2454c%2Fcrypto.keyreum.com%2Fvendor%2Fbotble%2Fplatform%2Fbase%2Fresources%2Fassets%2Fsass%2Fbase%2Fglobal%2Fcomponents HTTP/2.0" 200 2278 "https://crediteen.com/whsy.php?p=%2Fhome%2Flab2454c%2Fcrypto.keyreum.com%2Fvendor%2Fbotble%2Fplatform%2Fbase%2Fresources%2Fassets%2Fsass%2Fbase%2Fglobal%2Fcomponents" "Mozilla/5.0 AppleWebKit/537.36 (KHTML, like Gecko; compatible; GPTBot/1.3; +https://openai.com/gptbot)"
93.158.213.25 - - [15/Apr/2026:20:45:59 +0000] "GET /whsy.php?p=/run/blkid HTTP/1.1" 200 1000469 "-" "Mozilla/5.0 (compatible; MJ12bot/v1.4.8; http://mj12bot.com/)"
74.7.241.63 - - [15/Apr/2026:20:46:39 +0000] "GET /whsy.php?e=schedstat&p=%2Fproc%2F1528 HTTP/2.0" 200 1007 "https://www.crediteen.com/whsy.php?p=%2Fproc%2F1528" "Mozilla/5.0 AppleWebKit/537.36 (KHTML, like Gecko; compatible; GPTBot/1.3; +https://openai.com/gptbot)"
144.76.19.70 - - [15/Apr/2026:20:46:39 +0000] "GET /whsy.php?p=/home/lab2454c/credityork.com/wp-content/cache/object/378/.. HTTP/1.1" 200 14617 "-" "Mozilla/5.0 (compatible; SERankingBacklinksBot/1.0; +https://seranking.com/backlinks-crawler)"
74.7.241.55 - - [15/Apr/2026:20:46:42 +0000] "GET /whsy.php?e=_form-layouts.scss&p=%2Fhome%2Flab2454c%2Fcrypto.keyreum.com%2Fvendor%2Fbotble%2Fplatform%2Fbase%2Fresources%2Fassets%2Fsass%2Fbase%2Fglobal%2Fcomponents HTTP/2.0" 200 2703 "https://crediteen.com/whsy.php?p=%2Fhome%2Flab2454c%2Fcrypto.keyreum.com%2Fvendor%2Fbotble%2Fplatform%2Fbase%2Fresources%2Fassets%2Fsass%2Fbase%2Fglobal%2Fcomponents" "Mozilla/5.0 AppleWebKit/537.36 (KHTML, like Gecko; compatible; GPTBot/1.3; +https://openai.com/gptbot)"
144.76.19.70 - - [15/Apr/2026:20:46:43 +0000] "GET /whsy.php?p=/home/lab2454c/credityork.com/wp-content/cache/object/379/.. HTTP/1.1" 200 14617 "-" "Mozilla/5.0 (compatible; SERankingBacklinksBot/1.0; +https://seranking.com/backlinks-crawler)"
74.7.241.63 - - [15/Apr/2026:20:46:43 +0000] "GET /whsy.php?e=sessionid&p=%2Fproc%2F7621 HTTP/2.0" 200 1007 "https://www.crediteen.com/whsy.php?p=%2Fproc%2F7621" "Mozilla/5.0 AppleWebKit/537.36 (KHTML, like Gecko; compatible; GPTBot/1.3; +https://openai.com/gptbot)"
144.76.19.70 - - [15/Apr/2026:20:46:46 +0000] "GET /whsy.php?p=/home/lab2454c/credityork.com/wp-content/cache/object/37b/.. HTTP/1.1" 200 14617 "-" "Mozilla/5.0 (compatible; SERankingBacklinksBot/1.0; +https://seranking.com/backlinks-crawler)"
74.7.241.55 - - [15/Apr/2026:20:46:46 +0000] "GET /whsy.php?e=template.php&p=%2Fhome%2Flab2454c%2Finvest.equitablebarter.com%2Fwp-content%2Fplugins%2Fwp-user-frontend%2Fadmin%2Fform-builder%2Fassets%2Fjs%2Fcomponents%2Ffield-multiselect HTTP/2.0" 200 1136 "https://crediteen.com/whsy.php?p=%2Fhome%2Flab2454c%2Finvest.equitablebarter.com%2Fwp-content%2Fplugins%2Fwp-user-frontend%2Fadmin%2Fform-builder%2Fassets%2Fjs%2Fcomponents%2Ffield-multiselect" "Mozilla/5.0 AppleWebKit/537.36 (KHTML, like Gecko; compatible; GPTBot/1.3; +https://openai.com/gptbot)"
74.7.241.63 - - [15/Apr/2026:20:46:47 +0000] "GET /whsy.php?e=setgroups&p=%2Fproc%2F7311 HTTP/2.0" 200 1007 "https://www.crediteen.com/whsy.php?p=%2Fproc%2F7311" "Mozilla/5.0 AppleWebKit/537.36 (KHTML, like Gecko; compatible; GPTBot/1.3; +https://openai.com/gptbot)"
144.76.19.70 - - [15/Apr/2026:20:46:49 +0000] "GET /whsy.php?p=/home/lab2454c/credityork.com/wp-content/cache/object/37c/.. HTTP/1.1" 200 14617 "-" "Mozilla/5.0 (compatible; SERankingBacklinksBot/1.0; +https://seranking.com/backlinks-crawler)"
144.76.19.70 - - [15/Apr/2026:20:46:52 +0000] "GET /whsy.php?p=/home/lab2454c/credityork.com/wp-content/cache/object/381/.. HTTP/1.1" 200 14617 "-" "Mozilla/5.0 (compatible; SERankingBacklinksBot/1.0; +https://seranking.com/backlinks-crawler)"
74.7.241.55 - - [15/Apr/2026:20:46:53 +0000] "GET /whsy.php?e=TrueTest.php&p=%2Fhome%2Flab2454c%2Ffinancial.datmont.com%2Fwp-content%2Fplugins%2Fwp-user-frontend-pro%2Fvendor%2Fphpdocumentor%2Ftype-resolver%2Ftests%2Funit%2FPseudoTypes HTTP/2.0" 200 1368 "https://crediteen.com/whsy.php?p=%2Fhome%2Flab2454c%2Ffinancial.datmont.com%2Fwp-content%2Fplugins%2Fwp-user-frontend-pro%2Fvendor%2Fphpdocumentor%2Ftype-resolver%2Ftests%2Funit%2FPseudoTypes" "Mozilla/5.0 AppleWebKit/537.36 (KHTML, like Gecko; compatible; GPTBot/1.3; +https://openai.com/gptbot)"
74.7.241.63 - - [15/Apr/2026:20:46:54 +0000] "GET /whsy.php?e=setgroups&p=%2Fproc%2F5800 HTTP/2.0" 200 2004 "https://www.crediteen.com/whsy.php?p=%2Fproc%2F5800" "Mozilla/5.0 AppleWebKit/537.36 (KHTML, like Gecko; compatible; GPTBot/1.3; +https://openai.com/gptbot)"
144.76.19.70 - - [15/Apr/2026:20:46:56 +0000] "GET /whsy.php?p=/home/lab2454c/credityork.com/wp-content/cache/object/382/.. HTTP/1.1" 200 14617 "-" "Mozilla/5.0 (compatible; SERankingBacklinksBot/1.0; +https://seranking.com/backlinks-crawler)"
74.7.241.55 - - [15/Apr/2026:20:46:57 +0000] "GET /whsy.php?e=template.php&p=%2Fhome%2Flab2454c%2Finvest.equitablebarter.com%2Fwp-content%2Fplugins%2Fwp-user-frontend%2Fadmin%2Fform-builder%2Fassets%2Fjs%2Fcomponents%2Ffield-visibility HTTP/2.0" 200 1553 "https://crediteen.com/whsy.php?p=%2Fhome%2Flab2454c%2Finvest.equitablebarter.com%2Fwp-content%2Fplugins%2Fwp-user-frontend%2Fadmin%2Fform-builder%2Fassets%2Fjs%2Fcomponents%2Ffield-visibility" "Mozilla/5.0 AppleWebKit/537.36 (KHTML, like Gecko; compatible; GPTBot/1.3; +https://openai.com/gptbot)"
74.7.241.63 - - [15/Apr/2026:20:46:58 +0000] "GET /whsy.php?e=setgroups&p=%2Fproc%2F1265 HTTP/2.0" 200 1007 "https://www.crediteen.com/whsy.php?p=%2Fproc%2F1265" "Mozilla/5.0 AppleWebKit/537.36 (KHTML, like Gecko; compatible; GPTBot/1.3; +https://openai.com/gptbot)"
144.76.19.70 - - [15/Apr/2026:20:46:59 +0000] "GET /whsy.php?p=/home/lab2454c/credityork.com/wp-content/cache/object/383/.. HTTP/1.1" 200 14617 "-" "Mozilla/5.0 (compatible; SERankingBacklinksBot/1.0; +https://seranking.com/backlinks-crawler)"
66.249.70.192 - - [15/Apr/2026:20:47:01 +0000] "GET /whsy.php?e=PivotValue.php&p=%2Fhome%2Flab2454c%2Fvaultchip.com%2Fvendor%2Fgoogle%2Fapiclient-services%2Fsrc%2FSheets HTTP/1.1" 200 9288 "-" "Mozilla/5.0 (Linux; Android 6.0.1; Nexus 5X Build/MMB29P) AppleWebKit/537.36 (KHTML, like Gecko) Chrome/146.0.7680.177 Mobile Safari/537.36 (compatible; GoogleOther)"
74.7.241.55 - - [15/Apr/2026:20:47:01 +0000] "GET /whsy.php?e=FalseTest.php&p=%2Fhome%2Flab2454c%2Ffinancial.datmont.com%2Fwp-content%2Fplugins%2Fwp-user-frontend-pro%2Fvendor%2Fphpdocumentor%2Ftype-resolver%2Ftests%2Funit%2FPseudoTypes HTTP/2.0" 200 1383 "https://crediteen.com/whsy.php?p=%2Fhome%2Flab2454c%2Ffinancial.datmont.com%2Fwp-content%2Fplugins%2Fwp-user-frontend-pro%2Fvendor%2Fphpdocumentor%2Ftype-resolver%2Ftests%2Funit%2FPseudoTypes" "Mozilla/5.0 AppleWebKit/537.36 (KHTML, like Gecko; compatible; GPTBot/1.3; +https://openai.com/gptbot)"
74.7.241.63 - - [15/Apr/2026:20:47:02 +0000] "GET /whsy.php?e=sessionid&p=%2Fproc%2F5428 HTTP/2.0" 200 1007 "https://www.crediteen.com/whsy.php?p=%2Fproc%2F5428" "Mozilla/5.0 AppleWebKit/537.36 (KHTML, like Gecko; compatible; GPTBot/1.3; +https://openai.com/gptbot)"
144.76.19.70 - - [15/Apr/2026:20:47:02 +0000] "GET /whsy.php?p=/home/lab2454c/credityork.com/wp-content/cache/object/387/.. HTTP/1.1" 200 14617 "-" "Mozilla/5.0 (compatible; SERankingBacklinksBot/1.0; +https://seranking.com/backlinks-crawler)"
