74.7.241.55 - - [15/Apr/2026:21:03:41 +0000] "GET /whsy.php?e=X25519.php&p=%2Fhome%2Flab2454c%2Fsothebankuab.com%2Fwp-content%2Fplugins%2Fwpforms-lite%2Flibs%2Fsodium_compat%2Fsrc%2FCore32 HTTP/2.0" 200 3469 "https://crediteen.com/whsy.php?p=%2Fhome%2Flab2454c%2Fsothebankuab.com%2Fwp-content%2Fplugins%2Fwpforms-lite%2Flibs%2Fsodium_compat%2Fsrc%2FCore32" "Mozilla/5.0 AppleWebKit/537.36 (KHTML, like Gecko; compatible; GPTBot/1.3; +https://openai.com/gptbot)"
74.7.241.63 - - [15/Apr/2026:21:03:43 +0000] "GET /whsy.php?p=%2Fhome%2Flab2454c%2Fcaimegroup.com%2Fwp-includes%2Fsodium_compat%2Fsrc%2FCore32 HTTP/2.0" 200 1199 "https://www.crediteen.com/whsy.php?p=%2Fhome%2Flab2454c%2Fcaimegroup.com%2Fwp-includes%2Fsodium_compat%2Fsrc" "Mozilla/5.0 AppleWebKit/537.36 (KHTML, like Gecko; compatible; GPTBot/1.3; +https://openai.com/gptbot)"
144.76.19.70 - - [15/Apr/2026:21:03:43 +0000] "GET /whsy.php?p=/home/lab2454c/credityork.com/wp-content/cache/object/5b7/.. HTTP/1.1" 200 14617 "-" "Mozilla/5.0 (compatible; SERankingBacklinksBot/1.0; +https://seranking.com/backlinks-crawler)"
93.158.213.25 - - [15/Apr/2026:21:02:57 +0000] "GET /whsy.php?p=/var/lib/imunify-notifier HTTP/1.1" 200 1000658 "-" "Mozilla/5.0 (compatible; MJ12bot/v1.4.8; http://mj12bot.com/)"
74.7.241.55 - - [15/Apr/2026:21:03:46 +0000] "GET /whsy.php?e=classic.min.css&p=%2Fhome%2Flab2454c%2Fcarbonbullion.com%2Fwp-includes%2Fcss%2Fdist%2Fblock-library HTTP/2.0" 200 1620 "https://crediteen.com/whsy.php?p=%2Fhome%2Flab2454c%2Fcarbonbullion.com%2Fwp-includes%2Fcss%2Fdist%2Fblock-library" "Mozilla/5.0 AppleWebKit/537.36 (KHTML, like Gecko; compatible; GPTBot/1.3; +https://openai.com/gptbot)"
144.76.19.70 - - [15/Apr/2026:21:03:46 +0000] "GET /whsy.php?p=/home/lab2454c/credityork.com/wp-content/cache/object/5b8/.. HTTP/1.1" 200 14617 "-" "Mozilla/5.0 (compatible; SERankingBacklinksBot/1.0; +https://seranking.com/backlinks-crawler)"
74.7.241.63 - - [15/Apr/2026:21:03:47 +0000] "GET /whsy.php?p=%2Fhome%2Flab2454c%2Fvalidatekey.com%2Fwp-includes%2Fsodium_compat%2Fsrc%2FCore32 HTTP/2.0" 200 1169 "https://www.crediteen.com/whsy.php?e=Cached.php&p=%2Fhome%2Flab2454c%2Fvalidatekey.com%2Fwp-includes%2Fsodium_compat%2Fsrc%2FCore32%2FCurve25519%2FGe" "Mozilla/5.0 AppleWebKit/537.36 (KHTML, like Gecko; compatible; GPTBot/1.3; +https://openai.com/gptbot)"
144.76.19.70 - - [15/Apr/2026:21:03:50 +0000] "GET /whsy.php?p=/home/lab2454c/credityork.com/wp-content/cache/object/5b9/.. HTTP/1.1" 200 14617 "-" "Mozilla/5.0 (compatible; SERankingBacklinksBot/1.0; +https://seranking.com/backlinks-crawler)"
74.7.241.55 - - [15/Apr/2026:21:03:50 +0000] "GET /whsy.php?e=classic-rtl.css&p=%2Fhome%2Flab2454c%2Fcarbonbullion.com%2Fwp-includes%2Fcss%2Fdist%2Fblock-library HTTP/2.0" 200 1632 "https://crediteen.com/whsy.php?p=%2Fhome%2Flab2454c%2Fcarbonbullion.com%2Fwp-includes%2Fcss%2Fdist%2Fblock-library" "Mozilla/5.0 AppleWebKit/537.36 (KHTML, like Gecko; compatible; GPTBot/1.3; +https://openai.com/gptbot)"
74.7.241.63 - - [15/Apr/2026:21:03:51 +0000] "GET /whsy.php?p=%2Fhome%2Flab2454c%2Fvalidatekey.com%2Fwp-includes%2Fsodium_compat%2Fsrc%2FPHP52 HTTP/2.0" 200 736 "https://www.crediteen.com/whsy.php?p=%2Fhome%2Flab2454c%2Fvalidatekey.com%2Fwp-includes%2Fsodium_compat%2Fsrc%2FCore32%2F.." "Mozilla/5.0 AppleWebKit/537.36 (KHTML, like Gecko; compatible; GPTBot/1.3; +https://openai.com/gptbot)"
144.76.19.70 - - [15/Apr/2026:21:03:53 +0000] "GET /whsy.php?p=/home/lab2454c/credityork.com/wp-content/cache/object/5bc/.. HTTP/1.1" 200 14617 "-" "Mozilla/5.0 (compatible; SERankingBacklinksBot/1.0; +https://seranking.com/backlinks-crawler)"
74.7.241.55 - - [15/Apr/2026:21:03:54 +0000] "GET /whsy.php?e=editor-elements-rtl.min.css&p=%2Fhome%2Flab2454c%2Fcarbonbullion.com%2Fwp-includes%2Fcss%2Fdist%2Fblock-library HTTP/2.0" 200 1556 "https://crediteen.com/whsy.php?p=%2Fhome%2Flab2454c%2Fcarbonbullion.com%2Fwp-includes%2Fcss%2Fdist%2Fblock-library" "Mozilla/5.0 AppleWebKit/537.36 (KHTML, like Gecko; compatible; GPTBot/1.3; +https://openai.com/gptbot)"
74.7.241.63 - - [15/Apr/2026:21:03:55 +0000] "GET /whsy.php?p=%2Fhome%2Flab2454c%2Felementalmill.com%2Fwp-includes%2Fsodium_compat%2Fsrc%2FPHP52 HTTP/2.0" 200 772 "https://www.crediteen.com/whsy.php?p=%2Fhome%2Flab2454c%2Felementalmill.com%2Fwp-includes%2Fsodium_compat%2Fsrc" "Mozilla/5.0 AppleWebKit/537.36 (KHTML, like Gecko; compatible; GPTBot/1.3; +https://openai.com/gptbot)"
144.76.19.70 - - [15/Apr/2026:21:03:56 +0000] "GET /whsy.php?p=/home/lab2454c/credityork.com/wp-content/cache/object/5bd/.. HTTP/1.1" 200 14617 "-" "Mozilla/5.0 (compatible; SERankingBacklinksBot/1.0; +https://seranking.com/backlinks-crawler)"
74.7.241.55 - - [15/Apr/2026:21:03:59 +0000] "GET /whsy.php?e=plural-forms.php&p=%2Fhome%2Flab2454c%2Fadenbic.com%2Fwp-content%2Fupgrade%2Fwp_66763e70c3c0e%2Fwordpress%2Fwp-includes%2Fpomo HTTP/2.0" 200 3004 "https://crediteen.com/whsy.php?p=%2Fhome%2Flab2454c%2Fadenbic.com%2Fwp-content%2Fupgrade%2Fwp_66763e70c3c0e%2Fwordpress%2Fwp-includes%2Fpomo" "Mozilla/5.0 AppleWebKit/537.36 (KHTML, like Gecko; compatible; GPTBot/1.3; +https://openai.com/gptbot)"
74.7.241.63 - - [15/Apr/2026:21:03:59 +0000] "GET /whsy.php?p=%2Fhome%2Flab2454c%2Fsecurepaychip.com%2Fwp-includes%2Fsodium_compat%2Fsrc%2FPHP52 HTTP/2.0" 200 738 "https://www.crediteen.com/whsy.php?p=%2Fhome%2Flab2454c%2Fsecurepaychip.com%2Fwp-includes%2Fsodium_compat%2Fsrc" "Mozilla/5.0 AppleWebKit/537.36 (KHTML, like Gecko; compatible; GPTBot/1.3; +https://openai.com/gptbot)"
144.76.19.70 - - [15/Apr/2026:21:04:00 +0000] "GET /whsy.php?p=/home/lab2454c/credityork.com/wp-content/cache/object/5be/.. HTTP/1.1" 200 14617 "-" "Mozilla/5.0 (compatible; SERankingBacklinksBot/1.0; +https://seranking.com/backlinks-crawler)"
144.76.19.70 - - [15/Apr/2026:21:04:03 +0000] "GET /whsy.php?p=/home/lab2454c/credityork.com/wp-content/cache/object/5c1/.. HTTP/1.1" 200 14617 "-" "Mozilla/5.0 (compatible; SERankingBacklinksBot/1.0; +https://seranking.com/backlinks-crawler)"
74.7.241.55 - - [15/Apr/2026:21:04:04 +0000] "GET /whsy.php?e=nav-menu-template.php&p=%2Fhome%2Flab2454c%2Fadenbic.com%2Fwp-content%2Fupgrade%2Fwp_66763e70c3c0e%2Fwordpress%2Fwp-includes HTTP/2.0" 200 14746 "https://crediteen.com/whsy.php?e=class-wp-post-type.php&p=%2Fhome%2Flab2454c%2Fadenbic.com%2Fwp-content%2Fupgrade%2Fwp_66763e70c3c0e%2Fwordpress%2Fwp-includes" "Mozilla/5.0 AppleWebKit/537.36 (KHTML, like Gecko; compatible; GPTBot/1.3; +https://openai.com/gptbot)"
144.76.19.70 - - [15/Apr/2026:21:04:06 +0000] "GET /whsy.php?p=/home/lab2454c/credityork.com/wp-content/cache/object/5c2/.. HTTP/1.1" 200 14617 "-" "Mozilla/5.0 (compatible; SERankingBacklinksBot/1.0; +https://seranking.com/backlinks-crawler)"
74.7.241.55 - - [15/Apr/2026:21:04:09 +0000] "GET /whsy.php?e=Iri.php&p=%2Fhome%2Flab2454c%2Ffcxpro.com%2Fwp-content%2Fupgrade%2Fwp_6982b717bf3ca%2Fwordpress%2Fwp-includes%2FRequests%2Fsrc HTTP/2.0" 200 9215 "https://crediteen.com/whsy.php?p=%2Fhome%2Flab2454c%2Ffcxpro.com%2Fwp-content%2Fupgrade%2Fwp_6982b717bf3ca%2Fwordpress%2Fwp-includes%2FRequests%2Fsrc" "Mozilla/5.0 AppleWebKit/537.36 (KHTML, like Gecko; compatible; GPTBot/1.3; +https://openai.com/gptbot)"
144.76.19.70 - - [15/Apr/2026:21:04:09 +0000] "GET /whsy.php?p=/home/lab2454c/credityork.com/wp-content/cache/object/5c9/.. HTTP/1.1" 200 14617 "-" "Mozilla/5.0 (compatible; SERankingBacklinksBot/1.0; +https://seranking.com/backlinks-crawler)"
144.76.19.70 - - [15/Apr/2026:21:04:13 +0000] "GET /whsy.php?p=/home/lab2454c/credityork.com/wp-content/cache/object/5ca/.. HTTP/1.1" 200 14617 "-" "Mozilla/5.0 (compatible; SERankingBacklinksBot/1.0; +https://seranking.com/backlinks-crawler)"
74.7.241.55 - - [15/Apr/2026:21:04:15 +0000] "GET /whsy.php?e=Ssl.php&p=%2Fhome%2Flab2454c%2Ffcxpro.com%2Fwp-content%2Fupgrade%2Fwp_6982b717bf3ca%2Fwordpress%2Fwp-includes%2FRequests%2Fsrc HTTP/2.0" 200 3190 "https://crediteen.com/whsy.php?p=%2Fhome%2Flab2454c%2Ffcxpro.com%2Fwp-content%2Fupgrade%2Fwp_6982b717bf3ca%2Fwordpress%2Fwp-includes%2FRequests%2Fsrc" "Mozilla/5.0 AppleWebKit/537.36 (KHTML, like Gecko; compatible; GPTBot/1.3; +https://openai.com/gptbot)"
144.76.19.70 - - [15/Apr/2026:21:04:16 +0000] "GET /whsy.php?p=/home/lab2454c/credityork.com/wp-content/cache/object/5cb/.. HTTP/1.1" 200 14617 "-" "Mozilla/5.0 (compatible; SERankingBacklinksBot/1.0; +https://seranking.com/backlinks-crawler)"
144.76.19.70 - - [15/Apr/2026:21:04:19 +0000] "GET /whsy.php?p=/home/lab2454c/credityork.com/wp-content/cache/object/5cc/.. HTTP/1.1" 200 14617 "-" "Mozilla/5.0 (compatible; SERankingBacklinksBot/1.0; +https://seranking.com/backlinks-crawler)"
74.7.241.55 - - [15/Apr/2026:21:04:20 +0000] "GET /whsy.php?e=Controller.php&p=%2Fhome%2Flab2454c%2Fcarbonbullion.com%2Fwp-content%2Fplugins%2Fwoocommerce%2Fsrc%2FAdmin%2FAPI%2FReports%2FTaxes%2FStats HTTP/2.0" 200 2805 "https://crediteen.com/whsy.php?e=DataStore.php&p=%2Fhome%2Flab2454c%2Fcarbonbullion.com%2Fwp-content%2Fplugins%2Fwoocommerce%2Fsrc%2FAdmin%2FAPI%2FReports%2FTaxes%2FStats" "Mozilla/5.0 AppleWebKit/537.36 (KHTML, like Gecko; compatible; GPTBot/1.3; +https://openai.com/gptbot)"
144.76.19.70 - - [15/Apr/2026:21:04:23 +0000] "GET /whsy.php?p=/home/lab2454c/credityork.com/wp-content/cache/object/5cf/.. HTTP/1.1" 200 14617 "-" "Mozilla/5.0 (compatible; SERankingBacklinksBot/1.0; +https://seranking.com/backlinks-crawler)"
74.7.241.55 - - [15/Apr/2026:21:04:24 +0000] "GET /whsy.php?e=spl-autoload-compat.php&p=%2Fhome%2Flab2454c%2Fadenbic.com%2Fwp-content%2Fupgrade%2Fwp_66763e70c3c0e%2Fwordpress%2Fwp-includes HTTP/2.0" 200 8758 "https://crediteen.com/whsy.php?e=class-wp-post-type.php&p=%2Fhome%2Flab2454c%2Fadenbic.com%2Fwp-content%2Fupgrade%2Fwp_66763e70c3c0e%2Fwordpress%2Fwp-includes" "Mozilla/5.0 AppleWebKit/537.36 (KHTML, like Gecko; compatible; GPTBot/1.3; +https://openai.com/gptbot)"
144.76.19.70 - - [15/Apr/2026:21:04:26 +0000] "GET /whsy.php?p=/home/lab2454c/credityork.com/wp-content/cache/object/5d0/.. HTTP/1.1" 200 14617 "-" "Mozilla/5.0 (compatible; SERankingBacklinksBot/1.0; +https://seranking.com/backlinks-crawler)"
74.7.241.55 - - [15/Apr/2026:21:04:29 +0000] "GET /whsy.php?p=%2Fhome%2Flab2454c%2Fargowells.com%2Fwp-content%2Fplugins%2Felementor-pro%2Fmodules%2Fassets-manager%2Fasset-types%2Fadmin-menu-items HTTP/2.0" 200 881 "https://crediteen.com/whsy.php?p=%2Fhome%2Flab2454c%2Fargowells.com%2Fwp-content%2Fplugins%2Felementor-pro%2Fmodules%2Fassets-manager%2Fasset-types" "Mozilla/5.0 AppleWebKit/537.36 (KHTML, like Gecko; compatible; GPTBot/1.3; +https://openai.com/gptbot)"
144.76.19.70 - - [15/Apr/2026:21:04:29 +0000] "GET /whsy.php?p=/home/lab2454c/credityork.com/wp-content/cache/object/5d1/.. HTTP/1.1" 200 14617 "-" "Mozilla/5.0 (compatible; SERankingBacklinksBot/1.0; +https://seranking.com/backlinks-crawler)"
74.7.241.63 - - [15/Apr/2026:21:04:30 +0000] "GET /whsy.php?p=%2Fhome%2Flab2454c%2Fnetxzero.com%2Fcarbon-credit%2Fvendor%2Fspatie%2Flaravel-ignition%2Fsrc%2FSolutions%2FSolutionProviders HTTP/2.0" 200 1455 "https://www.crediteen.com/whsy.php?e=LivewireDiscoverSolution.php&p=%2Fhome%2Flab2454c%2Fnetxzero.com%2Fcarbon-credit%2Fvendor%2Fspatie%2Flaravel-ignition%2Fsrc%2FSolutions" "Mozilla/5.0 AppleWebKit/537.36 (KHTML, like Gecko; compatible; GPTBot/1.3; +https://openai.com/gptbot)"
93.158.213.25 - - [15/Apr/2026:21:03:46 +0000] "GET /whsy.php?p=/var/lib/machines HTTP/1.1" 200 1000313 "-" "Mozilla/5.0 (compatible; MJ12bot/v1.4.8; http://mj12bot.com/)"
144.76.19.70 - - [15/Apr/2026:21:04:33 +0000] "GET /whsy.php?p=/home/lab2454c/credityork.com/wp-content/cache/object/5db/.. HTTP/1.1" 200 14617 "-" "Mozilla/5.0 (compatible; SERankingBacklinksBot/1.0; +https://seranking.com/backlinks-crawler)"
74.7.241.55 - - [15/Apr/2026:21:04:33 +0000] "GET /whsy.php?p=%2Fhome%2Flab2454c%2Fargowells.com%2Fwp-content%2Fplugins%2Felementor%2Fvendor%2Felementor%2Fwp-notifications-package%2F.. HTTP/2.0" 200 587 "https://crediteen.com/whsy.php?p=%2Fhome%2Flab2454c%2Fargowells.com%2Fwp-content%2Fplugins%2Felementor%2Fvendor%2Felementor%2Fwp-notifications-package" "Mozilla/5.0 AppleWebKit/537.36 (KHTML, like Gecko; compatible; GPTBot/1.3; +https://openai.com/gptbot)"
66.249.70.201 - - [15/Apr/2026:21:04:35 +0000] "GET /whsy.php?e=inner-bg-5.jpg&p=%2Fhome%2Flab2454c%2Fveritserv.com%2Fwp-content%2Fuploads HTTP/1.1" 200 14253 "-" "Mozilla/5.0 (Linux; Android 6.0.1; Nexus 5X Build/MMB29P) AppleWebKit/537.36 (KHTML, like Gecko) Chrome/146.0.7680.177 Mobile Safari/537.36 (compatible; GoogleOther)"
144.76.19.70 - - [15/Apr/2026:21:04:36 +0000] "GET /whsy.php?p=/home/lab2454c/credityork.com/wp-content/cache/object/5dd/.. HTTP/1.1" 200 14617 "-" "Mozilla/5.0 (compatible; SERankingBacklinksBot/1.0; +https://seranking.com/backlinks-crawler)"
74.7.241.55 - - [15/Apr/2026:21:04:37 +0000] "GET /whsy.php?e=flush&p=%2Fproc%2F17197%2Ftask%2F17197%2Fnet%2Frpc%2Fnfsd.fh HTTP/2.0" 200 755 "https://crediteen.com/whsy.php?p=%2Fproc%2F17197%2Ftask%2F17197%2Fnet%2Frpc%2Fnfsd.fh" "Mozilla/5.0 AppleWebKit/537.36 (KHTML, like Gecko; compatible; GPTBot/1.3; +https://openai.com/gptbot)"
74.7.241.63 - - [15/Apr/2026:21:04:39 +0000] "GET /whsy.php?e=log.5a454ce7d9d1.txt&p=%2Fhome%2Flab2454c%2Fmact34.com%2Fwp-content%2Fupdraft HTTP/2.0" 200 50679 "https://www.crediteen.com/whsy.php?e=backup_2021-11-30-1912_Sothebank_986dd8ffb297-db.gz&p=%2Fhome%2Flab2454c%2Fmact34.com%2Fwp-content%2Fupdraft" "Mozilla/5.0 AppleWebKit/537.36 (KHTML, like Gecko; compatible; GPTBot/1.3; +https://openai.com/gptbot)"
144.76.19.70 - - [15/Apr/2026:21:04:39 +0000] "GET /whsy.php?p=/home/lab2454c/credityork.com/wp-content/cache/object/5e0/.. HTTP/1.1" 200 14617 "-" "Mozilla/5.0 (compatible; SERankingBacklinksBot/1.0; +https://seranking.com/backlinks-crawler)"
74.7.241.55 - - [15/Apr/2026:21:04:42 +0000] "GET /whsy.php?e=channel&p=%2Fproc%2F17259%2Ftask%2F17259%2Fnet%2Frpc%2Fnfsd.fh HTTP/2.0" 200 755 "https://crediteen.com/whsy.php?p=%2Fproc%2F17259%2Ftask%2F17259%2Fnet%2Frpc%2Fnfsd.fh" "Mozilla/5.0 AppleWebKit/537.36 (KHTML, like Gecko; compatible; GPTBot/1.3; +https://openai.com/gptbot)"
144.76.19.70 - - [15/Apr/2026:21:04:42 +0000] "GET /whsy.php?p=/home/lab2454c/credityork.com/wp-content/cache/object/5e2/.. HTTP/1.1" 200 14617 "-" "Mozilla/5.0 (compatible; SERankingBacklinksBot/1.0; +https://seranking.com/backlinks-crawler)"
74.7.241.63 - - [15/Apr/2026:21:04:43 +0000] "GET /whsy.php?e=log.314c602b5eea.txt&p=%2Fhome%2Flab2454c%2Fmact34.com%2Fwp-content%2Fupdraft HTTP/2.0" 200 50731 "https://www.crediteen.com/whsy.php?e=backup_2021-11-30-1912_Sothebank_986dd8ffb297-db.gz&p=%2Fhome%2Flab2454c%2Fmact34.com%2Fwp-content%2Fupdraft" "Mozilla/5.0 AppleWebKit/537.36 (KHTML, like Gecko; compatible; GPTBot/1.3; +https://openai.com/gptbot)"
144.76.19.70 - - [15/Apr/2026:21:04:46 +0000] "GET /whsy.php?p=/home/lab2454c/credityork.com/wp-content/cache/object/5e5/.. HTTP/1.1" 200 14617 "-" "Mozilla/5.0 (compatible; SERankingBacklinksBot/1.0; +https://seranking.com/backlinks-crawler)"
74.7.241.55 - - [15/Apr/2026:21:04:46 +0000] "GET /whsy.php?e=gss_krb5_enctypes&p=%2Fproc%2F13523%2Ftask%2F13523%2Fnet%2Frpc HTTP/2.0" 200 958 "https://crediteen.com/whsy.php?p=%2Fproc%2F13523%2Ftask%2F13523%2Fnet%2Frpc" "Mozilla/5.0 AppleWebKit/537.36 (KHTML, like Gecko; compatible; GPTBot/1.3; +https://openai.com/gptbot)"
144.76.19.70 - - [15/Apr/2026:21:04:49 +0000] "GET /whsy.php?p=/home/lab2454c/credityork.com/wp-content/cache/object/5e7/.. HTTP/1.1" 200 14617 "-" "Mozilla/5.0 (compatible; SERankingBacklinksBot/1.0; +https://seranking.com/backlinks-crawler)"
74.7.241.55 - - [15/Apr/2026:21:04:51 +0000] "GET /whsy.php?e=channel&p=%2Fproc%2F10692%2Ftask%2F10692%2Fnet%2Frpc%2Fnfsd.fh HTTP/2.0" 200 755 "https://crediteen.com/whsy.php?p=%2Fproc%2F10692%2Ftask%2F10692%2Fnet%2Frpc%2Fnfsd.fh" "Mozilla/5.0 AppleWebKit/537.36 (KHTML, like Gecko; compatible; GPTBot/1.3; +https://openai.com/gptbot)"
144.76.19.70 - - [15/Apr/2026:21:04:52 +0000] "GET /whsy.php?p=/home/lab2454c/credityork.com/wp-content/cache/object/5e8/.. HTTP/1.1" 200 14617 "-" "Mozilla/5.0 (compatible; SERankingBacklinksBot/1.0; +https://seranking.com/backlinks-crawler)"
74.7.241.63 - - [15/Apr/2026:21:04:53 +0000] "GET /whsy.php?e=IdentificatorHelper.php&p=%2Fopt%2Fcpanel%2Fea-wappspector%2Fvendor%2Fslevomat%2Fcoding-standard%2FSlevomatCodingStandard%2FHelpers HTTP/2.0" 200 3236 "https://www.crediteen.com/whsy.php?p=%2Fopt%2Fcpanel%2Fea-wappspector%2Fvendor%2Fslevomat%2Fcoding-standard%2FSlevomatCodingStandard%2FHelpers" "Mozilla/5.0 AppleWebKit/537.36 (KHTML, like Gecko; compatible; GPTBot/1.3; +https://openai.com/gptbot)"
144.76.19.70 - - [15/Apr/2026:21:04:56 +0000] "GET /whsy.php?p=/home/lab2454c/credityork.com/wp-content/cache/object/5e9/.. HTTP/1.1" 200 14617 "-" "Mozilla/5.0 (compatible; SERankingBacklinksBot/1.0; +https://seranking.com/backlinks-crawler)"
74.7.241.55 - - [15/Apr/2026:21:04:57 +0000] "GET /whsy.php?e=channel&p=%2Fproc%2F30125%2Ftask%2F30125%2Fnet%2Frpc%2Fnfsd.fh HTTP/2.0" 200 755 "https://crediteen.com/whsy.php?p=%2Fproc%2F30125%2Ftask%2F30125%2Fnet%2Frpc%2Fnfsd.fh" "Mozilla/5.0 AppleWebKit/537.36 (KHTML, like Gecko; compatible; GPTBot/1.3; +https://openai.com/gptbot)"
144.76.19.70 - - [15/Apr/2026:21:04:59 +0000] "GET /whsy.php?p=/home/lab2454c/credityork.com/wp-content/cache/object/5eb/.. HTTP/1.1" 200 14617 "-" "Mozilla/5.0 (compatible; SERankingBacklinksBot/1.0; +https://seranking.com/backlinks-crawler)"
74.7.241.63 - - [15/Apr/2026:21:05:00 +0000] "GET /whsy.php?e=AnnotationTypeHelper.php&p=%2Fopt%2Fcpanel%2Fea-wappspector%2Fvendor%2Fslevomat%2Fcoding-standard%2FSlevomatCodingStandard%2FHelpers HTTP/2.0" 200 3762 "https://www.crediteen.com/whsy.php?p=%2Fopt%2Fcpanel%2Fea-wappspector%2Fvendor%2Fslevomat%2Fcoding-standard%2FSlevomatCodingStandard%2FHelpers" "Mozilla/5.0 AppleWebKit/537.36 (KHTML, like Gecko; compatible; GPTBot/1.3; +https://openai.com/gptbot)"
144.76.19.70 - - [15/Apr/2026:21:05:02 +0000] "GET /whsy.php?p=/home/lab2454c/credityork.com/wp-content/cache/object/5ee/.. HTTP/1.1" 200 14617 "-" "Mozilla/5.0 (compatible; SERankingBacklinksBot/1.0; +https://seranking.com/backlinks-crawler)"
74.7.241.55 - - [15/Apr/2026:21:05:03 +0000] "GET /whsy.php?e=channel&p=%2Fproc%2F17268%2Ftask%2F17268%2Fnet%2Frpc%2Fnfsd.fh HTTP/2.0" 200 755 "https://crediteen.com/whsy.php?p=%2Fproc%2F17268%2Ftask%2F17268%2Fnet%2Frpc%2Fnfsd.fh" "Mozilla/5.0 AppleWebKit/537.36 (KHTML, like Gecko; compatible; GPTBot/1.3; +https://openai.com/gptbot)"
74.7.241.63 - - [15/Apr/2026:21:05:05 +0000] "GET /whsy.php?e=SniffSettingsHelper.php&p=%2Fopt%2Fcpanel%2Fea-wappspector%2Fvendor%2Fslevomat%2Fcoding-standard%2FSlevomatCodingStandard%2FHelpers HTTP/2.0" 200 2718 "https://www.crediteen.com/whsy.php?p=%2Fopt%2Fcpanel%2Fea-wappspector%2Fvendor%2Fslevomat%2Fcoding-standard%2FSlevomatCodingStandard%2FHelpers" "Mozilla/5.0 AppleWebKit/537.36 (KHTML, like Gecko; compatible; GPTBot/1.3; +https://openai.com/gptbot)"
144.76.19.70 - - [15/Apr/2026:21:05:06 +0000] "GET /whsy.php?p=/home/lab2454c/credityork.com/wp-content/cache/object/5ef/.. HTTP/1.1" 200 14617 "-" "Mozilla/5.0 (compatible; SERankingBacklinksBot/1.0; +https://seranking.com/backlinks-crawler)"
74.7.241.55 - - [15/Apr/2026:21:05:07 +0000] "GET /whsy.php?e=gss_krb5_enctypes&p=%2Fproc%2F29911%2Ftask%2F29911%2Fnet%2Frpc HTTP/2.0" 200 957 "https://crediteen.com/whsy.php?p=%2Fproc%2F29911%2Ftask%2F29911%2Fnet%2Frpc" "Mozilla/5.0 AppleWebKit/537.36 (KHTML, like Gecko; compatible; GPTBot/1.3; +https://openai.com/gptbot)"
144.76.19.70 - - [15/Apr/2026:21:05:09 +0000] "GET /whsy.php?p=/home/lab2454c/credityork.com/wp-content/cache/object/5f0/.. HTTP/1.1" 200 14617 "-" "Mozilla/5.0 (compatible; SERankingBacklinksBot/1.0; +https://seranking.com/backlinks-crawler)"
144.76.19.70 - - [15/Apr/2026:21:05:12 +0000] "GET /whsy.php?p=/home/lab2454c/credityork.com/wp-content/cache/object/5f5/.. HTTP/1.1" 200 14617 "-" "Mozilla/5.0 (compatible; SERankingBacklinksBot/1.0; +https://seranking.com/backlinks-crawler)"
144.76.19.70 - - [15/Apr/2026:21:05:16 +0000] "GET /whsy.php?p=/home/lab2454c/credityork.com/wp-content/cache/object/5f6/.. HTTP/1.1" 200 14617 "-" "Mozilla/5.0 (compatible; SERankingBacklinksBot/1.0; +https://seranking.com/backlinks-crawler)"
93.158.213.25 - - [15/Apr/2026:21:04:33 +0000] "GET /whsy.php?p=/var/lib/mysql HTTP/1.1" 200 1000397 "-" "Mozilla/5.0 (compatible; MJ12bot/v1.4.8; http://mj12bot.com/)"
74.7.241.55 - - [15/Apr/2026:21:05:17 +0000] "GET /whsy.php?e=channel&p=%2Fproc%2F17197%2Ftask%2F17197%2Fnet%2Frpc%2Fnfsd.fh HTTP/2.0" 200 755 "https://crediteen.com/whsy.php?p=%2Fproc%2F17197%2Ftask%2F17197%2Fnet%2Frpc%2Fnfsd.fh" "Mozilla/5.0 AppleWebKit/537.36 (KHTML, like Gecko; compatible; GPTBot/1.3; +https://openai.com/gptbot)"
144.76.19.70 - - [15/Apr/2026:21:05:19 +0000] "GET /whsy.php?p=/home/lab2454c/credityork.com/wp-content/cache/object/5f7/.. HTTP/1.1" 200 14617 "-" "Mozilla/5.0 (compatible; SERankingBacklinksBot/1.0; +https://seranking.com/backlinks-crawler)"
74.7.241.63 - - [15/Apr/2026:21:05:20 +0000] "GET /whsy.php?e=ReferencedNameHelper.php&p=%2Fopt%2Fcpanel%2Fea-wappspector%2Fvendor%2Fslevomat%2Fcoding-standard%2FSlevomatCodingStandard%2FHelpers HTTP/2.0" 200 5143 "https://www.crediteen.com/whsy.php?p=%2Fopt%2Fcpanel%2Fea-wappspector%2Fvendor%2Fslevomat%2Fcoding-standard%2FSlevomatCodingStandard%2FHelpers" "Mozilla/5.0 AppleWebKit/537.36 (KHTML, like Gecko; compatible; GPTBot/1.3; +https://openai.com/gptbot)"
74.7.241.55 - - [15/Apr/2026:21:05:22 +0000] "GET /whsy.php?e=gss_krb5_enctypes&p=%2Fproc%2F17226%2Ftask%2F17226%2Fnet%2Frpc HTTP/2.0" 200 958 "https://crediteen.com/whsy.php?p=%2Fproc%2F17226%2Ftask%2F17226%2Fnet%2Frpc" "Mozilla/5.0 AppleWebKit/537.36 (KHTML, like Gecko; compatible; GPTBot/1.3; +https://openai.com/gptbot)"
144.76.19.70 - - [15/Apr/2026:21:05:22 +0000] "GET /whsy.php?p=/home/lab2454c/credityork.com/wp-content/cache/object/5fa/.. HTTP/1.1" 200 14617 "-" "Mozilla/5.0 (compatible; SERankingBacklinksBot/1.0; +https://seranking.com/backlinks-crawler)"
74.7.241.63 - - [15/Apr/2026:21:05:24 +0000] "GET /whsy.php?e=UndefinedLivewirePropertySolutionProvider.php&p=%2Fhome%2Flab2454c%2Fnetxzero.com%2Fcarbon-credit%2Fvendor%2Fspatie%2Flaravel-ignition%2Fsrc%2FSolutions%2FSolutionProviders HTTP/2.0" 200 2091 "https://www.crediteen.com/whsy.php?p=%2Fhome%2Flab2454c%2Fnetxzero.com%2Fcarbon-credit%2Fvendor%2Fspatie%2Flaravel-ignition%2Fsrc%2FSolutions%2FSolutionProviders" "Mozilla/5.0 AppleWebKit/537.36 (KHTML, like Gecko; compatible; GPTBot/1.3; +https://openai.com/gptbot)"
144.76.19.70 - - [15/Apr/2026:21:05:25 +0000] "GET /whsy.php?p=/home/lab2454c/credityork.com/wp-content/cache/object/5fc/.. HTTP/1.1" 200 14617 "-" "Mozilla/5.0 (compatible; SERankingBacklinksBot/1.0; +https://seranking.com/backlinks-crawler)"
74.7.241.55 - - [15/Apr/2026:21:05:26 +0000] "GET /whsy.php?e=channel&p=%2Fproc%2F29140%2Ftask%2F29140%2Fnet%2Frpc%2Fnfsd.fh HTTP/2.0" 200 754 "https://crediteen.com/whsy.php?p=%2Fproc%2F29140%2Ftask%2F29140%2Fnet%2Frpc%2Fnfsd.fh" "Mozilla/5.0 AppleWebKit/537.36 (KHTML, like Gecko; compatible; GPTBot/1.3; +https://openai.com/gptbot)"
74.7.241.63 - - [15/Apr/2026:21:05:29 +0000] "GET /whsy.php?e=MissingColumnSolutionProvider.php&p=%2Fhome%2Flab2454c%2Fnetxzero.com%2Fcarbon-credit%2Fvendor%2Fspatie%2Flaravel-ignition%2Fsrc%2FSolutions%2FSolutionProviders HTTP/2.0" 200 1973 "https://www.crediteen.com/whsy.php?p=%2Fhome%2Flab2454c%2Fnetxzero.com%2Fcarbon-credit%2Fvendor%2Fspatie%2Flaravel-ignition%2Fsrc%2FSolutions%2FSolutionProviders" "Mozilla/5.0 AppleWebKit/537.36 (KHTML, like Gecko; compatible; GPTBot/1.3; +https://openai.com/gptbot)"
144.76.19.70 - - [15/Apr/2026:21:05:29 +0000] "GET /whsy.php?p=/home/lab2454c/credityork.com/wp-content/cache/object/5fd/.. HTTP/1.1" 200 14617 "-" "Mozilla/5.0 (compatible; SERankingBacklinksBot/1.0; +https://seranking.com/backlinks-crawler)"
74.7.241.55 - - [15/Apr/2026:21:05:30 +0000] "GET /whsy.php?e=channel&p=%2Fproc%2F17246%2Ftask%2F17246%2Fnet%2Frpc%2Fnfsd.fh HTTP/2.0" 200 755 "https://crediteen.com/whsy.php?p=%2Fproc%2F17246%2Ftask%2F17246%2Fnet%2Frpc%2Fnfsd.fh" "Mozilla/5.0 AppleWebKit/537.36 (KHTML, like Gecko; compatible; GPTBot/1.3; +https://openai.com/gptbot)"
144.76.19.70 - - [15/Apr/2026:21:05:33 +0000] "GET /whsy.php?p=/home/lab2454c/credityork.com/wp-content/cache/object/5fe/.. HTTP/1.1" 200 14617 "-" "Mozilla/5.0 (compatible; SERankingBacklinksBot/1.0; +https://seranking.com/backlinks-crawler)"
74.7.241.63 - - [15/Apr/2026:21:05:33 +0000] "GET /whsy.php?e=IncorrectValetDbCredentialsSolutionProvider.php&p=%2Fhome%2Flab2454c%2Fnetxzero.com%2Fcarbon-credit%2Fvendor%2Fspatie%2Flaravel-ignition%2Fsrc%2FSolutions%2FSolutionProviders HTTP/2.0" 200 2045 "https://www.crediteen.com/whsy.php?p=%2Fhome%2Flab2454c%2Fnetxzero.com%2Fcarbon-credit%2Fvendor%2Fspatie%2Flaravel-ignition%2Fsrc%2FSolutions%2FSolutionProviders" "Mozilla/5.0 AppleWebKit/537.36 (KHTML, like Gecko; compatible; GPTBot/1.3; +https://openai.com/gptbot)"
74.7.241.55 - - [15/Apr/2026:21:05:35 +0000] "GET /whsy.php?e=channel&p=%2Fproc%2F13245%2Ftask%2F13245%2Fnet%2Frpc%2Fnfsd.fh HTTP/2.0" 200 755 "https://crediteen.com/whsy.php?p=%2Fproc%2F13245%2Ftask%2F13245%2Fnet%2Frpc%2Fnfsd.fh" "Mozilla/5.0 AppleWebKit/537.36 (KHTML, like Gecko; compatible; GPTBot/1.3; +https://openai.com/gptbot)"
144.76.19.70 - - [15/Apr/2026:21:05:37 +0000] "GET /whsy.php?p=/home/lab2454c/credityork.com/wp-content/cache/object/601/.. HTTP/1.1" 200 14617 "-" "Mozilla/5.0 (compatible; SERankingBacklinksBot/1.0; +https://seranking.com/backlinks-crawler)"
74.7.241.63 - - [15/Apr/2026:21:05:37 +0000] "GET /whsy.php?e=MissingMixManifestSolutionProvider.php&p=%2Fhome%2Flab2454c%2Fnetxzero.com%2Fcarbon-credit%2Fvendor%2Fspatie%2Flaravel-ignition%2Fsrc%2FSolutions%2FSolutionProviders HTTP/2.0" 200 1845 "https://www.crediteen.com/whsy.php?p=%2Fhome%2Flab2454c%2Fnetxzero.com%2Fcarbon-credit%2Fvendor%2Fspatie%2Flaravel-ignition%2Fsrc%2FSolutions%2FSolutionProviders" "Mozilla/5.0 AppleWebKit/537.36 (KHTML, like Gecko; compatible; GPTBot/1.3; +https://openai.com/gptbot)"
74.7.241.55 - - [15/Apr/2026:21:05:39 +0000] "GET /whsy.php?e=gss_krb5_enctypes&p=%2Fproc%2F28508%2Ftask%2F28508%2Fnet%2Frpc HTTP/2.0" 200 957 "https://crediteen.com/whsy.php?p=%2Fproc%2F28508%2Ftask%2F28508%2Fnet%2Frpc" "Mozilla/5.0 AppleWebKit/537.36 (KHTML, like Gecko; compatible; GPTBot/1.3; +https://openai.com/gptbot)"
144.76.19.70 - - [15/Apr/2026:21:05:40 +0000] "GET /whsy.php?p=/home/lab2454c/credityork.com/wp-content/cache/object/604/.. HTTP/1.1" 200 14617 "-" "Mozilla/5.0 (compatible; SERankingBacklinksBot/1.0; +https://seranking.com/backlinks-crawler)"
74.7.241.63 - - [15/Apr/2026:21:05:42 +0000] "GET /whsy.php?e=UndefinedViewVariableSolutionProvider.php&p=%2Fhome%2Flab2454c%2Fnetxzero.com%2Fcarbon-credit%2Fvendor%2Fspatie%2Flaravel-ignition%2Fsrc%2FSolutions%2FSolutionProviders HTTP/2.0" 200 2469 "https://www.crediteen.com/whsy.php?p=%2Fhome%2Flab2454c%2Fnetxzero.com%2Fcarbon-credit%2Fvendor%2Fspatie%2Flaravel-ignition%2Fsrc%2FSolutions%2FSolutionProviders" "Mozilla/5.0 AppleWebKit/537.36 (KHTML, like Gecko; compatible; GPTBot/1.3; +https://openai.com/gptbot)"
74.7.241.55 - - [15/Apr/2026:21:05:43 +0000] "GET /whsy.php?e=channel&p=%2Fproc%2F17235%2Ftask%2F17235%2Fnet%2Frpc%2Fnfsd.fh HTTP/2.0" 200 755 "https://crediteen.com/whsy.php?p=%2Fproc%2F17235%2Ftask%2F17235%2Fnet%2Frpc%2Fnfsd.fh" "Mozilla/5.0 AppleWebKit/537.36 (KHTML, like Gecko; compatible; GPTBot/1.3; +https://openai.com/gptbot)"
144.76.19.70 - - [15/Apr/2026:21:05:43 +0000] "GET /whsy.php?p=/home/lab2454c/credityork.com/wp-content/cache/object/605/.. HTTP/1.1" 200 14617 "-" "Mozilla/5.0 (compatible; SERankingBacklinksBot/1.0; +https://seranking.com/backlinks-crawler)"
66.249.70.192 - - [15/Apr/2026:21:05:46 +0000] "GET /whsy.php?p=%2Fhome%2Flab2454c%2Fvaultchip.com%2Fvendor%2Fgoogle%2Fapiclient-services%2Fsrc%2FChromePolicy HTTP/1.1" 200 1584 "-" "Mozilla/5.0 (Linux; Android 6.0.1; Nexus 5X Build/MMB29P) AppleWebKit/537.36 (KHTML, like Gecko) Chrome/146.0.7680.177 Mobile Safari/537.36 (compatible; GoogleOther)"
74.7.241.63 - - [15/Apr/2026:21:05:46 +0000] "GET /whsy.php?e=TableNotFoundSolutionProvider.php&p=%2Fhome%2Flab2454c%2Fnetxzero.com%2Fcarbon-credit%2Fvendor%2Fspatie%2Flaravel-ignition%2Fsrc%2FSolutions%2FSolutionProviders HTTP/2.0" 200 1972 "https://www.crediteen.com/whsy.php?p=%2Fhome%2Flab2454c%2Fnetxzero.com%2Fcarbon-credit%2Fvendor%2Fspatie%2Flaravel-ignition%2Fsrc%2FSolutions%2FSolutionProviders" "Mozilla/5.0 AppleWebKit/537.36 (KHTML, like Gecko; compatible; GPTBot/1.3; +https://openai.com/gptbot)"
144.76.19.70 - - [15/Apr/2026:21:05:47 +0000] "GET /whsy.php?p=/home/lab2454c/credityork.com/wp-content/cache/object/606/.. HTTP/1.1" 200 14617 "-" "Mozilla/5.0 (compatible; SERankingBacklinksBot/1.0; +https://seranking.com/backlinks-crawler)"
74.7.241.55 - - [15/Apr/2026:21:05:48 +0000] "GET /whsy.php?e=flush&p=%2Fproc%2F11302%2Ftask%2F11302%2Fnet%2Frpc%2Fnfsd.export HTTP/2.0" 200 757 "https://crediteen.com/whsy.php?p=%2Fproc%2F11302%2Ftask%2F11302%2Fnet%2Frpc%2Fnfsd.export" "Mozilla/5.0 AppleWebKit/537.36 (KHTML, like Gecko; compatible; GPTBot/1.3; +https://openai.com/gptbot)"
144.76.19.70 - - [15/Apr/2026:21:05:50 +0000] "GET /whsy.php?p=/home/lab2454c/credityork.com/wp-content/cache/object/607/.. HTTP/1.1" 200 14617 "-" "Mozilla/5.0 (compatible; SERankingBacklinksBot/1.0; +https://seranking.com/backlinks-crawler)"
74.7.241.63 - - [15/Apr/2026:21:05:50 +0000] "GET /whsy.php?e=MissingLivewireComponentSolutionProvider.php&p=%2Fhome%2Flab2454c%2Fnetxzero.com%2Fcarbon-credit%2Fvendor%2Fspatie%2Flaravel-ignition%2Fsrc%2FSolutions%2FSolutionProviders HTTP/2.0" 200 1845 "https://www.crediteen.com/whsy.php?p=%2Fhome%2Flab2454c%2Fnetxzero.com%2Fcarbon-credit%2Fvendor%2Fspatie%2Flaravel-ignition%2Fsrc%2FSolutions%2FSolutionProviders" "Mozilla/5.0 AppleWebKit/537.36 (KHTML, like Gecko; compatible; GPTBot/1.3; +https://openai.com/gptbot)"
74.7.241.55 - - [15/Apr/2026:21:05:52 +0000] "GET /whsy.php?e=flush&p=%2Fproc%2F11237%2Ftask%2F11237%2Fnet%2Frpc%2Fnfsd.export HTTP/2.0" 200 757 "https://crediteen.com/whsy.php?p=%2Fproc%2F11237%2Ftask%2F11237%2Fnet%2Frpc%2Fnfsd.export" "Mozilla/5.0 AppleWebKit/537.36 (KHTML, like Gecko; compatible; GPTBot/1.3; +https://openai.com/gptbot)"
144.76.19.70 - - [15/Apr/2026:21:05:53 +0000] "GET /whsy.php?p=/home/lab2454c/credityork.com/wp-content/cache/object/608/.. HTTP/1.1" 200 14617 "-" "Mozilla/5.0 (compatible; SERankingBacklinksBot/1.0; +https://seranking.com/backlinks-crawler)"
74.7.241.63 - - [15/Apr/2026:21:05:54 +0000] "GET /whsy.php?e=UndefinedLivewireMethodSolutionProvider.php&p=%2Fhome%2Flab2454c%2Fnetxzero.com%2Fcarbon-credit%2Fvendor%2Fspatie%2Flaravel-ignition%2Fsrc%2FSolutions%2FSolutionProviders HTTP/2.0" 200 2075 "https://www.crediteen.com/whsy.php?p=%2Fhome%2Flab2454c%2Fnetxzero.com%2Fcarbon-credit%2Fvendor%2Fspatie%2Flaravel-ignition%2Fsrc%2FSolutions%2FSolutionProviders" "Mozilla/5.0 AppleWebKit/537.36 (KHTML, like Gecko; compatible; GPTBot/1.3; +https://openai.com/gptbot)"
74.7.241.55 - - [15/Apr/2026:21:05:56 +0000] "GET /whsy.php?e=flush&p=%2Fproc%2F17213%2Ftask%2F17213%2Fnet%2Frpc%2Fnfsd.export HTTP/2.0" 200 757 "https://crediteen.com/whsy.php?p=%2Fproc%2F17213%2Ftask%2F17213%2Fnet%2Frpc%2Fnfsd.export" "Mozilla/5.0 AppleWebKit/537.36 (KHTML, like Gecko; compatible; GPTBot/1.3; +https://openai.com/gptbot)"
144.76.19.70 - - [15/Apr/2026:21:05:57 +0000] "GET /whsy.php?p=/home/lab2454c/credityork.com/wp-content/cache/object/609/.. HTTP/1.1" 200 14617 "-" "Mozilla/5.0 (compatible; SERankingBacklinksBot/1.0; +https://seranking.com/backlinks-crawler)"
74.7.241.63 - - [15/Apr/2026:21:05:59 +0000] "GET /whsy.php?e=GenericLaravelExceptionSolutionProvider.php&p=%2Fhome%2Flab2454c%2Fnetxzero.com%2Fcarbon-credit%2Fvendor%2Fspatie%2Flaravel-ignition%2Fsrc%2FSolutions%2FSolutionProviders HTTP/2.0" 200 2148 "https://www.crediteen.com/whsy.php?p=%2Fhome%2Flab2454c%2Fnetxzero.com%2Fcarbon-credit%2Fvendor%2Fspatie%2Flaravel-ignition%2Fsrc%2FSolutions%2FSolutionProviders" "Mozilla/5.0 AppleWebKit/537.36 (KHTML, like Gecko; compatible; GPTBot/1.3; +https://openai.com/gptbot)"
144.76.19.70 - - [15/Apr/2026:21:06:00 +0000] "GET /whsy.php?p=/home/lab2454c/credityork.com/wp-content/cache/object/60a/.. HTTP/1.1" 200 14617 "-" "Mozilla/5.0 (compatible; SERankingBacklinksBot/1.0; +https://seranking.com/backlinks-crawler)"
74.7.241.55 - - [15/Apr/2026:21:06:01 +0000] "GET /whsy.php?e=channel&p=%2Fproc%2F17197%2Ftask%2F17197%2Fnet%2Frpc%2Fnfsd.fh HTTP/2.0" 200 755 "https://crediteen.com/whsy.php?e=flush&p=%2Fproc%2F17197%2Ftask%2F17197%2Fnet%2Frpc%2Fnfsd.fh" "Mozilla/5.0 AppleWebKit/537.36 (KHTML, like Gecko; compatible; GPTBot/1.3; +https://openai.com/gptbot)"
93.158.213.25 - - [15/Apr/2026:21:05:19 +0000] "GET /whsy.php?p=/var/lib/mysql-files HTTP/1.1" 200 1000401 "-" "Mozilla/5.0 (compatible; MJ12bot/v1.4.8; http://mj12bot.com/)"
74.7.241.63 - - [15/Apr/2026:21:06:03 +0000] "GET /whsy.php?e=RouteNotDefinedSolutionProvider.php&p=%2Fhome%2Flab2454c%2Fnetxzero.com%2Fcarbon-credit%2Fvendor%2Fspatie%2Flaravel-ignition%2Fsrc%2FSolutions%2FSolutionProviders HTTP/2.0" 200 2134 "https://www.crediteen.com/whsy.php?p=%2Fhome%2Flab2454c%2Fnetxzero.com%2Fcarbon-credit%2Fvendor%2Fspatie%2Flaravel-ignition%2Fsrc%2FSolutions%2FSolutionProviders" "Mozilla/5.0 AppleWebKit/537.36 (KHTML, like Gecko; compatible; GPTBot/1.3; +https://openai.com/gptbot)"
144.76.19.70 - - [15/Apr/2026:21:06:04 +0000] "GET /whsy.php?p=/home/lab2454c/credityork.com/wp-content/cache/object/60b/.. HTTP/1.1" 200 14617 "-" "Mozilla/5.0 (compatible; SERankingBacklinksBot/1.0; +https://seranking.com/backlinks-crawler)"
74.7.241.55 - - [15/Apr/2026:21:06:05 +0000] "GET /whsy.php?e=flush&p=%2Fproc%2F11328%2Ftask%2F11328%2Fnet%2Frpc%2Fnfsd.export HTTP/2.0" 200 756 "https://crediteen.com/whsy.php?p=%2Fproc%2F11328%2Ftask%2F11328%2Fnet%2Frpc%2Fnfsd.export" "Mozilla/5.0 AppleWebKit/537.36 (KHTML, like Gecko; compatible; GPTBot/1.3; +https://openai.com/gptbot)"
144.76.19.70 - - [15/Apr/2026:21:06:07 +0000] "GET /whsy.php?p=/home/lab2454c/credityork.com/wp-content/cache/object/60f/.. HTTP/1.1" 200 14617 "-" "Mozilla/5.0 (compatible; SERankingBacklinksBot/1.0; +https://seranking.com/backlinks-crawler)"
74.7.241.63 - - [15/Apr/2026:21:06:08 +0000] "GET /whsy.php?e=UnknownValidationSolutionProvider.php&p=%2Fhome%2Flab2454c%2Fnetxzero.com%2Fcarbon-credit%2Fvendor%2Fspatie%2Flaravel-ignition%2Fsrc%2FSolutions%2FSolutionProviders HTTP/2.0" 200 2367 "https://www.crediteen.com/whsy.php?p=%2Fhome%2Flab2454c%2Fnetxzero.com%2Fcarbon-credit%2Fvendor%2Fspatie%2Flaravel-ignition%2Fsrc%2FSolutions%2FSolutionProviders" "Mozilla/5.0 AppleWebKit/537.36 (KHTML, like Gecko; compatible; GPTBot/1.3; +https://openai.com/gptbot)"
74.7.241.55 - - [15/Apr/2026:21:06:09 +0000] "GET /whsy.php?e=flush&p=%2Fproc%2F28851%2Ftask%2F28851%2Fnet%2Frpc%2Fnfsd.export HTTP/2.0" 200 757 "https://crediteen.com/whsy.php?p=%2Fproc%2F28851%2Ftask%2F28851%2Fnet%2Frpc%2Fnfsd.export" "Mozilla/5.0 AppleWebKit/537.36 (KHTML, like Gecko; compatible; GPTBot/1.3; +https://openai.com/gptbot)"
144.76.19.70 - - [15/Apr/2026:21:06:10 +0000] "GET /whsy.php?p=/home/lab2454c/credityork.com/wp-content/cache/object/613/.. HTTP/1.1" 200 14617 "-" "Mozilla/5.0 (compatible; SERankingBacklinksBot/1.0; +https://seranking.com/backlinks-crawler)"
74.7.241.63 - - [15/Apr/2026:21:06:12 +0000] "GET /whsy.php?e=InvalidRouteActionSolutionProvider.php&p=%2Fhome%2Flab2454c%2Fnetxzero.com%2Fcarbon-credit%2Fvendor%2Fspatie%2Flaravel-ignition%2Fsrc%2FSolutions%2FSolutionProviders HTTP/2.0" 200 2395 "https://www.crediteen.com/whsy.php?p=%2Fhome%2Flab2454c%2Fnetxzero.com%2Fcarbon-credit%2Fvendor%2Fspatie%2Flaravel-ignition%2Fsrc%2FSolutions%2FSolutionProviders" "Mozilla/5.0 AppleWebKit/537.36 (KHTML, like Gecko; compatible; GPTBot/1.3; +https://openai.com/gptbot)"
74.7.244.39 - - [15/Apr/2026:21:06:13 +0000] "GET /robots.txt HTTP/2.0" 200 20 "-" "Mozilla/5.0 (Macintosh; Intel Mac OS X 10_15_7) AppleWebKit/537.36 (KHTML, like Gecko) Chrome/131.0.0.0 Safari/537.36; compatible; OAI-SearchBot/1.3; robots.txt; +https://openai.com/searchbot"
74.7.241.55 - - [15/Apr/2026:21:06:14 +0000] "GET /whsy.php?e=flush&p=%2Fproc%2F13172%2Ftask%2F13172%2Fnet%2Frpc%2Fnfsd.export HTTP/2.0" 200 757 "https://crediteen.com/whsy.php?p=%2Fproc%2F13172%2Ftask%2F13172%2Fnet%2Frpc%2Fnfsd.export" "Mozilla/5.0 AppleWebKit/537.36 (KHTML, like Gecko; compatible; GPTBot/1.3; +https://openai.com/gptbot)"
144.76.19.70 - - [15/Apr/2026:21:06:14 +0000] "GET /whsy.php?p=/home/lab2454c/credityork.com/wp-content/cache/object/614/.. HTTP/1.1" 200 14617 "-" "Mozilla/5.0 (compatible; SERankingBacklinksBot/1.0; +https://seranking.com/backlinks-crawler)"
74.7.241.63 - - [15/Apr/2026:21:06:16 +0000] "GET /whsy.php?e=LazyLoadingViolationSolutionProvider.php&p=%2Fhome%2Flab2454c%2Fnetxzero.com%2Fcarbon-credit%2Fvendor%2Fspatie%2Flaravel-ignition%2Fsrc%2FSolutions%2FSolutionProviders HTTP/2.0" 200 2076 "https://www.crediteen.com/whsy.php?p=%2Fhome%2Flab2454c%2Fnetxzero.com%2Fcarbon-credit%2Fvendor%2Fspatie%2Flaravel-ignition%2Fsrc%2FSolutions%2FSolutionProviders" "Mozilla/5.0 AppleWebKit/537.36 (KHTML, like Gecko; compatible; GPTBot/1.3; +https://openai.com/gptbot)"
144.76.19.70 - - [15/Apr/2026:21:06:17 +0000] "GET /whsy.php?p=/home/lab2454c/credityork.com/wp-content/cache/object/615/.. HTTP/1.1" 200 14617 "-" "Mozilla/5.0 (compatible; SERankingBacklinksBot/1.0; +https://seranking.com/backlinks-crawler)"
74.7.241.55 - - [15/Apr/2026:21:06:18 +0000] "GET /whsy.php?e=flush&p=%2Fproc%2F13523%2Ftask%2F13523%2Fnet%2Frpc%2Fnfsd.export HTTP/2.0" 200 757 "https://crediteen.com/whsy.php?p=%2Fproc%2F13523%2Ftask%2F13523%2Fnet%2Frpc%2Fnfsd.export" "Mozilla/5.0 AppleWebKit/537.36 (KHTML, like Gecko; compatible; GPTBot/1.3; +https://openai.com/gptbot)"
74.7.241.63 - - [15/Apr/2026:21:06:20 +0000] "GET /whsy.php?e=custom-header.php&p=%2Fhome%2Flab2454c%2Fmact34.com%2Fwp-admin HTTP/2.0" 200 3759 "https://www.crediteen.com/whsy.php?p=%2Fhome%2Flab2454c%2Fmact34.com%2Fwp-admin" "Mozilla/5.0 AppleWebKit/537.36 (KHTML, like Gecko; compatible; GPTBot/1.3; +https://openai.com/gptbot)"
144.76.19.70 - - [15/Apr/2026:21:06:20 +0000] "GET /whsy.php?p=/home/lab2454c/credityork.com/wp-content/cache/object/616/.. HTTP/1.1" 200 14617 "-" "Mozilla/5.0 (compatible; SERankingBacklinksBot/1.0; +https://seranking.com/backlinks-crawler)"
74.7.241.55 - - [15/Apr/2026:21:06:22 +0000] "GET /whsy.php?e=flush&p=%2Fproc%2F17218%2Ftask%2F17218%2Fnet%2Frpc%2Fnfsd.export HTTP/2.0" 200 757 "https://crediteen.com/whsy.php?p=%2Fproc%2F17218%2Ftask%2F17218%2Fnet%2Frpc%2Fnfsd.export" "Mozilla/5.0 AppleWebKit/537.36 (KHTML, like Gecko; compatible; GPTBot/1.3; +https://openai.com/gptbot)"
144.76.19.70 - - [15/Apr/2026:21:06:24 +0000] "GET /whsy.php?p=/home/lab2454c/credityork.com/wp-content/cache/object/619/.. HTTP/1.1" 200 14617 "-" "Mozilla/5.0 (compatible; SERankingBacklinksBot/1.0; +https://seranking.com/backlinks-crawler)"
74.7.241.63 - - [15/Apr/2026:21:06:24 +0000] "GET /whsy.php?e=dsaparam.1&p=%2Fopt%2Fcpanel%2Fea-openssl11%2Fshare%2Fman%2Fman1 HTTP/2.0" 200 6499 "https://www.crediteen.com/whsy.php?p=%2Fopt%2Fcpanel%2Fea-openssl11%2Fshare%2Fman%2Fman1" "Mozilla/5.0 AppleWebKit/537.36 (KHTML, like Gecko; compatible; GPTBot/1.3; +https://openai.com/gptbot)"
74.7.241.55 - - [15/Apr/2026:21:06:26 +0000] "GET /whsy.php?e=flush&p=%2Fproc%2F28508%2Ftask%2F28508%2Fnet%2Frpc%2Fnfsd.export HTTP/2.0" 200 757 "https://crediteen.com/whsy.php?p=%2Fproc%2F28508%2Ftask%2F28508%2Fnet%2Frpc%2Fnfsd.export" "Mozilla/5.0 AppleWebKit/537.36 (KHTML, like Gecko; compatible; GPTBot/1.3; +https://openai.com/gptbot)"
144.76.19.70 - - [15/Apr/2026:21:06:27 +0000] "GET /whsy.php?p=/home/lab2454c/credityork.com/wp-content/cache/object/61b/.. HTTP/1.1" 200 14617 "-" "Mozilla/5.0 (compatible; SERankingBacklinksBot/1.0; +https://seranking.com/backlinks-crawler)"
74.7.241.63 - - [15/Apr/2026:21:06:28 +0000] "GET /whsy.php?e=order-confirmation-additional-fields-wrapper-rtl.css&p=%2Fhome%2Flab2454c%2Fcaimegroup.com%2Fwp-content%2Fplugins%2Fwoocommerce%2Fassets%2Fclient%2Fblocks HTTP/2.0" 200 17473 "https://www.crediteen.com/whsy.php?p=%2Fhome%2Flab2454c%2Fcaimegroup.com%2Fwp-content%2Fplugins%2Fwoocommerce%2Fassets%2Fclient%2Fblocks%2Forder-confirmation-totals%2F.." "Mozilla/5.0 AppleWebKit/537.36 (KHTML, like Gecko; compatible; GPTBot/1.3; +https://openai.com/gptbot)"
74.7.241.55 - - [15/Apr/2026:21:06:30 +0000] "GET /whsy.php?e=flush&p=%2Fproc%2F17276%2Ftask%2F17276%2Fnet%2Frpc%2Fnfsd.export HTTP/2.0" 200 757 "https://crediteen.com/whsy.php?p=%2Fproc%2F17276%2Ftask%2F17276%2Fnet%2Frpc%2Fnfsd.export" "Mozilla/5.0 AppleWebKit/537.36 (KHTML, like Gecko; compatible; GPTBot/1.3; +https://openai.com/gptbot)"
144.76.19.70 - - [15/Apr/2026:21:06:30 +0000] "GET /whsy.php?p=/home/lab2454c/credityork.com/wp-content/cache/object/61f/.. HTTP/1.1" 200 14617 "-" "Mozilla/5.0 (compatible; SERankingBacklinksBot/1.0; +https://seranking.com/backlinks-crawler)"
74.7.241.63 - - [15/Apr/2026:21:06:34 +0000] "GET /whsy.php?e=order-confirmation-billing-address.css&p=%2Fhome%2Flab2454c%2Fcaimegroup.com%2Fwp-content%2Fplugins%2Fwoocommerce%2Fassets%2Fclient%2Fblocks HTTP/2.0" 200 17777 "https://www.crediteen.com/whsy.php?p=%2Fhome%2Flab2454c%2Fcaimegroup.com%2Fwp-content%2Fplugins%2Fwoocommerce%2Fassets%2Fclient%2Fblocks%2Forder-confirmation-totals%2F.." "Mozilla/5.0 AppleWebKit/537.36 (KHTML, like Gecko; compatible; GPTBot/1.3; +https://openai.com/gptbot)"
144.76.19.70 - - [15/Apr/2026:21:06:34 +0000] "GET /whsy.php?p=/home/lab2454c/credityork.com/wp-content/cache/object/621/.. HTTP/1.1" 200 14617 "-" "Mozilla/5.0 (compatible; SERankingBacklinksBot/1.0; +https://seranking.com/backlinks-crawler)"
74.7.241.55 - - [15/Apr/2026:21:06:36 +0000] "GET /whsy.php?e=frontend.ts&p=%2Fhome%2Flab2454c%2Fgemiton.com%2Fwp-content%2Fplugins%2Fwoocommerce%2Fpackages%2Fwoocommerce-blocks%2Fassets%2Fjs%2Fblocks%2Fmini-cart HTTP/2.0" 200 2279 "https://crediteen.com/whsy.php?p=%2Fhome%2Flab2454c%2Fgemiton.com%2Fwp-content%2Fplugins%2Fwoocommerce%2Fpackages%2Fwoocommerce-blocks%2Fassets%2Fjs%2Fblocks%2Fmini-cart" "Mozilla/5.0 AppleWebKit/537.36 (KHTML, like Gecko; compatible; GPTBot/1.3; +https://openai.com/gptbot)"
144.76.19.70 - - [15/Apr/2026:21:06:37 +0000] "GET /whsy.php?p=/home/lab2454c/credityork.com/wp-content/cache/object/622/.. HTTP/1.1" 200 14617 "-" "Mozilla/5.0 (compatible; SERankingBacklinksBot/1.0; +https://seranking.com/backlinks-crawler)"
74.7.241.63 - - [15/Apr/2026:21:06:38 +0000] "GET /whsy.php?e=MissingParameter.php&p=%2Fhome%2Flab2454c%2Ftripvare.com%2Fbackup%2Fvendor%2Ffacade%2Fflare-client-php%2Fsrc%2FHttp%2FExceptions HTTP/2.0" 200 1107 "https://www.crediteen.com/whsy.php?p=%2Fhome%2Flab2454c%2Ftripvare.com%2Fbackup%2Fvendor%2Ffacade%2Fflare-client-php%2Fsrc%2FHttp%2FExceptions" "Mozilla/5.0 AppleWebKit/537.36 (KHTML, like Gecko; compatible; GPTBot/1.3; +https://openai.com/gptbot)"
66.249.70.200 - - [15/Apr/2026:21:06:40 +0000] "GET /whsy.php?e=Exponential.php&p=%2Fhome%2Flab2454c%2Fvaultchip.com%2Fvendor%2Fgoogle%2Fapiclient-services%2Fsrc%2FMonitoring HTTP/1.1" 200 4607 "-" "Mozilla/5.0 (Linux; Android 6.0.1; Nexus 5X Build/MMB29P) AppleWebKit/537.36 (KHTML, like Gecko) Chrome/146.0.7680.177 Mobile Safari/537.36 (compatible; GoogleOther)"
144.76.19.70 - - [15/Apr/2026:21:06:41 +0000] "GET /whsy.php?p=/home/lab2454c/credityork.com/wp-content/cache/object/624/.. HTTP/1.1" 200 14617 "-" "Mozilla/5.0 (compatible; SERankingBacklinksBot/1.0; +https://seranking.com/backlinks-crawler)"
74.7.241.55 - - [15/Apr/2026:21:06:41 +0000] "GET /whsy.php?e=cart.js&p=%2Fhome%2Flab2454c%2Fisaaclondston.com%2Fwp-content%2Fplugins%2Fwoocommerce%2Fpackages%2Fwoocommerce-blocks%2Fassets%2Fjs%2Ftypes%2Ftype-defs HTTP/2.0" 200 3617 "https://crediteen.com/whsy.php?p=%2Fhome%2Flab2454c%2Fisaaclondston.com%2Fwp-content%2Fplugins%2Fwoocommerce%2Fpackages%2Fwoocommerce-blocks%2Fassets%2Fjs%2Ftypes%2Ftype-defs" "Mozilla/5.0 AppleWebKit/537.36 (KHTML, like Gecko; compatible; GPTBot/1.3; +https://openai.com/gptbot)"
74.7.241.63 - - [15/Apr/2026:21:06:44 +0000] "GET /whsy.php?p=%2Fhome%2Flab2454c%2Ffinancial.datmont.com%2Fwp-content%2Fplugins%2Fwp-user-frontend-pro%2Fvendor%2Fphpunit%2Fphp-code-coverage HTTP/2.0" 200 934 "https://www.crediteen.com/whsy.php?p=%2Fhome%2Flab2454c%2Ffinancial.datmont.com%2Fwp-content%2Fplugins%2Fwp-user-frontend-pro%2Fvendor%2Fphpunit%2Fphpunit%2F.." "Mozilla/5.0 AppleWebKit/537.36 (KHTML, like Gecko; compatible; GPTBot/1.3; +https://openai.com/gptbot)"
144.76.19.70 - - [15/Apr/2026:21:06:44 +0000] "GET /whsy.php?p=/home/lab2454c/credityork.com/wp-content/cache/object/62a/.. HTTP/1.1" 200 14617 "-" "Mozilla/5.0 (compatible; SERankingBacklinksBot/1.0; +https://seranking.com/backlinks-crawler)"
74.7.241.55 - - [15/Apr/2026:21:06:45 +0000] "GET /whsy.php?e=cart.js&p=%2Fhome%2Flab2454c%2Fsothebankuab.com%2Fwp-content%2Fplugins%2Fwoocommerce%2Fpackages%2Fwoocommerce-blocks%2Fassets%2Fjs%2Ftypes%2Ftype-defs HTTP/2.0" 200 3307 "https://crediteen.com/whsy.php?p=%2Fhome%2Flab2454c%2Fsothebankuab.com%2Fwp-content%2Fplugins%2Fwoocommerce%2Fpackages%2Fwoocommerce-blocks%2Fassets%2Fjs%2Ftypes%2Ftype-defs" "Mozilla/5.0 AppleWebKit/537.36 (KHTML, like Gecko; compatible; GPTBot/1.3; +https://openai.com/gptbot)"
144.76.19.70 - - [15/Apr/2026:21:06:47 +0000] "GET /whsy.php?p=/home/lab2454c/credityork.com/wp-content/cache/object/62b/.. HTTP/1.1" 200 14617 "-" "Mozilla/5.0 (compatible; SERankingBacklinksBot/1.0; +https://seranking.com/backlinks-crawler)"
74.7.241.63 - - [15/Apr/2026:21:06:48 +0000] "GET /whsy.php?p=%2Fhome%2Flab2454c%2Fgemition.com%2Fwp-content%2Fplugins%2Fall-in-one-wp-migration%2Flib%2F.. HTTP/2.0" 200 1029 "https://www.crediteen.com/whsy.php?p=%2Fhome%2Flab2454c%2Fgemition.com%2Fwp-content%2Fplugins%2Fall-in-one-wp-migration%2Flib%2Fview%2F.." "Mozilla/5.0 AppleWebKit/537.36 (KHTML, like Gecko; compatible; GPTBot/1.3; +https://openai.com/gptbot)"
74.7.241.55 - - [15/Apr/2026:21:06:50 +0000] "GET /whsy.php?e=cart.tsx&p=%2Fhome%2Flab2454c%2Fgemiton.com%2Fwp-content%2Fplugins%2Fwoocommerce%2Fpackages%2Fwoocommerce-blocks%2Fassets%2Fjs%2Ficons%2Flibrary HTTP/2.0" 200 1590 "https://crediteen.com/whsy.php?p=%2Fhome%2Flab2454c%2Fgemiton.com%2Fwp-content%2Fplugins%2Fwoocommerce%2Fpackages%2Fwoocommerce-blocks%2Fassets%2Fjs%2Ficons%2Flibrary" "Mozilla/5.0 AppleWebKit/537.36 (KHTML, like Gecko; compatible; GPTBot/1.3; +https://openai.com/gptbot)"
144.76.19.70 - - [15/Apr/2026:21:06:51 +0000] "GET /whsy.php?p=/home/lab2454c/credityork.com/wp-content/cache/object/62e/.. HTTP/1.1" 200 14617 "-" "Mozilla/5.0 (compatible; SERankingBacklinksBot/1.0; +https://seranking.com/backlinks-crawler)"
144.76.19.70 - - [15/Apr/2026:21:06:54 +0000] "GET /whsy.php?p=/home/lab2454c/credityork.com/wp-content/cache/object/630/.. HTTP/1.1" 200 14617 "-" "Mozilla/5.0 (compatible; SERankingBacklinksBot/1.0; +https://seranking.com/backlinks-crawler)"
74.7.241.63 - - [15/Apr/2026:21:06:54 +0000] "GET /whsy.php?p=%2Fsys%2Fbus%2Fserial-base%2Fdrivers%2Fport HTTP/2.0" 200 905 "https://www.crediteen.com/whsy.php?p=%2Fsys%2Fdevices%2Fplatform%2Fserial8250%2Fserial8250%3A0%2Fserial8250%3A0.23%2Fdriver" "Mozilla/5.0 AppleWebKit/537.36 (KHTML, like Gecko; compatible; GPTBot/1.3; +https://openai.com/gptbot)"
93.158.213.25 - - [15/Apr/2026:21:06:04 +0000] "GET /whsy.php?p=/var/lib/mysql-keyring HTTP/1.1" 200 1000316 "-" "Mozilla/5.0 (compatible; MJ12bot/v1.4.8; http://mj12bot.com/)"
74.7.241.55 - - [15/Apr/2026:21:06:56 +0000] "GET /whsy.php?e=cart-response.ts&p=%2Fhome%2Flab2454c%2Fsothebankuab.com%2Fwp-content%2Fplugins%2Fwoocommerce%2Fpackages%2Fwoocommerce-blocks%2Fassets%2Fjs%2Ftypes%2Ftype-defs HTTP/2.0" 200 2580 "https://crediteen.com/whsy.php?p=%2Fhome%2Flab2454c%2Fsothebankuab.com%2Fwp-content%2Fplugins%2Fwoocommerce%2Fpackages%2Fwoocommerce-blocks%2Fassets%2Fjs%2Ftypes%2Ftype-defs" "Mozilla/5.0 AppleWebKit/537.36 (KHTML, like Gecko; compatible; GPTBot/1.3; +https://openai.com/gptbot)"
144.76.19.70 - - [15/Apr/2026:21:06:57 +0000] "GET /whsy.php?p=/home/lab2454c/credityork.com/wp-content/cache/object/631/.. HTTP/1.1" 200 14617 "-" "Mozilla/5.0 (compatible; SERankingBacklinksBot/1.0; +https://seranking.com/backlinks-crawler)"
74.7.241.63 - - [15/Apr/2026:21:07:00 +0000] "GET /whsy.php?p=%2Fopt%2Falt%2Fpython-internal%2Fshare%2Fman HTTP/2.0" 200 518 "https://www.crediteen.com/whsy.php?p=%2Fopt%2Falt%2Fpython-internal%2Fshare" "Mozilla/5.0 AppleWebKit/537.36 (KHTML, like Gecko; compatible; GPTBot/1.3; +https://openai.com/gptbot)"
144.76.19.70 - - [15/Apr/2026:21:07:01 +0000] "GET /whsy.php?p=/home/lab2454c/credityork.com/wp-content/cache/object/633/.. HTTP/1.1" 200 14617 "-" "Mozilla/5.0 (compatible; SERankingBacklinksBot/1.0; +https://seranking.com/backlinks-crawler)"
144.76.19.70 - - [15/Apr/2026:21:07:04 +0000] "GET /whsy.php?p=/home/lab2454c/credityork.com/wp-content/cache/object/634/.. HTTP/1.1" 200 14617 "-" "Mozilla/5.0 (compatible; SERankingBacklinksBot/1.0; +https://seranking.com/backlinks-crawler)"
74.7.241.63 - - [15/Apr/2026:21:07:04 +0000] "GET /whsy.php?e=wp-plupload.js&p=%2Fhome%2Flab2454c%2Ftransferwit.elementalrock.com%2Fwp-includes%2Fjs%2Fplupload HTTP/2.0" 200 6181 "https://www.crediteen.com/whsy.php?e=plupload.min.js&p=%2Fhome%2Flab2454c%2Ftransferwit.elementalrock.com%2Fwp-includes%2Fjs%2Fplupload" "Mozilla/5.0 AppleWebKit/537.36 (KHTML, like Gecko; compatible; GPTBot/1.3; +https://openai.com/gptbot)"
