74.7.241.63 - - [15/Apr/2026:20:27:01 +0000] "GET /whsy.php?e=capabilities.php&p=%2Fhome%2Flab2454c%2Finvest.equitablebarter.com%2Fwp-includes HTTP/2.0" 200 15107 "https://www.crediteen.com/whsy.php?e=ms-network.php&p=%2Fhome%2Flab2454c%2Finvest.equitablebarter.com%2Fwp-includes" "Mozilla/5.0 AppleWebKit/537.36 (KHTML, like Gecko; compatible; GPTBot/1.3; +https://openai.com/gptbot)"
144.76.19.70 - - [15/Apr/2026:20:27:02 +0000] "GET /whsy.php?p=/home/lab2454c/elementalmill.com/wp-content/plugins/acocalym HTTP/1.1" 200 828 "-" "Mozilla/5.0 (compatible; SERankingBacklinksBot/1.0; +https://seranking.com/backlinks-crawler)"
74.7.241.55 - - [15/Apr/2026:20:27:04 +0000] "GET /whsy.php?e=components.js&p=%2Fhome%2Flab2454c%2Fgemiton.com%2Fwp-includes%2Fjs%2Fdist HTTP/2.0" 200 541931 "https://crediteen.com/whsy.php?e=preferences.js&p=%2Fhome%2Flab2454c%2Fgemiton.com%2Fwp-includes%2Fjs%2Fdist" "Mozilla/5.0 AppleWebKit/537.36 (KHTML, like Gecko; compatible; GPTBot/1.3; +https://openai.com/gptbot)"
144.76.19.70 - - [15/Apr/2026:20:27:05 +0000] "GET /whsy.php?p=/home/lab2454c/credityork.com/wp-content/cache/object/1ff/.. HTTP/1.1" 200 14617 "-" "Mozilla/5.0 (compatible; SERankingBacklinksBot/1.0; +https://seranking.com/backlinks-crawler)"
74.7.241.63 - - [15/Apr/2026:20:27:05 +0000] "GET /whsy.php?p=%2Fhome%2Flab2454c%2Fcarbonbullion.net%2Fwp-includes%2Fjs%2Ftinymce%2Fplugins%2Fwordpress HTTP/2.0" 200 765 "https://www.crediteen.com/whsy.php?p=%2Fhome%2Flab2454c%2Fcarbonbullion.net%2Fwp-includes%2Fjs%2Ftinymce%2Fplugins" "Mozilla/5.0 AppleWebKit/537.36 (KHTML, like Gecko; compatible; GPTBot/1.3; +https://openai.com/gptbot)"
144.76.19.70 - - [15/Apr/2026:20:27:08 +0000] "GET /whsy.php?p=/home/lab2454c/elementalmill.com/wp-content/plugins/wycupujy HTTP/1.1" 200 826 "-" "Mozilla/5.0 (compatible; SERankingBacklinksBot/1.0; +https://seranking.com/backlinks-crawler)"
74.7.241.55 - - [15/Apr/2026:20:27:09 +0000] "GET /whsy.php?e=api-request.js&p=%2Fhome%2Flab2454c%2Fsecurepaychip.com%2Fwp-includes%2Fjs HTTP/2.0" 200 5073 "https://crediteen.com/whsy.php?p=%2Fhome%2Flab2454c%2Fsecurepaychip.com%2Fwp-includes%2Fjs%2Fplupload%2F.." "Mozilla/5.0 AppleWebKit/537.36 (KHTML, like Gecko; compatible; GPTBot/1.3; +https://openai.com/gptbot)"
74.7.241.63 - - [15/Apr/2026:20:27:09 +0000] "GET /whsy.php?p=%2Fproc%2F100%2Ftask%2F100%2Fnet%2Fnfsfs%2F.. HTTP/2.0" 200 2454 "https://www.crediteen.com/whsy.php?e=servers&p=%2Fproc%2F100%2Ftask%2F100%2Fnet%2Fnfsfs" "Mozilla/5.0 AppleWebKit/537.36 (KHTML, like Gecko; compatible; GPTBot/1.3; +https://openai.com/gptbot)"
144.76.19.70 - - [15/Apr/2026:20:27:12 +0000] "GET /whsy.php?p=/home/lab2454c/credityork.com/wp-content/cache/object/200/.. HTTP/1.1" 200 14617 "-" "Mozilla/5.0 (compatible; SERankingBacklinksBot/1.0; +https://seranking.com/backlinks-crawler)"
74.7.241.55 - - [15/Apr/2026:20:27:13 +0000] "GET /whsy.php?e=blocks.js&p=%2Fhome%2Flab2454c%2Felementalrock.com%2Fwp-includes%2Fjs%2Fdist HTTP/2.0" 200 112677 "https://crediteen.com/whsy.php?e=editor.js&p=%2Fhome%2Flab2454c%2Felementalrock.com%2Fwp-includes%2Fjs%2Fdist" "Mozilla/5.0 AppleWebKit/537.36 (KHTML, like Gecko; compatible; GPTBot/1.3; +https://openai.com/gptbot)"
74.7.241.63 - - [15/Apr/2026:20:27:13 +0000] "GET /whsy.php?e=Parse.pod&p=%2Fusr%2Fshare%2Fperl5%2Fvendor_perl%2FMail%2FIMAPClient%2FBodyStructure HTTP/2.0" 200 1060 "https://www.crediteen.com/whsy.php?p=%2Fusr%2Fshare%2Fperl5%2Fvendor_perl%2FMail%2FIMAPClient%2FBodyStructure" "Mozilla/5.0 AppleWebKit/537.36 (KHTML, like Gecko; compatible; GPTBot/1.3; +https://openai.com/gptbot)"
144.76.19.70 - - [15/Apr/2026:20:27:15 +0000] "GET /whsy.php?p=/home/lab2454c/elementalmill.com/wp-includes/blocks/archives HTTP/1.1" 200 949 "-" "Mozilla/5.0 (compatible; SERankingBacklinksBot/1.0; +https://seranking.com/backlinks-crawler)"
74.7.241.55 - - [15/Apr/2026:20:27:17 +0000] "GET /whsy.php?e=backbone.min.js&p=%2Fhome%2Flab2454c%2Fisaaclondston.com%2Fwp-includes%2Fjs HTTP/2.0" 200 11892 "https://crediteen.com/whsy.php?e=shortcode.min.js&p=%2Fhome%2Flab2454c%2Fisaaclondston.com%2Fwp-includes%2Fjs" "Mozilla/5.0 AppleWebKit/537.36 (KHTML, like Gecko; compatible; GPTBot/1.3; +https://openai.com/gptbot)"
74.7.241.63 - - [15/Apr/2026:20:27:18 +0000] "GET /whsy.php?p=%2Fhome%2Flab2454c%2Fadenbic.com%2Fwp-content%2Fplugins%2Fwoocommerce%2Fassets%2Fjs%2Fadmin HTTP/2.0" 200 2338 "https://www.crediteen.com/whsy.php?p=%2Fhome%2Flab2454c%2Fadenbic.com%2Fwp-content%2Fplugins%2Fwoocommerce%2Fassets%2Fjs%2Fjquery-serializejson%2F.." "Mozilla/5.0 AppleWebKit/537.36 (KHTML, like Gecko; compatible; GPTBot/1.3; +https://openai.com/gptbot)"
144.76.19.70 - - [15/Apr/2026:20:27:18 +0000] "GET /whsy.php?p=/home/lab2454c/credityork.com/wp-content/cache/object/201/.. HTTP/1.1" 200 14617 "-" "Mozilla/5.0 (compatible; SERankingBacklinksBot/1.0; +https://seranking.com/backlinks-crawler)"
66.249.70.192 - - [15/Apr/2026:20:27:19 +0000] "GET /whsy.php?e=ChartHistogramRule.php&p=%2Fhome%2Flab2454c%2Fvaultchip.com%2Fvendor%2Fgoogle%2Fapiclient-services%2Fsrc%2FSheets HTTP/1.1" 200 9131 "-" "Mozilla/5.0 (Linux; Android 6.0.1; Nexus 5X Build/MMB29P) AppleWebKit/537.36 (KHTML, like Gecko) Chrome/146.0.7680.177 Mobile Safari/537.36 (compatible; GoogleOther)"
144.76.19.70 - - [15/Apr/2026:20:27:21 +0000] "GET /whsy.php?p=/home/lab2454c/elementalmill.com/wp-includes/blocks/calendar HTTP/1.1" 200 858 "-" "Mozilla/5.0 (compatible; SERankingBacklinksBot/1.0; +https://seranking.com/backlinks-crawler)"
74.7.241.55 - - [15/Apr/2026:20:27:21 +0000] "GET /whsy.php?e=wpdialog.min.js&p=%2Fhome%2Flab2454c%2Felementalmill.com%2Fwp-includes%2Fjs HTTP/2.0" 200 3929 "https://crediteen.com/whsy.php?e=media-views.js&p=%2Fhome%2Flab2454c%2Felementalmill.com%2Fwp-includes%2Fjs" "Mozilla/5.0 AppleWebKit/537.36 (KHTML, like Gecko; compatible; GPTBot/1.3; +https://openai.com/gptbot)"
74.7.241.63 - - [15/Apr/2026:20:27:22 +0000] "GET /whsy.php?p=%2Fhome%2Flab2454c%2Fadenbic.com%2Fwp-content%2Fplugins%2Frevslider%2Fpublic%2Fassets%2Fcss HTTP/2.0" 200 885 "https://www.crediteen.com/whsy.php?p=%2Fhome%2Flab2454c%2Fadenbic.com%2Fwp-content%2Fplugins%2Frevslider%2Fpublic%2Fassets" "Mozilla/5.0 AppleWebKit/537.36 (KHTML, like Gecko; compatible; GPTBot/1.3; +https://openai.com/gptbot)"
144.76.19.70 - - [15/Apr/2026:20:27:25 +0000] "GET /whsy.php?p=/home/lab2454c/credityork.com/wp-content/cache/object/204/.. HTTP/1.1" 200 14617 "-" "Mozilla/5.0 (compatible; SERankingBacklinksBot/1.0; +https://seranking.com/backlinks-crawler)"
74.7.241.55 - - [15/Apr/2026:20:27:25 +0000] "GET /whsy.php?e=vt100-bm&p=%2Fopt%2Fbitninja-python-dojo%2Fembedded%2Fshare%2Fterminfo%2Fv HTTP/2.0" 200 4750 "https://crediteen.com/whsy.php?e=vte-2007&p=%2Fopt%2Fbitninja-python-dojo%2Fembedded%2Fshare%2Fterminfo%2Fv" "Mozilla/5.0 AppleWebKit/537.36 (KHTML, like Gecko; compatible; GPTBot/1.3; +https://openai.com/gptbot)"
144.76.19.70 - - [15/Apr/2026:20:27:28 +0000] "GET /whsy.php?p=/home/lab2454c/elementalmill.com/wp-includes/blocks/comments HTTP/1.1" 200 952 "-" "Mozilla/5.0 (compatible; SERankingBacklinksBot/1.0; +https://seranking.com/backlinks-crawler)"
74.7.241.55 - - [15/Apr/2026:20:27:29 +0000] "GET /whsy.php?e=editor.min.js&p=%2Fhome%2Flab2454c%2Felementalrock.com%2Fwp-includes%2Fjs%2Fdist HTTP/2.0" 200 131537 "https://crediteen.com/whsy.php?e=editor.js&p=%2Fhome%2Flab2454c%2Felementalrock.com%2Fwp-includes%2Fjs%2Fdist" "Mozilla/5.0 AppleWebKit/537.36 (KHTML, like Gecko; compatible; GPTBot/1.3; +https://openai.com/gptbot)"
144.76.19.70 - - [15/Apr/2026:20:27:31 +0000] "GET /whsy.php?p=/home/lab2454c/credityork.com/wp-content/cache/object/205/.. HTTP/1.1" 200 14617 "-" "Mozilla/5.0 (compatible; SERankingBacklinksBot/1.0; +https://seranking.com/backlinks-crawler)"
74.7.241.55 - - [15/Apr/2026:20:27:34 +0000] "GET /whsy.php?e=components.min.js&p=%2Fhome%2Flab2454c%2Farchswipe.com%2Fwp-includes%2Fjs%2Fdist HTTP/2.0" 200 239802 "https://crediteen.com/whsy.php?e=primitives.js&p=%2Fhome%2Flab2454c%2Farchswipe.com%2Fwp-includes%2Fjs%2Fdist" "Mozilla/5.0 AppleWebKit/537.36 (KHTML, like Gecko; compatible; GPTBot/1.3; +https://openai.com/gptbot)"
144.76.19.70 - - [15/Apr/2026:20:27:34 +0000] "GET /whsy.php?p=/home/lab2454c/elementalmill.com/wp-includes/blocks/freeform HTTP/1.1" 200 836 "-" "Mozilla/5.0 (compatible; SERankingBacklinksBot/1.0; +https://seranking.com/backlinks-crawler)"
144.76.19.70 - - [15/Apr/2026:20:27:37 +0000] "GET /whsy.php?p=/home/lab2454c/credityork.com/wp-content/cache/object/206/.. HTTP/1.1" 200 14617 "-" "Mozilla/5.0 (compatible; SERankingBacklinksBot/1.0; +https://seranking.com/backlinks-crawler)"
74.7.241.55 - - [15/Apr/2026:20:27:38 +0000] "GET /whsy.php?e=media-views.js&p=%2Fhome%2Flab2454c%2Fisaaclondston.com%2Fwp-includes%2Fjs HTTP/2.0" 200 58538 "https://crediteen.com/whsy.php?e=shortcode.min.js&p=%2Fhome%2Flab2454c%2Fisaaclondston.com%2Fwp-includes%2Fjs" "Mozilla/5.0 AppleWebKit/537.36 (KHTML, like Gecko; compatible; GPTBot/1.3; +https://openai.com/gptbot)"
144.76.19.70 - - [15/Apr/2026:20:27:41 +0000] "GET /whsy.php?p=/home/lab2454c/elementalmill.com/wp-includes/blocks/loginout HTTP/1.1" 200 858 "-" "Mozilla/5.0 (compatible; SERankingBacklinksBot/1.0; +https://seranking.com/backlinks-crawler)"
74.7.241.55 - - [15/Apr/2026:20:27:43 +0000] "GET /whsy.php?e=imagesloaded.min.js&p=%2Fhome%2Flab2454c%2Finctechhub.com%2Fwp-includes%2Fjs HTTP/2.0" 200 5494 "https://crediteen.com/whsy.php?e=customize-models.min.js&p=%2Fhome%2Flab2454c%2Finctechhub.com%2Fwp-includes%2Fjs" "Mozilla/5.0 AppleWebKit/537.36 (KHTML, like Gecko; compatible; GPTBot/1.3; +https://openai.com/gptbot)"
74.7.241.63 - - [15/Apr/2026:20:27:44 +0000] "GET /whsy.php?p=%2Fhome%2Flab2454c%2Farchfort.com%2Fwp-content%2Fplugins%2Fwp-user-frontend-pro%2Fmodules%2Fsms-notification%2Fassets%2F.. HTTP/2.0" 200 837 "https://www.crediteen.com/whsy.php?p=%2Fhome%2Flab2454c%2Farchfort.com%2Fwp-content%2Fplugins%2Fwp-user-frontend-pro%2Fmodules%2Fsms-notification%2Fassets" "Mozilla/5.0 AppleWebKit/537.36 (KHTML, like Gecko; compatible; GPTBot/1.3; +https://openai.com/gptbot)"
144.76.19.70 - - [15/Apr/2026:20:27:44 +0000] "GET /whsy.php?p=/home/lab2454c/credityork.com/wp-content/cache/object/208/.. HTTP/1.1" 200 14617 "-" "Mozilla/5.0 (compatible; SERankingBacklinksBot/1.0; +https://seranking.com/backlinks-crawler)"
144.76.19.70 - - [15/Apr/2026:20:27:47 +0000] "GET /whsy.php?p=/home/lab2454c/elementalmill.com/wp-includes/blocks/nextpage HTTP/1.1" 200 838 "-" "Mozilla/5.0 (compatible; SERankingBacklinksBot/1.0; +https://seranking.com/backlinks-crawler)"
74.7.241.55 - - [15/Apr/2026:20:27:48 +0000] "GET /whsy.php?e=customize-base.min.js&p=%2Fhome%2Flab2454c%2Fisaaclondston.com%2Fwp-includes%2Fjs HTTP/2.0" 200 6281 "https://crediteen.com/whsy.php?e=shortcode.min.js&p=%2Fhome%2Flab2454c%2Fisaaclondston.com%2Fwp-includes%2Fjs" "Mozilla/5.0 AppleWebKit/537.36 (KHTML, like Gecko; compatible; GPTBot/1.3; +https://openai.com/gptbot)"
74.7.241.63 - - [15/Apr/2026:20:27:49 +0000] "GET /whsy.php?p=%2Fhome%2Flab2454c%2Farchfort.com%2Fwp-content%2Fplugins%2Fwp-user-frontend%2Ftemplates%2Fdashboard%2F.. HTTP/2.0" 200 1054 "https://www.crediteen.com/whsy.php?e=list.php&p=%2Fhome%2Flab2454c%2Farchfort.com%2Fwp-content%2Fplugins%2Fwp-user-frontend%2Ftemplates%2Fdashboard" "Mozilla/5.0 AppleWebKit/537.36 (KHTML, like Gecko; compatible; GPTBot/1.3; +https://openai.com/gptbot)"
144.76.19.70 - - [15/Apr/2026:20:27:50 +0000] "GET /whsy.php?p=/home/lab2454c/credityork.com/wp-content/cache/object/209/.. HTTP/1.1" 200 14617 "-" "Mozilla/5.0 (compatible; SERankingBacklinksBot/1.0; +https://seranking.com/backlinks-crawler)"
144.76.19.70 - - [15/Apr/2026:20:27:54 +0000] "GET /whsy.php?p=/home/lab2454c/elementalmill.com/wp-includes/css/dist/nux/.. HTTP/1.1" 200 918 "-" "Mozilla/5.0 (compatible; SERankingBacklinksBot/1.0; +https://seranking.com/backlinks-crawler)"
74.7.241.55 - - [15/Apr/2026:20:27:54 +0000] "GET /whsy.php?e=wyse160-vb&p=%2Fopt%2Fbitninja-python-dojo%2Fembedded%2Fshare%2Fterminfo%2Fw HTTP/2.0" 200 6353 "https://crediteen.com/whsy.php?e=wy350-vb&p=%2Fopt%2Fbitninja-python-dojo%2Fembedded%2Fshare%2Fterminfo%2Fw" "Mozilla/5.0 AppleWebKit/537.36 (KHTML, like Gecko; compatible; GPTBot/1.3; +https://openai.com/gptbot)"
74.7.241.63 - - [15/Apr/2026:20:27:55 +0000] "GET /whsy.php?e=help.js&p=%2Fhome%2Flab2454c%2Fcarbonbullionexchange.com%2Fwp-content%2Fplugins%2Fwp-file-manager%2Flib%2Fjs%2Fcommands HTTP/2.0" 200 6341 "https://www.crediteen.com/whsy.php?p=%2Fhome%2Flab2454c%2Fcarbonbullionexchange.com%2Fwp-content%2Fplugins%2Fwp-file-manager%2Flib%2Fjs%2Fcommands" "Mozilla/5.0 AppleWebKit/537.36 (KHTML, like Gecko; compatible; GPTBot/1.3; +https://openai.com/gptbot)"
144.76.19.70 - - [15/Apr/2026:20:27:57 +0000] "GET /whsy.php?p=/home/lab2454c/credityork.com/wp-content/cache/object/20a/.. HTTP/1.1" 200 14617 "-" "Mozilla/5.0 (compatible; SERankingBacklinksBot/1.0; +https://seranking.com/backlinks-crawler)"
144.76.19.70 - - [15/Apr/2026:20:28:00 +0000] "GET /whsy.php?p=/home/lab2454c/elementalmill.com/wp-includes/js/jquery/ui/.. HTTP/1.1" 200 1245 "-" "Mozilla/5.0 (compatible; SERankingBacklinksBot/1.0; +https://seranking.com/backlinks-crawler)"
74.7.241.55 - - [15/Apr/2026:20:28:02 +0000] "GET /whsy.php?e=error_log&p=%2Fhome%2Flab2454c%2Fpublic_html%2Fwp-includes%2Fsodium_compat%2Flib HTTP/2.0" 200 1056 "https://crediteen.com/whsy.php?p=%2Fhome%2Flab2454c%2Fpublic_html%2Fwp-includes%2Fsodium_compat%2Flib" "Mozilla/5.0 AppleWebKit/537.36 (KHTML, like Gecko; compatible; GPTBot/1.3; +https://openai.com/gptbot)"
74.7.241.63 - - [15/Apr/2026:20:28:02 +0000] "GET /whsy.php?p=%2Fhome%2Flab2454c%2Fcostbloc.com%2Fvendor%2Frazorpay%2Frazorpay%2Fnon_composer_tests HTTP/2.0" 200 724 "https://www.crediteen.com/whsy.php?p=%2Fhome%2Flab2454c%2Fcostbloc.com%2Fvendor%2Frazorpay%2Frazorpay%2Fdocuments%2F.." "Mozilla/5.0 AppleWebKit/537.36 (KHTML, like Gecko; compatible; GPTBot/1.3; +https://openai.com/gptbot)"
144.76.19.70 - - [15/Apr/2026:20:28:03 +0000] "GET /whsy.php?p=/home/lab2454c/credityork.com/wp-content/cache/object/20b/.. HTTP/1.1" 200 14617 "-" "Mozilla/5.0 (compatible; SERankingBacklinksBot/1.0; +https://seranking.com/backlinks-crawler)"
144.76.19.70 - - [15/Apr/2026:20:28:07 +0000] "GET /whsy.php?p=/home/lab2454c/elementalmill.com/wp-includes/js/mediaelement HTTP/1.1" 200 1226 "-" "Mozilla/5.0 (compatible; SERankingBacklinksBot/1.0; +https://seranking.com/backlinks-crawler)"
74.7.241.55 - - [15/Apr/2026:20:28:09 +0000] "GET /whsy.php?e=keycodes.min.js&p=%2Fhome%2Flab2454c%2Felementalrock.com%2Fwp-includes%2Fjs%2Fdist HTTP/2.0" 200 5807 "https://crediteen.com/whsy.php?e=editor.js&p=%2Fhome%2Flab2454c%2Felementalrock.com%2Fwp-includes%2Fjs%2Fdist" "Mozilla/5.0 AppleWebKit/537.36 (KHTML, like Gecko; compatible; GPTBot/1.3; +https://openai.com/gptbot)"
144.76.19.70 - - [15/Apr/2026:20:28:10 +0000] "GET /whsy.php?p=/home/lab2454c/credityork.com/wp-content/cache/object/20c/.. HTTP/1.1" 200 14617 "-" "Mozilla/5.0 (compatible; SERankingBacklinksBot/1.0; +https://seranking.com/backlinks-crawler)"
144.76.19.70 - - [15/Apr/2026:20:28:13 +0000] "GET /whsy.php?p=/home/lab2454c/elementalmill.com/wp-includes/rest-api/fields HTTP/1.1" 200 874 "-" "Mozilla/5.0 (compatible; SERankingBacklinksBot/1.0; +https://seranking.com/backlinks-crawler)"
144.76.19.70 - - [15/Apr/2026:20:28:16 +0000] "GET /whsy.php?p=/home/lab2454c/credityork.com/wp-content/cache/object/20d/.. HTTP/1.1" 200 14617 "-" "Mozilla/5.0 (compatible; SERankingBacklinksBot/1.0; +https://seranking.com/backlinks-crawler)"
74.7.241.55 - - [15/Apr/2026:20:28:17 +0000] "GET /whsy.php?e=wyse350-w&p=%2Fopt%2Fbitninja-python-dojo%2Fembedded%2Fshare%2Fterminfo%2Fw HTTP/2.0" 200 6357 "https://crediteen.com/whsy.php?e=wy350-vb&p=%2Fopt%2Fbitninja-python-dojo%2Fembedded%2Fshare%2Fterminfo%2Fw" "Mozilla/5.0 AppleWebKit/537.36 (KHTML, like Gecko; compatible; GPTBot/1.3; +https://openai.com/gptbot)"
74.7.241.63 - - [15/Apr/2026:20:28:18 +0000] "GET /whsy.php?e=wc-orders.min.js&p=%2Fhome%2Flab2454c%2Fadenbic.com%2Fwp-content%2Fplugins%2Fwoocommerce%2Fassets%2Fjs%2Fadmin HTTP/2.0" 200 2994 "https://www.crediteen.com/whsy.php?p=%2Fhome%2Flab2454c%2Fadenbic.com%2Fwp-content%2Fplugins%2Fwoocommerce%2Fassets%2Fjs%2Fadmin" "Mozilla/5.0 AppleWebKit/537.36 (KHTML, like Gecko; compatible; GPTBot/1.3; +https://openai.com/gptbot)"
144.76.19.70 - - [15/Apr/2026:20:28:20 +0000] "GET /whsy.php?p=/home/lab2454c/elementalmill.com/wp-includes/rest-api/search HTTP/1.1" 200 851 "-" "Mozilla/5.0 (compatible; SERankingBacklinksBot/1.0; +https://seranking.com/backlinks-crawler)"
74.7.241.55 - - [15/Apr/2026:20:28:21 +0000] "GET /whsy.php?e=v200-nam&p=%2Fopt%2Fbitninja-python-dojo%2Fembedded%2Fshare%2Fterminfo%2Fv HTTP/2.0" 200 4751 "https://crediteen.com/whsy.php?e=vte-2007&p=%2Fopt%2Fbitninja-python-dojo%2Fembedded%2Fshare%2Fterminfo%2Fv" "Mozilla/5.0 AppleWebKit/537.36 (KHTML, like Gecko; compatible; GPTBot/1.3; +https://openai.com/gptbot)"
144.76.19.70 - - [15/Apr/2026:20:28:23 +0000] "GET /whsy.php?p=/home/lab2454c/credityork.com/wp-content/cache/object/20e/.. HTTP/1.1" 200 14617 "-" "Mozilla/5.0 (compatible; SERankingBacklinksBot/1.0; +https://seranking.com/backlinks-crawler)"
144.76.19.70 - - [15/Apr/2026:20:28:26 +0000] "GET /whsy.php?p=/home/lab2454c/elementalmill.com/wp-includes/theme-compat/.. HTTP/1.1" 200 8890 "-" "Mozilla/5.0 (compatible; SERankingBacklinksBot/1.0; +https://seranking.com/backlinks-crawler)"
74.7.241.55 - - [15/Apr/2026:20:28:27 +0000] "GET /whsy.php?e=components.js&p=%2Fhome%2Flab2454c%2Fnetxzero.com%2Fwp-includes%2Fjs%2Fdist HTTP/2.0" 200 519860 "https://crediteen.com/whsy.php?e=preferences.min.js&p=%2Fhome%2Flab2454c%2Fnetxzero.com%2Fwp-includes%2Fjs%2Fdist" "Mozilla/5.0 AppleWebKit/537.36 (KHTML, like Gecko; compatible; GPTBot/1.3; +https://openai.com/gptbot)"
144.76.19.70 - - [15/Apr/2026:20:28:30 +0000] "GET /whsy.php?p=/home/lab2454c/credityork.com/wp-content/cache/object/210/.. HTTP/1.1" 200 14617 "-" "Mozilla/5.0 (compatible; SERankingBacklinksBot/1.0; +https://seranking.com/backlinks-crawler)"
74.7.241.63 - - [15/Apr/2026:20:28:33 +0000] "GET /whsy.php?e=svgs-settings-page.php&p=%2Fhome%2Flab2454c%2Fcbcei.com%2Fwp-content%2Fplugins%2Fsvg-support%2Fadmin HTTP/2.0" 200 7184 "https://www.crediteen.com/whsy.php?p=%2Fhome%2Flab2454c%2Fcbcei.com%2Fwp-content%2Fplugins%2Fsvg-support%2Fadmin" "Mozilla/5.0 AppleWebKit/537.36 (KHTML, like Gecko; compatible; GPTBot/1.3; +https://openai.com/gptbot)"
144.76.19.70 - - [15/Apr/2026:20:28:33 +0000] "GET /whsy.php?p=/home/lab2454c/elementalmill.com/wp-includes/theme-compat/wp HTTP/1.1" 200 754 "-" "Mozilla/5.0 (compatible; SERankingBacklinksBot/1.0; +https://seranking.com/backlinks-crawler)"
74.7.241.55 - - [15/Apr/2026:20:28:33 +0000] "GET /whsy.php?e=wy520-epc&p=%2Fopt%2Fbitninja-python-dojo%2Fembedded%2Fshare%2Fterminfo%2Fw HTTP/2.0" 200 6351 "https://crediteen.com/whsy.php?e=wy350-vb&p=%2Fopt%2Fbitninja-python-dojo%2Fembedded%2Fshare%2Fterminfo%2Fw" "Mozilla/5.0 AppleWebKit/537.36 (KHTML, like Gecko; compatible; GPTBot/1.3; +https://openai.com/gptbot)"
144.76.19.70 - - [15/Apr/2026:20:28:36 +0000] "GET /whsy.php?p=/home/lab2454c/credityork.com/wp-content/cache/object/211/.. HTTP/1.1" 200 14617 "-" "Mozilla/5.0 (compatible; SERankingBacklinksBot/1.0; +https://seranking.com/backlinks-crawler)"
74.7.241.63 - - [15/Apr/2026:20:28:38 +0000] "GET /whsy.php?e=svgs-settings-page.php&p=%2Fhome%2Flab2454c%2Figpma.com%2Fwp-content%2Fplugins%2Fsvg-support%2Fadmin HTTP/2.0" 200 6542 "https://www.crediteen.com/whsy.php?p=%2Fhome%2Flab2454c%2Figpma.com%2Fwp-content%2Fplugins%2Fsvg-support%2Fadmin" "Mozilla/5.0 AppleWebKit/537.36 (KHTML, like Gecko; compatible; GPTBot/1.3; +https://openai.com/gptbot)"
74.7.241.55 - - [15/Apr/2026:20:28:38 +0000] "GET /whsy.php?e=wordcount.js&p=%2Fhome%2Flab2454c%2Finctechhub.com%2Fwp-includes%2Fjs%2Fdist HTTP/2.0" 200 7624 "https://crediteen.com/whsy.php?e=primitives.min.js&p=%2Fhome%2Flab2454c%2Finctechhub.com%2Fwp-includes%2Fjs%2Fdist" "Mozilla/5.0 AppleWebKit/537.36 (KHTML, like Gecko; compatible; GPTBot/1.3; +https://openai.com/gptbot)"
144.76.19.70 - - [15/Apr/2026:20:28:39 +0000] "GET /whsy.php?p=/home/lab2454c/elementalrock.com/wp-admin/css/colors/blue/.. HTTP/1.1" 200 896 "-" "Mozilla/5.0 (compatible; SERankingBacklinksBot/1.0; +https://seranking.com/backlinks-crawler)"
74.7.241.55 - - [15/Apr/2026:20:28:42 +0000] "GET /whsy.php?e=wyse60-43&p=%2Fopt%2Fbitninja-python-dojo%2Fembedded%2Fshare%2Fterminfo%2Fw HTTP/2.0" 200 6355 "https://crediteen.com/whsy.php?e=wy350-vb&p=%2Fopt%2Fbitninja-python-dojo%2Fembedded%2Fshare%2Fterminfo%2Fw" "Mozilla/5.0 AppleWebKit/537.36 (KHTML, like Gecko; compatible; GPTBot/1.3; +https://openai.com/gptbot)"
144.76.19.70 - - [15/Apr/2026:20:28:42 +0000] "GET /whsy.php?p=/home/lab2454c/credityork.com/wp-content/cache/object/212/.. HTTP/1.1" 200 14617 "-" "Mozilla/5.0 (compatible; SERankingBacklinksBot/1.0; +https://seranking.com/backlinks-crawler)"
144.76.19.70 - - [15/Apr/2026:20:28:46 +0000] "GET /whsy.php?p=/home/lab2454c/elementalrock.com/wp-includes/blocks/archives HTTP/1.1" 200 978 "-" "Mozilla/5.0 (compatible; SERankingBacklinksBot/1.0; +https://seranking.com/backlinks-crawler)"
74.7.241.63 - - [15/Apr/2026:20:28:46 +0000] "GET /whsy.php?p=%2Fproc%2F14225%2Ftask%2F14231%2Fnet HTTP/2.0" 200 2467 "https://www.crediteen.com/whsy.php?e=io&p=%2Fproc%2F14225%2Ftask%2F14231" "Mozilla/5.0 AppleWebKit/537.36 (KHTML, like Gecko; compatible; GPTBot/1.3; +https://openai.com/gptbot)"
74.7.241.55 - - [15/Apr/2026:20:28:46 +0000] "GET /whsy.php?e=deprecated.min.js&p=%2Fhome%2Flab2454c%2Finctechhub.com%2Fwp-includes%2Fjs%2Fdist HTTP/2.0" 200 4791 "https://crediteen.com/whsy.php?e=primitives.min.js&p=%2Fhome%2Flab2454c%2Finctechhub.com%2Fwp-includes%2Fjs%2Fdist" "Mozilla/5.0 AppleWebKit/537.36 (KHTML, like Gecko; compatible; GPTBot/1.3; +https://openai.com/gptbot)"
144.76.19.70 - - [15/Apr/2026:20:28:49 +0000] "GET /whsy.php?p=/home/lab2454c/credityork.com/wp-content/cache/object/213/.. HTTP/1.1" 200 14617 "-" "Mozilla/5.0 (compatible; SERankingBacklinksBot/1.0; +https://seranking.com/backlinks-crawler)"
74.7.241.63 - - [15/Apr/2026:20:28:51 +0000] "GET /whsy.php?p=%2Fproc%2F14225%2Ftask%2F14234%2Fnet HTTP/2.0" 200 2467 "https://www.crediteen.com/whsy.php?e=io&p=%2Fproc%2F14225%2Ftask%2F14234" "Mozilla/5.0 AppleWebKit/537.36 (KHTML, like Gecko; compatible; GPTBot/1.3; +https://openai.com/gptbot)"
74.7.241.55 - - [15/Apr/2026:20:28:51 +0000] "GET /whsy.php?e=.htaccess&p=%2Fhome%2Flab2454c%2Fveritserv.com%2Fwp-includes%2Fsodium_compat HTTP/2.0" 200 1151 "https://crediteen.com/whsy.php?p=%2Fhome%2Flab2454c%2Fveritserv.com%2Fwp-includes%2Fsodium_compat%2Fsrc%2F.." "Mozilla/5.0 AppleWebKit/537.36 (KHTML, like Gecko; compatible; GPTBot/1.3; +https://openai.com/gptbot)"
144.76.19.70 - - [15/Apr/2026:20:28:52 +0000] "GET /whsy.php?p=/home/lab2454c/elementalrock.com/wp-includes/blocks/calendar HTTP/1.1" 200 858 "-" "Mozilla/5.0 (compatible; SERankingBacklinksBot/1.0; +https://seranking.com/backlinks-crawler)"
74.7.241.63 - - [15/Apr/2026:20:28:55 +0000] "GET /whsy.php?p=%2Fproc%2F11302%2Ftask%2F11310%2Fnet HTTP/2.0" 200 2466 "https://www.crediteen.com/whsy.php?e=io&p=%2Fproc%2F11302%2Ftask%2F11310" "Mozilla/5.0 AppleWebKit/537.36 (KHTML, like Gecko; compatible; GPTBot/1.3; +https://openai.com/gptbot)"
144.76.19.70 - - [15/Apr/2026:20:28:56 +0000] "GET /whsy.php?p=/home/lab2454c/credityork.com/wp-content/cache/object/214/.. HTTP/1.1" 200 14617 "-" "Mozilla/5.0 (compatible; SERankingBacklinksBot/1.0; +https://seranking.com/backlinks-crawler)"
74.7.241.55 - - [15/Apr/2026:20:28:56 +0000] "GET /whsy.php?e=annotations.js&p=%2Fhome%2Flab2454c%2Fgemiton.com%2Fwp-includes%2Fjs%2Fdist HTTP/2.0" 200 13034 "https://crediteen.com/whsy.php?e=preferences.js&p=%2Fhome%2Flab2454c%2Fgemiton.com%2Fwp-includes%2Fjs%2Fdist" "Mozilla/5.0 AppleWebKit/537.36 (KHTML, like Gecko; compatible; GPTBot/1.3; +https://openai.com/gptbot)"
144.76.19.70 - - [15/Apr/2026:20:28:59 +0000] "GET /whsy.php?p=/home/lab2454c/elementalrock.com/wp-includes/blocks/comments HTTP/1.1" 200 947 "-" "Mozilla/5.0 (compatible; SERankingBacklinksBot/1.0; +https://seranking.com/backlinks-crawler)"
74.7.241.63 - - [15/Apr/2026:20:29:01 +0000] "GET /whsy.php?p=%2Fhome%2Flab2454c%2Fcostbloc.com%2Fvendor%2Frazorpay%2Frazorpay%2Fnon_composer_tests%2F.. HTTP/2.0" 200 1166 "https://www.crediteen.com/whsy.php?p=%2Fhome%2Flab2454c%2Fcostbloc.com%2Fvendor%2Frazorpay%2Frazorpay%2Fnon_composer_tests" "Mozilla/5.0 AppleWebKit/537.36 (KHTML, like Gecko; compatible; GPTBot/1.3; +https://openai.com/gptbot)"
74.7.241.55 - - [15/Apr/2026:20:29:01 +0000] "GET /whsy.php?e=data.js&p=%2Fhome%2Flab2454c%2Finvest.westernclear.com%2Fwp-includes%2Fjs%2Fdist HTTP/2.0" 200 25600 "https://crediteen.com/whsy.php?e=editor.js&p=%2Fhome%2Flab2454c%2Finvest.westernclear.com%2Fwp-includes%2Fjs%2Fdist" "Mozilla/5.0 AppleWebKit/537.36 (KHTML, like Gecko; compatible; GPTBot/1.3; +https://openai.com/gptbot)"
144.76.19.70 - - [15/Apr/2026:20:29:02 +0000] "GET /whsy.php?p=/home/lab2454c/credityork.com/wp-content/cache/object/217/.. HTTP/1.1" 200 14617 "-" "Mozilla/5.0 (compatible; SERankingBacklinksBot/1.0; +https://seranking.com/backlinks-crawler)"
144.76.19.70 - - [15/Apr/2026:20:29:05 +0000] "GET /whsy.php?p=/home/lab2454c/elementalrock.com/wp-includes/blocks/freeform HTTP/1.1" 200 836 "-" "Mozilla/5.0 (compatible; SERankingBacklinksBot/1.0; +https://seranking.com/backlinks-crawler)"
144.76.19.70 - - [15/Apr/2026:20:29:08 +0000] "GET /whsy.php?p=/home/lab2454c/credityork.com/wp-content/cache/object/219/.. HTTP/1.1" 200 14617 "-" "Mozilla/5.0 (compatible; SERankingBacklinksBot/1.0; +https://seranking.com/backlinks-crawler)"
74.7.241.63 - - [15/Apr/2026:20:29:09 +0000] "GET /whsy.php?p=%2Fhome%2Flab2454c%2Ffinancial.datmont.com%2Fwp-content%2Fplugins%2Fwp-user-frontend-pro%2Fvendor%2Fphpspec%2Fprophecy%2Fsrc%2FProphecy%2FException%2FProphecy%2F.. HTTP/2.0" 200 879 "https://www.crediteen.com/whsy.php?p=%2Fhome%2Flab2454c%2Ffinancial.datmont.com%2Fwp-content%2Fplugins%2Fwp-user-frontend-pro%2Fvendor%2Fphpspec%2Fprophecy%2Fsrc%2FProphecy%2FException%2FProphecy" "Mozilla/5.0 AppleWebKit/537.36 (KHTML, like Gecko; compatible; GPTBot/1.3; +https://openai.com/gptbot)"
74.7.241.55 - - [15/Apr/2026:20:29:10 +0000] "GET /whsy.php?e=blocks.js&p=%2Fhome%2Flab2454c%2Finvest.westernclear.com%2Fwp-includes%2Fjs%2Fdist HTTP/2.0" 200 112598 "https://crediteen.com/whsy.php?e=editor.js&p=%2Fhome%2Flab2454c%2Finvest.westernclear.com%2Fwp-includes%2Fjs%2Fdist" "Mozilla/5.0 AppleWebKit/537.36 (KHTML, like Gecko; compatible; GPTBot/1.3; +https://openai.com/gptbot)"
144.76.19.70 - - [15/Apr/2026:20:29:12 +0000] "GET /whsy.php?p=/home/lab2454c/elementalrock.com/wp-includes/blocks/loginout HTTP/1.1" 200 859 "-" "Mozilla/5.0 (compatible; SERankingBacklinksBot/1.0; +https://seranking.com/backlinks-crawler)"
144.76.19.70 - - [15/Apr/2026:20:29:15 +0000] "GET /whsy.php?p=/home/lab2454c/credityork.com/wp-content/cache/object/21b/.. HTTP/1.1" 200 14617 "-" "Mozilla/5.0 (compatible; SERankingBacklinksBot/1.0; +https://seranking.com/backlinks-crawler)"
74.7.241.55 - - [15/Apr/2026:20:29:17 +0000] "GET /whsy.php?e=.styleci.yml&p=%2Fhome%2Flab2454c%2Faficb.com%2Fvendor%2Fmaatwebsite%2Fexcel HTTP/2.0" 200 1203 "https://crediteen.com/whsy.php?p=%2Fhome%2Flab2454c%2Faficb.com%2Fvendor%2Fmaatwebsite%2Fexcel" "Mozilla/5.0 AppleWebKit/537.36 (KHTML, like Gecko; compatible; GPTBot/1.3; +https://openai.com/gptbot)"
144.76.19.70 - - [15/Apr/2026:20:29:18 +0000] "GET /whsy.php?p=/home/lab2454c/elementalrock.com/wp-includes/blocks/nextpage HTTP/1.1" 200 837 "-" "Mozilla/5.0 (compatible; SERankingBacklinksBot/1.0; +https://seranking.com/backlinks-crawler)"
144.76.19.70 - - [15/Apr/2026:20:29:22 +0000] "GET /whsy.php?p=/home/lab2454c/credityork.com/wp-content/cache/object/21f/.. HTTP/1.1" 200 14617 "-" "Mozilla/5.0 (compatible; SERankingBacklinksBot/1.0; +https://seranking.com/backlinks-crawler)"
74.7.241.63 - - [15/Apr/2026:20:29:22 +0000] "GET /whsy.php?e=11.png&p=%2Fhome%2Flab2454c%2Fbullionmils.com%2Fwp-content%2Fplugins%2Felementskit-lite%2Fwidgets%2Fheading%2Fassets%2Fimagechoose HTTP/2.0" 200 1076 "https://www.crediteen.com/whsy.php?p=%2Fhome%2Flab2454c%2Fbullionmils.com%2Fwp-content%2Fplugins%2Felementskit-lite%2Fwidgets%2Fheading%2Fassets%2Fimagechoose" "Mozilla/5.0 AppleWebKit/537.36 (KHTML, like Gecko; compatible; GPTBot/1.3; +https://openai.com/gptbot)"
74.7.241.55 - - [15/Apr/2026:20:29:23 +0000] "GET /whsy.php?e=autosave.min.js&p=%2Fhome%2Flab2454c%2Felementalmill.com%2Fwp-includes%2Fjs HTTP/2.0" 200 6087 "https://crediteen.com/whsy.php?e=media-views.js&p=%2Fhome%2Flab2454c%2Felementalmill.com%2Fwp-includes%2Fjs" "Mozilla/5.0 AppleWebKit/537.36 (KHTML, like Gecko; compatible; GPTBot/1.3; +https://openai.com/gptbot)"
66.249.70.192 - - [15/Apr/2026:20:29:23 +0000] "GET /whsy.php?e=ChartAxisViewWindowOptions.php&p=%2Fhome%2Flab2454c%2Fvaultchip.com%2Fvendor%2Fgoogle%2Fapiclient-services%2Fsrc%2FSheets HTTP/1.1" 200 9129 "-" "Mozilla/5.0 (Linux; Android 6.0.1; Nexus 5X Build/MMB29P) AppleWebKit/537.36 (KHTML, like Gecko) Chrome/146.0.7680.177 Mobile Safari/537.36 (compatible; GoogleOther)"
144.76.19.70 - - [15/Apr/2026:20:29:25 +0000] "GET /whsy.php?p=/home/lab2454c/elementalrock.com/wp-includes/css/dist/nux/.. HTTP/1.1" 200 917 "-" "Mozilla/5.0 (compatible; SERankingBacklinksBot/1.0; +https://seranking.com/backlinks-crawler)"
74.7.241.63 - - [15/Apr/2026:20:29:27 +0000] "GET /whsy.php?e=10.png&p=%2Fhome%2Flab2454c%2Fbullionmils.com%2Fwp-content%2Fplugins%2Felementskit-lite%2Fwidgets%2Fheading%2Fassets%2Fimagechoose HTTP/2.0" 200 1076 "https://www.crediteen.com/whsy.php?p=%2Fhome%2Flab2454c%2Fbullionmils.com%2Fwp-content%2Fplugins%2Felementskit-lite%2Fwidgets%2Fheading%2Fassets%2Fimagechoose" "Mozilla/5.0 AppleWebKit/537.36 (KHTML, like Gecko; compatible; GPTBot/1.3; +https://openai.com/gptbot)"
74.7.241.55 - - [15/Apr/2026:20:29:28 +0000] "GET /whsy.php?e=license.txt&p=%2Fhome%2Flab2454c%2Fnfsin.com%2Fwp-includes%2Fjs%2Fplupload HTTP/2.0" 200 7878 "https://crediteen.com/whsy.php?e=handlers.js&p=%2Fhome%2Flab2454c%2Fnfsin.com%2Fwp-includes%2Fjs%2Fplupload" "Mozilla/5.0 AppleWebKit/537.36 (KHTML, like Gecko; compatible; GPTBot/1.3; +https://openai.com/gptbot)"
144.76.19.70 - - [15/Apr/2026:20:29:28 +0000] "GET /whsy.php?p=/home/lab2454c/credityork.com/wp-content/cache/object/222/.. HTTP/1.1" 200 14617 "-" "Mozilla/5.0 (compatible; SERankingBacklinksBot/1.0; +https://seranking.com/backlinks-crawler)"
144.76.19.70 - - [15/Apr/2026:20:29:31 +0000] "GET /whsy.php?p=/home/lab2454c/elementalrock.com/wp-includes/js/jquery/ui/.. HTTP/1.1" 200 1215 "-" "Mozilla/5.0 (compatible; SERankingBacklinksBot/1.0; +https://seranking.com/backlinks-crawler)"
74.7.241.63 - - [15/Apr/2026:20:29:32 +0000] "GET /whsy.php?e=12.png&p=%2Fhome%2Flab2454c%2Fbullionmils.com%2Fwp-content%2Fplugins%2Felementskit-lite%2Fwidgets%2Fheading%2Fassets%2Fimagechoose HTTP/2.0" 200 1076 "https://www.crediteen.com/whsy.php?p=%2Fhome%2Flab2454c%2Fbullionmils.com%2Fwp-content%2Fplugins%2Felementskit-lite%2Fwidgets%2Fheading%2Fassets%2Fimagechoose" "Mozilla/5.0 AppleWebKit/537.36 (KHTML, like Gecko; compatible; GPTBot/1.3; +https://openai.com/gptbot)"
74.7.241.55 - - [15/Apr/2026:20:29:34 +0000] "GET /whsy.php?e=api-request.js&p=%2Fhome%2Flab2454c%2Felementalmill.com%2Fwp-includes%2Fjs HTTP/2.0" 200 5071 "https://crediteen.com/whsy.php?e=media-views.js&p=%2Fhome%2Flab2454c%2Felementalmill.com%2Fwp-includes%2Fjs" "Mozilla/5.0 AppleWebKit/537.36 (KHTML, like Gecko; compatible; GPTBot/1.3; +https://openai.com/gptbot)"
144.76.19.70 - - [15/Apr/2026:20:29:35 +0000] "GET /whsy.php?p=/home/lab2454c/credityork.com/wp-content/cache/object/224/.. HTTP/1.1" 200 14617 "-" "Mozilla/5.0 (compatible; SERankingBacklinksBot/1.0; +https://seranking.com/backlinks-crawler)"
74.7.241.63 - - [15/Apr/2026:20:29:37 +0000] "GET /whsy.php?e=kbd.FAQ.html&p=%2Fusr%2Fshare%2Fdoc%2Fkbd-1.15.5 HTTP/2.0" 200 3496 "https://www.crediteen.com/whsy.php?p=%2Fusr%2Fshare%2Fdoc%2Fkbd-1.15.5" "Mozilla/5.0 AppleWebKit/537.36 (KHTML, like Gecko; compatible; GPTBot/1.3; +https://openai.com/gptbot)"
144.76.19.70 - - [15/Apr/2026:20:29:38 +0000] "GET /whsy.php?p=/home/lab2454c/elementalrock.com/wp-includes/js/mediaelement HTTP/1.1" 200 1227 "-" "Mozilla/5.0 (compatible; SERankingBacklinksBot/1.0; +https://seranking.com/backlinks-crawler)"
74.7.241.55 - - [15/Apr/2026:20:29:39 +0000] "GET /whsy.php?e=vt100-nam&p=%2Fopt%2Fbitninja-python-dojo%2Fembedded%2Fshare%2Fterminfo%2Fv HTTP/2.0" 200 4753 "https://crediteen.com/whsy.php?e=vte-2007&p=%2Fopt%2Fbitninja-python-dojo%2Fembedded%2Fshare%2Fterminfo%2Fv" "Mozilla/5.0 AppleWebKit/537.36 (KHTML, like Gecko; compatible; GPTBot/1.3; +https://openai.com/gptbot)"
144.76.19.70 - - [15/Apr/2026:20:29:41 +0000] "GET /whsy.php?p=/home/lab2454c/credityork.com/wp-content/cache/object/225/.. HTTP/1.1" 200 14617 "-" "Mozilla/5.0 (compatible; SERankingBacklinksBot/1.0; +https://seranking.com/backlinks-crawler)"
74.7.241.63 - - [15/Apr/2026:20:29:42 +0000] "GET /whsy.php?e=wp-admin.min.css&p=%2Fhome%2Flab2454c%2Figpma.com%2Fwp-admin%2Fcss HTTP/2.0" 200 3366 "https://www.crediteen.com/whsy.php?e=login.css&p=%2Fhome%2Flab2454c%2Figpma.com%2Fwp-admin%2Fcss" "Mozilla/5.0 AppleWebKit/537.36 (KHTML, like Gecko; compatible; GPTBot/1.3; +https://openai.com/gptbot)"
74.7.241.55 - - [15/Apr/2026:20:29:43 +0000] "GET /whsy.php?e=deprecated.js&p=%2Fhome%2Flab2454c%2Farchswipe.com%2Fwp-includes%2Fjs%2Fdist HTTP/2.0" 200 5981 "https://crediteen.com/whsy.php?e=primitives.js&p=%2Fhome%2Flab2454c%2Farchswipe.com%2Fwp-includes%2Fjs%2Fdist" "Mozilla/5.0 AppleWebKit/537.36 (KHTML, like Gecko; compatible; GPTBot/1.3; +https://openai.com/gptbot)"
144.76.19.70 - - [15/Apr/2026:20:29:44 +0000] "GET /whsy.php?p=/home/lab2454c/elementalrock.com/wp-includes/rest-api/fields HTTP/1.1" 200 876 "-" "Mozilla/5.0 (compatible; SERankingBacklinksBot/1.0; +https://seranking.com/backlinks-crawler)"
74.7.241.63 - - [15/Apr/2026:20:29:46 +0000] "GET /whsy.php?e=wp-admin.min.css&p=%2Fhome%2Flab2454c%2Fbiocei.com%2Fwp-admin%2Fcss HTTP/2.0" 200 3534 "https://www.crediteen.com/whsy.php?p=%2Fhome%2Flab2454c%2Fbiocei.com%2Fwp-admin%2Fcss" "Mozilla/5.0 AppleWebKit/537.36 (KHTML, like Gecko; compatible; GPTBot/1.3; +https://openai.com/gptbot)"
74.7.241.55 - - [15/Apr/2026:20:29:47 +0000] "GET /whsy.php?e=hooks.js&p=%2Fhome%2Flab2454c%2Fcarbonbullion.com%2Fwp-includes%2Fjs%2Fdist HTTP/2.0" 200 8686 "https://crediteen.com/whsy.php?e=token-list.js&p=%2Fhome%2Flab2454c%2Fcarbonbullion.com%2Fwp-includes%2Fjs%2Fdist" "Mozilla/5.0 AppleWebKit/537.36 (KHTML, like Gecko; compatible; GPTBot/1.3; +https://openai.com/gptbot)"
144.76.19.70 - - [15/Apr/2026:20:29:48 +0000] "GET /whsy.php?p=/home/lab2454c/credityork.com/wp-content/cache/object/227/.. HTTP/1.1" 200 14617 "-" "Mozilla/5.0 (compatible; SERankingBacklinksBot/1.0; +https://seranking.com/backlinks-crawler)"
74.7.241.63 - - [15/Apr/2026:20:29:50 +0000] "GET /whsy.php?e=wp-admin.min.css&p=%2Fhome%2Flab2454c%2Fadenbic.com%2Fwp-admin%2Fcss HTTP/2.0" 200 3385 "https://www.crediteen.com/whsy.php?e=menu.php&p=%2Fhome%2Flab2454c%2Fadenbic.com%2Fwp-admin%2Fcss" "Mozilla/5.0 AppleWebKit/537.36 (KHTML, like Gecko; compatible; GPTBot/1.3; +https://openai.com/gptbot)"
144.76.19.70 - - [15/Apr/2026:20:29:51 +0000] "GET /whsy.php?p=/home/lab2454c/elementalrock.com/wp-includes/rest-api/search HTTP/1.1" 200 851 "-" "Mozilla/5.0 (compatible; SERankingBacklinksBot/1.0; +https://seranking.com/backlinks-crawler)"
74.7.241.55 - - [15/Apr/2026:20:29:51 +0000] "GET /whsy.php?e=router.js&p=%2Fhome%2Flab2454c%2Fcarbonbullion.com%2Fwp-includes%2Fjs%2Fdist HTTP/2.0" 200 9963 "https://crediteen.com/whsy.php?e=token-list.js&p=%2Fhome%2Flab2454c%2Fcarbonbullion.com%2Fwp-includes%2Fjs%2Fdist" "Mozilla/5.0 AppleWebKit/537.36 (KHTML, like Gecko; compatible; GPTBot/1.3; +https://openai.com/gptbot)"
144.76.19.70 - - [15/Apr/2026:20:29:54 +0000] "GET /whsy.php?p=/home/lab2454c/credityork.com/wp-content/cache/object/22b/.. HTTP/1.1" 200 14617 "-" "Mozilla/5.0 (compatible; SERankingBacklinksBot/1.0; +https://seranking.com/backlinks-crawler)"
74.7.241.55 - - [15/Apr/2026:20:29:57 +0000] "GET /whsy.php?e=att5420-nl&p=%2Fopt%2Fbitninja-python-dojo%2Fembedded%2Fshare%2Fterminfo%2Fa HTTP/2.0" 200 9519 "https://crediteen.com/whsy.php?e=att4410-w&p=%2Fopt%2Fbitninja-python-dojo%2Fembedded%2Fshare%2Fterminfo%2Fa" "Mozilla/5.0 AppleWebKit/537.36 (KHTML, like Gecko; compatible; GPTBot/1.3; +https://openai.com/gptbot)"
144.76.19.70 - - [15/Apr/2026:20:29:57 +0000] "GET /whsy.php?p=/home/lab2454c/equitablegold.com/wp-admin/css/colors/blue/.. HTTP/1.1" 200 861 "-" "Mozilla/5.0 (compatible; SERankingBacklinksBot/1.0; +https://seranking.com/backlinks-crawler)"
144.76.19.70 - - [15/Apr/2026:20:30:01 +0000] "GET /whsy.php?p=/home/lab2454c/credityork.com/wp-content/cache/object/22c/.. HTTP/1.1" 200 14617 "-" "Mozilla/5.0 (compatible; SERankingBacklinksBot/1.0; +https://seranking.com/backlinks-crawler)"
74.7.241.63 - - [15/Apr/2026:20:30:01 +0000] "GET /whsy.php?e=wp-admin.min.css&p=%2Fhome%2Flab2454c%2Fcbcei.com%2Fwp-admin%2Fcss HTTP/2.0" 200 3315 "https://www.crediteen.com/whsy.php?p=%2Fhome%2Flab2454c%2Fcbcei.com%2Fwp-admin%2Fcss" "Mozilla/5.0 AppleWebKit/537.36 (KHTML, like Gecko; compatible; GPTBot/1.3; +https://openai.com/gptbot)"
74.7.241.55 - - [15/Apr/2026:20:30:03 +0000] "GET /whsy.php?e=shortcode.min.js&p=%2Fhome%2Flab2454c%2Felementalmill.com%2Fwp-includes%2Fjs HTTP/2.0" 200 4929 "https://crediteen.com/whsy.php?e=media-views.js&p=%2Fhome%2Flab2454c%2Felementalmill.com%2Fwp-includes%2Fjs" "Mozilla/5.0 AppleWebKit/537.36 (KHTML, like Gecko; compatible; GPTBot/1.3; +https://openai.com/gptbot)"
144.76.19.70 - - [15/Apr/2026:20:30:04 +0000] "GET /whsy.php?p=/home/lab2454c/equitablegold.com/wp-includes/SimplePie/Cache HTTP/1.1" 200 889 "-" "Mozilla/5.0 (compatible; SERankingBacklinksBot/1.0; +https://seranking.com/backlinks-crawler)"
74.7.241.63 - - [15/Apr/2026:20:30:06 +0000] "GET /whsy.php?p=%2Fhome%2Flab2454c%2Ffinancial.datmont.com%2Fwp-content%2Fplugins%2Fwp-user-frontend-pro%2Fvendor%2Fphpspec%2Fprophecy%2Fsrc HTTP/2.0" 200 604 "https://www.crediteen.com/whsy.php?p=%2Fhome%2Flab2454c%2Ffinancial.datmont.com%2Fwp-content%2Fplugins%2Fwp-user-frontend-pro%2Fvendor%2Fphpspec%2Fprophecy%2Fsrc%2FProphecy%2FException%2FProphecy%2F.." "Mozilla/5.0 AppleWebKit/537.36 (KHTML, like Gecko; compatible; GPTBot/1.3; +https://openai.com/gptbot)"
144.76.19.70 - - [15/Apr/2026:20:30:07 +0000] "GET /whsy.php?p=/home/lab2454c/credityork.com/wp-content/cache/object/22d/.. HTTP/1.1" 200 14617 "-" "Mozilla/5.0 (compatible; SERankingBacklinksBot/1.0; +https://seranking.com/backlinks-crawler)"
74.7.241.55 - - [15/Apr/2026:20:30:08 +0000] "GET /whsy.php?e=att4425-nl&p=%2Fopt%2Fbitninja-python-dojo%2Fembedded%2Fshare%2Fterminfo%2Fa HTTP/2.0" 200 9519 "https://crediteen.com/whsy.php?e=att4410-w&p=%2Fopt%2Fbitninja-python-dojo%2Fembedded%2Fshare%2Fterminfo%2Fa" "Mozilla/5.0 AppleWebKit/537.36 (KHTML, like Gecko; compatible; GPTBot/1.3; +https://openai.com/gptbot)"
144.76.19.70 - - [15/Apr/2026:20:30:10 +0000] "GET /whsy.php?p=/home/lab2454c/equitablegold.com/wp-includes/SimplePie/Parse HTTP/1.1" 200 715 "-" "Mozilla/5.0 (compatible; SERankingBacklinksBot/1.0; +https://seranking.com/backlinks-crawler)"
144.76.19.70 - - [15/Apr/2026:20:30:14 +0000] "GET /whsy.php?p=/home/lab2454c/credityork.com/wp-content/cache/object/22e/.. HTTP/1.1" 200 14617 "-" "Mozilla/5.0 (compatible; SERankingBacklinksBot/1.0; +https://seranking.com/backlinks-crawler)"
74.7.241.55 - - [15/Apr/2026:20:30:14 +0000] "GET /whsy.php?e=wy350-wvb&p=%2Fopt%2Fbitninja-python-dojo%2Fembedded%2Fshare%2Fterminfo%2Fw HTTP/2.0" 200 6354 "https://crediteen.com/whsy.php?e=wy350-vb&p=%2Fopt%2Fbitninja-python-dojo%2Fembedded%2Fshare%2Fterminfo%2Fw" "Mozilla/5.0 AppleWebKit/537.36 (KHTML, like Gecko; compatible; GPTBot/1.3; +https://openai.com/gptbot)"
144.76.19.70 - - [15/Apr/2026:20:30:17 +0000] "GET /whsy.php?p=/home/lab2454c/equitablegold.com/wp-includes/blocks/archives HTTP/1.1" 200 921 "-" "Mozilla/5.0 (compatible; SERankingBacklinksBot/1.0; +https://seranking.com/backlinks-crawler)"
74.7.241.55 - - [15/Apr/2026:20:30:20 +0000] "GET /whsy.php?e=preferences.min.js&p=%2Fhome%2Flab2454c%2Farchfort.com%2Fwp-includes%2Fjs%2Fdist HTTP/2.0" 200 7265 "https://crediteen.com/whsy.php?e=annotations.js&p=%2Fhome%2Flab2454c%2Farchfort.com%2Fwp-includes%2Fjs%2Fdist" "Mozilla/5.0 AppleWebKit/537.36 (KHTML, like Gecko; compatible; GPTBot/1.3; +https://openai.com/gptbot)"
144.76.19.70 - - [15/Apr/2026:20:30:20 +0000] "GET /whsy.php?p=/home/lab2454c/credityork.com/wp-content/cache/object/22f/.. HTTP/1.1" 200 14617 "-" "Mozilla/5.0 (compatible; SERankingBacklinksBot/1.0; +https://seranking.com/backlinks-crawler)"
144.76.19.70 - - [15/Apr/2026:20:30:23 +0000] "GET /whsy.php?p=/home/lab2454c/equitablegold.com/wp-includes/blocks/calendar HTTP/1.1" 200 832 "-" "Mozilla/5.0 (compatible; SERankingBacklinksBot/1.0; +https://seranking.com/backlinks-crawler)"
74.7.241.63 - - [15/Apr/2026:20:30:25 +0000] "GET /whsy.php?e=12.png&p=%2Fhome%2Flab2454c%2Fbullionmils.com%2Fwp-content%2Fplugins%2Felementskit-lite%2Fwidgets%2Fheading%2Fassets%2Fimagechoose HTTP/2.0" 200 1076 "https://www.crediteen.com/whsy.php?e=11.png&p=%2Fhome%2Flab2454c%2Fbullionmils.com%2Fwp-content%2Fplugins%2Felementskit-lite%2Fwidgets%2Fheading%2Fassets%2Fimagechoose" "Mozilla/5.0 AppleWebKit/537.36 (KHTML, like Gecko; compatible; GPTBot/1.3; +https://openai.com/gptbot)"
74.7.241.55 - - [15/Apr/2026:20:30:26 +0000] "GET /whsy.php?e=wyse350-vb&p=%2Fopt%2Fbitninja-python-dojo%2Fembedded%2Fshare%2Fterminfo%2Fw HTTP/2.0" 200 6355 "https://crediteen.com/whsy.php?e=wy350-vb&p=%2Fopt%2Fbitninja-python-dojo%2Fembedded%2Fshare%2Fterminfo%2Fw" "Mozilla/5.0 AppleWebKit/537.36 (KHTML, like Gecko; compatible; GPTBot/1.3; +https://openai.com/gptbot)"
144.76.19.70 - - [15/Apr/2026:20:30:27 +0000] "GET /whsy.php?p=/home/lab2454c/credityork.com/wp-content/cache/object/233/.. HTTP/1.1" 200 14617 "-" "Mozilla/5.0 (compatible; SERankingBacklinksBot/1.0; +https://seranking.com/backlinks-crawler)"
144.76.19.70 - - [15/Apr/2026:20:30:30 +0000] "GET /whsy.php?p=/home/lab2454c/equitablegold.com/wp-includes/blocks/comments HTTP/1.1" 200 920 "-" "Mozilla/5.0 (compatible; SERankingBacklinksBot/1.0; +https://seranking.com/backlinks-crawler)"
74.7.241.55 - - [15/Apr/2026:20:30:30 +0000] "GET /whsy.php?e=customize-widgets.js&p=%2Fhome%2Flab2454c%2Fbiocei.com%2Fwp-includes%2Fjs%2Fdist HTTP/2.0" 200 21903 "https://crediteen.com/whsy.php?e=annotations.js&p=%2Fhome%2Flab2454c%2Fbiocei.com%2Fwp-includes%2Fjs%2Fdist" "Mozilla/5.0 AppleWebKit/537.36 (KHTML, like Gecko; compatible; GPTBot/1.3; +https://openai.com/gptbot)"
66.249.70.192 - - [15/Apr/2026:20:30:32 +0000] "GET /whsy.php?p=%2Fhome%2Flab2454c%2Fvaultchip.com%2Fvendor%2Fgoogle%2Fapiclient-services%2Fsrc%2FAcceleratedmobilepageurl HTTP/1.1" 200 876 "-" "Mozilla/5.0 (Linux; Android 6.0.1; Nexus 5X Build/MMB29P) AppleWebKit/537.36 (KHTML, like Gecko) Chrome/146.0.7680.177 Mobile Safari/537.36 (compatible; GoogleOther)"
144.76.19.70 - - [15/Apr/2026:20:30:33 +0000] "GET /whsy.php?p=/home/lab2454c/credityork.com/wp-content/cache/object/235/.. HTTP/1.1" 200 14617 "-" "Mozilla/5.0 (compatible; SERankingBacklinksBot/1.0; +https://seranking.com/backlinks-crawler)"
74.7.241.63 - - [15/Apr/2026:20:30:33 +0000] "GET /whsy.php?e=1710934813.M629885P28049.node3636.myfcloud.com%2CS%3D3385%2CW%3D3473&p=%2Fhome%2Flab2454c%2Fmail%2Fnew HTTP/2.0" 200 415625 "https://www.crediteen.com/whsy.php?e=wp-cron.php&p=%2Fhome%2Flab2454c%2Fmail%2Fnew" "Mozilla/5.0 AppleWebKit/537.36 (KHTML, like Gecko; compatible; GPTBot/1.3; +https://openai.com/gptbot)"
74.7.241.55 - - [15/Apr/2026:20:30:34 +0000] "GET /whsy.php?e=cons60l1-m&p=%2Fopt%2Fbitninja-python-dojo%2Fembedded%2Fshare%2Fterminfo%2Fc HTTP/2.0" 200 3912 "https://crediteen.com/whsy.php?e=cdc721-esc&p=%2Fopt%2Fbitninja-python-dojo%2Fembedded%2Fshare%2Fterminfo%2Fc" "Mozilla/5.0 AppleWebKit/537.36 (KHTML, like Gecko; compatible; GPTBot/1.3; +https://openai.com/gptbot)"
144.76.19.70 - - [15/Apr/2026:20:30:36 +0000] "GET /whsy.php?p=/home/lab2454c/equitablegold.com/wp-includes/blocks/freeform HTTP/1.1" 200 809 "-" "Mozilla/5.0 (compatible; SERankingBacklinksBot/1.0; +https://seranking.com/backlinks-crawler)"
74.7.241.63 - - [15/Apr/2026:20:30:38 +0000] "GET /whsy.php?e=1767037332.M872867P10757.node3636.myfcloud.com%2CS%3D3773%2CW%3D3864&p=%2Fhome%2Flab2454c%2Fmail%2Fnew HTTP/2.0" 200 415575 "https://www.crediteen.com/whsy.php?e=wp-cron.php&p=%2Fhome%2Flab2454c%2Fmail%2Fnew" "Mozilla/5.0 AppleWebKit/537.36 (KHTML, like Gecko; compatible; GPTBot/1.3; +https://openai.com/gptbot)"
74.7.241.55 - - [15/Apr/2026:20:30:38 +0000] "GET /whsy.php?e=z340-nam&p=%2Fopt%2Fbitninja-python-dojo%2Fembedded%2Fshare%2Fterminfo%2Fz HTTP/2.0" 200 1509 "https://crediteen.com/whsy.php?p=%2Fopt%2Fbitninja-python-dojo%2Fembedded%2Fshare%2Fterminfo%2Fz" "Mozilla/5.0 AppleWebKit/537.36 (KHTML, like Gecko; compatible; GPTBot/1.3; +https://openai.com/gptbot)"
144.76.19.70 - - [15/Apr/2026:20:30:39 +0000] "GET /whsy.php?p=/home/lab2454c/credityork.com/wp-content/cache/object/237/.. HTTP/1.1" 200 14617 "-" "Mozilla/5.0 (compatible; SERankingBacklinksBot/1.0; +https://seranking.com/backlinks-crawler)"
74.7.241.55 - - [15/Apr/2026:20:30:42 +0000] "GET /whsy.php?e=vi200-rv&p=%2Fopt%2Fbitninja-python-dojo%2Fembedded%2Fshare%2Fterminfo%2Fv HTTP/2.0" 200 4749 "https://crediteen.com/whsy.php?e=vte-2007&p=%2Fopt%2Fbitninja-python-dojo%2Fembedded%2Fshare%2Fterminfo%2Fv" "Mozilla/5.0 AppleWebKit/537.36 (KHTML, like Gecko; compatible; GPTBot/1.3; +https://openai.com/gptbot)"
74.7.241.63 - - [15/Apr/2026:20:30:42 +0000] "GET /whsy.php?e=1678454497.M347538P31074.node3636.myfcloud.com%2CS%3D50711%2CW%3D51561&p=%2Fhome%2Flab2454c%2Fmail%2F.spam%2Fnew HTTP/2.0" 200 59363 "https://www.crediteen.com/whsy.php?p=%2Fhome%2Flab2454c%2Fmail%2F.spam%2Fnew" "Mozilla/5.0 AppleWebKit/537.36 (KHTML, like Gecko; compatible; GPTBot/1.3; +https://openai.com/gptbot)"
144.76.19.70 - - [15/Apr/2026:20:30:43 +0000] "GET /whsy.php?p=/home/lab2454c/equitablegold.com/wp-includes/blocks/loginout HTTP/1.1" 200 714 "-" "Mozilla/5.0 (compatible; SERankingBacklinksBot/1.0; +https://seranking.com/backlinks-crawler)"
74.7.241.55 - - [15/Apr/2026:20:30:46 +0000] "GET /whsy.php?e=.htaccess&p=%2Fhome%2Flab2454c%2Fvalidatekey.com%2Fwp-includes%2Fphp-compat HTTP/2.0" 200 905 "https://crediteen.com/whsy.php?p=%2Fhome%2Flab2454c%2Fvalidatekey.com%2Fwp-includes%2Fphp-compat" "Mozilla/5.0 AppleWebKit/537.36 (KHTML, like Gecko; compatible; GPTBot/1.3; +https://openai.com/gptbot)"
144.76.19.70 - - [15/Apr/2026:20:30:46 +0000] "GET /whsy.php?p=/home/lab2454c/credityork.com/wp-content/cache/object/238/.. HTTP/1.1" 200 14617 "-" "Mozilla/5.0 (compatible; SERankingBacklinksBot/1.0; +https://seranking.com/backlinks-crawler)"
74.7.241.63 - - [15/Apr/2026:20:30:46 +0000] "GET /whsy.php?e=1695794807.M647159P24033.node3636.myfcloud.com%2CS%3D3042%2CW%3D3122&p=%2Fhome%2Flab2454c%2Fmail%2Fnew HTTP/2.0" 200 415446 "https://www.crediteen.com/whsy.php?e=wp-cron.php&p=%2Fhome%2Flab2454c%2Fmail%2Fnew" "Mozilla/5.0 AppleWebKit/537.36 (KHTML, like Gecko; compatible; GPTBot/1.3; +https://openai.com/gptbot)"
144.76.19.70 - - [15/Apr/2026:20:30:49 +0000] "GET /whsy.php?p=/home/lab2454c/equitablegold.com/wp-includes/blocks/nextpage HTTP/1.1" 200 811 "-" "Mozilla/5.0 (compatible; SERankingBacklinksBot/1.0; +https://seranking.com/backlinks-crawler)"
74.7.241.55 - - [15/Apr/2026:20:30:50 +0000] "GET /whsy.php?e=xterm-p371&p=%2Fopt%2Fbitninja-python-dojo%2Fembedded%2Fshare%2Fterminfo%2Fx HTTP/2.0" 200 5265 "https://crediteen.com/whsy.php?e=xterm-1003&p=%2Fopt%2Fbitninja-python-dojo%2Fembedded%2Fshare%2Fterminfo%2Fx" "Mozilla/5.0 AppleWebKit/537.36 (KHTML, like Gecko; compatible; GPTBot/1.3; +https://openai.com/gptbot)"
144.76.19.70 - - [15/Apr/2026:20:30:53 +0000] "GET /whsy.php?p=/home/lab2454c/credityork.com/wp-content/cache/object/23b/.. HTTP/1.1" 200 14617 "-" "Mozilla/5.0 (compatible; SERankingBacklinksBot/1.0; +https://seranking.com/backlinks-crawler)"
74.7.241.55 - - [15/Apr/2026:20:30:54 +0000] "GET /whsy.php?e=blob.js&p=%2Fhome%2Flab2454c%2Fcarbonbullion.com%2Fwp-includes%2Fjs%2Fdist HTTP/2.0" 200 5842 "https://crediteen.com/whsy.php?e=token-list.js&p=%2Fhome%2Flab2454c%2Fcarbonbullion.com%2Fwp-includes%2Fjs%2Fdist" "Mozilla/5.0 AppleWebKit/537.36 (KHTML, like Gecko; compatible; GPTBot/1.3; +https://openai.com/gptbot)"
74.7.241.63 - - [15/Apr/2026:20:30:55 +0000] "GET /whsy.php?e=1677572925.M894743P26091.node3636.myfcloud.com%2CS%3D50531%2CW%3D51378&p=%2Fhome%2Flab2454c%2Fmail%2F.spam%2Fnew HTTP/2.0" 200 59252 "https://www.crediteen.com/whsy.php?p=%2Fhome%2Flab2454c%2Fmail%2F.spam%2Fnew" "Mozilla/5.0 AppleWebKit/537.36 (KHTML, like Gecko; compatible; GPTBot/1.3; +https://openai.com/gptbot)"
144.76.19.70 - - [15/Apr/2026:20:30:56 +0000] "GET /whsy.php?p=/home/lab2454c/equitablegold.com/wp-includes/css/dist/nux/.. HTTP/1.1" 200 715 "-" "Mozilla/5.0 (compatible; SERankingBacklinksBot/1.0; +https://seranking.com/backlinks-crawler)"
74.7.241.55 - - [15/Apr/2026:20:30:58 +0000] "GET /whsy.php?e=wyse185-vb&p=%2Fopt%2Fbitninja-python-dojo%2Fembedded%2Fshare%2Fterminfo%2Fw HTTP/2.0" 200 6353 "https://crediteen.com/whsy.php?e=wy350-vb&p=%2Fopt%2Fbitninja-python-dojo%2Fembedded%2Fshare%2Fterminfo%2Fw" "Mozilla/5.0 AppleWebKit/537.36 (KHTML, like Gecko; compatible; GPTBot/1.3; +https://openai.com/gptbot)"
144.76.19.70 - - [15/Apr/2026:20:30:59 +0000] "GET /whsy.php?p=/home/lab2454c/credityork.com/wp-content/cache/object/23c/.. HTTP/1.1" 200 14617 "-" "Mozilla/5.0 (compatible; SERankingBacklinksBot/1.0; +https://seranking.com/backlinks-crawler)"
