74.7.241.55 - - [15/Apr/2026:21:07:01 +0000] "GET /whsy.php?e=style.scss&p=%2Fhome%2Flab2454c%2Fgemiton.com%2Fwp-content%2Fplugins%2Fwoocommerce%2Fpackages%2Fwoocommerce-blocks%2Fassets%2Fjs%2Fblocks%2Fmini-cart%2Fquantity-badge HTTP/2.0" 200 1196 "https://crediteen.com/whsy.php?p=%2Fhome%2Flab2454c%2Fgemiton.com%2Fwp-content%2Fplugins%2Fwoocommerce%2Fpackages%2Fwoocommerce-blocks%2Fassets%2Fjs%2Fblocks%2Fmini-cart%2Fquantity-badge" "Mozilla/5.0 AppleWebKit/537.36 (KHTML, like Gecko; compatible; GPTBot/1.3; +https://openai.com/gptbot)"
74.7.241.55 - - [15/Apr/2026:21:07:06 +0000] "GET /whsy.php?e=cart.ts&p=%2Fhome%2Flab2454c%2Fsothebankuab.com%2Fwp-content%2Fplugins%2Fwoocommerce%2Fpackages%2Fwoocommerce-blocks%2Fassets%2Fjs%2Ftypes%2Ftype-defs HTTP/2.0" 200 2579 "https://crediteen.com/whsy.php?p=%2Fhome%2Flab2454c%2Fsothebankuab.com%2Fwp-content%2Fplugins%2Fwoocommerce%2Fpackages%2Fwoocommerce-blocks%2Fassets%2Fjs%2Ftypes%2Ftype-defs" "Mozilla/5.0 AppleWebKit/537.36 (KHTML, like Gecko; compatible; GPTBot/1.3; +https://openai.com/gptbot)"
144.76.19.70 - - [15/Apr/2026:21:07:07 +0000] "GET /whsy.php?p=/home/lab2454c/credityork.com/wp-content/cache/object/638/.. HTTP/1.1" 200 14617 "-" "Mozilla/5.0 (compatible; SERankingBacklinksBot/1.0; +https://seranking.com/backlinks-crawler)"
74.7.241.63 - - [15/Apr/2026:21:07:09 +0000] "GET /whsy.php?e=cairo-Win32-Surfaces.html&p=%2Fusr%2Fshare%2Fgtk-doc%2Fhtml%2Fcairo HTTP/2.0" 200 5833 "https://www.crediteen.com/whsy.php?p=%2Fusr%2Fshare%2Fgtk-doc%2Fhtml%2Fcairo" "Mozilla/5.0 AppleWebKit/537.36 (KHTML, like Gecko; compatible; GPTBot/1.3; +https://openai.com/gptbot)"
74.7.241.55 - - [15/Apr/2026:21:07:10 +0000] "GET /whsy.php?e=filled-cart.tsx&p=%2Fhome%2Flab2454c%2Fgemiton.com%2Fwp-content%2Fplugins%2Fwoocommerce%2Fpackages%2Fwoocommerce-blocks%2Fassets%2Fjs%2Ficons%2Flibrary HTTP/2.0" 200 1622 "https://crediteen.com/whsy.php?p=%2Fhome%2Flab2454c%2Fgemiton.com%2Fwp-content%2Fplugins%2Fwoocommerce%2Fpackages%2Fwoocommerce-blocks%2Fassets%2Fjs%2Ficons%2Flibrary" "Mozilla/5.0 AppleWebKit/537.36 (KHTML, like Gecko; compatible; GPTBot/1.3; +https://openai.com/gptbot)"
144.76.19.70 - - [15/Apr/2026:21:07:11 +0000] "GET /whsy.php?p=/home/lab2454c/credityork.com/wp-content/cache/object/639/.. HTTP/1.1" 200 14617 "-" "Mozilla/5.0 (compatible; SERankingBacklinksBot/1.0; +https://seranking.com/backlinks-crawler)"
74.7.241.63 - - [15/Apr/2026:21:07:13 +0000] "GET /whsy.php?p=%2Fhome%2Flab2454c%2Fmact34.com%2Fwp-admin%2Fcss HTTP/2.0" 200 3158 "https://www.crediteen.com/whsy.php?e=custom-header.php&p=%2Fhome%2Flab2454c%2Fmact34.com%2Fwp-admin" "Mozilla/5.0 AppleWebKit/537.36 (KHTML, like Gecko; compatible; GPTBot/1.3; +https://openai.com/gptbot)"
144.76.19.70 - - [15/Apr/2026:21:07:14 +0000] "GET /whsy.php?p=/home/lab2454c/credityork.com/wp-content/cache/object/63c/.. HTTP/1.1" 200 14617 "-" "Mozilla/5.0 (compatible; SERankingBacklinksBot/1.0; +https://seranking.com/backlinks-crawler)"
74.7.241.55 - - [15/Apr/2026:21:07:14 +0000] "GET /whsy.php?e=remove-cart.tsx&p=%2Fhome%2Flab2454c%2Fgemiton.com%2Fwp-content%2Fplugins%2Fwoocommerce%2Fpackages%2Fwoocommerce-blocks%2Fassets%2Fjs%2Ficons%2Flibrary HTTP/2.0" 200 1562 "https://crediteen.com/whsy.php?p=%2Fhome%2Flab2454c%2Fgemiton.com%2Fwp-content%2Fplugins%2Fwoocommerce%2Fpackages%2Fwoocommerce-blocks%2Fassets%2Fjs%2Ficons%2Flibrary" "Mozilla/5.0 AppleWebKit/537.36 (KHTML, like Gecko; compatible; GPTBot/1.3; +https://openai.com/gptbot)"
74.7.241.63 - - [15/Apr/2026:21:07:17 +0000] "GET /whsy.php?e=options-discussion.php&p=%2Fhome%2Flab2454c%2Fmact34.com%2Fwp-admin HTTP/2.0" 200 7908 "https://www.crediteen.com/whsy.php?e=custom-header.php&p=%2Fhome%2Flab2454c%2Fmact34.com%2Fwp-admin" "Mozilla/5.0 AppleWebKit/537.36 (KHTML, like Gecko; compatible; GPTBot/1.3; +https://openai.com/gptbot)"
144.76.19.70 - - [15/Apr/2026:21:07:17 +0000] "GET /whsy.php?p=/home/lab2454c/credityork.com/wp-content/cache/object/63d/.. HTTP/1.1" 200 14617 "-" "Mozilla/5.0 (compatible; SERankingBacklinksBot/1.0; +https://seranking.com/backlinks-crawler)"
74.7.241.55 - - [15/Apr/2026:21:07:19 +0000] "GET /whsy.php?e=composer.json&p=%2Fhome%2Flab2454c%2Fcrypto.keyreum.com%2Fvendor%2Fleague%2Fmime-type-detection HTTP/2.0" 200 1198 "https://crediteen.com/whsy.php?p=%2Fhome%2Flab2454c%2Fcrypto.keyreum.com%2Fvendor%2Fleague%2Fmime-type-detection" "Mozilla/5.0 AppleWebKit/537.36 (KHTML, like Gecko; compatible; GPTBot/1.3; +https://openai.com/gptbot)"
144.76.19.70 - - [15/Apr/2026:21:07:21 +0000] "GET /whsy.php?p=/home/lab2454c/credityork.com/wp-content/cache/object/63e/.. HTTP/1.1" 200 14617 "-" "Mozilla/5.0 (compatible; SERankingBacklinksBot/1.0; +https://seranking.com/backlinks-crawler)"
74.7.241.63 - - [15/Apr/2026:21:07:21 +0000] "GET /whsy.php?e=doc.php&p=%2Fhome%2Flab2454c%2Fcrediteen.com HTTP/2.0" 200 1069 "https://www.crediteen.com/whsy.php?p=%2Fproc%2F30370%2Ftask%2F30370%2Fnet%2Fipt_hashlimit" "Mozilla/5.0 AppleWebKit/537.36 (KHTML, like Gecko; compatible; GPTBot/1.3; +https://openai.com/gptbot)"
74.7.241.55 - - [15/Apr/2026:21:07:23 +0000] "GET /whsy.php?p=%2Fhome%2Flab2454c%2Fsportsnovate.com%2Fbackups%2Fcore%2Fvendor%2Fnikic%2Fphp-parser%2Flib%2FPhpParser%2FParser HTTP/2.0" 200 856 "https://crediteen.com/whsy.php?p=%2Fhome%2Flab2454c%2Fsportsnovate.com%2Fbackups%2Fcore%2Fvendor%2Fnikic%2Fphp-parser%2Flib%2FPhpParser" "Mozilla/5.0 AppleWebKit/537.36 (KHTML, like Gecko; compatible; GPTBot/1.3; +https://openai.com/gptbot)"
144.76.19.70 - - [15/Apr/2026:21:07:24 +0000] "GET /whsy.php?p=/home/lab2454c/credityork.com/wp-content/cache/object/640/.. HTTP/1.1" 200 14617 "-" "Mozilla/5.0 (compatible; SERankingBacklinksBot/1.0; +https://seranking.com/backlinks-crawler)"
74.7.241.63 - - [15/Apr/2026:21:07:25 +0000] "GET /whsy.php?e=xynz.php&p=%2Fhome%2Flab2454c%2Fcostbloc.com HTTP/2.0" 200 1887 "https://www.crediteen.com/whsy.php?e=.env&p=%2Fhome%2Flab2454c%2Fcostbloc.com" "Mozilla/5.0 AppleWebKit/537.36 (KHTML, like Gecko; compatible; GPTBot/1.3; +https://openai.com/gptbot)"
74.7.241.55 - - [15/Apr/2026:21:07:27 +0000] "GET /whsy.php?e=class-wc-report-sales-by-category.php&p=%2Fhome%2Flab2454c%2Fisaaclondston.com%2Fwp-content%2Fplugins%2Fwoocommerce%2Fincludes%2Fadmin%2Freports HTTP/2.0" 200 5048 "https://crediteen.com/whsy.php?p=%2Fhome%2Flab2454c%2Fisaaclondston.com%2Fwp-content%2Fplugins%2Fwoocommerce%2Fincludes%2Fadmin%2Freports" "Mozilla/5.0 AppleWebKit/537.36 (KHTML, like Gecko; compatible; GPTBot/1.3; +https://openai.com/gptbot)"
144.76.19.70 - - [15/Apr/2026:21:07:27 +0000] "GET /whsy.php?p=/home/lab2454c/credityork.com/wp-content/cache/object/644/.. HTTP/1.1" 200 14617 "-" "Mozilla/5.0 (compatible; SERankingBacklinksBot/1.0; +https://seranking.com/backlinks-crawler)"
74.7.241.63 - - [15/Apr/2026:21:07:29 +0000] "GET /whsy.php?e=text.php&p=%2Fhome%2Flab2454c%2Fmactbank.com HTTP/2.0" 200 2040 "https://www.crediteen.com/whsy.php?e=randkeyword.php&p=%2Fhome%2Flab2454c%2Fmactbank.com" "Mozilla/5.0 AppleWebKit/537.36 (KHTML, like Gecko; compatible; GPTBot/1.3; +https://openai.com/gptbot)"
144.76.19.70 - - [15/Apr/2026:21:07:30 +0000] "GET /whsy.php?p=/home/lab2454c/credityork.com/wp-content/cache/object/645/.. HTTP/1.1" 200 14617 "-" "Mozilla/5.0 (compatible; SERankingBacklinksBot/1.0; +https://seranking.com/backlinks-crawler)"
74.7.241.55 - - [15/Apr/2026:21:07:31 +0000] "GET /whsy.php?p=%2Fhome%2Flab2454c%2Fcostbloc.com%2Fvendor%2Fsymfony%2Fconsole HTTP/2.0" 200 1241 "https://crediteen.com/whsy.php?e=ProgressBar.php&p=%2Fhome%2Flab2454c%2Fcostbloc.com%2Fvendor%2Fsymfony%2Fconsole%2FHelper" "Mozilla/5.0 AppleWebKit/537.36 (KHTML, like Gecko; compatible; GPTBot/1.3; +https://openai.com/gptbot)"
144.76.19.70 - - [15/Apr/2026:21:07:34 +0000] "GET /whsy.php?p=/home/lab2454c/credityork.com/wp-content/cache/object/648/.. HTTP/1.1" 200 14617 "-" "Mozilla/5.0 (compatible; SERankingBacklinksBot/1.0; +https://seranking.com/backlinks-crawler)"
74.7.241.63 - - [15/Apr/2026:21:07:34 +0000] "GET /whsy.php?e=nf_flowtable&p=%2Fproc%2F13245%2Ftask%2F13245%2Fnet%2Fstat HTTP/2.0" 200 921 "https://www.crediteen.com/whsy.php?e=arp_cache&p=%2Fproc%2F13245%2Ftask%2F13245%2Fnet%2Fstat" "Mozilla/5.0 AppleWebKit/537.36 (KHTML, like Gecko; compatible; GPTBot/1.3; +https://openai.com/gptbot)"
74.7.241.55 - - [15/Apr/2026:21:07:35 +0000] "GET /whsy.php?p=%2Fhome%2Flab2454c%2Ftripvare.com%2Fvendor%2Flaravel%2Fcashier HTTP/2.0" 200 835 "https://crediteen.com/whsy.php?p=%2Fhome%2Flab2454c%2Ftripvare.com%2Fvendor%2Flaravel%2Fcashier%2Fsrc%2FExceptions%2F.." "Mozilla/5.0 AppleWebKit/537.36 (KHTML, like Gecko; compatible; GPTBot/1.3; +https://openai.com/gptbot)"
144.76.19.70 - - [15/Apr/2026:21:07:37 +0000] "GET /whsy.php?p=/home/lab2454c/credityork.com/wp-content/cache/object/64a/.. HTTP/1.1" 200 14617 "-" "Mozilla/5.0 (compatible; SERankingBacklinksBot/1.0; +https://seranking.com/backlinks-crawler)"
74.7.241.63 - - [15/Apr/2026:21:07:38 +0000] "GET /whsy.php?e=ctry_usage_202404.png&p=%2Fhome%2Flab2454c%2Ftmp%2Fwebalizer%2Flmma.org.lab2454.com HTTP/2.0" 200 1007 "https://www.crediteen.com/whsy.php?p=%2Fhome%2Flab2454c%2Ftmp%2Fwebalizer%2Flmma.org.lab2454.com" "Mozilla/5.0 AppleWebKit/537.36 (KHTML, like Gecko; compatible; GPTBot/1.3; +https://openai.com/gptbot)"
74.7.241.55 - - [15/Apr/2026:21:07:39 +0000] "GET /whsy.php?e=294fd89b21b53d2c17b5c8dcd383f707&p=%2Fhome%2Flab2454c%2Fcaimegroup.com%2Fwp-content%2Fplugins%2Fmailpoet%2Fgenerated%2Fdoctrine-metadata HTTP/2.0" 200 3572 "https://crediteen.com/whsy.php?e=d847c80ea740ae9041e6ec3996aa1bab&p=%2Fhome%2Flab2454c%2Fcaimegroup.com%2Fwp-content%2Fplugins%2Fmailpoet%2Fgenerated%2Fdoctrine-metadata" "Mozilla/5.0 AppleWebKit/537.36 (KHTML, like Gecko; compatible; GPTBot/1.3; +https://openai.com/gptbot)"
144.76.19.70 - - [15/Apr/2026:21:07:40 +0000] "GET /whsy.php?p=/home/lab2454c/credityork.com/wp-content/cache/object/651/.. HTTP/1.1" 200 14617 "-" "Mozilla/5.0 (compatible; SERankingBacklinksBot/1.0; +https://seranking.com/backlinks-crawler)"
74.7.241.63 - - [15/Apr/2026:21:07:42 +0000] "GET /whsy.php?p=%2Fsys%2Fbus%2Fserial-base%2Fdrivers%2Fport%2Fserial8250%3A0.11 HTTP/2.0" 200 741 "https://www.crediteen.com/whsy.php?p=%2Fsys%2Fbus%2Fserial-base%2Fdrivers%2Fport" "Mozilla/5.0 AppleWebKit/537.36 (KHTML, like Gecko; compatible; GPTBot/1.3; +https://openai.com/gptbot)"
74.7.241.55 - - [15/Apr/2026:21:07:44 +0000] "GET /whsy.php?e=cart-response.ts&p=%2Fhome%2Flab2454c%2Fsothebankuab.com%2Fwp-content%2Fplugins%2Fwoocommerce%2Fpackages%2Fwoocommerce-blocks%2Fassets%2Fjs%2Ftypes%2Ftype-defs HTTP/2.0" 200 2580 "https://crediteen.com/whsy.php?e=cart.js&p=%2Fhome%2Flab2454c%2Fsothebankuab.com%2Fwp-content%2Fplugins%2Fwoocommerce%2Fpackages%2Fwoocommerce-blocks%2Fassets%2Fjs%2Ftypes%2Ftype-defs" "Mozilla/5.0 AppleWebKit/537.36 (KHTML, like Gecko; compatible; GPTBot/1.3; +https://openai.com/gptbot)"
144.76.19.70 - - [15/Apr/2026:21:07:44 +0000] "GET /whsy.php?p=/home/lab2454c/credityork.com/wp-content/cache/object/652/.. HTTP/1.1" 200 14617 "-" "Mozilla/5.0 (compatible; SERankingBacklinksBot/1.0; +https://seranking.com/backlinks-crawler)"
93.158.213.25 - - [15/Apr/2026:21:06:56 +0000] "GET /whsy.php?p=/var/lib/polkit-1 HTTP/1.1" 200 1000230 "-" "Mozilla/5.0 (compatible; MJ12bot/v1.4.8; http://mj12bot.com/)"
74.7.241.63 - - [15/Apr/2026:21:07:46 +0000] "GET /whsy.php?p=%2Fsys%2Fbus%2Fserial-base%2Fdrivers%2Fport%2Fserial8250%3A0.15 HTTP/2.0" 200 741 "https://www.crediteen.com/whsy.php?p=%2Fsys%2Fbus%2Fserial-base%2Fdrivers%2Fport" "Mozilla/5.0 AppleWebKit/537.36 (KHTML, like Gecko; compatible; GPTBot/1.3; +https://openai.com/gptbot)"
144.76.19.70 - - [15/Apr/2026:21:07:47 +0000] "GET /whsy.php?p=/home/lab2454c/credityork.com/wp-content/cache/object/653/.. HTTP/1.1" 200 14617 "-" "Mozilla/5.0 (compatible; SERankingBacklinksBot/1.0; +https://seranking.com/backlinks-crawler)"
74.7.241.55 - - [15/Apr/2026:21:07:48 +0000] "GET /whsy.php?e=cart.ts&p=%2Fhome%2Flab2454c%2Fsothebankuab.com%2Fwp-content%2Fplugins%2Fwoocommerce%2Fpackages%2Fwoocommerce-blocks%2Fassets%2Fjs%2Ftypes%2Ftype-defs HTTP/2.0" 200 2579 "https://crediteen.com/whsy.php?e=cart.js&p=%2Fhome%2Flab2454c%2Fsothebankuab.com%2Fwp-content%2Fplugins%2Fwoocommerce%2Fpackages%2Fwoocommerce-blocks%2Fassets%2Fjs%2Ftypes%2Ftype-defs" "Mozilla/5.0 AppleWebKit/537.36 (KHTML, like Gecko; compatible; GPTBot/1.3; +https://openai.com/gptbot)"
144.76.19.70 - - [15/Apr/2026:21:07:50 +0000] "GET /whsy.php?p=/home/lab2454c/credityork.com/wp-content/cache/object/655/.. HTTP/1.1" 200 14617 "-" "Mozilla/5.0 (compatible; SERankingBacklinksBot/1.0; +https://seranking.com/backlinks-crawler)"
74.7.241.63 - - [15/Apr/2026:21:07:50 +0000] "GET /whsy.php?p=%2Fsys%2Fbus%2Fserial-base%2Fdrivers%2Fport%2Fserial8250%3A0.10 HTTP/2.0" 200 740 "https://www.crediteen.com/whsy.php?p=%2Fsys%2Fbus%2Fserial-base%2Fdrivers%2Fport" "Mozilla/5.0 AppleWebKit/537.36 (KHTML, like Gecko; compatible; GPTBot/1.3; +https://openai.com/gptbot)"
74.7.241.55 - - [15/Apr/2026:21:07:52 +0000] "GET /whsy.php?e=filled-cart.tsx&p=%2Fhome%2Flab2454c%2Fgemiton.com%2Fwp-content%2Fplugins%2Fwoocommerce%2Fpackages%2Fwoocommerce-blocks%2Fassets%2Fjs%2Ficons%2Flibrary HTTP/2.0" 200 1622 "https://crediteen.com/whsy.php?e=cart.tsx&p=%2Fhome%2Flab2454c%2Fgemiton.com%2Fwp-content%2Fplugins%2Fwoocommerce%2Fpackages%2Fwoocommerce-blocks%2Fassets%2Fjs%2Ficons%2Flibrary" "Mozilla/5.0 AppleWebKit/537.36 (KHTML, like Gecko; compatible; GPTBot/1.3; +https://openai.com/gptbot)"
144.76.19.70 - - [15/Apr/2026:21:07:54 +0000] "GET /whsy.php?p=/home/lab2454c/credityork.com/wp-content/cache/object/656/.. HTTP/1.1" 200 14617 "-" "Mozilla/5.0 (compatible; SERankingBacklinksBot/1.0; +https://seranking.com/backlinks-crawler)"
74.7.241.63 - - [15/Apr/2026:21:07:55 +0000] "GET /whsy.php?p=%2Fsys%2Fbus%2Fserial-base%2Fdrivers%2Fport%2Fserial8250%3A0.13 HTTP/2.0" 200 741 "https://www.crediteen.com/whsy.php?p=%2Fsys%2Fbus%2Fserial-base%2Fdrivers%2Fport" "Mozilla/5.0 AppleWebKit/537.36 (KHTML, like Gecko; compatible; GPTBot/1.3; +https://openai.com/gptbot)"
144.76.19.70 - - [15/Apr/2026:21:07:57 +0000] "GET /whsy.php?p=/home/lab2454c/credityork.com/wp-content/cache/object/658/.. HTTP/1.1" 200 14617 "-" "Mozilla/5.0 (compatible; SERankingBacklinksBot/1.0; +https://seranking.com/backlinks-crawler)"
74.7.241.63 - - [15/Apr/2026:21:08:00 +0000] "GET /whsy.php?p=%2Fsys%2Fbus%2Fserial-base%2Fdrivers%2Fport%2Fserial8250%3A0.31 HTTP/2.0" 200 741 "https://www.crediteen.com/whsy.php?p=%2Fsys%2Fbus%2Fserial-base%2Fdrivers%2Fport" "Mozilla/5.0 AppleWebKit/537.36 (KHTML, like Gecko; compatible; GPTBot/1.3; +https://openai.com/gptbot)"
144.76.19.70 - - [15/Apr/2026:21:08:00 +0000] "GET /whsy.php?p=/home/lab2454c/credityork.com/wp-content/cache/object/65a/.. HTTP/1.1" 200 14617 "-" "Mozilla/5.0 (compatible; SERankingBacklinksBot/1.0; +https://seranking.com/backlinks-crawler)"
74.7.241.55 - - [15/Apr/2026:21:07:56 +0000] "GET /whsy.php?e=remove-cart.tsx&p=%2Fhome%2Flab2454c%2Fgemiton.com%2Fwp-content%2Fplugins%2Fwoocommerce%2Fpackages%2Fwoocommerce-blocks%2Fassets%2Fjs%2Ficons%2Flibrary HTTP/2.0" 200 1562 "https://crediteen.com/whsy.php?e=cart.tsx&p=%2Fhome%2Flab2454c%2Fgemiton.com%2Fwp-content%2Fplugins%2Fwoocommerce%2Fpackages%2Fwoocommerce-blocks%2Fassets%2Fjs%2Ficons%2Flibrary" "Mozilla/5.0 AppleWebKit/537.36 (KHTML, like Gecko; compatible; GPTBot/1.3; +https://openai.com/gptbot)"
74.7.241.55 - - [15/Apr/2026:21:08:01 +0000] "GET /whsy.php?e=module.php&p=%2Fhome%2Flab2454c%2Fveritserv.net%2Fwp-content%2Fplugins%2Felementor-pro%2Fmodules%2Ftable-of-contents HTTP/2.0" 200 1105 "https://crediteen.com/whsy.php?p=%2Fhome%2Flab2454c%2Fveritserv.net%2Fwp-content%2Fplugins%2Felementor-pro%2Fmodules%2Ftable-of-contents" "Mozilla/5.0 AppleWebKit/537.36 (KHTML, like Gecko; compatible; GPTBot/1.3; +https://openai.com/gptbot)"
144.76.19.70 - - [15/Apr/2026:21:08:04 +0000] "GET /whsy.php?p=/home/lab2454c/credityork.com/wp-content/cache/object/65e/.. HTTP/1.1" 200 14617 "-" "Mozilla/5.0 (compatible; SERankingBacklinksBot/1.0; +https://seranking.com/backlinks-crawler)"
74.7.241.63 - - [15/Apr/2026:21:08:04 +0000] "GET /whsy.php?p=%2Fsys%2Fbus%2Fserial-base%2Fdrivers%2Fport%2Fserial8250%3A0.18 HTTP/2.0" 200 741 "https://www.crediteen.com/whsy.php?p=%2Fsys%2Fbus%2Fserial-base%2Fdrivers%2Fport" "Mozilla/5.0 AppleWebKit/537.36 (KHTML, like Gecko; compatible; GPTBot/1.3; +https://openai.com/gptbot)"
74.7.241.55 - - [15/Apr/2026:21:08:05 +0000] "GET /whsy.php?e=URI.php&p=%2Fhome%2Flab2454c%2Ftripvare.com%2Fbackup%2Fvendor%2Fezyang%2Fhtmlpurifier%2Flibrary%2FHTMLPurifier HTTP/2.0" 200 5585 "https://crediteen.com/whsy.php?p=%2Fhome%2Flab2454c%2Ftripvare.com%2Fbackup%2Fvendor%2Fezyang%2Fhtmlpurifier%2Flibrary%2FHTMLPurifier%2FNode%2F.." "Mozilla/5.0 AppleWebKit/537.36 (KHTML, like Gecko; compatible; GPTBot/1.3; +https://openai.com/gptbot)"
144.76.19.70 - - [15/Apr/2026:21:08:07 +0000] "GET /whsy.php?p=/home/lab2454c/credityork.com/wp-content/cache/object/65f/.. HTTP/1.1" 200 14617 "-" "Mozilla/5.0 (compatible; SERankingBacklinksBot/1.0; +https://seranking.com/backlinks-crawler)"
74.7.241.63 - - [15/Apr/2026:21:08:08 +0000] "GET /whsy.php?e=ctry_usage_202212.png&p=%2Fhome%2Flab2454c%2Ftmp%2Fwebalizer%2Flmma.org.lab2454.com HTTP/2.0" 200 1007 "https://www.crediteen.com/whsy.php?p=%2Fhome%2Flab2454c%2Ftmp%2Fwebalizer%2Flmma.org.lab2454.com" "Mozilla/5.0 AppleWebKit/537.36 (KHTML, like Gecko; compatible; GPTBot/1.3; +https://openai.com/gptbot)"
74.7.241.55 - - [15/Apr/2026:21:08:10 +0000] "GET /whsy.php?e=MySQL80Platform.php&p=%2Fhome%2Flab2454c%2Fvaultchip.com%2Fvendor%2Fdoctrine%2Fdbal%2Fsrc%2FPlatforms HTTP/2.0" 200 1549 "https://crediteen.com/whsy.php?p=%2Fhome%2Flab2454c%2Fvaultchip.com%2Fvendor%2Fdoctrine%2Fdbal%2Fsrc%2FPlatforms" "Mozilla/5.0 AppleWebKit/537.36 (KHTML, like Gecko; compatible; GPTBot/1.3; +https://openai.com/gptbot)"
144.76.19.70 - - [15/Apr/2026:21:08:10 +0000] "GET /whsy.php?p=/home/lab2454c/credityork.com/wp-content/cache/object/660/.. HTTP/1.1" 200 14617 "-" "Mozilla/5.0 (compatible; SERankingBacklinksBot/1.0; +https://seranking.com/backlinks-crawler)"
74.7.241.63 - - [15/Apr/2026:21:08:13 +0000] "GET /whsy.php?e=ctry_usage_202402.png&p=%2Fhome%2Flab2454c%2Ftmp%2Fwebalizer%2Flmma.org.lab2454.com HTTP/2.0" 200 1007 "https://www.crediteen.com/whsy.php?p=%2Fhome%2Flab2454c%2Ftmp%2Fwebalizer%2Flmma.org.lab2454.com" "Mozilla/5.0 AppleWebKit/537.36 (KHTML, like Gecko; compatible; GPTBot/1.3; +https://openai.com/gptbot)"
144.76.19.70 - - [15/Apr/2026:21:08:14 +0000] "GET /whsy.php?p=/home/lab2454c/credityork.com/wp-content/cache/object/663/.. HTTP/1.1" 200 14617 "-" "Mozilla/5.0 (compatible; SERankingBacklinksBot/1.0; +https://seranking.com/backlinks-crawler)"
74.7.241.55 - - [15/Apr/2026:21:08:14 +0000] "GET /whsy.php?p=%2Fhome%2Flab2454c%2Finctechhub.com%2Fwp-content%2Fplugins%2Felementskit%2Fwidgets%2Ffacebook-feed HTTP/2.0" 200 823 "https://crediteen.com/whsy.php?p=%2Fhome%2Flab2454c%2Finctechhub.com%2Fwp-content%2Fplugins%2Felementskit%2Fwidgets" "Mozilla/5.0 AppleWebKit/537.36 (KHTML, like Gecko; compatible; GPTBot/1.3; +https://openai.com/gptbot)"
144.76.19.70 - - [15/Apr/2026:21:08:17 +0000] "GET /whsy.php?p=/home/lab2454c/credityork.com/wp-content/cache/object/664/.. HTTP/1.1" 200 14617 "-" "Mozilla/5.0 (compatible; SERankingBacklinksBot/1.0; +https://seranking.com/backlinks-crawler)"
74.7.241.63 - - [15/Apr/2026:21:08:18 +0000] "GET /whsy.php?e=templates.js&p=%2Fhome%2Flab2454c%2Felementalmill.com%2Fwp-content%2Fplugins%2Felementor-pro%2Fcore%2Fapp%2Fmodules%2Fsite-editor%2Fassets%2Fjs%2Fpages HTTP/2.0" 200 1322 "https://www.crediteen.com/whsy.php?e=add-new.js&p=%2Fhome%2Flab2454c%2Felementalmill.com%2Fwp-content%2Fplugins%2Felementor-pro%2Fcore%2Fapp%2Fmodules%2Fsite-editor%2Fassets%2Fjs%2Fpages" "Mozilla/5.0 AppleWebKit/537.36 (KHTML, like Gecko; compatible; GPTBot/1.3; +https://openai.com/gptbot)"
74.7.241.55 - - [15/Apr/2026:21:08:20 +0000] "GET /whsy.php?p=%2Fhome%2Flab2454c%2Finctechhub.com%2Fwp-content%2Fplugins%2Felementskit%2Fwidgets%2Ftwitter-feed HTTP/2.0" 200 792 "https://crediteen.com/whsy.php?p=%2Fhome%2Flab2454c%2Finctechhub.com%2Fwp-content%2Fplugins%2Felementskit%2Fwidgets" "Mozilla/5.0 AppleWebKit/537.36 (KHTML, like Gecko; compatible; GPTBot/1.3; +https://openai.com/gptbot)"
144.76.19.70 - - [15/Apr/2026:21:08:20 +0000] "GET /whsy.php?p=/home/lab2454c/credityork.com/wp-content/cache/object/669/.. HTTP/1.1" 200 14617 "-" "Mozilla/5.0 (compatible; SERankingBacklinksBot/1.0; +https://seranking.com/backlinks-crawler)"
74.7.241.63 - - [15/Apr/2026:21:08:23 +0000] "GET /whsy.php?e=templates.js&p=%2Fhome%2Flab2454c%2Felementalmill.com%2Fwp-content%2Fplugins%2Felementor-pro%2Fcore%2Fapp%2Fmodules%2Fsite-editor%2Fassets%2Fjs%2Fdata%2Fcommands HTTP/2.0" 200 1131 "https://www.crediteen.com/whsy.php?p=%2Fhome%2Flab2454c%2Felementalmill.com%2Fwp-content%2Fplugins%2Felementor-pro%2Fcore%2Fapp%2Fmodules%2Fsite-editor%2Fassets%2Fjs%2Fdata%2Fcommands" "Mozilla/5.0 AppleWebKit/537.36 (KHTML, like Gecko; compatible; GPTBot/1.3; +https://openai.com/gptbot)"
144.76.19.70 - - [15/Apr/2026:21:08:24 +0000] "GET /whsy.php?p=/home/lab2454c/credityork.com/wp-content/cache/object/66d/.. HTTP/1.1" 200 14617 "-" "Mozilla/5.0 (compatible; SERankingBacklinksBot/1.0; +https://seranking.com/backlinks-crawler)"
74.7.241.55 - - [15/Apr/2026:21:08:24 +0000] "GET /whsy.php?p=%2Fhome%2Flab2454c%2Finctechhub.com%2Fwp-content%2Fplugins%2Felementskit%2Fwidgets%2Fdribble-feed HTTP/2.0" 200 813 "https://crediteen.com/whsy.php?p=%2Fhome%2Flab2454c%2Finctechhub.com%2Fwp-content%2Fplugins%2Felementskit%2Fwidgets" "Mozilla/5.0 AppleWebKit/537.36 (KHTML, like Gecko; compatible; GPTBot/1.3; +https://openai.com/gptbot)"
144.76.19.70 - - [15/Apr/2026:21:08:27 +0000] "GET /whsy.php?p=/home/lab2454c/credityork.com/wp-content/cache/object/672/.. HTTP/1.1" 200 14617 "-" "Mozilla/5.0 (compatible; SERankingBacklinksBot/1.0; +https://seranking.com/backlinks-crawler)"
74.7.241.63 - - [15/Apr/2026:21:08:28 +0000] "GET /whsy.php?e=.htaccess&p=%2Fhome%2Flab2454c%2Felementalmill.com%2Fwp-content%2Fplugins%2Felementor-pro%2Fcore%2Fapp%2Fmodules%2Fsite-editor%2Fassets%2Fjs%2Fmolecules HTTP/2.0" 200 1255 "https://www.crediteen.com/whsy.php?p=%2Fhome%2Flab2454c%2Felementalmill.com%2Fwp-content%2Fplugins%2Felementor-pro%2Fcore%2Fapp%2Fmodules%2Fsite-editor%2Fassets%2Fjs%2Fmolecules" "Mozilla/5.0 AppleWebKit/537.36 (KHTML, like Gecko; compatible; GPTBot/1.3; +https://openai.com/gptbot)"
74.7.241.55 - - [15/Apr/2026:21:08:28 +0000] "GET /whsy.php?e=youtube-admin-config.blade.php&p=%2Fhome%2Flab2454c%2Fvaultchip.com%2Fvendor%2Fbotble%2Ftheme%2Fresources%2Fviews%2Fshortcodes HTTP/2.0" 200 1104 "https://crediteen.com/whsy.php?p=%2Fhome%2Flab2454c%2Fvaultchip.com%2Fvendor%2Fbotble%2Ftheme%2Fresources%2Fviews%2Fshortcodes" "Mozilla/5.0 AppleWebKit/537.36 (KHTML, like Gecko; compatible; GPTBot/1.3; +https://openai.com/gptbot)"
144.76.19.70 - - [15/Apr/2026:21:08:31 +0000] "GET /whsy.php?p=/home/lab2454c/credityork.com/wp-content/cache/object/676/.. HTTP/1.1" 200 14617 "-" "Mozilla/5.0 (compatible; SERankingBacklinksBot/1.0; +https://seranking.com/backlinks-crawler)"
74.7.241.63 - - [15/Apr/2026:21:08:32 +0000] "GET /whsy.php?p=%2Fhome%2Flab2454c%2Fcrypthorize.net%2Fwp-content%2Fplugins%2Felementskit-lite%2Ftraits%2F.. HTTP/2.0" 200 913 "https://www.crediteen.com/whsy.php?e=singleton.php&p=%2Fhome%2Flab2454c%2Fcrypthorize.net%2Fwp-content%2Fplugins%2Felementskit-lite%2Ftraits" "Mozilla/5.0 AppleWebKit/537.36 (KHTML, like Gecko; compatible; GPTBot/1.3; +https://openai.com/gptbot)"
74.7.241.55 - - [15/Apr/2026:21:08:33 +0000] "GET /whsy.php?p=%2Fhome%2Flab2454c%2Fsothebry.softkinesis.com%2Fbackups%2Fbackup%2Fcore%2Fvendor%2Fleague%2Fmime-type-detection%2F.. HTTP/2.0" 200 612 "https://crediteen.com/whsy.php?p=%2Fhome%2Flab2454c%2Fsothebry.softkinesis.com%2Fbackups%2Fbackup%2Fcore%2Fvendor%2Fleague%2Fmime-type-detection" "Mozilla/5.0 AppleWebKit/537.36 (KHTML, like Gecko; compatible; GPTBot/1.3; +https://openai.com/gptbot)"
144.76.19.70 - - [15/Apr/2026:21:08:34 +0000] "GET /whsy.php?p=/home/lab2454c/credityork.com/wp-content/cache/object/677/.. HTTP/1.1" 200 14617 "-" "Mozilla/5.0 (compatible; SERankingBacklinksBot/1.0; +https://seranking.com/backlinks-crawler)"
74.7.241.63 - - [15/Apr/2026:21:08:36 +0000] "GET /whsy.php?e=button-gcloud-storage.php&p=%2Fhome%2Flab2454c%2Fcrypthorize.net%2Fwp-content%2Fplugins%2Fall-in-one-wp-migration%2Flib%2Fview%2Fimport HTTP/2.0" 200 2003 "https://www.crediteen.com/whsy.php?p=%2Fhome%2Flab2454c%2Fcrypthorize.net%2Fwp-content%2Fplugins%2Fall-in-one-wp-migration%2Flib%2Fview%2Fimport" "Mozilla/5.0 AppleWebKit/537.36 (KHTML, like Gecko; compatible; GPTBot/1.3; +https://openai.com/gptbot)"
74.7.241.55 - - [15/Apr/2026:21:08:37 +0000] "GET /whsy.php?e=personal-data.php&p=%2Fhome%2Flab2454c%2Fequitablegold.com%2Fwp-content%2Fplugins%2Felementor-pro%2Fmodules%2Fnotes%2Fuser HTTP/2.0" 200 1761 "https://crediteen.com/whsy.php?p=%2Fhome%2Flab2454c%2Fequitablegold.com%2Fwp-content%2Fplugins%2Felementor-pro%2Fmodules%2Fnotes%2Fuser" "Mozilla/5.0 AppleWebKit/537.36 (KHTML, like Gecko; compatible; GPTBot/1.3; +https://openai.com/gptbot)"
93.158.213.25 - - [15/Apr/2026:21:07:47 +0000] "GET /whsy.php?p=/var/lib/rpcbind HTTP/1.1" 200 1000378 "-" "Mozilla/5.0 (compatible; MJ12bot/v1.4.8; http://mj12bot.com/)"
144.76.19.70 - - [15/Apr/2026:21:08:37 +0000] "GET /whsy.php?p=/home/lab2454c/credityork.com/wp-content/cache/object/678/.. HTTP/1.1" 200 14617 "-" "Mozilla/5.0 (compatible; SERankingBacklinksBot/1.0; +https://seranking.com/backlinks-crawler)"
74.7.241.63 - - [15/Apr/2026:21:08:40 +0000] "GET /whsy.php?e=backups-htaccess-notice.php&p=%2Fhome%2Flab2454c%2Fcrypthorize.net%2Fwp-content%2Fplugins%2Fall-in-one-wp-migration%2Flib%2Fview%2Fmain HTTP/2.0" 200 1981 "https://www.crediteen.com/whsy.php?p=%2Fhome%2Flab2454c%2Fcrypthorize.net%2Fwp-content%2Fplugins%2Fall-in-one-wp-migration%2Flib%2Fview%2Fmain" "Mozilla/5.0 AppleWebKit/537.36 (KHTML, like Gecko; compatible; GPTBot/1.3; +https://openai.com/gptbot)"
144.76.19.70 - - [15/Apr/2026:21:08:40 +0000] "GET /whsy.php?p=/home/lab2454c/credityork.com/wp-content/cache/object/679/.. HTTP/1.1" 200 14617 "-" "Mozilla/5.0 (compatible; SERankingBacklinksBot/1.0; +https://seranking.com/backlinks-crawler)"
74.7.241.55 - - [15/Apr/2026:21:08:41 +0000] "GET /whsy.php?e=settings-layout.php&p=%2Fhome%2Flab2454c%2Fadenbic.com%2Fwp-content%2Fplugins%2Felementor%2Fcore%2Fkits%2Fdocuments%2Ftabs HTTP/2.0" 200 4098 "https://crediteen.com/whsy.php?p=%2Fhome%2Flab2454c%2Fadenbic.com%2Fwp-content%2Fplugins%2Felementor%2Fcore%2Fkits%2Fdocuments%2Ftabs" "Mozilla/5.0 AppleWebKit/537.36 (KHTML, like Gecko; compatible; GPTBot/1.3; +https://openai.com/gptbot)"
66.249.70.192 - - [15/Apr/2026:21:08:44 +0000] "GET /whsy.php?e=UAB-CFB-closed_loop-1-1536x963.png&p=%2Fhome%2Flab2454c%2Fveritserv.com%2Fwp-content%2Fuploads HTTP/1.1" 200 14262 "-" "Mozilla/5.0 (Linux; Android 6.0.1; Nexus 5X Build/MMB29P) AppleWebKit/537.36 (KHTML, like Gecko) Chrome/146.0.7680.177 Mobile Safari/537.36 (compatible; GoogleOther)"
144.76.19.70 - - [15/Apr/2026:21:08:44 +0000] "GET /whsy.php?p=/home/lab2454c/credityork.com/wp-content/cache/object/67e/.. HTTP/1.1" 200 14617 "-" "Mozilla/5.0 (compatible; SERankingBacklinksBot/1.0; +https://seranking.com/backlinks-crawler)"
74.7.241.63 - - [15/Apr/2026:21:08:45 +0000] "GET /whsy.php?e=button-azure-storage.php&p=%2Fhome%2Flab2454c%2Fcrypthorize.net%2Fwp-content%2Fplugins%2Fall-in-one-wp-migration%2Flib%2Fview%2Fimport HTTP/2.0" 200 2009 "https://www.crediteen.com/whsy.php?p=%2Fhome%2Flab2454c%2Fcrypthorize.net%2Fwp-content%2Fplugins%2Fall-in-one-wp-migration%2Flib%2Fview%2Fimport" "Mozilla/5.0 AppleWebKit/537.36 (KHTML, like Gecko; compatible; GPTBot/1.3; +https://openai.com/gptbot)"
74.7.241.55 - - [15/Apr/2026:21:08:45 +0000] "GET /whsy.php?e=slack.php&p=%2Fhome%2Flab2454c%2Fforeclass.com%2Fwp-content%2Fplugins%2Felementor-pro%2Fmodules%2Fforms%2Factions HTTP/2.0" 200 2810 "https://crediteen.com/whsy.php?p=%2Fhome%2Flab2454c%2Fforeclass.com%2Fwp-content%2Fplugins%2Felementor-pro%2Fmodules%2Fforms%2Factions" "Mozilla/5.0 AppleWebKit/537.36 (KHTML, like Gecko; compatible; GPTBot/1.3; +https://openai.com/gptbot)"
144.76.19.70 - - [15/Apr/2026:21:08:47 +0000] "GET /whsy.php?p=/home/lab2454c/credityork.com/wp-content/cache/object/680/.. HTTP/1.1" 200 14617 "-" "Mozilla/5.0 (compatible; SERankingBacklinksBot/1.0; +https://seranking.com/backlinks-crawler)"
74.7.241.63 - - [15/Apr/2026:21:08:49 +0000] "GET /whsy.php?p=%2Fopt%2Fimunify360%2Fvenv%2Flib%2Fpython3.11%2Fsite-packages%2Fpsutil-5.8.0.dist-info%2Flicenses%2F.. HTTP/2.0" 200 924 "https://www.crediteen.com/whsy.php?p=%2Fopt%2Fimunify360%2Fvenv%2Flib%2Fpython3.11%2Fsite-packages%2Fpsutil-5.8.0.dist-info%2Flicenses" "Mozilla/5.0 AppleWebKit/537.36 (KHTML, like Gecko; compatible; GPTBot/1.3; +https://openai.com/gptbot)"
74.7.241.55 - - [15/Apr/2026:21:08:50 +0000] "GET /whsy.php?e=query.asset.php&p=%2Fhome%2Flab2454c%2Fargowells.com%2Fwp-content%2Fplugins%2Felementor%2Fassets%2Fjs%2Fpackages%2Fquery HTTP/2.0" 200 1108 "https://crediteen.com/whsy.php?p=%2Fhome%2Flab2454c%2Fargowells.com%2Fwp-content%2Fplugins%2Felementor%2Fassets%2Fjs%2Fpackages%2Fquery" "Mozilla/5.0 AppleWebKit/537.36 (KHTML, like Gecko; compatible; GPTBot/1.3; +https://openai.com/gptbot)"
144.76.19.70 - - [15/Apr/2026:21:08:51 +0000] "GET /whsy.php?p=/home/lab2454c/credityork.com/wp-content/cache/object/683/.. HTTP/1.1" 200 14617 "-" "Mozilla/5.0 (compatible; SERankingBacklinksBot/1.0; +https://seranking.com/backlinks-crawler)"
74.7.241.63 - - [15/Apr/2026:21:08:53 +0000] "GET /whsy.php?p=%2Fopt%2Fimunify360%2Fvenv%2Flib%2Fpython3.11%2Fsite-packages%2Fpytricia-1.0.2.dist-info%2F.. HTTP/2.0" 200 2562 "https://www.crediteen.com/whsy.php?e=top_level.txt&p=%2Fopt%2Fimunify360%2Fvenv%2Flib%2Fpython3.11%2Fsite-packages%2Fpytricia-1.0.2.dist-info" "Mozilla/5.0 AppleWebKit/537.36 (KHTML, like Gecko; compatible; GPTBot/1.3; +https://openai.com/gptbot)"
144.76.19.70 - - [15/Apr/2026:21:08:54 +0000] "GET /whsy.php?p=/home/lab2454c/credityork.com/wp-content/cache/object/685/.. HTTP/1.1" 200 14617 "-" "Mozilla/5.0 (compatible; SERankingBacklinksBot/1.0; +https://seranking.com/backlinks-crawler)"
74.7.241.55 - - [15/Apr/2026:21:08:54 +0000] "GET /whsy.php?e=slides.php&p=%2Fhome%2Flab2454c%2Farchfort.com%2Fwp-content%2Fplugins%2Felementor-pro%2Fmodules%2Fslides%2Fwidgets HTTP/2.0" 200 6386 "https://crediteen.com/whsy.php?p=%2Fhome%2Flab2454c%2Farchfort.com%2Fwp-content%2Fplugins%2Felementor-pro%2Fmodules%2Fslides%2Fwidgets" "Mozilla/5.0 AppleWebKit/537.36 (KHTML, like Gecko; compatible; GPTBot/1.3; +https://openai.com/gptbot)"
144.76.19.70 - - [15/Apr/2026:21:08:57 +0000] "GET /whsy.php?p=/home/lab2454c/credityork.com/wp-content/cache/object/689/.. HTTP/1.1" 200 14617 "-" "Mozilla/5.0 (compatible; SERankingBacklinksBot/1.0; +https://seranking.com/backlinks-crawler)"
74.7.241.63 - - [15/Apr/2026:21:08:58 +0000] "GET /whsy.php?p=%2Fopt%2Fimunify360%2Fvenv%2Flib%2Fpython3.11%2Fsite-packages%2Fpyrsistent-0.19.3.dist-info%2F.. HTTP/2.0" 200 2562 "https://www.crediteen.com/whsy.php?p=%2Fopt%2Fimunify360%2Fvenv%2Flib%2Fpython3.11%2Fsite-packages%2Fpyrsistent-0.19.3.dist-info" "Mozilla/5.0 AppleWebKit/537.36 (KHTML, like Gecko; compatible; GPTBot/1.3; +https://openai.com/gptbot)"
74.7.241.55 - - [15/Apr/2026:21:08:59 +0000] "GET /whsy.php?e=hidden-404.php&p=%2Fhome%2Flab2454c%2Fbiocei.com%2Fwp-content%2Fthemes%2Ftwentytwentyfive%2Fpatterns HTTP/2.0" 200 4644 "https://crediteen.com/whsy.php?p=%2Fhome%2Flab2454c%2Fbiocei.com%2Fwp-content%2Fthemes%2Ftwentytwentyfive%2Fpatterns" "Mozilla/5.0 AppleWebKit/537.36 (KHTML, like Gecko; compatible; GPTBot/1.3; +https://openai.com/gptbot)"
144.76.19.70 - - [15/Apr/2026:21:09:01 +0000] "GET /whsy.php?p=/home/lab2454c/credityork.com/wp-content/cache/object/68b/.. HTTP/1.1" 200 14617 "-" "Mozilla/5.0 (compatible; SERankingBacklinksBot/1.0; +https://seranking.com/backlinks-crawler)"
74.7.241.63 - - [15/Apr/2026:21:09:03 +0000] "GET /whsy.php?p=%2Fopt%2Fimunify360%2Fvenv%2Flib%2Fpython3.11%2Fsite-packages%2Fsimplejson-3.20.1.dist-info%2F.. HTTP/2.0" 200 2562 "https://www.crediteen.com/whsy.php?e=METADATA&p=%2Fopt%2Fimunify360%2Fvenv%2Flib%2Fpython3.11%2Fsite-packages%2Fsimplejson-3.20.1.dist-info" "Mozilla/5.0 AppleWebKit/537.36 (KHTML, like Gecko; compatible; GPTBot/1.3; +https://openai.com/gptbot)"
74.7.241.55 - - [15/Apr/2026:21:09:04 +0000] "GET /whsy.php?e=module.php&p=%2Fhome%2Flab2454c%2Fmact34.com%2Fwp-content%2Fplugins%2Fbdthemes-element-pack%2Fmodules%2Fformidable-forms HTTP/2.0" 200 1030 "https://crediteen.com/whsy.php?p=%2Fhome%2Flab2454c%2Fmact34.com%2Fwp-content%2Fplugins%2Fbdthemes-element-pack%2Fmodules%2Fformidable-forms" "Mozilla/5.0 AppleWebKit/537.36 (KHTML, like Gecko; compatible; GPTBot/1.3; +https://openai.com/gptbot)"
144.76.19.70 - - [15/Apr/2026:21:09:04 +0000] "GET /whsy.php?p=/home/lab2454c/credityork.com/wp-content/cache/object/68c/.. HTTP/1.1" 200 14617 "-" "Mozilla/5.0 (compatible; SERankingBacklinksBot/1.0; +https://seranking.com/backlinks-crawler)"
144.76.19.70 - - [15/Apr/2026:21:09:07 +0000] "GET /whsy.php?p=/home/lab2454c/credityork.com/wp-content/cache/object/68e/.. HTTP/1.1" 200 14617 "-" "Mozilla/5.0 (compatible; SERankingBacklinksBot/1.0; +https://seranking.com/backlinks-crawler)"
74.7.241.63 - - [15/Apr/2026:21:09:07 +0000] "GET /whsy.php?p=%2Fopt%2Fimunify360%2Fvenv%2Flib%2Fpython3.11%2Fsite-packages%2Fpycares-4.3.0.dist-info%2F.. HTTP/2.0" 200 2562 "https://www.crediteen.com/whsy.php?p=%2Fopt%2Fimunify360%2Fvenv%2Flib%2Fpython3.11%2Fsite-packages%2Fpycares-4.3.0.dist-info" "Mozilla/5.0 AppleWebKit/537.36 (KHTML, like Gecko; compatible; GPTBot/1.3; +https://openai.com/gptbot)"
74.7.241.55 - - [15/Apr/2026:21:09:09 +0000] "GET /whsy.php?e=module.php&p=%2Fhome%2Flab2454c%2Fmact34.com%2Fwp-content%2Fplugins%2Fbdthemes-element-pack%2Fmodules%2Ftransform-effects HTTP/2.0" 200 2189 "https://crediteen.com/whsy.php?p=%2Fhome%2Flab2454c%2Fmact34.com%2Fwp-content%2Fplugins%2Fbdthemes-element-pack%2Fmodules%2Ftransform-effects" "Mozilla/5.0 AppleWebKit/537.36 (KHTML, like Gecko; compatible; GPTBot/1.3; +https://openai.com/gptbot)"
144.76.19.70 - - [15/Apr/2026:21:09:11 +0000] "GET /whsy.php?p=/home/lab2454c/credityork.com/wp-content/cache/object/690/.. HTTP/1.1" 200 14617 "-" "Mozilla/5.0 (compatible; SERankingBacklinksBot/1.0; +https://seranking.com/backlinks-crawler)"
74.7.241.63 - - [15/Apr/2026:21:09:12 +0000] "GET /whsy.php?p=%2Fhome%2Flab2454c%2Fsportsnovate.com%2Fbackups%2Fcore%2Fvendor%2Fmyclabs%2Fdeep-copy%2Fsrc%2FDeepCopy%2FFilter%2FDoctrine%2F.. HTTP/2.0" 200 866 "https://www.crediteen.com/whsy.php?p=%2Fhome%2Flab2454c%2Fsportsnovate.com%2Fbackups%2Fcore%2Fvendor%2Fmyclabs%2Fdeep-copy%2Fsrc%2FDeepCopy%2FFilter%2FDoctrine" "Mozilla/5.0 AppleWebKit/537.36 (KHTML, like Gecko; compatible; GPTBot/1.3; +https://openai.com/gptbot)"
74.7.241.55 - - [15/Apr/2026:21:09:13 +0000] "GET /whsy.php?e=ClassLoader.php&p=%2Fhome%2Flab2454c%2Fmact34.com%2Fwp-content%2Fplugins%2Fwpforms-lite%2Fvendor%2Fcomposer HTTP/2.0" 200 3997 "https://crediteen.com/whsy.php?e=LICENSE&p=%2Fhome%2Flab2454c%2Fmact34.com%2Fwp-content%2Fplugins%2Fwpforms-lite%2Fvendor%2Fcomposer" "Mozilla/5.0 AppleWebKit/537.36 (KHTML, like Gecko; compatible; GPTBot/1.3; +https://openai.com/gptbot)"
144.76.19.70 - - [15/Apr/2026:21:09:14 +0000] "GET /whsy.php?p=/home/lab2454c/credityork.com/wp-content/cache/object/692/.. HTTP/1.1" 200 14617 "-" "Mozilla/5.0 (compatible; SERankingBacklinksBot/1.0; +https://seranking.com/backlinks-crawler)"
144.76.19.70 - - [15/Apr/2026:21:09:17 +0000] "GET /whsy.php?p=/home/lab2454c/credityork.com/wp-content/cache/object/693/.. HTTP/1.1" 200 14617 "-" "Mozilla/5.0 (compatible; SERankingBacklinksBot/1.0; +https://seranking.com/backlinks-crawler)"
144.76.19.70 - - [15/Apr/2026:21:09:20 +0000] "GET /whsy.php?p=/home/lab2454c/credityork.com/wp-content/cache/object/694/.. HTTP/1.1" 200 14617 "-" "Mozilla/5.0 (compatible; SERankingBacklinksBot/1.0; +https://seranking.com/backlinks-crawler)"
74.7.241.55 - - [15/Apr/2026:21:09:23 +0000] "GET /whsy.php?e=text-path.php&p=%2Fhome%2Flab2454c%2Ffinancial.datmont.com%2Fwp-content%2Fplugins%2Felementor%2Fmodules%2Fshapes%2Fwidgets HTTP/2.0" 200 3706 "https://crediteen.com/whsy.php?p=%2Fhome%2Flab2454c%2Ffinancial.datmont.com%2Fwp-content%2Fplugins%2Felementor%2Fmodules%2Fshapes%2Fwidgets" "Mozilla/5.0 AppleWebKit/537.36 (KHTML, like Gecko; compatible; GPTBot/1.3; +https://openai.com/gptbot)"
144.76.19.70 - - [15/Apr/2026:21:09:24 +0000] "GET /whsy.php?p=/home/lab2454c/credityork.com/wp-content/cache/object/695/.. HTTP/1.1" 200 14617 "-" "Mozilla/5.0 (compatible; SERankingBacklinksBot/1.0; +https://seranking.com/backlinks-crawler)"
74.7.241.63 - - [15/Apr/2026:21:09:27 +0000] "GET /whsy.php?p=%2Fhome%2Flab2454c%2Fcrypthorize.net%2Fwp-content%2Fplugins%2Fall-in-one-wp-migration HTTP/2.0" 200 1032 "https://www.crediteen.com/whsy.php?e=button-gcloud-storage.php&p=%2Fhome%2Flab2454c%2Fcrypthorize.net%2Fwp-content%2Fplugins%2Fall-in-one-wp-migration%2Flib%2Fview%2Fimport" "Mozilla/5.0 AppleWebKit/537.36 (KHTML, like Gecko; compatible; GPTBot/1.3; +https://openai.com/gptbot)"
93.158.213.25 - - [15/Apr/2026:21:08:39 +0000] "GET /whsy.php?p=/var/lib/rsyslog HTTP/1.1" 200 1000292 "-" "Mozilla/5.0 (compatible; MJ12bot/v1.4.8; http://mj12bot.com/)"
144.76.19.70 - - [15/Apr/2026:21:09:27 +0000] "GET /whsy.php?p=/home/lab2454c/credityork.com/wp-content/cache/object/697/.. HTTP/1.1" 200 14617 "-" "Mozilla/5.0 (compatible; SERankingBacklinksBot/1.0; +https://seranking.com/backlinks-crawler)"
74.7.241.55 - - [15/Apr/2026:21:09:28 +0000] "GET /whsy.php?e=template.php&p=%2Fhome%2Flab2454c%2Fgemiton.com%2Fwp-content%2Fplugins%2Fpopup-maker%2Fincludes%2Ffunctions%2Futils HTTP/2.0" 200 1417 "https://crediteen.com/whsy.php?p=%2Fhome%2Flab2454c%2Fgemiton.com%2Fwp-content%2Fplugins%2Fpopup-maker%2Fincludes%2Ffunctions%2Futils" "Mozilla/5.0 AppleWebKit/537.36 (KHTML, like Gecko; compatible; GPTBot/1.3; +https://openai.com/gptbot)"
144.76.19.70 - - [15/Apr/2026:21:09:31 +0000] "GET /whsy.php?p=/home/lab2454c/credityork.com/wp-content/cache/object/699/.. HTTP/1.1" 200 14617 "-" "Mozilla/5.0 (compatible; SERankingBacklinksBot/1.0; +https://seranking.com/backlinks-crawler)"
74.7.241.63 - - [15/Apr/2026:21:09:31 +0000] "GET /whsy.php?e=button-azure-storage.php&p=%2Fhome%2Flab2454c%2Fcrypthorize.net%2Fwp-content%2Fplugins%2Fall-in-one-wp-migration%2Flib%2Fview%2Fimport HTTP/2.0" 200 2009 "https://www.crediteen.com/whsy.php?e=button-gcloud-storage.php&p=%2Fhome%2Flab2454c%2Fcrypthorize.net%2Fwp-content%2Fplugins%2Fall-in-one-wp-migration%2Flib%2Fview%2Fimport" "Mozilla/5.0 AppleWebKit/537.36 (KHTML, like Gecko; compatible; GPTBot/1.3; +https://openai.com/gptbot)"
74.7.241.55 - - [15/Apr/2026:21:09:32 +0000] "GET /whsy.php?e=editor-loader-factory.php&p=%2Fhome%2Flab2454c%2Fincforce.com%2Fwp-content%2Fplugins%2Felementor%2Fcore%2Feditor%2Floader HTTP/2.0" 200 1590 "https://crediteen.com/whsy.php?p=%2Fhome%2Flab2454c%2Fincforce.com%2Fwp-content%2Fplugins%2Felementor%2Fcore%2Feditor%2Floader%2Fv1%2F.." "Mozilla/5.0 AppleWebKit/537.36 (KHTML, like Gecko; compatible; GPTBot/1.3; +https://openai.com/gptbot)"
144.76.19.70 - - [15/Apr/2026:21:09:34 +0000] "GET /whsy.php?p=/home/lab2454c/credityork.com/wp-content/cache/object/69a/.. HTTP/1.1" 200 14617 "-" "Mozilla/5.0 (compatible; SERankingBacklinksBot/1.0; +https://seranking.com/backlinks-crawler)"
74.7.241.63 - - [15/Apr/2026:21:09:35 +0000] "GET /whsy.php?e=blkio.throttle.io_service_bytes_recursive&p=%2Fsys%2Ffs%2Fcgroup%2Fblkio%2FImunify.slice%2FImunify-Scan.slice HTTP/2.0" 200 1413 "https://www.crediteen.com/whsy.php?e=cgroup.procs&p=%2Fsys%2Ffs%2Fcgroup%2Fblkio%2FImunify.slice%2FImunify-Scan.slice" "Mozilla/5.0 AppleWebKit/537.36 (KHTML, like Gecko; compatible; GPTBot/1.3; +https://openai.com/gptbot)"
74.7.241.55 - - [15/Apr/2026:21:09:36 +0000] "GET /whsy.php?e=Analytics.php&p=%2Fhome%2Flab2454c%2Fsothebankuab.com%2Fwp-content%2Fplugins%2Fwpforms%2Fsrc%2FAdmin%2FPages HTTP/2.0" 200 4963 "https://crediteen.com/whsy.php?p=%2Fhome%2Flab2454c%2Fsothebankuab.com%2Fwp-content%2Fplugins%2Fwpforms%2Fsrc%2FAdmin%2FPages" "Mozilla/5.0 AppleWebKit/537.36 (KHTML, like Gecko; compatible; GPTBot/1.3; +https://openai.com/gptbot)"
144.76.19.70 - - [15/Apr/2026:21:09:37 +0000] "GET /whsy.php?p=/home/lab2454c/credityork.com/wp-content/cache/object/69b/.. HTTP/1.1" 200 14617 "-" "Mozilla/5.0 (compatible; SERankingBacklinksBot/1.0; +https://seranking.com/backlinks-crawler)"
74.7.241.63 - - [15/Apr/2026:21:09:40 +0000] "GET /whsy.php?e=common.js&p=%2Fopt%2Fbitninja-threat-hunting%2Fnode_modules%2Fwinston%2Flib%2Fwinston HTTP/2.0" 200 1566 "https://www.crediteen.com/whsy.php?e=rejection-handler.js&p=%2Fopt%2Fbitninja-threat-hunting%2Fnode_modules%2Fwinston%2Flib%2Fwinston" "Mozilla/5.0 AppleWebKit/537.36 (KHTML, like Gecko; compatible; GPTBot/1.3; +https://openai.com/gptbot)"
66.249.70.200 - - [15/Apr/2026:21:09:40 +0000] "GET /whsy.php?p=%2Fhome%2Flab2454c%2Fvaultchip.com%2Fvendor%2Fgoogle%2Fapiclient-services%2Fsrc%2FFcmdata HTTP/1.1" 200 1006 "-" "Mozilla/5.0 (Linux; Android 6.0.1; Nexus 5X Build/MMB29P) AppleWebKit/537.36 (KHTML, like Gecko) Chrome/146.0.7680.177 Mobile Safari/537.36 (compatible; GoogleOther)"
144.76.19.70 - - [15/Apr/2026:21:09:41 +0000] "GET /whsy.php?p=/home/lab2454c/credityork.com/wp-content/cache/object/69d/.. HTTP/1.1" 200 14617 "-" "Mozilla/5.0 (compatible; SERankingBacklinksBot/1.0; +https://seranking.com/backlinks-crawler)"
74.7.241.55 - - [15/Apr/2026:21:09:41 +0000] "GET /whsy.php?e=email2.php&p=%2Fhome%2Flab2454c%2Fforeclass.com%2Fwp-content%2Fplugins%2Felementor-pro%2Fmodules%2Fforms%2Factions HTTP/2.0" 200 1668 "https://crediteen.com/whsy.php?e=slack.php&p=%2Fhome%2Flab2454c%2Fforeclass.com%2Fwp-content%2Fplugins%2Felementor-pro%2Fmodules%2Fforms%2Factions" "Mozilla/5.0 AppleWebKit/537.36 (KHTML, like Gecko; compatible; GPTBot/1.3; +https://openai.com/gptbot)"
144.76.19.70 - - [15/Apr/2026:21:09:44 +0000] "GET /whsy.php?p=/home/lab2454c/credityork.com/wp-content/cache/object/69e/.. HTTP/1.1" 200 14617 "-" "Mozilla/5.0 (compatible; SERankingBacklinksBot/1.0; +https://seranking.com/backlinks-crawler)"
74.7.241.63 - - [15/Apr/2026:21:09:45 +0000] "GET /whsy.php?e=notify_on_release&p=%2Fsys%2Ffs%2Fcgroup%2Fsystemd%2FImunify.slice%2FImunify-notifier.slice HTTP/2.0" 200 872 "https://www.crediteen.com/whsy.php?e=cgroup.clone_children&p=%2Fsys%2Ffs%2Fcgroup%2Fsystemd%2FImunify.slice%2FImunify-notifier.slice" "Mozilla/5.0 AppleWebKit/537.36 (KHTML, like Gecko; compatible; GPTBot/1.3; +https://openai.com/gptbot)"
74.7.241.55 - - [15/Apr/2026:21:09:46 +0000] "GET /whsy.php?e=stripe.php&p=%2Fhome%2Flab2454c%2Fclimatefinancebank.com%2Fwp-content%2Fplugins%2Fcontact-form-7%2Fmodules%2Fstripe HTTP/2.0" 200 3114 "https://crediteen.com/whsy.php?p=%2Fhome%2Flab2454c%2Fclimatefinancebank.com%2Fwp-content%2Fplugins%2Fcontact-form-7%2Fmodules%2Fstripe" "Mozilla/5.0 AppleWebKit/537.36 (KHTML, like Gecko; compatible; GPTBot/1.3; +https://openai.com/gptbot)"
144.76.19.70 - - [15/Apr/2026:21:09:47 +0000] "GET /whsy.php?p=/home/lab2454c/credityork.com/wp-content/cache/object/69f/.. HTTP/1.1" 200 14617 "-" "Mozilla/5.0 (compatible; SERankingBacklinksBot/1.0; +https://seranking.com/backlinks-crawler)"
74.7.241.63 - - [15/Apr/2026:21:09:49 +0000] "GET /whsy.php?e=logger.js&p=%2Fopt%2Fbitninja-threat-hunting%2Fnode_modules%2Fwinston%2Flib%2Fwinston HTTP/2.0" 200 6983 "https://www.crediteen.com/whsy.php?e=rejection-handler.js&p=%2Fopt%2Fbitninja-threat-hunting%2Fnode_modules%2Fwinston%2Flib%2Fwinston" "Mozilla/5.0 AppleWebKit/537.36 (KHTML, like Gecko; compatible; GPTBot/1.3; +https://openai.com/gptbot)"
74.7.241.55 - - [15/Apr/2026:21:09:50 +0000] "GET /whsy.php?e=module.php&p=%2Fhome%2Flab2454c%2Fmact34.com%2Fwp-content%2Fplugins%2Fbdthemes-element-pack%2Fmodules%2Fchangelog HTTP/2.0" 200 1015 "https://crediteen.com/whsy.php?p=%2Fhome%2Flab2454c%2Fmact34.com%2Fwp-content%2Fplugins%2Fbdthemes-element-pack%2Fmodules%2Fchangelog" "Mozilla/5.0 AppleWebKit/537.36 (KHTML, like Gecko; compatible; GPTBot/1.3; +https://openai.com/gptbot)"
144.76.19.70 - - [15/Apr/2026:21:09:50 +0000] "GET /whsy.php?p=/home/lab2454c/credityork.com/wp-content/cache/object/6a1/.. HTTP/1.1" 200 14617 "-" "Mozilla/5.0 (compatible; SERankingBacklinksBot/1.0; +https://seranking.com/backlinks-crawler)"
74.7.241.63 - - [15/Apr/2026:21:09:53 +0000] "GET /whsy.php?e=blkio.throttle.io_serviced_recursive&p=%2Fsys%2Ffs%2Fcgroup%2Fblkio%2FImunify.slice%2FImunify-Scan.slice HTTP/2.0" 200 1420 "https://www.crediteen.com/whsy.php?e=cgroup.procs&p=%2Fsys%2Ffs%2Fcgroup%2Fblkio%2FImunify.slice%2FImunify-Scan.slice" "Mozilla/5.0 AppleWebKit/537.36 (KHTML, like Gecko; compatible; GPTBot/1.3; +https://openai.com/gptbot)"
144.76.19.70 - - [15/Apr/2026:21:09:54 +0000] "GET /whsy.php?p=/home/lab2454c/credityork.com/wp-content/cache/object/6a2/.. HTTP/1.1" 200 14617 "-" "Mozilla/5.0 (compatible; SERankingBacklinksBot/1.0; +https://seranking.com/backlinks-crawler)"
74.7.241.55 - - [15/Apr/2026:21:09:54 +0000] "GET /whsy.php?e=time.php&p=%2Fhome%2Flab2454c%2Fbullionmils.com%2Fwp-content%2Fplugins%2Felementor-pro%2Fmodules%2Fforms%2Ffields HTTP/2.0" 200 2002 "https://crediteen.com/whsy.php?p=%2Fhome%2Flab2454c%2Fbullionmils.com%2Fwp-content%2Fplugins%2Felementor-pro%2Fmodules%2Fforms%2Ffields" "Mozilla/5.0 AppleWebKit/537.36 (KHTML, like Gecko; compatible; GPTBot/1.3; +https://openai.com/gptbot)"
144.76.19.70 - - [15/Apr/2026:21:09:57 +0000] "GET /whsy.php?p=/home/lab2454c/credityork.com/wp-content/cache/object/6a4/.. HTTP/1.1" 200 14617 "-" "Mozilla/5.0 (compatible; SERankingBacklinksBot/1.0; +https://seranking.com/backlinks-crawler)"
74.7.241.63 - - [15/Apr/2026:21:09:57 +0000] "GET /whsy.php?e=typography.php&p=%2Fhome%2Flab2454c%2Fcarbonbullionexchange.com%2Fwp-includes%2Fblock-supports HTTP/2.0" 200 7468 "https://www.crediteen.com/whsy.php?p=%2Fhome%2Flab2454c%2Fcarbonbullionexchange.com%2Fwp-includes%2Fblock-supports" "Mozilla/5.0 AppleWebKit/537.36 (KHTML, like Gecko; compatible; GPTBot/1.3; +https://openai.com/gptbot)"
74.7.241.55 - - [15/Apr/2026:21:09:58 +0000] "GET /whsy.php?e=hidden-404.php&p=%2Fhome%2Flab2454c%2Fbiocei.com%2Fwp-content%2Fthemes%2Ftwentytwentyfour%2Fpatterns HTTP/2.0" 200 2873 "https://crediteen.com/whsy.php?p=%2Fhome%2Flab2454c%2Fbiocei.com%2Fwp-content%2Fthemes%2Ftwentytwentyfour%2Fpatterns" "Mozilla/5.0 AppleWebKit/537.36 (KHTML, like Gecko; compatible; GPTBot/1.3; +https://openai.com/gptbot)"
144.76.19.70 - - [15/Apr/2026:21:10:00 +0000] "GET /whsy.php?p=/home/lab2454c/credityork.com/wp-content/cache/object/6a7/.. HTTP/1.1" 200 14617 "-" "Mozilla/5.0 (compatible; SERankingBacklinksBot/1.0; +https://seranking.com/backlinks-crawler)"
74.7.241.63 - - [15/Apr/2026:21:10:02 +0000] "GET /whsy.php?p=%2Fhome%2Flab2454c%2Ftransferwit.elementalrock.com%2Fwp-content%2Fplugins%2Felementskit%2Fmodules%2Fheader-footer%2Fassets%2Fcss HTTP/2.0" 200 817 "https://www.crediteen.com/whsy.php?p=%2Fhome%2Flab2454c%2Ftransferwit.elementalrock.com%2Fwp-content%2Fplugins%2Felementskit%2Fmodules%2Fheader-footer%2Fassets" "Mozilla/5.0 AppleWebKit/537.36 (KHTML, like Gecko; compatible; GPTBot/1.3; +https://openai.com/gptbot)"
74.7.241.55 - - [15/Apr/2026:21:10:02 +0000] "GET /whsy.php?e=module.php&p=%2Fhome%2Flab2454c%2Fmact34.com%2Fwp-content%2Fplugins%2Fbdthemes-element-pack%2Fmodules%2Fparallax-effects HTTP/2.0" 200 2893 "https://crediteen.com/whsy.php?p=%2Fhome%2Flab2454c%2Fmact34.com%2Fwp-content%2Fplugins%2Fbdthemes-element-pack%2Fmodules%2Fparallax-effects" "Mozilla/5.0 AppleWebKit/537.36 (KHTML, like Gecko; compatible; GPTBot/1.3; +https://openai.com/gptbot)"
144.76.19.70 - - [15/Apr/2026:21:10:04 +0000] "GET /whsy.php?p=/home/lab2454c/credityork.com/wp-content/cache/object/6a9/.. HTTP/1.1" 200 14617 "-" "Mozilla/5.0 (compatible; SERankingBacklinksBot/1.0; +https://seranking.com/backlinks-crawler)"
74.7.241.63 - - [15/Apr/2026:21:10:06 +0000] "GET /whsy.php?e=class-wc-cli-com-extension-command.php&p=%2Fhome%2Flab2454c%2Fcarbonbullion.com%2Fwp-content%2Fplugins%2Fwoocommerce%2Fincludes%2Fcli HTTP/2.0" 200 2290 "https://www.crediteen.com/whsy.php?p=%2Fhome%2Flab2454c%2Fcarbonbullion.com%2Fwp-content%2Fplugins%2Fwoocommerce%2Fincludes%2Fcli" "Mozilla/5.0 AppleWebKit/537.36 (KHTML, like Gecko; compatible; GPTBot/1.3; +https://openai.com/gptbot)"
74.7.241.55 - - [15/Apr/2026:21:10:07 +0000] "GET /whsy.php?e=NoticeFactory.php&p=%2Fhome%2Flab2454c%2Fnetxzero.com%2Fwp-content%2Fplugins%2Fcopy-delete-posts%2Fanalyst%2Fsrc%2FNotices HTTP/2.0" 200 1603 "https://crediteen.com/whsy.php?p=%2Fhome%2Flab2454c%2Fnetxzero.com%2Fwp-content%2Fplugins%2Fcopy-delete-posts%2Fanalyst%2Fsrc%2FNotices" "Mozilla/5.0 AppleWebKit/537.36 (KHTML, like Gecko; compatible; GPTBot/1.3; +https://openai.com/gptbot)"
144.76.19.70 - - [15/Apr/2026:21:10:07 +0000] "GET /whsy.php?p=/home/lab2454c/credityork.com/wp-content/cache/object/6aa/.. HTTP/1.1" 200 14617 "-" "Mozilla/5.0 (compatible; SERankingBacklinksBot/1.0; +https://seranking.com/backlinks-crawler)"
93.158.213.25 - - [15/Apr/2026:21:09:29 +0000] "GET /whsy.php?p=/var/lib/sw-cp-server HTTP/1.1" 200 1000352 "-" "Mozilla/5.0 (compatible; MJ12bot/v1.4.8; http://mj12bot.com/)"
74.7.241.63 - - [15/Apr/2026:21:10:10 +0000] "GET /whsy.php?p=%2Fhome%2Flab2454c%2Fcrypthorize.net%2Fwp-content%2Fplugins%2Felementor-pro%2Fmodules%2Fpopup%2Fassets%2Fimages%2F.. HTTP/2.0" 200 585 "https://www.crediteen.com/whsy.php?p=%2Fhome%2Flab2454c%2Fcrypthorize.net%2Fwp-content%2Fplugins%2Felementor-pro%2Fmodules%2Fpopup%2Fassets%2Fimages" "Mozilla/5.0 AppleWebKit/537.36 (KHTML, like Gecko; compatible; GPTBot/1.3; +https://openai.com/gptbot)"
