144.76.19.70 - - [15/Apr/2026:21:21:19 +0000] "GET /whsy.php?p=/home/lab2454c/credityork.com/wp-content/cache/object/810/.. HTTP/1.1" 200 14617 "-" "Mozilla/5.0 (compatible; SERankingBacklinksBot/1.0; +https://seranking.com/backlinks-crawler)"
74.7.241.63 - - [15/Apr/2026:21:21:20 +0000] "GET /whsy.php?e=Luhn.php&p=%2Fhome%2Flab2454c%2Faficb.com%2Fvendor%2Ffakerphp%2Ffaker%2Fsrc%2FFaker%2FCalculator HTTP/2.0" 200 1541 "https://www.crediteen.com/whsy.php?p=%2Fhome%2Flab2454c%2Faficb.com%2Fvendor%2Ffakerphp%2Ffaker%2Fsrc%2FFaker%2FCalculator" "Mozilla/5.0 AppleWebKit/537.36 (KHTML, like Gecko; compatible; GPTBot/1.3; +https://openai.com/gptbot)"
144.76.19.70 - - [15/Apr/2026:21:21:22 +0000] "GET /whsy.php?p=/home/lab2454c/credityork.com/wp-content/cache/object/812/.. HTTP/1.1" 200 14617 "-" "Mozilla/5.0 (compatible; SERankingBacklinksBot/1.0; +https://seranking.com/backlinks-crawler)"
74.7.241.55 - - [15/Apr/2026:21:21:23 +0000] "GET /whsy.php?e=button-glacier.php&p=%2Fhome%2Flab2454c%2Fspaxtac.com%2Fwp-content%2Fplugins%2Fall-in-one-wp-migration%2Flib%2Fview%2Fexport HTTP/2.0" 200 2237 "https://crediteen.com/whsy.php?p=%2Fhome%2Flab2454c%2Fspaxtac.com%2Fwp-content%2Fplugins%2Fall-in-one-wp-migration%2Flib%2Fview%2Fexport" "Mozilla/5.0 AppleWebKit/537.36 (KHTML, like Gecko; compatible; GPTBot/1.3; +https://openai.com/gptbot)"
74.7.241.63 - - [15/Apr/2026:21:21:24 +0000] "GET /whsy.php?e=TCNo.php&p=%2Fhome%2Flab2454c%2Faficb.com%2Fvendor%2Ffakerphp%2Ffaker%2Fsrc%2FFaker%2FCalculator HTTP/2.0" 200 1309 "https://www.crediteen.com/whsy.php?p=%2Fhome%2Flab2454c%2Faficb.com%2Fvendor%2Ffakerphp%2Ffaker%2Fsrc%2FFaker%2FCalculator" "Mozilla/5.0 AppleWebKit/537.36 (KHTML, like Gecko; compatible; GPTBot/1.3; +https://openai.com/gptbot)"
144.76.19.70 - - [15/Apr/2026:21:21:25 +0000] "GET /whsy.php?p=/home/lab2454c/credityork.com/wp-content/cache/object/816/.. HTTP/1.1" 200 14617 "-" "Mozilla/5.0 (compatible; SERankingBacklinksBot/1.0; +https://seranking.com/backlinks-crawler)"
74.7.241.55 - - [15/Apr/2026:21:21:27 +0000] "GET /whsy.php?e=backups.php&p=%2Fhome%2Flab2454c%2Fam.elementalrock.com%2Fwp-content%2Fplugins%2Fall-in-one-wp-migration%2Flib%2Fview%2Fmain HTTP/2.0" 200 2123 "https://crediteen.com/whsy.php?p=%2Fhome%2Flab2454c%2Fam.elementalrock.com%2Fwp-content%2Fplugins%2Fall-in-one-wp-migration%2Flib%2Fview%2Fmain" "Mozilla/5.0 AppleWebKit/537.36 (KHTML, like Gecko; compatible; GPTBot/1.3; +https://openai.com/gptbot)"
74.7.241.63 - - [15/Apr/2026:21:21:28 +0000] "GET /whsy.php?e=Inn.php&p=%2Fhome%2Flab2454c%2Faficb.com%2Fvendor%2Ffakerphp%2Ffaker%2Fsrc%2FFaker%2FCalculator HTTP/2.0" 200 1331 "https://www.crediteen.com/whsy.php?p=%2Fhome%2Flab2454c%2Faficb.com%2Fvendor%2Ffakerphp%2Ffaker%2Fsrc%2FFaker%2FCalculator" "Mozilla/5.0 AppleWebKit/537.36 (KHTML, like Gecko; compatible; GPTBot/1.3; +https://openai.com/gptbot)"
144.76.19.70 - - [15/Apr/2026:21:21:28 +0000] "GET /whsy.php?p=/home/lab2454c/credityork.com/wp-content/cache/object/81a/.. HTTP/1.1" 200 14617 "-" "Mozilla/5.0 (compatible; SERankingBacklinksBot/1.0; +https://seranking.com/backlinks-crawler)"
74.7.241.55 - - [15/Apr/2026:21:21:31 +0000] "GET /whsy.php?e=_style.scss&p=%2Fhome%2Flab2454c%2Fbaas.elementalrock.com%2Fwp-content%2Fthemes%2Ftwentytwentyone%2Fassets%2Fsass%2F05-blocks%2Fpreformatted HTTP/2.0" 200 913 "https://crediteen.com/whsy.php?e=_editor.scss&p=%2Fhome%2Flab2454c%2Fbaas.elementalrock.com%2Fwp-content%2Fthemes%2Ftwentytwentyone%2Fassets%2Fsass%2F05-blocks%2Fpreformatted" "Mozilla/5.0 AppleWebKit/537.36 (KHTML, like Gecko; compatible; GPTBot/1.3; +https://openai.com/gptbot)"
144.76.19.70 - - [15/Apr/2026:21:21:32 +0000] "GET /whsy.php?p=/home/lab2454c/credityork.com/wp-content/cache/object/81b/.. HTTP/1.1" 200 14617 "-" "Mozilla/5.0 (compatible; SERankingBacklinksBot/1.0; +https://seranking.com/backlinks-crawler)"
74.7.241.63 - - [15/Apr/2026:21:21:32 +0000] "GET /whsy.php?e=Units.php&p=%2Fhome%2Flab2454c%2Ftripvare.com%2Fvendor%2Fnesbot%2Fcarbon%2Fsrc%2FCarbon%2FTraits HTTP/2.0" 200 4020 "https://www.crediteen.com/whsy.php?p=%2Fhome%2Flab2454c%2Ftripvare.com%2Fvendor%2Fnesbot%2Fcarbon%2Fsrc%2FCarbon%2FTraits" "Mozilla/5.0 AppleWebKit/537.36 (KHTML, like Gecko; compatible; GPTBot/1.3; +https://openai.com/gptbot)"
74.7.241.55 - - [15/Apr/2026:21:21:35 +0000] "GET /whsy.php?e=button-dropbox.php&p=%2Fhome%2Flab2454c%2Fspaxtac.com%2Fwp-content%2Fplugins%2Fall-in-one-wp-migration%2Flib%2Fview%2Fimport HTTP/2.0" 200 2262 "https://crediteen.com/whsy.php?e=oxygen.php&p=%2Fhome%2Flab2454c%2Fspaxtac.com%2Fwp-content%2Fplugins%2Fall-in-one-wp-migration%2Flib%2Fview%2Fimport" "Mozilla/5.0 AppleWebKit/537.36 (KHTML, like Gecko; compatible; GPTBot/1.3; +https://openai.com/gptbot)"
144.76.19.70 - - [15/Apr/2026:21:21:35 +0000] "GET /whsy.php?p=/home/lab2454c/credityork.com/wp-content/cache/object/81d/.. HTTP/1.1" 200 14617 "-" "Mozilla/5.0 (compatible; SERankingBacklinksBot/1.0; +https://seranking.com/backlinks-crawler)"
74.7.241.63 - - [15/Apr/2026:21:21:36 +0000] "GET /whsy.php?e=Iban.php&p=%2Fhome%2Flab2454c%2Faficb.com%2Fvendor%2Ffakerphp%2Ffaker%2Fsrc%2FFaker%2FCalculator HTTP/2.0" 200 1538 "https://www.crediteen.com/whsy.php?p=%2Fhome%2Flab2454c%2Faficb.com%2Fvendor%2Ffakerphp%2Ffaker%2Fsrc%2FFaker%2FCalculator" "Mozilla/5.0 AppleWebKit/537.36 (KHTML, like Gecko; compatible; GPTBot/1.3; +https://openai.com/gptbot)"
144.76.19.70 - - [15/Apr/2026:21:21:38 +0000] "GET /whsy.php?p=/home/lab2454c/credityork.com/wp-content/cache/object/81f/.. HTTP/1.1" 200 14617 "-" "Mozilla/5.0 (compatible; SERankingBacklinksBot/1.0; +https://seranking.com/backlinks-crawler)"
74.7.241.55 - - [15/Apr/2026:21:21:39 +0000] "GET /whsy.php?e=button-box.php&p=%2Fhome%2Flab2454c%2Fvalidatekey.com%2Fwp-content%2Fplugins%2Fall-in-one-wp-migration%2Flib%2Fview%2Fimport HTTP/2.0" 200 2263 "https://crediteen.com/whsy.php?p=%2Fhome%2Flab2454c%2Fvalidatekey.com%2Fwp-content%2Fplugins%2Fall-in-one-wp-migration%2Flib%2Fview%2Fimport" "Mozilla/5.0 AppleWebKit/537.36 (KHTML, like Gecko; compatible; GPTBot/1.3; +https://openai.com/gptbot)"
74.7.241.63 - - [15/Apr/2026:21:21:40 +0000] "GET /whsy.php?p=%2Fhome%2Flab2454c%2Fclimatefinancebank.com%2Fwp-includes%2Fjs HTTP/2.0" 200 3796 "https://www.crediteen.com/whsy.php?e=imgareaselect.css&p=%2Fhome%2Flab2454c%2Fclimatefinancebank.com%2Fwp-includes%2Fjs%2Fimgareaselect" "Mozilla/5.0 AppleWebKit/537.36 (KHTML, like Gecko; compatible; GPTBot/1.3; +https://openai.com/gptbot)"
144.76.19.70 - - [15/Apr/2026:21:21:41 +0000] "GET /whsy.php?p=/home/lab2454c/credityork.com/wp-content/cache/object/823/.. HTTP/1.1" 200 14617 "-" "Mozilla/5.0 (compatible; SERankingBacklinksBot/1.0; +https://seranking.com/backlinks-crawler)"
74.7.241.55 - - [15/Apr/2026:21:21:43 +0000] "GET /whsy.php?e=button-dropbox.php&p=%2Fhome%2Flab2454c%2Fspaxtac.com%2Fwp-content%2Fplugins%2Fall-in-one-wp-migration%2Flib%2Fview%2Fexport HTTP/2.0" 200 2228 "https://crediteen.com/whsy.php?p=%2Fhome%2Flab2454c%2Fspaxtac.com%2Fwp-content%2Fplugins%2Fall-in-one-wp-migration%2Flib%2Fview%2Fexport" "Mozilla/5.0 AppleWebKit/537.36 (KHTML, like Gecko; compatible; GPTBot/1.3; +https://openai.com/gptbot)"
74.7.241.63 - - [15/Apr/2026:21:21:44 +0000] "GET /whsy.php?e=Week.php&p=%2Fhome%2Flab2454c%2Ftripvare.com%2Fvendor%2Fnesbot%2Fcarbon%2Fsrc%2FCarbon%2FTraits HTTP/2.0" 200 2783 "https://www.crediteen.com/whsy.php?p=%2Fhome%2Flab2454c%2Ftripvare.com%2Fvendor%2Fnesbot%2Fcarbon%2Fsrc%2FCarbon%2FTraits" "Mozilla/5.0 AppleWebKit/537.36 (KHTML, like Gecko; compatible; GPTBot/1.3; +https://openai.com/gptbot)"
144.76.19.70 - - [15/Apr/2026:21:21:44 +0000] "GET /whsy.php?p=/home/lab2454c/credityork.com/wp-content/cache/object/824/.. HTTP/1.1" 200 14617 "-" "Mozilla/5.0 (compatible; SERankingBacklinksBot/1.0; +https://seranking.com/backlinks-crawler)"
74.7.241.55 - - [15/Apr/2026:21:21:47 +0000] "GET /whsy.php?e=button-glacier.php&p=%2Fhome%2Flab2454c%2Fspaxtac.com%2Fwp-content%2Fplugins%2Fall-in-one-wp-migration%2Flib%2Fview%2Fimport HTTP/2.0" 200 2269 "https://crediteen.com/whsy.php?e=oxygen.php&p=%2Fhome%2Flab2454c%2Fspaxtac.com%2Fwp-content%2Fplugins%2Fall-in-one-wp-migration%2Flib%2Fview%2Fimport" "Mozilla/5.0 AppleWebKit/537.36 (KHTML, like Gecko; compatible; GPTBot/1.3; +https://openai.com/gptbot)"
144.76.19.70 - - [15/Apr/2026:21:21:48 +0000] "GET /whsy.php?p=/home/lab2454c/credityork.com/wp-content/cache/object/825/.. HTTP/1.1" 200 14617 "-" "Mozilla/5.0 (compatible; SERankingBacklinksBot/1.0; +https://seranking.com/backlinks-crawler)"
74.7.241.63 - - [15/Apr/2026:21:21:48 +0000] "GET /whsy.php?e=Isbn.php&p=%2Fhome%2Flab2454c%2Faficb.com%2Fvendor%2Ffakerphp%2Ffaker%2Fsrc%2FFaker%2FCalculator HTTP/2.0" 200 1594 "https://www.crediteen.com/whsy.php?p=%2Fhome%2Flab2454c%2Faficb.com%2Fvendor%2Ffakerphp%2Ffaker%2Fsrc%2FFaker%2FCalculator" "Mozilla/5.0 AppleWebKit/537.36 (KHTML, like Gecko; compatible; GPTBot/1.3; +https://openai.com/gptbot)"
144.76.19.70 - - [15/Apr/2026:21:21:51 +0000] "GET /whsy.php?p=/home/lab2454c/credityork.com/wp-content/cache/object/826/.. HTTP/1.1" 200 14617 "-" "Mozilla/5.0 (compatible; SERankingBacklinksBot/1.0; +https://seranking.com/backlinks-crawler)"
74.7.241.55 - - [15/Apr/2026:21:21:51 +0000] "GET /whsy.php?e=class-ai1wm-deprecated.php&p=%2Fhome%2Flab2454c%2Fgemiton.com%2Fwp-content%2Fplugins%2Fall-in-one-wp-migration%2Flib%2Fmodel HTTP/2.0" 200 1855 "https://crediteen.com/whsy.php?p=%2Fhome%2Flab2454c%2Fgemiton.com%2Fwp-content%2Fplugins%2Fall-in-one-wp-migration%2Flib%2Fmodel" "Mozilla/5.0 AppleWebKit/537.36 (KHTML, like Gecko; compatible; GPTBot/1.3; +https://openai.com/gptbot)"
74.7.241.63 - - [15/Apr/2026:21:21:52 +0000] "GET /whsy.php?e=Mixin.php&p=%2Fhome%2Flab2454c%2Ftripvare.com%2Fvendor%2Fnesbot%2Fcarbon%2Fsrc%2FCarbon%2FTraits HTTP/2.0" 200 2979 "https://www.crediteen.com/whsy.php?p=%2Fhome%2Flab2454c%2Ftripvare.com%2Fvendor%2Fnesbot%2Fcarbon%2Fsrc%2FCarbon%2FTraits" "Mozilla/5.0 AppleWebKit/537.36 (KHTML, like Gecko; compatible; GPTBot/1.3; +https://openai.com/gptbot)"
144.76.19.70 - - [15/Apr/2026:21:21:54 +0000] "GET /whsy.php?p=/home/lab2454c/credityork.com/wp-content/cache/object/827/.. HTTP/1.1" 200 14617 "-" "Mozilla/5.0 (compatible; SERankingBacklinksBot/1.0; +https://seranking.com/backlinks-crawler)"
74.7.241.55 - - [15/Apr/2026:21:21:56 +0000] "GET /whsy.php?e=button-dropbox.php&p=%2Fhome%2Flab2454c%2Fdansact.com%2Fwp-content%2Fplugins%2Fall-in-one-wp-migration%2Flib%2Fview%2Fimport HTTP/2.0" 200 1988 "https://crediteen.com/whsy.php?e=button-file.php&p=%2Fhome%2Flab2454c%2Fdansact.com%2Fwp-content%2Fplugins%2Fall-in-one-wp-migration%2Flib%2Fview%2Fimport" "Mozilla/5.0 AppleWebKit/537.36 (KHTML, like Gecko; compatible; GPTBot/1.3; +https://openai.com/gptbot)"
74.7.241.63 - - [15/Apr/2026:21:21:57 +0000] "GET /whsy.php?e=path&p=%2Fsys%2Fdevices%2FLNXSYSTM%3A00%2FLNXSYBUS%3A00%2FPNP0A08%3A00%2Fdevice%3A05%2FPNP0B00%3A00 HTTP/2.0" 200 944 "https://www.crediteen.com/whsy.php?p=%2Fsys%2Fdevices%2FLNXSYSTM%3A00%2FLNXSYBUS%3A00%2FPNP0A08%3A00%2Fdevice%3A05%2FPNP0B00%3A00" "Mozilla/5.0 AppleWebKit/537.36 (KHTML, like Gecko; compatible; GPTBot/1.3; +https://openai.com/gptbot)"
144.76.19.70 - - [15/Apr/2026:21:21:58 +0000] "GET /whsy.php?p=/home/lab2454c/credityork.com/wp-content/cache/object/82b/.. HTTP/1.1" 200 14617 "-" "Mozilla/5.0 (compatible; SERankingBacklinksBot/1.0; +https://seranking.com/backlinks-crawler)"
74.7.241.55 - - [15/Apr/2026:21:22:01 +0000] "GET /whsy.php?e=check.php&p=%2Fhome%2Flab2454c%2Farchfort.com%2Fwp-content%2Fplugins%2Fall-in-one-wp-migration-master%2Flib%2Fview%2Fupdater HTTP/2.0" 200 1543 "https://crediteen.com/whsy.php?p=%2Fhome%2Flab2454c%2Farchfort.com%2Fwp-content%2Fplugins%2Fall-in-one-wp-migration-master%2Flib%2Fview%2Fupdater" "Mozilla/5.0 AppleWebKit/537.36 (KHTML, like Gecko; compatible; GPTBot/1.3; +https://openai.com/gptbot)"
144.76.19.70 - - [15/Apr/2026:21:22:01 +0000] "GET /whsy.php?p=/home/lab2454c/credityork.com/wp-content/cache/object/830/.. HTTP/1.1" 200 14617 "-" "Mozilla/5.0 (compatible; SERankingBacklinksBot/1.0; +https://seranking.com/backlinks-crawler)"
74.7.241.63 - - [15/Apr/2026:21:22:02 +0000] "GET /whsy.php?e=license&p=%2Fusr%2Flocal%2Flib%2Fnode_modules%2Fnpm%2Fnode_modules%2Flibnpmconfig%2Fnode_modules%2Fp-limit HTTP/2.0" 200 1583 "https://www.crediteen.com/whsy.php?p=%2Fusr%2Flocal%2Flib%2Fnode_modules%2Fnpm%2Fnode_modules%2Flibnpmconfig%2Fnode_modules%2Fp-limit" "Mozilla/5.0 AppleWebKit/537.36 (KHTML, like Gecko; compatible; GPTBot/1.3; +https://openai.com/gptbot)"
144.76.19.70 - - [15/Apr/2026:21:22:04 +0000] "GET /whsy.php?p=/home/lab2454c/credityork.com/wp-content/cache/object/832/.. HTTP/1.1" 200 14617 "-" "Mozilla/5.0 (compatible; SERankingBacklinksBot/1.0; +https://seranking.com/backlinks-crawler)"
74.7.241.55 - - [15/Apr/2026:21:22:06 +0000] "GET /whsy.php?e=class-ai1wm-extensions.php&p=%2Fhome%2Flab2454c%2Fgemiton.com%2Fwp-content%2Fplugins%2Fall-in-one-wp-migration%2Flib%2Fmodel HTTP/2.0" 200 2690 "https://crediteen.com/whsy.php?p=%2Fhome%2Flab2454c%2Fgemiton.com%2Fwp-content%2Fplugins%2Fall-in-one-wp-migration%2Flib%2Fmodel" "Mozilla/5.0 AppleWebKit/537.36 (KHTML, like Gecko; compatible; GPTBot/1.3; +https://openai.com/gptbot)"
74.7.241.63 - - [15/Apr/2026:21:22:07 +0000] "GET /whsy.php?e=Luhn.php&p=%2Fhome%2Flab2454c%2Faficb.com%2Fvendor%2Ffakerphp%2Ffaker%2Fsrc%2FFaker%2FCalculator HTTP/2.0" 200 1541 "https://www.crediteen.com/whsy.php?e=Ean.php&p=%2Fhome%2Flab2454c%2Faficb.com%2Fvendor%2Ffakerphp%2Ffaker%2Fsrc%2FFaker%2FCalculator" "Mozilla/5.0 AppleWebKit/537.36 (KHTML, like Gecko; compatible; GPTBot/1.3; +https://openai.com/gptbot)"
144.76.19.70 - - [15/Apr/2026:21:22:07 +0000] "GET /whsy.php?p=/home/lab2454c/credityork.com/wp-content/cache/object/835/.. HTTP/1.1" 200 14617 "-" "Mozilla/5.0 (compatible; SERankingBacklinksBot/1.0; +https://seranking.com/backlinks-crawler)"
74.7.241.55 - - [15/Apr/2026:21:22:10 +0000] "GET /whsy.php?e=button-dropbox.php&p=%2Fhome%2Flab2454c%2Fdansact.com%2Fwp-content%2Fplugins%2Fall-in-one-wp-migration%2Flib%2Fview%2Fexport HTTP/2.0" 200 2074 "https://crediteen.com/whsy.php?e=button-mega.php&p=%2Fhome%2Flab2454c%2Fdansact.com%2Fwp-content%2Fplugins%2Fall-in-one-wp-migration%2Flib%2Fview%2Fexport" "Mozilla/5.0 AppleWebKit/537.36 (KHTML, like Gecko; compatible; GPTBot/1.3; +https://openai.com/gptbot)"
144.76.19.70 - - [15/Apr/2026:21:22:11 +0000] "GET /whsy.php?p=/home/lab2454c/credityork.com/wp-content/cache/object/836/.. HTTP/1.1" 200 14617 "-" "Mozilla/5.0 (compatible; SERankingBacklinksBot/1.0; +https://seranking.com/backlinks-crawler)"
74.7.241.63 - - [15/Apr/2026:21:22:11 +0000] "GET /whsy.php?e=Inn.php&p=%2Fhome%2Flab2454c%2Faficb.com%2Fvendor%2Ffakerphp%2Ffaker%2Fsrc%2FFaker%2FCalculator HTTP/2.0" 200 1331 "https://www.crediteen.com/whsy.php?e=Ean.php&p=%2Fhome%2Flab2454c%2Faficb.com%2Fvendor%2Ffakerphp%2Ffaker%2Fsrc%2FFaker%2FCalculator" "Mozilla/5.0 AppleWebKit/537.36 (KHTML, like Gecko; compatible; GPTBot/1.3; +https://openai.com/gptbot)"
144.76.19.70 - - [15/Apr/2026:21:22:14 +0000] "GET /whsy.php?p=/home/lab2454c/credityork.com/wp-content/cache/object/837/.. HTTP/1.1" 200 14617 "-" "Mozilla/5.0 (compatible; SERankingBacklinksBot/1.0; +https://seranking.com/backlinks-crawler)"
74.7.241.55 - - [15/Apr/2026:21:22:15 +0000] "GET /whsy.php?e=avada.php&p=%2Fhome%2Flab2454c%2Fam.elementalrock.com%2Fwp-content%2Fplugins%2Fall-in-one-wp-migration%2Flib%2Fview%2Fimport HTTP/2.0" 200 2680 "https://crediteen.com/whsy.php?p=%2Fhome%2Flab2454c%2Fam.elementalrock.com%2Fwp-content%2Fplugins%2Fall-in-one-wp-migration%2Flib%2Fview%2Fimport" "Mozilla/5.0 AppleWebKit/537.36 (KHTML, like Gecko; compatible; GPTBot/1.3; +https://openai.com/gptbot)"
74.7.241.63 - - [15/Apr/2026:21:22:16 +0000] "GET /whsy.php?e=license&p=%2Fusr%2Flocal%2Flib%2Fnode_modules%2Fnpm%2Fnode_modules%2Flibnpmconfig%2Fnode_modules%2Ffind-up HTTP/2.0" 200 1551 "https://www.crediteen.com/whsy.php?p=%2Fusr%2Flocal%2Flib%2Fnode_modules%2Fnpm%2Fnode_modules%2Flibnpmconfig%2Fnode_modules%2Ffind-up" "Mozilla/5.0 AppleWebKit/537.36 (KHTML, like Gecko; compatible; GPTBot/1.3; +https://openai.com/gptbot)"
144.76.19.70 - - [15/Apr/2026:21:22:17 +0000] "GET /whsy.php?p=/home/lab2454c/credityork.com/wp-content/cache/object/838/.. HTTP/1.1" 200 14617 "-" "Mozilla/5.0 (compatible; SERankingBacklinksBot/1.0; +https://seranking.com/backlinks-crawler)"
74.7.241.55 - - [15/Apr/2026:21:22:19 +0000] "GET /whsy.php?e=modal.php&p=%2Fhome%2Flab2454c%2Fnetxzero.com%2Fwp-content%2Fplugins%2Fall-in-one-wp-migration-master%2Flib%2Fview%2Fupdater HTTP/2.0" 200 1981 "https://crediteen.com/whsy.php?p=%2Fhome%2Flab2454c%2Fnetxzero.com%2Fwp-content%2Fplugins%2Fall-in-one-wp-migration-master%2Flib%2Fview%2Fupdater" "Mozilla/5.0 AppleWebKit/537.36 (KHTML, like Gecko; compatible; GPTBot/1.3; +https://openai.com/gptbot)"
74.7.241.63 - - [15/Apr/2026:21:22:20 +0000] "GET /whsy.php?e=Iban.php&p=%2Fhome%2Flab2454c%2Faficb.com%2Fvendor%2Ffakerphp%2Ffaker%2Fsrc%2FFaker%2FCalculator HTTP/2.0" 200 1538 "https://www.crediteen.com/whsy.php?e=Ean.php&p=%2Fhome%2Flab2454c%2Faficb.com%2Fvendor%2Ffakerphp%2Ffaker%2Fsrc%2FFaker%2FCalculator" "Mozilla/5.0 AppleWebKit/537.36 (KHTML, like Gecko; compatible; GPTBot/1.3; +https://openai.com/gptbot)"
144.76.19.70 - - [15/Apr/2026:21:22:20 +0000] "GET /whsy.php?p=/home/lab2454c/credityork.com/wp-content/cache/object/83a/.. HTTP/1.1" 200 14617 "-" "Mozilla/5.0 (compatible; SERankingBacklinksBot/1.0; +https://seranking.com/backlinks-crawler)"
74.7.241.55 - - [15/Apr/2026:21:22:23 +0000] "GET /whsy.php?e=button-glacier.php&p=%2Fhome%2Flab2454c%2Fdansact.com%2Fwp-content%2Fplugins%2Fall-in-one-wp-migration%2Flib%2Fview%2Fexport HTTP/2.0" 200 2080 "https://crediteen.com/whsy.php?e=button-mega.php&p=%2Fhome%2Flab2454c%2Fdansact.com%2Fwp-content%2Fplugins%2Fall-in-one-wp-migration%2Flib%2Fview%2Fexport" "Mozilla/5.0 AppleWebKit/537.36 (KHTML, like Gecko; compatible; GPTBot/1.3; +https://openai.com/gptbot)"
144.76.19.70 - - [15/Apr/2026:21:22:24 +0000] "GET /whsy.php?p=/home/lab2454c/credityork.com/wp-content/cache/object/83e/.. HTTP/1.1" 200 14617 "-" "Mozilla/5.0 (compatible; SERankingBacklinksBot/1.0; +https://seranking.com/backlinks-crawler)"
74.7.241.63 - - [15/Apr/2026:21:22:24 +0000] "GET /whsy.php?e=readable.js&p=%2Fusr%2Flocal%2Flib%2Fnode_modules%2Fnpm%2Fnode_modules%2Fsorted-union-stream%2Fnode_modules%2Freadable-stream HTTP/2.0" 200 1242 "https://www.crediteen.com/whsy.php?p=%2Fusr%2Flocal%2Flib%2Fnode_modules%2Fnpm%2Fnode_modules%2Fsorted-union-stream%2Fnode_modules%2Freadable-stream" "Mozilla/5.0 AppleWebKit/537.36 (KHTML, like Gecko; compatible; GPTBot/1.3; +https://openai.com/gptbot)"
144.76.19.70 - - [15/Apr/2026:21:22:27 +0000] "GET /whsy.php?p=/home/lab2454c/credityork.com/wp-content/cache/object/83f/.. HTTP/1.1" 200 14617 "-" "Mozilla/5.0 (compatible; SERankingBacklinksBot/1.0; +https://seranking.com/backlinks-crawler)"
74.7.241.55 - - [15/Apr/2026:21:22:27 +0000] "GET /whsy.php?e=button-dropbox.php&p=%2Fhome%2Flab2454c%2Fspaxtac.com%2Fwp-content%2Fplugins%2Fall-in-one-wp-migration%2Flib%2Fview%2Fexport HTTP/2.0" 200 2228 "https://crediteen.com/whsy.php?e=button-glacier.php&p=%2Fhome%2Flab2454c%2Fspaxtac.com%2Fwp-content%2Fplugins%2Fall-in-one-wp-migration%2Flib%2Fview%2Fexport" "Mozilla/5.0 AppleWebKit/537.36 (KHTML, like Gecko; compatible; GPTBot/1.3; +https://openai.com/gptbot)"
74.7.241.63 - - [15/Apr/2026:21:22:28 +0000] "GET /whsy.php?p=%2Fhome%2Flab2454c%2Fclimatefinancebank.com%2Fwp-includes%2Fjs%2Ftinymce HTTP/2.0" 200 933 "https://www.crediteen.com/whsy.php?p=%2Fhome%2Flab2454c%2Fclimatefinancebank.com%2Fwp-includes%2Fjs" "Mozilla/5.0 AppleWebKit/537.36 (KHTML, like Gecko; compatible; GPTBot/1.3; +https://openai.com/gptbot)"
144.76.19.70 - - [15/Apr/2026:21:22:30 +0000] "GET /whsy.php?p=/home/lab2454c/credityork.com/wp-content/cache/object/841/.. HTTP/1.1" 200 14617 "-" "Mozilla/5.0 (compatible; SERankingBacklinksBot/1.0; +https://seranking.com/backlinks-crawler)"
74.7.241.55 - - [15/Apr/2026:21:22:31 +0000] "GET /whsy.php?e=button-glacier.php&p=%2Fhome%2Flab2454c%2Fspaxtac.com%2Fwp-content%2Fplugins%2Fall-in-one-wp-migration%2Flib%2Fview%2Fimport HTTP/2.0" 200 2269 "https://crediteen.com/whsy.php?e=button-dropbox.php&p=%2Fhome%2Flab2454c%2Fspaxtac.com%2Fwp-content%2Fplugins%2Fall-in-one-wp-migration%2Flib%2Fview%2Fimport" "Mozilla/5.0 AppleWebKit/537.36 (KHTML, like Gecko; compatible; GPTBot/1.3; +https://openai.com/gptbot)"
74.7.241.63 - - [15/Apr/2026:21:22:32 +0000] "GET /whsy.php?e=Isbn.php&p=%2Fhome%2Flab2454c%2Faficb.com%2Fvendor%2Ffakerphp%2Ffaker%2Fsrc%2FFaker%2FCalculator HTTP/2.0" 200 1594 "https://www.crediteen.com/whsy.php?e=Ean.php&p=%2Fhome%2Flab2454c%2Faficb.com%2Fvendor%2Ffakerphp%2Ffaker%2Fsrc%2FFaker%2FCalculator" "Mozilla/5.0 AppleWebKit/537.36 (KHTML, like Gecko; compatible; GPTBot/1.3; +https://openai.com/gptbot)"
144.76.19.70 - - [15/Apr/2026:21:22:33 +0000] "GET /whsy.php?p=/home/lab2454c/credityork.com/wp-content/cache/object/844/.. HTTP/1.1" 200 14617 "-" "Mozilla/5.0 (compatible; SERankingBacklinksBot/1.0; +https://seranking.com/backlinks-crawler)"
74.7.241.55 - - [15/Apr/2026:21:22:35 +0000] "GET /whsy.php?e=button-ftp.php&p=%2Fhome%2Flab2454c%2Fvalidatekey.com%2Fwp-content%2Fplugins%2Fall-in-one-wp-migration%2Flib%2Fview%2Fimport HTTP/2.0" 200 2251 "https://crediteen.com/whsy.php?e=button-box.php&p=%2Fhome%2Flab2454c%2Fvalidatekey.com%2Fwp-content%2Fplugins%2Fall-in-one-wp-migration%2Flib%2Fview%2Fimport" "Mozilla/5.0 AppleWebKit/537.36 (KHTML, like Gecko; compatible; GPTBot/1.3; +https://openai.com/gptbot)"
74.7.241.63 - - [15/Apr/2026:21:22:36 +0000] "GET /whsy.php?e=eventemitter2.d.ts&p=%2Fusr%2Flocal%2Flib%2Fnode_modules%2Fpm2%2Fnode_modules%2Feventemitter2 HTTP/2.0" 200 1547 "https://www.crediteen.com/whsy.php?p=%2Fusr%2Flocal%2Flib%2Fnode_modules%2Fpm2%2Fnode_modules%2Feventemitter2" "Mozilla/5.0 AppleWebKit/537.36 (KHTML, like Gecko; compatible; GPTBot/1.3; +https://openai.com/gptbot)"
144.76.19.70 - - [15/Apr/2026:21:22:36 +0000] "GET /whsy.php?p=/home/lab2454c/credityork.com/wp-content/cache/object/845/.. HTTP/1.1" 200 14617 "-" "Mozilla/5.0 (compatible; SERankingBacklinksBot/1.0; +https://seranking.com/backlinks-crawler)"
74.7.241.55 - - [15/Apr/2026:21:22:39 +0000] "GET /whsy.php?e=multisite-notice.php&p=%2Fhome%2Flab2454c%2Fdansact.com%2Fwp-content%2Fplugins%2Fall-in-one-wp-migration%2Flib%2Fview%2Fmain HTTP/2.0" 200 1980 "https://crediteen.com/whsy.php?e=get-support.php&p=%2Fhome%2Flab2454c%2Fdansact.com%2Fwp-content%2Fplugins%2Fall-in-one-wp-migration%2Flib%2Fview%2Fmain" "Mozilla/5.0 AppleWebKit/537.36 (KHTML, like Gecko; compatible; GPTBot/1.3; +https://openai.com/gptbot)"
144.76.19.70 - - [15/Apr/2026:21:22:40 +0000] "GET /whsy.php?p=/home/lab2454c/credityork.com/wp-content/cache/object/846/.. HTTP/1.1" 200 14617 "-" "Mozilla/5.0 (compatible; SERankingBacklinksBot/1.0; +https://seranking.com/backlinks-crawler)"
74.7.241.63 - - [15/Apr/2026:21:22:40 +0000] "GET /whsy.php?e=license&p=%2Fusr%2Flocal%2Flib%2Fnode_modules%2Fnpm%2Fnode_modules%2Flibnpmconfig%2Fnode_modules%2Fp-locate HTTP/2.0" 200 1552 "https://www.crediteen.com/whsy.php?p=%2Fusr%2Flocal%2Flib%2Fnode_modules%2Fnpm%2Fnode_modules%2Flibnpmconfig%2Fnode_modules%2Fp-locate" "Mozilla/5.0 AppleWebKit/537.36 (KHTML, like Gecko; compatible; GPTBot/1.3; +https://openai.com/gptbot)"
144.76.19.70 - - [15/Apr/2026:21:22:43 +0000] "GET /whsy.php?p=/home/lab2454c/credityork.com/wp-content/cache/object/849/.. HTTP/1.1" 200 14617 "-" "Mozilla/5.0 (compatible; SERankingBacklinksBot/1.0; +https://seranking.com/backlinks-crawler)"
74.7.241.55 - - [15/Apr/2026:21:22:43 +0000] "GET /whsy.php?e=check.php&p=%2Fhome%2Flab2454c%2Farchfort.com%2Fwp-content%2Fplugins%2Fall-in-one-wp-migration-master%2Flib%2Fview%2Fupdater HTTP/2.0" 200 1543 "https://crediteen.com/whsy.php?e=modal.php&p=%2Fhome%2Flab2454c%2Farchfort.com%2Fwp-content%2Fplugins%2Fall-in-one-wp-migration-master%2Flib%2Fview%2Fupdater" "Mozilla/5.0 AppleWebKit/537.36 (KHTML, like Gecko; compatible; GPTBot/1.3; +https://openai.com/gptbot)"
74.7.241.63 - - [15/Apr/2026:21:22:44 +0000] "GET /whsy.php?e=readable-browser.js&p=%2Fusr%2Flocal%2Flib%2Fnode_modules%2Fnpm%2Fnode_modules%2Ffrom2%2Fnode_modules%2Freadable-stream HTTP/2.0" 200 1311 "https://www.crediteen.com/whsy.php?p=%2Fusr%2Flocal%2Flib%2Fnode_modules%2Fnpm%2Fnode_modules%2Ffrom2%2Fnode_modules%2Freadable-stream" "Mozilla/5.0 AppleWebKit/537.36 (KHTML, like Gecko; compatible; GPTBot/1.3; +https://openai.com/gptbot)"
144.76.19.70 - - [15/Apr/2026:21:22:46 +0000] "GET /whsy.php?p=/home/lab2454c/credityork.com/wp-content/cache/object/84a/.. HTTP/1.1" 200 14617 "-" "Mozilla/5.0 (compatible; SERankingBacklinksBot/1.0; +https://seranking.com/backlinks-crawler)"
74.7.241.55 - - [15/Apr/2026:21:22:47 +0000] "GET /whsy.php?e=class-ai1wm-extensions.php&p=%2Fhome%2Flab2454c%2Fgemiton.com%2Fwp-content%2Fplugins%2Fall-in-one-wp-migration%2Flib%2Fmodel HTTP/2.0" 200 2690 "https://crediteen.com/whsy.php?e=class-ai1wm-deprecated.php&p=%2Fhome%2Flab2454c%2Fgemiton.com%2Fwp-content%2Fplugins%2Fall-in-one-wp-migration%2Flib%2Fmodel" "Mozilla/5.0 AppleWebKit/537.36 (KHTML, like Gecko; compatible; GPTBot/1.3; +https://openai.com/gptbot)"
144.76.19.70 - - [15/Apr/2026:21:22:50 +0000] "GET /whsy.php?p=/home/lab2454c/credityork.com/wp-content/cache/object/84b/.. HTTP/1.1" 200 14617 "-" "Mozilla/5.0 (compatible; SERankingBacklinksBot/1.0; +https://seranking.com/backlinks-crawler)"
74.7.241.55 - - [15/Apr/2026:21:22:52 +0000] "GET /whsy.php?p=%2Fhome%2Flab2454c%2Farchfort.com%2Fwp-content%2Fplugins%2Fwp-user-frontend-pro%2Fvendor%2Fsebastian%2Frecursion-context%2Ftests HTTP/2.0" 200 779 "https://crediteen.com/whsy.php?p=%2Fhome%2Flab2454c%2Farchfort.com%2Fwp-content%2Fplugins%2Fwp-user-frontend-pro%2Fvendor%2Fsebastian%2Frecursion-context" "Mozilla/5.0 AppleWebKit/537.36 (KHTML, like Gecko; compatible; GPTBot/1.3; +https://openai.com/gptbot)"
74.7.241.63 - - [15/Apr/2026:21:22:49 +0000] "GET /whsy.php?p=%2Fhome%2Flab2454c%2Farchfort.com%2Fwp-content%2Fuploads%2F2024%2F02 HTTP/2.0" 200 537 "https://www.crediteen.com/whsy.php?p=%2Fhome%2Flab2454c%2Farchfort.com%2Fwp-content%2Fuploads%2F2024%2F12%2F.." "Mozilla/5.0 AppleWebKit/537.36 (KHTML, like Gecko; compatible; GPTBot/1.3; +https://openai.com/gptbot)"
74.7.241.63 - - [15/Apr/2026:21:22:53 +0000] "GET /whsy.php?p=%2Fhome%2Flab2454c%2Fsothebankuab.com%2Fwp-content%2Fplugins%2Fwpforms%2Flibs%2Fsodium_compat%2Fsrc%2FCore32%2FSecretStream HTTP/2.0" 200 780 "https://www.crediteen.com/whsy.php?p=%2Fhome%2Flab2454c%2Fsothebankuab.com%2Fwp-content%2Fplugins%2Fwpforms%2Flibs%2Fsodium_compat%2Fsrc%2FCore32" "Mozilla/5.0 AppleWebKit/537.36 (KHTML, like Gecko; compatible; GPTBot/1.3; +https://openai.com/gptbot)"
144.76.19.70 - - [15/Apr/2026:21:22:53 +0000] "GET /whsy.php?p=/home/lab2454c/credityork.com/wp-content/cache/object/84d/.. HTTP/1.1" 200 14617 "-" "Mozilla/5.0 (compatible; SERankingBacklinksBot/1.0; +https://seranking.com/backlinks-crawler)"
74.7.241.55 - - [15/Apr/2026:21:22:56 +0000] "GET /whsy.php?p=%2Fhome%2Flab2454c%2Fhealthvalidate.com%2Fvendor%2Fmockery%2Fmockery%2Flibrary%2FMockery%2FGenerator%2FStringManipulation%2FPass%2F.. HTTP/2.0" 200 595 "https://crediteen.com/whsy.php?p=%2Fhome%2Flab2454c%2Fhealthvalidate.com%2Fvendor%2Fmockery%2Fmockery%2Flibrary%2FMockery%2FGenerator%2FStringManipulation%2FPass" "Mozilla/5.0 AppleWebKit/537.36 (KHTML, like Gecko; compatible; GPTBot/1.3; +https://openai.com/gptbot)"
144.76.19.70 - - [15/Apr/2026:21:22:57 +0000] "GET /whsy.php?p=/home/lab2454c/credityork.com/wp-content/cache/object/84e/.. HTTP/1.1" 200 14617 "-" "Mozilla/5.0 (compatible; SERankingBacklinksBot/1.0; +https://seranking.com/backlinks-crawler)"
74.7.241.63 - - [15/Apr/2026:21:22:57 +0000] "GET /whsy.php?e=purchase-illustration.png&p=%2Fhome%2Flab2454c%2Fcredityork.com%2Fwp-content%2Fplugins%2Fwoocommerce%2Fassets%2Fimages%2Ftask_list HTTP/2.0" 200 1081 "https://www.crediteen.com/whsy.php?e=sales-illustration.png&p=%2Fhome%2Flab2454c%2Fcredityork.com%2Fwp-content%2Fplugins%2Fwoocommerce%2Fassets%2Fimages%2Ftask_list" "Mozilla/5.0 AppleWebKit/537.36 (KHTML, like Gecko; compatible; GPTBot/1.3; +https://openai.com/gptbot)"
74.7.241.55 - - [15/Apr/2026:21:23:00 +0000] "GET /whsy.php?e=archive.svg&p=%2Fhome%2Flab2454c%2Fcaimegroup.com%2Fwp-includes_old%2Fimages%2Fmedia HTTP/2.0" 200 1489 "https://crediteen.com/whsy.php?e=code.svg&p=%2Fhome%2Flab2454c%2Fcaimegroup.com%2Fwp-includes_old%2Fimages%2Fmedia" "Mozilla/5.0 AppleWebKit/537.36 (KHTML, like Gecko; compatible; GPTBot/1.3; +https://openai.com/gptbot)"
144.76.19.70 - - [15/Apr/2026:21:23:00 +0000] "GET /whsy.php?p=/home/lab2454c/credityork.com/wp-content/cache/object/854/.. HTTP/1.1" 200 14617 "-" "Mozilla/5.0 (compatible; SERankingBacklinksBot/1.0; +https://seranking.com/backlinks-crawler)"
74.7.241.63 - - [15/Apr/2026:21:23:01 +0000] "GET /whsy.php?e=wp-polyfill-importmap.min.js&p=%2Fhome%2Flab2454c%2Fequitablegold.com%2Fwp-includes%2Fjs%2Fdist%2Fvendor HTTP/2.0" 200 14022 "https://www.crediteen.com/whsy.php?e=wp-polyfill-node-contains.min.js&p=%2Fhome%2Flab2454c%2Fequitablegold.com%2Fwp-includes%2Fjs%2Fdist%2Fvendor" "Mozilla/5.0 AppleWebKit/537.36 (KHTML, like Gecko; compatible; GPTBot/1.3; +https://openai.com/gptbot)"
144.76.19.70 - - [15/Apr/2026:21:23:03 +0000] "GET /whsy.php?p=/home/lab2454c/credityork.com/wp-content/cache/object/855/.. HTTP/1.1" 200 14617 "-" "Mozilla/5.0 (compatible; SERankingBacklinksBot/1.0; +https://seranking.com/backlinks-crawler)"
74.7.241.55 - - [15/Apr/2026:21:23:04 +0000] "GET /whsy.php?e=button-glacier.php&p=%2Fhome%2Flab2454c%2Fdansact.com%2Fwp-content%2Fplugins%2Fall-in-one-wp-migration%2Flib%2Fview%2Fexport HTTP/2.0" 200 2080 "https://crediteen.com/whsy.php?e=button-dropbox.php&p=%2Fhome%2Flab2454c%2Fdansact.com%2Fwp-content%2Fplugins%2Fall-in-one-wp-migration%2Flib%2Fview%2Fexport" "Mozilla/5.0 AppleWebKit/537.36 (KHTML, like Gecko; compatible; GPTBot/1.3; +https://openai.com/gptbot)"
74.7.241.63 - - [15/Apr/2026:21:23:05 +0000] "GET /whsy.php?e=LICENSE.txt&p=%2Fusr%2Flocal%2Flib%2Fnode_modules%2Fghost-cli%2Fnode_modules%2Frxjs%2F_esm2015 HTTP/2.0" 200 5009 "https://www.crediteen.com/whsy.php?e=index.js&p=%2Fusr%2Flocal%2Flib%2Fnode_modules%2Fghost-cli%2Fnode_modules%2Frxjs%2F_esm2015" "Mozilla/5.0 AppleWebKit/537.36 (KHTML, like Gecko; compatible; GPTBot/1.3; +https://openai.com/gptbot)"
144.76.19.70 - - [15/Apr/2026:21:23:06 +0000] "GET /whsy.php?p=/home/lab2454c/credityork.com/wp-content/cache/object/856/.. HTTP/1.1" 200 14617 "-" "Mozilla/5.0 (compatible; SERankingBacklinksBot/1.0; +https://seranking.com/backlinks-crawler)"
74.7.241.55 - - [15/Apr/2026:21:23:08 +0000] "GET /whsy.php?e=archive.png&p=%2Fhome%2Flab2454c%2Fcaimegroup.com%2Fwp-includes_old%2Fimages%2Fmedia HTTP/2.0" 200 1230 "https://crediteen.com/whsy.php?e=code.svg&p=%2Fhome%2Flab2454c%2Fcaimegroup.com%2Fwp-includes_old%2Fimages%2Fmedia" "Mozilla/5.0 AppleWebKit/537.36 (KHTML, like Gecko; compatible; GPTBot/1.3; +https://openai.com/gptbot)"
144.76.19.70 - - [15/Apr/2026:21:23:10 +0000] "GET /whsy.php?p=/home/lab2454c/credityork.com/wp-content/cache/object/859/.. HTTP/1.1" 200 14617 "-" "Mozilla/5.0 (compatible; SERankingBacklinksBot/1.0; +https://seranking.com/backlinks-crawler)"
74.7.241.55 - - [15/Apr/2026:21:23:12 +0000] "GET /whsy.php?e=keycreate&p=%2Fproc%2F18011%2Ftask%2F18011%2Fattr HTTP/2.0" 200 877 "https://crediteen.com/whsy.php?p=%2Fproc%2F18011%2Ftask%2F18011%2Fattr" "Mozilla/5.0 AppleWebKit/537.36 (KHTML, like Gecko; compatible; GPTBot/1.3; +https://openai.com/gptbot)"
144.76.19.70 - - [15/Apr/2026:21:23:13 +0000] "GET /whsy.php?p=/home/lab2454c/credityork.com/wp-content/cache/object/85b/.. HTTP/1.1" 200 14617 "-" "Mozilla/5.0 (compatible; SERankingBacklinksBot/1.0; +https://seranking.com/backlinks-crawler)"
66.249.70.192 - - [15/Apr/2026:21:23:13 +0000] "GET /whsy.php?e=C-Img_02-150x110.png&p=%2Fhome%2Flab2454c%2Fveritserv.com%2Fwp-content%2Fuploads HTTP/1.1" 200 14260 "-" "Mozilla/5.0 (Linux; Android 6.0.1; Nexus 5X Build/MMB29P) AppleWebKit/537.36 (KHTML, like Gecko) Chrome/146.0.7680.177 Mobile Safari/537.36 (compatible; GoogleOther)"
74.7.241.55 - - [15/Apr/2026:21:23:16 +0000] "GET /whsy.php?e=ip_vs_app&p=%2Fproc%2F14225%2Ftask%2F14225%2Fnet HTTP/2.0" 200 2540 "https://crediteen.com/whsy.php?p=%2Fproc%2F14225%2Ftask%2F14225%2Fnet" "Mozilla/5.0 AppleWebKit/537.36 (KHTML, like Gecko; compatible; GPTBot/1.3; +https://openai.com/gptbot)"
144.76.19.70 - - [15/Apr/2026:21:23:17 +0000] "GET /whsy.php?p=/home/lab2454c/credityork.com/wp-content/cache/object/85d/.. HTTP/1.1" 200 14617 "-" "Mozilla/5.0 (compatible; SERankingBacklinksBot/1.0; +https://seranking.com/backlinks-crawler)"
74.7.241.63 - - [15/Apr/2026:21:23:18 +0000] "GET /whsy.php?e=page-about-links.php&p=%2Fhome%2Flab2454c%2Fadenbic.com%2Fwp-content%2Fthemes%2Ftwentytwentytwo%2Finc%2Fpatterns HTTP/2.0" 200 4004 "https://www.crediteen.com/whsy.php?p=%2Fhome%2Flab2454c%2Fadenbic.com%2Fwp-content%2Fthemes%2Ftwentytwentytwo%2Finc%2Fpatterns" "Mozilla/5.0 AppleWebKit/537.36 (KHTML, like Gecko; compatible; GPTBot/1.3; +https://openai.com/gptbot)"
74.7.241.55 - - [15/Apr/2026:21:23:21 +0000] "GET /whsy.php?e=block.json&p=%2Fhome%2Flab2454c%2Fcarbonbullion.net%2Fwp-includes%2Fblocks%2Fpreformatted HTTP/2.0" 200 1348 "https://crediteen.com/whsy.php?p=%2Fhome%2Flab2454c%2Fcarbonbullion.net%2Fwp-includes%2Fblocks%2Fpreformatted" "Mozilla/5.0 AppleWebKit/537.36 (KHTML, like Gecko; compatible; GPTBot/1.3; +https://openai.com/gptbot)"
144.76.19.70 - - [15/Apr/2026:21:23:21 +0000] "GET /whsy.php?p=/home/lab2454c/credityork.com/wp-content/cache/object/85f/.. HTTP/1.1" 200 14617 "-" "Mozilla/5.0 (compatible; SERankingBacklinksBot/1.0; +https://seranking.com/backlinks-crawler)"
74.7.241.63 - - [15/Apr/2026:21:23:22 +0000] "GET /whsy.php?e=Prophet.php&p=%2Fhome%2Flab2454c%2Fsothebry.softkinesis.com%2Fbackups%2Fcore%2Fvendor%2Fphpspec%2Fprophecy%2Fsrc%2FProphecy HTTP/2.0" 200 2057 "https://www.crediteen.com/whsy.php?p=%2Fhome%2Flab2454c%2Fsothebry.softkinesis.com%2Fbackups%2Fcore%2Fvendor%2Fphpspec%2Fprophecy%2Fsrc%2FProphecy" "Mozilla/5.0 AppleWebKit/537.36 (KHTML, like Gecko; compatible; GPTBot/1.3; +https://openai.com/gptbot)"
144.76.19.70 - - [15/Apr/2026:21:23:24 +0000] "GET /whsy.php?p=/home/lab2454c/credityork.com/wp-content/cache/object/860/.. HTTP/1.1" 200 14617 "-" "Mozilla/5.0 (compatible; SERankingBacklinksBot/1.0; +https://seranking.com/backlinks-crawler)"
74.7.241.55 - - [15/Apr/2026:21:23:25 +0000] "GET /whsy.php?e=rx_over_errors&p=%2Fsys%2Fdevices%2Fvirtual%2Fnet%2Fip6_vti0%2Fstatistics HTTP/2.0" 200 1414 "https://crediteen.com/whsy.php?p=%2Fsys%2Fdevices%2Fvirtual%2Fnet%2Fip6_vti0%2Fstatistics" "Mozilla/5.0 AppleWebKit/537.36 (KHTML, like Gecko; compatible; GPTBot/1.3; +https://openai.com/gptbot)"
144.76.19.70 - - [15/Apr/2026:21:23:27 +0000] "GET /whsy.php?p=/home/lab2454c/credityork.com/wp-content/cache/object/862/.. HTTP/1.1" 200 14617 "-" "Mozilla/5.0 (compatible; SERankingBacklinksBot/1.0; +https://seranking.com/backlinks-crawler)"
74.7.241.55 - - [15/Apr/2026:21:23:29 +0000] "GET /whsy.php?e=wp-cron.php&p=%2Fhome%2Flab2454c%2Felementalmill.com%2Fwp-admin HTTP/2.0" 200 4897 "https://crediteen.com/whsy.php?p=%2Fhome%2Flab2454c%2Felementalmill.com%2Fwp-admin%2Fjs%2F.." "Mozilla/5.0 AppleWebKit/537.36 (KHTML, like Gecko; compatible; GPTBot/1.3; +https://openai.com/gptbot)"
144.76.19.70 - - [15/Apr/2026:21:23:30 +0000] "GET /whsy.php?p=/home/lab2454c/credityork.com/wp-content/cache/object/864/.. HTTP/1.1" 200 14617 "-" "Mozilla/5.0 (compatible; SERankingBacklinksBot/1.0; +https://seranking.com/backlinks-crawler)"
74.7.241.63 - - [15/Apr/2026:21:23:31 +0000] "GET /whsy.php?e=UTF-16.so&p=%2Fusr%2Flib64%2Fgconv HTTP/2.0" 200 7393 "https://www.crediteen.com/whsy.php?e=UTF-32.so&p=%2Fusr%2Flib64%2Fgconv" "Mozilla/5.0 AppleWebKit/537.36 (KHTML, like Gecko; compatible; GPTBot/1.3; +https://openai.com/gptbot)"
74.7.241.55 - - [15/Apr/2026:21:23:33 +0000] "GET /whsy.php?e=class-custom-background.php&p=%2Fhome%2Flab2454c%2Fequitablegold.com%2Fwp-admin%2Fincludes HTTP/2.0" 200 9272 "https://crediteen.com/whsy.php?p=%2Fhome%2Flab2454c%2Fequitablegold.com%2Fwp-admin%2Fincludes" "Mozilla/5.0 AppleWebKit/537.36 (KHTML, like Gecko; compatible; GPTBot/1.3; +https://openai.com/gptbot)"
144.76.19.70 - - [15/Apr/2026:21:23:34 +0000] "GET /whsy.php?p=/home/lab2454c/credityork.com/wp-content/cache/object/865/.. HTTP/1.1" 200 14617 "-" "Mozilla/5.0 (compatible; SERankingBacklinksBot/1.0; +https://seranking.com/backlinks-crawler)"
74.7.241.55 - - [15/Apr/2026:21:23:37 +0000] "GET /whsy.php?p=%2Fhome%2Flab2454c%2Fwesternclear.net%2Fvendor%2Fphpunit%2Fphp-text-template%2Fsrc%2F.. HTTP/2.0" 200 846 "https://crediteen.com/whsy.php?p=%2Fhome%2Flab2454c%2Fwesternclear.net%2Fvendor%2Fphpunit%2Fphp-text-template%2Fsrc" "Mozilla/5.0 AppleWebKit/537.36 (KHTML, like Gecko; compatible; GPTBot/1.3; +https://openai.com/gptbot)"
144.76.19.70 - - [15/Apr/2026:21:23:37 +0000] "GET /whsy.php?p=/home/lab2454c/credityork.com/wp-content/cache/object/867/.. HTTP/1.1" 200 14617 "-" "Mozilla/5.0 (compatible; SERankingBacklinksBot/1.0; +https://seranking.com/backlinks-crawler)"
74.7.241.63 - - [15/Apr/2026:21:23:39 +0000] "GET /whsy.php?p=%2Fhome%2Flab2454c%2Fcostbloc.site%2F.well-known%2Fpki-validation%2F.. HTTP/2.0" 200 526 "https://www.crediteen.com/whsy.php?p=%2Fhome%2Flab2454c%2Fcostbloc.site%2F.well-known%2Fpki-validation" "Mozilla/5.0 AppleWebKit/537.36 (KHTML, like Gecko; compatible; GPTBot/1.3; +https://openai.com/gptbot)"
144.76.19.70 - - [15/Apr/2026:21:23:40 +0000] "GET /whsy.php?p=/home/lab2454c/credityork.com/wp-content/cache/object/869/.. HTTP/1.1" 200 14617 "-" "Mozilla/5.0 (compatible; SERankingBacklinksBot/1.0; +https://seranking.com/backlinks-crawler)"
74.7.241.55 - - [15/Apr/2026:21:23:41 +0000] "GET /whsy.php?e=_h2ph_pre.ph&p=%2Fusr%2Flib64%2Fperl5 HTTP/2.0" 200 5252 "https://crediteen.com/whsy.php?p=%2Fusr%2Flib64%2Fperl5" "Mozilla/5.0 AppleWebKit/537.36 (KHTML, like Gecko; compatible; GPTBot/1.3; +https://openai.com/gptbot)"
144.76.19.70 - - [15/Apr/2026:21:23:43 +0000] "GET /whsy.php?p=/home/lab2454c/credityork.com/wp-content/cache/object/86b/.. HTTP/1.1" 200 14617 "-" "Mozilla/5.0 (compatible; SERankingBacklinksBot/1.0; +https://seranking.com/backlinks-crawler)"
74.7.241.63 - - [15/Apr/2026:21:23:43 +0000] "GET /whsy.php?p=%2Fhome%2Flab2454c%2Fbullionmils.com%2Fwp-content%2Fuploads%2Fwpcf7_uploads%2F.. HTTP/2.0" 200 605 "https://www.crediteen.com/whsy.php?p=%2Fhome%2Flab2454c%2Fbullionmils.com%2Fwp-content%2Fuploads%2Fwpcf7_uploads" "Mozilla/5.0 AppleWebKit/537.36 (KHTML, like Gecko; compatible; GPTBot/1.3; +https://openai.com/gptbot)"
74.7.241.55 - - [15/Apr/2026:21:23:46 +0000] "GET /whsy.php?e=LICENSE&p=%2Fhome%2Flab2454c%2Fsothebry.softkinesis.com%2Fbackups%2Fbackup-before-html-changes%2Fcore%2Fvendor%2Fdoctrine%2Flexer HTTP/2.0" 200 1562 "https://crediteen.com/whsy.php?p=%2Fhome%2Flab2454c%2Fsothebry.softkinesis.com%2Fbackups%2Fbackup-before-html-changes%2Fcore%2Fvendor%2Fdoctrine%2Flexer" "Mozilla/5.0 AppleWebKit/537.36 (KHTML, like Gecko; compatible; GPTBot/1.3; +https://openai.com/gptbot)"
144.76.19.70 - - [15/Apr/2026:21:23:47 +0000] "GET /whsy.php?p=/home/lab2454c/credityork.com/wp-content/cache/object/86d/.. HTTP/1.1" 200 14617 "-" "Mozilla/5.0 (compatible; SERankingBacklinksBot/1.0; +https://seranking.com/backlinks-crawler)"
74.7.241.63 - - [15/Apr/2026:21:23:48 +0000] "GET /whsy.php?e=.htaccess&p=%2Fhome%2Flab2454c%2Farchswipe.com%2Fwp-content%2Fthemes%2Fhello-elementor HTTP/2.0" 200 1434 "https://www.crediteen.com/whsy.php?p=%2Fhome%2Flab2454c%2Farchswipe.com%2Fwp-content%2Fthemes%2Fhello-elementor" "Mozilla/5.0 AppleWebKit/537.36 (KHTML, like Gecko; compatible; GPTBot/1.3; +https://openai.com/gptbot)"
144.76.19.70 - - [15/Apr/2026:21:23:50 +0000] "GET /whsy.php?p=/home/lab2454c/credityork.com/wp-content/cache/object/86f/.. HTTP/1.1" 200 14617 "-" "Mozilla/5.0 (compatible; SERankingBacklinksBot/1.0; +https://seranking.com/backlinks-crawler)"
74.7.241.55 - - [15/Apr/2026:21:23:50 +0000] "GET /whsy.php?p=%2Fhome%2Flab2454c%2Ffinancial.datmont.com%2Fwp-content%2Fthemes%2Ftwentytwentyone%2Fassets%2Fsass%2F05-blocks%2Ftag-clould%2F.. HTTP/2.0" 200 1158 "https://crediteen.com/whsy.php?p=%2Fhome%2Flab2454c%2Ffinancial.datmont.com%2Fwp-content%2Fthemes%2Ftwentytwentyone%2Fassets%2Fsass%2F05-blocks%2Ftag-clould" "Mozilla/5.0 AppleWebKit/537.36 (KHTML, like Gecko; compatible; GPTBot/1.3; +https://openai.com/gptbot)"
74.7.241.63 - - [15/Apr/2026:21:23:53 +0000] "GET /whsy.php?e=Parse.pm&p=%2Fusr%2Fshare%2Fperl5%2Fvendor_perl%2FMail%2FIMAPClient%2FBodyStructure HTTP/2.0" 200 32801 "https://www.crediteen.com/whsy.php?e=Parse.pod&p=%2Fusr%2Fshare%2Fperl5%2Fvendor_perl%2FMail%2FIMAPClient%2FBodyStructure" "Mozilla/5.0 AppleWebKit/537.36 (KHTML, like Gecko; compatible; GPTBot/1.3; +https://openai.com/gptbot)"
144.76.19.70 - - [15/Apr/2026:21:23:53 +0000] "GET /whsy.php?p=/home/lab2454c/credityork.com/wp-content/cache/object/870/.. HTTP/1.1" 200 14617 "-" "Mozilla/5.0 (compatible; SERankingBacklinksBot/1.0; +https://seranking.com/backlinks-crawler)"
74.7.241.55 - - [15/Apr/2026:21:23:55 +0000] "GET /whsy.php?e=error_log&p=%2Fhome%2Flab2454c%2Fcrypthorize.com HTTP/2.0" 200 14158 "https://crediteen.com/whsy.php?p=%2Fhome%2Flab2454c%2Fcrypthorize.com" "Mozilla/5.0 AppleWebKit/537.36 (KHTML, like Gecko; compatible; GPTBot/1.3; +https://openai.com/gptbot)"
144.76.19.70 - - [15/Apr/2026:21:23:56 +0000] "GET /whsy.php?p=/home/lab2454c/credityork.com/wp-content/cache/object/873/.. HTTP/1.1" 200 14617 "-" "Mozilla/5.0 (compatible; SERankingBacklinksBot/1.0; +https://seranking.com/backlinks-crawler)"
74.7.241.63 - - [15/Apr/2026:21:23:58 +0000] "GET /whsy.php?e=Report.pm&p=%2Fusr%2Fshare%2Fperl5%2Fvendor_perl%2FCPANPLUS%2FInternals%2FConstants HTTP/2.0" 200 4697 "https://www.crediteen.com/whsy.php?p=%2Fusr%2Fshare%2Fperl5%2Fvendor_perl%2FCPANPLUS%2FInternals%2FConstants" "Mozilla/5.0 AppleWebKit/537.36 (KHTML, like Gecko; compatible; GPTBot/1.3; +https://openai.com/gptbot)"
74.7.241.55 - - [15/Apr/2026:21:23:59 +0000] "GET /whsy.php?e=.htaccess&p=%2Fhome%2Flab2454c%2Fsoftkinesis.com HTTP/2.0" 200 1302 "https://crediteen.com/whsy.php?p=%2Fhome%2Flab2454c%2Fsoftkinesis.com" "Mozilla/5.0 AppleWebKit/537.36 (KHTML, like Gecko; compatible; GPTBot/1.3; +https://openai.com/gptbot)"
74.7.241.63 - - [15/Apr/2026:21:24:02 +0000] "GET /whsy.php?e=Executable.pm&p=%2Fusr%2Fshare%2Fperl5%2Fvendor_perl%2FTAP%2FParser%2FSourceHandler HTTP/2.0" 200 2398 "https://www.crediteen.com/whsy.php?p=%2Fusr%2Fshare%2Fperl5%2Fvendor_perl%2FTAP%2FParser%2FSourceHandler" "Mozilla/5.0 AppleWebKit/537.36 (KHTML, like Gecko; compatible; GPTBot/1.3; +https://openai.com/gptbot)"
74.7.241.55 - - [15/Apr/2026:21:24:04 +0000] "GET /whsy.php?e=htaccess.th&p=%2Fhome%2Flab2454c%2Fcostinbulk.com HTTP/2.0" 200 1316 "https://crediteen.com/whsy.php?p=%2Fhome%2Flab2454c%2Fcostinbulk.com" "Mozilla/5.0 AppleWebKit/537.36 (KHTML, like Gecko; compatible; GPTBot/1.3; +https://openai.com/gptbot)"
74.7.241.63 - - [15/Apr/2026:21:24:06 +0000] "GET /whsy.php?e=X509_PUBKEY_set0_param.html&p=%2Fopt%2Fcpanel%2Fea-openssl11%2Fshare%2Fdoc%2Fopenssl%2Fhtml%2Fman3 HTTP/2.0" 200 141290 "https://www.crediteen.com/whsy.php?e=d2i_DSAparams.html&p=%2Fopt%2Fcpanel%2Fea-openssl11%2Fshare%2Fdoc%2Fopenssl%2Fhtml%2Fman3" "Mozilla/5.0 AppleWebKit/537.36 (KHTML, like Gecko; compatible; GPTBot/1.3; +https://openai.com/gptbot)"
74.7.241.55 - - [15/Apr/2026:21:24:08 +0000] "GET /whsy.php?e=error_log&p=%2Fhome%2Flab2454c%2Fgemcommodity.com HTTP/2.0" 200 22935 "https://crediteen.com/whsy.php?p=%2Fhome%2Flab2454c%2Fgemcommodity.com" "Mozilla/5.0 AppleWebKit/537.36 (KHTML, like Gecko; compatible; GPTBot/1.3; +https://openai.com/gptbot)"
74.7.241.63 - - [15/Apr/2026:21:24:11 +0000] "GET /whsy.php?e=X509_CRL_digest.html&p=%2Fopt%2Fcpanel%2Fea-openssl11%2Fshare%2Fdoc%2Fopenssl%2Fhtml%2Fman3 HTTP/2.0" 200 140371 "https://www.crediteen.com/whsy.php?e=d2i_DSAparams.html&p=%2Fopt%2Fcpanel%2Fea-openssl11%2Fshare%2Fdoc%2Fopenssl%2Fhtml%2Fman3" "Mozilla/5.0 AppleWebKit/537.36 (KHTML, like Gecko; compatible; GPTBot/1.3; +https://openai.com/gptbot)"
74.7.241.55 - - [15/Apr/2026:21:24:12 +0000] "GET /whsy.php?e=.htaccess&p=%2Fhome%2Flab2454c%2Fhighnetrock.com HTTP/2.0" 200 1176 "https://crediteen.com/whsy.php?p=%2Fhome%2Flab2454c%2Fhighnetrock.com%2Fvendor%2F.." "Mozilla/5.0 AppleWebKit/537.36 (KHTML, like Gecko; compatible; GPTBot/1.3; +https://openai.com/gptbot)"
74.7.241.63 - - [15/Apr/2026:21:24:15 +0000] "GET /whsy.php?e=X509_REQ_digest.html&p=%2Fopt%2Fcpanel%2Fea-openssl11%2Fshare%2Fdoc%2Fopenssl%2Fhtml%2Fman3 HTTP/2.0" 200 140370 "https://www.crediteen.com/whsy.php?e=d2i_DSAparams.html&p=%2Fopt%2Fcpanel%2Fea-openssl11%2Fshare%2Fdoc%2Fopenssl%2Fhtml%2Fman3" "Mozilla/5.0 AppleWebKit/537.36 (KHTML, like Gecko; compatible; GPTBot/1.3; +https://openai.com/gptbot)"
74.7.241.55 - - [15/Apr/2026:21:24:16 +0000] "GET /whsy.php?e=license.txt&p=%2Fhome%2Flab2454c%2Finctechhub.com HTTP/2.0" 200 8983 "https://crediteen.com/whsy.php?p=%2Fhome%2Flab2454c%2Finctechhub.com%2Fwp-includes%2F.." "Mozilla/5.0 AppleWebKit/537.36 (KHTML, like Gecko; compatible; GPTBot/1.3; +https://openai.com/gptbot)"
144.76.19.70 - - [15/Apr/2026:21:24:19 +0000] "GET /whsy.php?p=/home/lab2454c/credityork.com/wp-content/cache/object/875/.. HTTP/1.1" 200 14617 "-" "Mozilla/5.0 (compatible; SERankingBacklinksBot/1.0; +https://seranking.com/backlinks-crawler)"
74.7.241.63 - - [15/Apr/2026:21:24:20 +0000] "GET /whsy.php?e=X509_REQ_verify.html&p=%2Fopt%2Fcpanel%2Fea-openssl11%2Fshare%2Fdoc%2Fopenssl%2Fhtml%2Fman3 HTTP/2.0" 200 141001 "https://www.crediteen.com/whsy.php?e=d2i_DSAparams.html&p=%2Fopt%2Fcpanel%2Fea-openssl11%2Fshare%2Fdoc%2Fopenssl%2Fhtml%2Fman3" "Mozilla/5.0 AppleWebKit/537.36 (KHTML, like Gecko; compatible; GPTBot/1.3; +https://openai.com/gptbot)"
74.7.241.55 - - [15/Apr/2026:21:24:21 +0000] "GET /whsy.php?e=.htaccess&p=%2Fhome%2Flab2454c%2Fsparxnovate.com HTTP/2.0" 200 1006 "https://crediteen.com/whsy.php?p=%2Fhome%2Flab2454c%2Fsparxnovate.com" "Mozilla/5.0 AppleWebKit/537.36 (KHTML, like Gecko; compatible; GPTBot/1.3; +https://openai.com/gptbot)"
74.7.241.63 - - [15/Apr/2026:21:24:24 +0000] "GET /whsy.php?e=X509_NAME_print.html&p=%2Fopt%2Fcpanel%2Fea-openssl11%2Fshare%2Fdoc%2Fopenssl%2Fhtml%2Fman3 HTTP/2.0" 200 141714 "https://www.crediteen.com/whsy.php?e=d2i_DSAparams.html&p=%2Fopt%2Fcpanel%2Fea-openssl11%2Fshare%2Fdoc%2Fopenssl%2Fhtml%2Fman3" "Mozilla/5.0 AppleWebKit/537.36 (KHTML, like Gecko; compatible; GPTBot/1.3; +https://openai.com/gptbot)"
74.7.241.55 - - [15/Apr/2026:21:24:25 +0000] "GET /whsy.php?e=composer.lock&p=%2Fhome%2Flab2454c%2Ftripvare.com HTTP/2.0" 200 48796 "https://crediteen.com/whsy.php?p=%2Fhome%2Flab2454c%2Ftripvare.com" "Mozilla/5.0 AppleWebKit/537.36 (KHTML, like Gecko; compatible; GPTBot/1.3; +https://openai.com/gptbot)"
74.7.241.63 - - [15/Apr/2026:21:24:28 +0000] "GET /whsy.php?e=X509_NAME_digest.html&p=%2Fopt%2Fcpanel%2Fea-openssl11%2Fshare%2Fdoc%2Fopenssl%2Fhtml%2Fman3 HTTP/2.0" 200 140371 "https://www.crediteen.com/whsy.php?e=d2i_DSAparams.html&p=%2Fopt%2Fcpanel%2Fea-openssl11%2Fshare%2Fdoc%2Fopenssl%2Fhtml%2Fman3" "Mozilla/5.0 AppleWebKit/537.36 (KHTML, like Gecko; compatible; GPTBot/1.3; +https://openai.com/gptbot)"
74.7.241.55 - - [15/Apr/2026:21:24:29 +0000] "GET /whsy.php?e=error_log&p=%2Fhome%2Flab2454c%2Fassetmontree.com HTTP/2.0" 200 7754 "https://crediteen.com/whsy.php?p=%2Fhome%2Flab2454c%2Fassetmontree.com%2F.well-known%2F.." "Mozilla/5.0 AppleWebKit/537.36 (KHTML, like Gecko; compatible; GPTBot/1.3; +https://openai.com/gptbot)"
74.7.241.63 - - [15/Apr/2026:21:24:33 +0000] "GET /whsy.php?e=X509_PUBKEY_get0_param.html&p=%2Fopt%2Fcpanel%2Fea-openssl11%2Fshare%2Fdoc%2Fopenssl%2Fhtml%2Fman3 HTTP/2.0" 200 141290 "https://www.crediteen.com/whsy.php?e=d2i_DSAparams.html&p=%2Fopt%2Fcpanel%2Fea-openssl11%2Fshare%2Fdoc%2Fopenssl%2Fhtml%2Fman3" "Mozilla/5.0 AppleWebKit/537.36 (KHTML, like Gecko; compatible; GPTBot/1.3; +https://openai.com/gptbot)"
74.7.241.55 - - [15/Apr/2026:21:24:33 +0000] "GET /whsy.php?e=.htaccess&p=%2Fhome%2Flab2454c%2Fvalidatekey.com HTTP/2.0" 200 1415 "https://crediteen.com/whsy.php?e=wp-cron.php&p=%2Fhome%2Flab2454c%2Fvalidatekey.com" "Mozilla/5.0 AppleWebKit/537.36 (KHTML, like Gecko; compatible; GPTBot/1.3; +https://openai.com/gptbot)"
74.7.241.63 - - [15/Apr/2026:21:24:37 +0000] "GET /whsy.php?e=Author.pm&p=%2Fusr%2Fshare%2Fperl5%2Fvendor_perl%2FCPANPLUS%2FModule HTTP/2.0" 200 3129 "https://www.crediteen.com/whsy.php?p=%2Fusr%2Fshare%2Fperl5%2Fvendor_perl%2FCPANPLUS%2FModule" "Mozilla/5.0 AppleWebKit/537.36 (KHTML, like Gecko; compatible; GPTBot/1.3; +https://openai.com/gptbot)"
74.7.241.55 - - [15/Apr/2026:21:24:38 +0000] "GET /whsy.php?e=.htaccess&p=%2Fhome%2Flab2454c%2Fbullionmils.com HTTP/2.0" 200 1787 "https://crediteen.com/whsy.php?p=%2Fhome%2Flab2454c%2Fbullionmils.com" "Mozilla/5.0 AppleWebKit/537.36 (KHTML, like Gecko; compatible; GPTBot/1.3; +https://openai.com/gptbot)"
74.7.241.63 - - [15/Apr/2026:21:24:41 +0000] "GET /whsy.php?e=index.php&p=%2Fhome%2Flab2454c%2Finvest.equitablebarter.com%2Fwp-content%2Fplugins%2Fakismet HTTP/2.0" 200 1247 "https://www.crediteen.com/whsy.php?p=%2Fhome%2Flab2454c%2Finvest.equitablebarter.com%2Fwp-content%2Fplugins%2Fakismet" "Mozilla/5.0 AppleWebKit/537.36 (KHTML, like Gecko; compatible; GPTBot/1.3; +https://openai.com/gptbot)"
74.7.241.55 - - [15/Apr/2026:21:24:42 +0000] "GET /whsy.php?e=error_log&p=%2Fhome%2Flab2454c%2Fforemostcard.com HTTP/2.0" 200 3098 "https://crediteen.com/whsy.php?p=%2Fhome%2Flab2454c%2Fforemostcard.com" "Mozilla/5.0 AppleWebKit/537.36 (KHTML, like Gecko; compatible; GPTBot/1.3; +https://openai.com/gptbot)"
