144.76.19.70 - - [15/Apr/2026:21:00:41 +0000] "GET /whsy.php?p=/home/lab2454c/credityork.com/wp-content/cache/object/559/.. HTTP/1.1" 200 14617 "-" "Mozilla/5.0 (compatible; SERankingBacklinksBot/1.0; +https://seranking.com/backlinks-crawler)"
74.7.241.63 - - [15/Apr/2026:21:00:42 +0000] "GET /whsy.php?p=%2Fhome%2Flab2454c%2Fsothebankuab.com%2Fwp-content%2Fplugins%2Fwoocommerce%2Fpackages%2Fwoocommerce-blocks%2Fpackages%2Fcheckout HTTP/2.0" 200 912 "https://www.crediteen.com/whsy.php?p=%2Fhome%2Flab2454c%2Fsothebankuab.com%2Fwp-content%2Fplugins%2Fwoocommerce%2Fpackages%2Fwoocommerce-blocks%2Fpackages%2Fcheckout%2Ftotals%2Fsubtotal" "Mozilla/5.0 AppleWebKit/537.36 (KHTML, like Gecko; compatible; GPTBot/1.3; +https://openai.com/gptbot)"
144.76.19.70 - - [15/Apr/2026:21:00:45 +0000] "GET /whsy.php?p=/home/lab2454c/credityork.com/wp-content/cache/object/55a/.. HTTP/1.1" 200 14617 "-" "Mozilla/5.0 (compatible; SERankingBacklinksBot/1.0; +https://seranking.com/backlinks-crawler)"
74.7.241.55 - - [15/Apr/2026:21:00:45 +0000] "GET /whsy.php?p=%2Fhome%2Flab2454c%2Felementalrock.com%2Fwp-includes%2Fjs%2Fdist%2Fscript-modules HTTP/2.0" 200 615 "https://crediteen.com/whsy.php?e=editor.js&p=%2Fhome%2Flab2454c%2Felementalrock.com%2Fwp-includes%2Fjs%2Fdist" "Mozilla/5.0 AppleWebKit/537.36 (KHTML, like Gecko; compatible; GPTBot/1.3; +https://openai.com/gptbot)"
74.7.241.63 - - [15/Apr/2026:21:00:46 +0000] "GET /whsy.php?p=%2Fhome%2Flab2454c%2Fisaaclondston.com%2Fwp-content%2Fplugins%2Fwoocommerce%2Fpackages%2Fwoocommerce-blocks%2Fassets%2Fjs%2Fblocks%2Fclassic-template HTTP/2.0" 200 975 "https://www.crediteen.com/whsy.php?p=%2Fhome%2Flab2454c%2Fisaaclondston.com%2Fwp-content%2Fplugins%2Fwoocommerce%2Fpackages%2Fwoocommerce-blocks%2Fassets%2Fjs%2Fblocks%2Fproduct-categories%2F.." "Mozilla/5.0 AppleWebKit/537.36 (KHTML, like Gecko; compatible; GPTBot/1.3; +https://openai.com/gptbot)"
144.76.19.70 - - [15/Apr/2026:21:00:48 +0000] "GET /whsy.php?p=/home/lab2454c/credityork.com/wp-content/cache/object/55b/.. HTTP/1.1" 200 14617 "-" "Mozilla/5.0 (compatible; SERankingBacklinksBot/1.0; +https://seranking.com/backlinks-crawler)"
74.7.241.55 - - [15/Apr/2026:21:00:48 +0000] "GET /whsy.php?p=%2Fhome%2Flab2454c%2Felementalrock.com%2Fwp-includes%2Fcss%2Fdist%2Fblock-editor HTTP/2.0" 200 1033 "https://crediteen.com/whsy.php?p=%2Fhome%2Flab2454c%2Felementalrock.com%2Fwp-includes%2Fcss%2Fdist%2Fcomponents%2F.." "Mozilla/5.0 AppleWebKit/537.36 (KHTML, like Gecko; compatible; GPTBot/1.3; +https://openai.com/gptbot)"
74.7.241.63 - - [15/Apr/2026:21:00:50 +0000] "GET /whsy.php?p=%2Fhome%2Flab2454c%2Fisaaclondston.com%2Fwp-content%2Fplugins%2Fwoocommerce%2Fpackages%2Fwoocommerce-blocks%2Fassets%2Fjs%2Fbase%2Fcomponents%2Fprice-slider HTTP/2.0" 200 944 "https://www.crediteen.com/whsy.php?p=%2Fhome%2Flab2454c%2Fisaaclondston.com%2Fwp-content%2Fplugins%2Fwoocommerce%2Fpackages%2Fwoocommerce-blocks%2Fassets%2Fjs%2Fbase%2Fcomponents%2Fblock-error-boundary%2F.." "Mozilla/5.0 AppleWebKit/537.36 (KHTML, like Gecko; compatible; GPTBot/1.3; +https://openai.com/gptbot)"
93.158.213.25 - - [15/Apr/2026:21:00:12 +0000] "GET /whsy.php?p=/var/lib/bitninja HTTP/1.1" 200 1000315 "-" "Mozilla/5.0 (compatible; MJ12bot/v1.4.8; http://mj12bot.com/)"
144.76.19.70 - - [15/Apr/2026:21:00:51 +0000] "GET /whsy.php?p=/home/lab2454c/credityork.com/wp-content/cache/object/55c/.. HTTP/1.1" 200 14617 "-" "Mozilla/5.0 (compatible; SERankingBacklinksBot/1.0; +https://seranking.com/backlinks-crawler)"
74.7.241.55 - - [15/Apr/2026:21:00:53 +0000] "GET /whsy.php?p=%2Fhome%2Flab2454c%2Fcarbonbullion.com%2Fwp-includes%2Fcss%2Fdist%2Fformat-library HTTP/2.0" 200 809 "https://crediteen.com/whsy.php?p=%2Fhome%2Flab2454c%2Fcarbonbullion.com%2Fwp-includes%2Fcss%2Fdist%2Fcomponents%2F.." "Mozilla/5.0 AppleWebKit/537.36 (KHTML, like Gecko; compatible; GPTBot/1.3; +https://openai.com/gptbot)"
144.76.19.70 - - [15/Apr/2026:21:00:55 +0000] "GET /whsy.php?p=/home/lab2454c/credityork.com/wp-content/cache/object/55e/.. HTTP/1.1" 200 14617 "-" "Mozilla/5.0 (compatible; SERankingBacklinksBot/1.0; +https://seranking.com/backlinks-crawler)"
74.7.241.63 - - [15/Apr/2026:21:00:55 +0000] "GET /whsy.php?p=%2Fhome%2Flab2454c%2Fisaaclondston.com%2Fwp-content%2Fplugins%2Fwoocommerce%2Fpackages%2Fwoocommerce-blocks%2Fassets%2Fjs%2Fbase%2Fcomponents%2Fstate-input HTTP/2.0" 200 976 "https://www.crediteen.com/whsy.php?p=%2Fhome%2Flab2454c%2Fisaaclondston.com%2Fwp-content%2Fplugins%2Fwoocommerce%2Fpackages%2Fwoocommerce-blocks%2Fassets%2Fjs%2Fbase%2Fcomponents%2Fblock-error-boundary%2F.." "Mozilla/5.0 AppleWebKit/537.36 (KHTML, like Gecko; compatible; GPTBot/1.3; +https://openai.com/gptbot)"
74.7.241.55 - - [15/Apr/2026:21:00:58 +0000] "GET /whsy.php?p=%2Fhome%2Flab2454c%2Ffinancial.datmont.com%2Fwp-includes%2FRequests%2Fsrc%2FAuth HTTP/2.0" 200 727 "https://crediteen.com/whsy.php?p=%2Fhome%2Flab2454c%2Ffinancial.datmont.com%2Fwp-includes%2FRequests%2Fsrc" "Mozilla/5.0 AppleWebKit/537.36 (KHTML, like Gecko; compatible; GPTBot/1.3; +https://openai.com/gptbot)"
144.76.19.70 - - [15/Apr/2026:21:00:58 +0000] "GET /whsy.php?p=/home/lab2454c/credityork.com/wp-content/cache/object/55f/.. HTTP/1.1" 200 14617 "-" "Mozilla/5.0 (compatible; SERankingBacklinksBot/1.0; +https://seranking.com/backlinks-crawler)"
74.7.241.63 - - [15/Apr/2026:21:00:59 +0000] "GET /whsy.php?p=%2Fhome%2Flab2454c%2Fisaaclondston.com%2Fwp-content%2Fplugins%2Fwoocommerce%2Fpackages%2Fwoocommerce-blocks%2Fassets%2Fjs%2Fbase%2Fcomponents%2Fradio-control HTTP/2.0" 200 941 "https://www.crediteen.com/whsy.php?p=%2Fhome%2Flab2454c%2Fisaaclondston.com%2Fwp-content%2Fplugins%2Fwoocommerce%2Fpackages%2Fwoocommerce-blocks%2Fassets%2Fjs%2Fbase%2Fcomponents%2Fblock-error-boundary%2F.." "Mozilla/5.0 AppleWebKit/537.36 (KHTML, like Gecko; compatible; GPTBot/1.3; +https://openai.com/gptbot)"
144.76.19.70 - - [15/Apr/2026:21:01:01 +0000] "GET /whsy.php?p=/home/lab2454c/credityork.com/wp-content/cache/object/561/.. HTTP/1.1" 200 14617 "-" "Mozilla/5.0 (compatible; SERankingBacklinksBot/1.0; +https://seranking.com/backlinks-crawler)"
74.7.241.55 - - [15/Apr/2026:21:01:02 +0000] "GET /whsy.php?p=%2Fhome%2Flab2454c%2Fcredityorkgroup.com%2Fvendor%2Fnunomaduro%2Fcollision%2F.. HTTP/2.0" 200 711 "https://crediteen.com/whsy.php?p=%2Fhome%2Flab2454c%2Fcredityorkgroup.com%2Fvendor%2Fnunomaduro%2Fcollision" "Mozilla/5.0 AppleWebKit/537.36 (KHTML, like Gecko; compatible; GPTBot/1.3; +https://openai.com/gptbot)"
74.7.241.63 - - [15/Apr/2026:21:01:03 +0000] "GET /whsy.php?p=%2Fhome%2Flab2454c%2Fisaaclondston.com%2Fwp-content%2Fplugins%2Fwoocommerce%2Fpackages%2Fwoocommerce-blocks%2Fpackages%2Fcheckout%2Fcomponents%2Ftotals%2Ffees HTTP/2.0" 200 813 "https://www.crediteen.com/whsy.php?p=%2Fhome%2Flab2454c%2Fisaaclondston.com%2Fwp-content%2Fplugins%2Fwoocommerce%2Fpackages%2Fwoocommerce-blocks%2Fpackages%2Fcheckout%2Fcomponents%2Ftotals%2Ftaxes%2F.." "Mozilla/5.0 AppleWebKit/537.36 (KHTML, like Gecko; compatible; GPTBot/1.3; +https://openai.com/gptbot)"
144.76.19.70 - - [15/Apr/2026:21:01:05 +0000] "GET /whsy.php?p=/home/lab2454c/credityork.com/wp-content/cache/object/563/.. HTTP/1.1" 200 14617 "-" "Mozilla/5.0 (compatible; SERankingBacklinksBot/1.0; +https://seranking.com/backlinks-crawler)"
74.7.241.55 - - [15/Apr/2026:21:01:06 +0000] "GET /whsy.php?p=%2Fhome%2Flab2454c%2Fcaimegroup.com%2Fwp-includes_old%2FRequests%2Fsrc%2FException HTTP/2.0" 200 859 "https://crediteen.com/whsy.php?e=error_log&p=%2Fhome%2Flab2454c%2Fcaimegroup.com%2Fwp-includes_old%2FRequests%2Fsrc" "Mozilla/5.0 AppleWebKit/537.36 (KHTML, like Gecko; compatible; GPTBot/1.3; +https://openai.com/gptbot)"
74.7.241.63 - - [15/Apr/2026:21:01:07 +0000] "GET /whsy.php?p=%2Fhome%2Flab2454c%2Fisaaclondston.com%2Fwp-content%2Fplugins%2Fwoocommerce%2Fpackages%2Fwoocommerce-blocks%2Fpackages%2Fcheckout%2Fcomponents%2Ftotals%2Fitem HTTP/2.0" 200 851 "https://www.crediteen.com/whsy.php?p=%2Fhome%2Flab2454c%2Fisaaclondston.com%2Fwp-content%2Fplugins%2Fwoocommerce%2Fpackages%2Fwoocommerce-blocks%2Fpackages%2Fcheckout%2Fcomponents%2Ftotals%2Ftaxes%2F.." "Mozilla/5.0 AppleWebKit/537.36 (KHTML, like Gecko; compatible; GPTBot/1.3; +https://openai.com/gptbot)"
144.76.19.70 - - [15/Apr/2026:21:01:08 +0000] "GET /whsy.php?p=/home/lab2454c/credityork.com/wp-content/cache/object/564/.. HTTP/1.1" 200 14617 "-" "Mozilla/5.0 (compatible; SERankingBacklinksBot/1.0; +https://seranking.com/backlinks-crawler)"
74.7.241.55 - - [15/Apr/2026:21:01:10 +0000] "GET /whsy.php?p=%2Fhome%2Flab2454c%2Fkeebchat.com%2Fapi_docs%2Fendpoints%2Fcreate_swift%2Fincludes HTTP/2.0" 200 930 "https://crediteen.com/whsy.php?p=%2Fhome%2Flab2454c%2Fkeebchat.com%2Fapi_docs%2Fendpoints%2Fcreate_swift" "Mozilla/5.0 AppleWebKit/537.36 (KHTML, like Gecko; compatible; GPTBot/1.3; +https://openai.com/gptbot)"
74.7.241.63 - - [15/Apr/2026:21:01:11 +0000] "GET /whsy.php?p=%2Fhome%2Flab2454c%2Fisaaclondston.com%2Fwp-content%2Fplugins%2Fwoocommerce%2Fpackages%2Fwoocommerce-blocks%2Fpackages%2Fcheckout HTTP/2.0" 200 858 "https://www.crediteen.com/whsy.php?p=%2Fhome%2Flab2454c%2Fisaaclondston.com%2Fwp-content%2Fplugins%2Fwoocommerce%2Fpackages%2Fwoocommerce-blocks%2Fpackages%2Fcheckout%2Fcomponents%2Forder-meta" "Mozilla/5.0 AppleWebKit/537.36 (KHTML, like Gecko; compatible; GPTBot/1.3; +https://openai.com/gptbot)"
144.76.19.70 - - [15/Apr/2026:21:01:11 +0000] "GET /whsy.php?p=/home/lab2454c/credityork.com/wp-content/cache/object/566/.. HTTP/1.1" 200 14617 "-" "Mozilla/5.0 (compatible; SERankingBacklinksBot/1.0; +https://seranking.com/backlinks-crawler)"
74.7.241.55 - - [15/Apr/2026:21:01:14 +0000] "GET /whsy.php?e=summernote-lite.min.css&p=%2Fhome%2Flab2454c%2Fcostbloc.com%2Fpublic%2Fdatta-able%2Fplugins%2Fsummer-note HTTP/2.0" 200 6760 "https://crediteen.com/whsy.php?p=%2Fhome%2Flab2454c%2Fcostbloc.com%2Fpublic%2Fdatta-able%2Fplugins%2Fsummer-note" "Mozilla/5.0 AppleWebKit/537.36 (KHTML, like Gecko; compatible; GPTBot/1.3; +https://openai.com/gptbot)"
144.76.19.70 - - [15/Apr/2026:21:01:14 +0000] "GET /whsy.php?p=/home/lab2454c/credityork.com/wp-content/cache/object/567/.. HTTP/1.1" 200 14617 "-" "Mozilla/5.0 (compatible; SERankingBacklinksBot/1.0; +https://seranking.com/backlinks-crawler)"
74.7.241.63 - - [15/Apr/2026:21:01:15 +0000] "GET /whsy.php?p=%2Fhome%2Flab2454c%2Fsothebankuab.com%2Fwp-content%2Fplugins%2Fwoocommerce%2Fpackages%2Fwoocommerce-blocks%2Fassets%2Fjs%2Fbase%2Fcomponents%2Fpagination HTTP/2.0" 200 882 "https://www.crediteen.com/whsy.php?p=%2Fhome%2Flab2454c%2Fsothebankuab.com%2Fwp-content%2Fplugins%2Fwoocommerce%2Fpackages%2Fwoocommerce-blocks%2Fassets%2Fjs%2Fbase%2Fcomponents%2Fsort-select%2F.." "Mozilla/5.0 AppleWebKit/537.36 (KHTML, like Gecko; compatible; GPTBot/1.3; +https://openai.com/gptbot)"
144.76.19.70 - - [15/Apr/2026:21:01:18 +0000] "GET /whsy.php?p=/home/lab2454c/credityork.com/wp-content/cache/object/56a/.. HTTP/1.1" 200 14617 "-" "Mozilla/5.0 (compatible; SERankingBacklinksBot/1.0; +https://seranking.com/backlinks-crawler)"
74.7.241.55 - - [15/Apr/2026:21:01:18 +0000] "GET /whsy.php?p=%2Fhome%2Flab2454c%2Finvest.westernclear.com%2Fwp-includes%2Fjs%2Fdist%2Fvendor HTTP/2.0" 200 1562 "https://crediteen.com/whsy.php?e=editor.js&p=%2Fhome%2Flab2454c%2Finvest.westernclear.com%2Fwp-includes%2Fjs%2Fdist" "Mozilla/5.0 AppleWebKit/537.36 (KHTML, like Gecko; compatible; GPTBot/1.3; +https://openai.com/gptbot)"
74.7.241.63 - - [15/Apr/2026:21:01:19 +0000] "GET /whsy.php?p=%2Fhome%2Flab2454c%2Fisaaclondston.com%2Fwp-content%2Fplugins%2Fwoocommerce%2Fpackages%2Fwoocommerce-blocks%2Fassets%2Fjs%2Fbase%2Fcomponents%2Fcountry-input%2Fstories HTTP/2.0" 200 863 "https://www.crediteen.com/whsy.php?e=country-input.tsx&p=%2Fhome%2Flab2454c%2Fisaaclondston.com%2Fwp-content%2Fplugins%2Fwoocommerce%2Fpackages%2Fwoocommerce-blocks%2Fassets%2Fjs%2Fbase%2Fcomponents%2Fcountry-input" "Mozilla/5.0 AppleWebKit/537.36 (KHTML, like Gecko; compatible; GPTBot/1.3; +https://openai.com/gptbot)"
144.76.19.70 - - [15/Apr/2026:21:01:21 +0000] "GET /whsy.php?p=/home/lab2454c/credityork.com/wp-content/cache/object/56b/.. HTTP/1.1" 200 14617 "-" "Mozilla/5.0 (compatible; SERankingBacklinksBot/1.0; +https://seranking.com/backlinks-crawler)"
74.7.241.55 - - [15/Apr/2026:21:01:22 +0000] "GET /whsy.php?p=%2Fhome%2Flab2454c%2Ftripvare.com%2Fbackup%2Fvendor%2Fsebastian%2Flines-of-code HTTP/2.0" 200 857 "https://crediteen.com/whsy.php?p=%2Fhome%2Flab2454c%2Ftripvare.com%2Fbackup%2Fvendor%2Fsebastian%2Fcomplexity%2F.." "Mozilla/5.0 AppleWebKit/537.36 (KHTML, like Gecko; compatible; GPTBot/1.3; +https://openai.com/gptbot)"
74.7.241.63 - - [15/Apr/2026:21:01:23 +0000] "GET /whsy.php?p=%2Fhome%2Flab2454c%2Fadenbic.com%2Fwp-content%2Fplugins%2Fwoocommerce%2Fpackages%2Fwoocommerce-blocks%2Fpackages%2Fcomponents%2Fsort-select%2Fstories HTTP/2.0" 200 791 "https://www.crediteen.com/whsy.php?p=%2Fhome%2Flab2454c%2Fadenbic.com%2Fwp-content%2Fplugins%2Fwoocommerce%2Fpackages%2Fwoocommerce-blocks%2Fpackages%2Fcomponents%2Fsort-select" "Mozilla/5.0 AppleWebKit/537.36 (KHTML, like Gecko; compatible; GPTBot/1.3; +https://openai.com/gptbot)"
144.76.19.70 - - [15/Apr/2026:21:01:24 +0000] "GET /whsy.php?p=/home/lab2454c/credityork.com/wp-content/cache/object/56d/.. HTTP/1.1" 200 14617 "-" "Mozilla/5.0 (compatible; SERankingBacklinksBot/1.0; +https://seranking.com/backlinks-crawler)"
74.7.241.55 - - [15/Apr/2026:21:01:26 +0000] "GET /whsy.php?p=%2Fhome%2Flab2454c%2Fnetxzero.com%2Fcarbon-credit%2Fvendor%2Fpsr%2Fhttp-message HTTP/2.0" 200 853 "https://crediteen.com/whsy.php?p=%2Fhome%2Flab2454c%2Fnetxzero.com%2Fcarbon-credit%2Fvendor%2Fpsr" "Mozilla/5.0 AppleWebKit/537.36 (KHTML, like Gecko; compatible; GPTBot/1.3; +https://openai.com/gptbot)"
74.7.241.63 - - [15/Apr/2026:21:01:27 +0000] "GET /whsy.php?p=%2Fhome%2Flab2454c%2Fsothebankuab.com%2Fwp-content%2Fplugins%2Fwoocommerce%2Fpackages%2Fwoocommerce-blocks%2Fpackages%2Fcheckout%2Ftotals%2Ffees HTTP/2.0" 200 798 "https://www.crediteen.com/whsy.php?e=index.js&p=%2Fhome%2Flab2454c%2Fsothebankuab.com%2Fwp-content%2Fplugins%2Fwoocommerce%2Fpackages%2Fwoocommerce-blocks%2Fpackages%2Fcheckout%2Ftotals" "Mozilla/5.0 AppleWebKit/537.36 (KHTML, like Gecko; compatible; GPTBot/1.3; +https://openai.com/gptbot)"
144.76.19.70 - - [15/Apr/2026:21:01:28 +0000] "GET /whsy.php?p=/home/lab2454c/credityork.com/wp-content/cache/object/570/.. HTTP/1.1" 200 14617 "-" "Mozilla/5.0 (compatible; SERankingBacklinksBot/1.0; +https://seranking.com/backlinks-crawler)"
74.7.241.55 - - [15/Apr/2026:21:01:30 +0000] "GET /whsy.php?p=%2Fhome%2Flab2454c%2Finvest.credityork.com%2Fwp-includes%2Fjs%2Ftinymce%2Fplugins HTTP/2.0" 200 786 "https://crediteen.com/whsy.php?p=%2Fhome%2Flab2454c%2Finvest.credityork.com%2Fwp-includes%2Fjs%2Ftinymce" "Mozilla/5.0 AppleWebKit/537.36 (KHTML, like Gecko; compatible; GPTBot/1.3; +https://openai.com/gptbot)"
144.76.19.70 - - [15/Apr/2026:21:01:31 +0000] "GET /whsy.php?p=/home/lab2454c/credityork.com/wp-content/cache/object/572/.. HTTP/1.1" 200 14617 "-" "Mozilla/5.0 (compatible; SERankingBacklinksBot/1.0; +https://seranking.com/backlinks-crawler)"
74.7.241.63 - - [15/Apr/2026:21:01:31 +0000] "GET /whsy.php?p=%2Fhome%2Flab2454c%2Fisaaclondston.com%2Fwp-content%2Fplugins%2Fwoocommerce%2Fpackages%2Fwoocommerce-blocks%2Fassets%2Fjs%2Fblocks%2Fclassic-template%2Ftest HTTP/2.0" 200 805 "https://www.crediteen.com/whsy.php?p=%2Fhome%2Flab2454c%2Fisaaclondston.com%2Fwp-content%2Fplugins%2Fwoocommerce%2Fpackages%2Fwoocommerce-blocks%2Fassets%2Fjs%2Fblocks%2Fclassic-template" "Mozilla/5.0 AppleWebKit/537.36 (KHTML, like Gecko; compatible; GPTBot/1.3; +https://openai.com/gptbot)"
74.7.241.55 - - [15/Apr/2026:21:01:34 +0000] "GET /whsy.php?p=%2Fhome%2Flab2454c%2Fcrypto.keyreum.com%2Fvendor%2Fdoctrine%2Fevent-manager%2Flib HTTP/2.0" 200 562 "https://crediteen.com/whsy.php?e=.doctrine-project.json&p=%2Fhome%2Flab2454c%2Fcrypto.keyreum.com%2Fvendor%2Fdoctrine%2Fevent-manager" "Mozilla/5.0 AppleWebKit/537.36 (KHTML, like Gecko; compatible; GPTBot/1.3; +https://openai.com/gptbot)"
93.158.213.25 - - [15/Apr/2026:21:00:53 +0000] "GET /whsy.php?p=/var/lib/configserver HTTP/1.1" 200 1000351 "-" "Mozilla/5.0 (compatible; MJ12bot/v1.4.8; http://mj12bot.com/)"
144.76.19.70 - - [15/Apr/2026:21:01:34 +0000] "GET /whsy.php?p=/home/lab2454c/credityork.com/wp-content/cache/object/573/.. HTTP/1.1" 200 14617 "-" "Mozilla/5.0 (compatible; SERankingBacklinksBot/1.0; +https://seranking.com/backlinks-crawler)"
74.7.241.63 - - [15/Apr/2026:21:01:35 +0000] "GET /whsy.php?p=%2Fhome%2Flab2454c%2Ffcxpro.com%2Fwp-content%2Fplugins%2Fwoocommerce%2Fpackages%2Fwoocommerce-blocks%2Fpackages%2Fcheckout%2Fcomponents%2Flabel HTTP/2.0" 200 778 "https://www.crediteen.com/whsy.php?p=%2Fhome%2Flab2454c%2Ffcxpro.com%2Fwp-content%2Fplugins%2Fwoocommerce%2Fpackages%2Fwoocommerce-blocks%2Fpackages%2Fcheckout%2Fcomponents%2Ferror-boundary%2F.." "Mozilla/5.0 AppleWebKit/537.36 (KHTML, like Gecko; compatible; GPTBot/1.3; +https://openai.com/gptbot)"
144.76.19.70 - - [15/Apr/2026:21:01:38 +0000] "GET /whsy.php?p=/home/lab2454c/credityork.com/wp-content/cache/object/574/.. HTTP/1.1" 200 14617 "-" "Mozilla/5.0 (compatible; SERankingBacklinksBot/1.0; +https://seranking.com/backlinks-crawler)"
74.7.241.55 - - [15/Apr/2026:21:01:38 +0000] "GET /whsy.php?p=%2Fhome%2Flab2454c%2Ffinancial.datmont.com%2Fwp-includes%2FRequests%2Fsrc%2FCookie HTTP/2.0" 200 728 "https://crediteen.com/whsy.php?p=%2Fhome%2Flab2454c%2Ffinancial.datmont.com%2Fwp-includes%2FRequests%2Fsrc" "Mozilla/5.0 AppleWebKit/537.36 (KHTML, like Gecko; compatible; GPTBot/1.3; +https://openai.com/gptbot)"
74.7.241.63 - - [15/Apr/2026:21:01:39 +0000] "GET /whsy.php?p=%2Fhome%2Flab2454c%2Fisaaclondston.com%2Fwp-content%2Fplugins%2Fwoocommerce%2Fpackages%2Fwoocommerce-blocks%2Fassets%2Fjs%2Fbase%2Fcomponents%2Fradio-control-accordion HTTP/2.0" 200 811 "https://www.crediteen.com/whsy.php?p=%2Fhome%2Flab2454c%2Fisaaclondston.com%2Fwp-content%2Fplugins%2Fwoocommerce%2Fpackages%2Fwoocommerce-blocks%2Fassets%2Fjs%2Fbase%2Fcomponents%2Fblock-error-boundary%2F.." "Mozilla/5.0 AppleWebKit/537.36 (KHTML, like Gecko; compatible; GPTBot/1.3; +https://openai.com/gptbot)"
144.76.19.70 - - [15/Apr/2026:21:01:41 +0000] "GET /whsy.php?p=/home/lab2454c/credityork.com/wp-content/cache/object/575/.. HTTP/1.1" 200 14617 "-" "Mozilla/5.0 (compatible; SERankingBacklinksBot/1.0; +https://seranking.com/backlinks-crawler)"
74.7.241.55 - - [15/Apr/2026:21:01:42 +0000] "GET /whsy.php?p=%2Fhome%2Flab2454c%2Finternationalminersbank.com%2Fbackup%2Fvendor%2Fhamcrest%2F.. HTTP/2.0" 200 1200 "https://crediteen.com/whsy.php?p=%2Fhome%2Flab2454c%2Finternationalminersbank.com%2Fbackup%2Fvendor%2Fhamcrest%2Fhamcrest-php%2F.." "Mozilla/5.0 AppleWebKit/537.36 (KHTML, like Gecko; compatible; GPTBot/1.3; +https://openai.com/gptbot)"
74.7.241.63 - - [15/Apr/2026:21:01:43 +0000] "GET /whsy.php?p=%2Fhome%2Flab2454c%2Fsothebankuab.com%2Fwp-content%2Fplugins%2Fwoocommerce%2Fpackages%2Fwoocommerce-blocks%2Fpackages%2Fcheckout%2Ftotals%2Fitem HTTP/2.0" 200 835 "https://www.crediteen.com/whsy.php?e=index.js&p=%2Fhome%2Flab2454c%2Fsothebankuab.com%2Fwp-content%2Fplugins%2Fwoocommerce%2Fpackages%2Fwoocommerce-blocks%2Fpackages%2Fcheckout%2Ftotals" "Mozilla/5.0 AppleWebKit/537.36 (KHTML, like Gecko; compatible; GPTBot/1.3; +https://openai.com/gptbot)"
144.76.19.70 - - [15/Apr/2026:21:01:44 +0000] "GET /whsy.php?p=/home/lab2454c/credityork.com/wp-content/cache/object/576/.. HTTP/1.1" 200 14617 "-" "Mozilla/5.0 (compatible; SERankingBacklinksBot/1.0; +https://seranking.com/backlinks-crawler)"
74.7.241.55 - - [15/Apr/2026:21:01:46 +0000] "GET /whsy.php?p=%2Fhome%2Flab2454c%2Fnetxzero.com%2Fcarbon-credit%2Fvendor%2Fpsr%2Fhttp-factory HTTP/2.0" 200 882 "https://crediteen.com/whsy.php?p=%2Fhome%2Flab2454c%2Fnetxzero.com%2Fcarbon-credit%2Fvendor%2Fpsr" "Mozilla/5.0 AppleWebKit/537.36 (KHTML, like Gecko; compatible; GPTBot/1.3; +https://openai.com/gptbot)"
74.7.241.63 - - [15/Apr/2026:21:01:47 +0000] "GET /whsy.php?p=%2Fhome%2Flab2454c%2Fisaaclondston.com%2Fwp-content%2Fplugins%2Fwoocommerce%2Fpackages%2Fwoocommerce-blocks%2Fassets%2Fjs%2Fbase%2Fcomponents%2Fproduct-name%2Fstories HTTP/2.0" 200 820 "https://www.crediteen.com/whsy.php?p=%2Fhome%2Flab2454c%2Fisaaclondston.com%2Fwp-content%2Fplugins%2Fwoocommerce%2Fpackages%2Fwoocommerce-blocks%2Fassets%2Fjs%2Fbase%2Fcomponents%2Fproduct-name" "Mozilla/5.0 AppleWebKit/537.36 (KHTML, like Gecko; compatible; GPTBot/1.3; +https://openai.com/gptbot)"
144.76.19.70 - - [15/Apr/2026:21:01:47 +0000] "GET /whsy.php?p=/home/lab2454c/credityork.com/wp-content/cache/object/578/.. HTTP/1.1" 200 14617 "-" "Mozilla/5.0 (compatible; SERankingBacklinksBot/1.0; +https://seranking.com/backlinks-crawler)"
74.7.241.55 - - [15/Apr/2026:21:01:50 +0000] "GET /whsy.php?p=%2Fhome%2Flab2454c%2Finvest.credityork.com%2Fwp-includes%2Fjs%2Ftinymce%2Futils HTTP/2.0" 200 828 "https://crediteen.com/whsy.php?p=%2Fhome%2Flab2454c%2Finvest.credityork.com%2Fwp-includes%2Fjs%2Ftinymce" "Mozilla/5.0 AppleWebKit/537.36 (KHTML, like Gecko; compatible; GPTBot/1.3; +https://openai.com/gptbot)"
144.76.19.70 - - [15/Apr/2026:21:01:50 +0000] "GET /whsy.php?p=/home/lab2454c/credityork.com/wp-content/cache/object/579/.. HTTP/1.1" 200 14617 "-" "Mozilla/5.0 (compatible; SERankingBacklinksBot/1.0; +https://seranking.com/backlinks-crawler)"
74.7.241.63 - - [15/Apr/2026:21:01:51 +0000] "GET /whsy.php?p=%2Fhome%2Flab2454c%2Fsothebankuab.com%2Fwp-content%2Fplugins%2Fwoocommerce%2Fpackages%2Fwoocommerce-blocks%2Fpackages%2Fcheckout%2Ftotals%2Fsubtotal%2Fstories HTTP/2.0" 200 800 "https://www.crediteen.com/whsy.php?p=%2Fhome%2Flab2454c%2Fsothebankuab.com%2Fwp-content%2Fplugins%2Fwoocommerce%2Fpackages%2Fwoocommerce-blocks%2Fpackages%2Fcheckout%2Ftotals%2Fsubtotal" "Mozilla/5.0 AppleWebKit/537.36 (KHTML, like Gecko; compatible; GPTBot/1.3; +https://openai.com/gptbot)"
144.76.19.70 - - [15/Apr/2026:21:01:54 +0000] "GET /whsy.php?p=/home/lab2454c/credityork.com/wp-content/cache/object/57b/.. HTTP/1.1" 200 14617 "-" "Mozilla/5.0 (compatible; SERankingBacklinksBot/1.0; +https://seranking.com/backlinks-crawler)"
74.7.241.55 - - [15/Apr/2026:21:01:54 +0000] "GET /whsy.php?p=%2Fhome%2Flab2454c%2Felementalrock.com%2Fwp-includes%2Fcss%2Fdist%2Fblock-library HTTP/2.0" 200 1477 "https://crediteen.com/whsy.php?p=%2Fhome%2Flab2454c%2Felementalrock.com%2Fwp-includes%2Fcss%2Fdist%2Fcomponents%2F.." "Mozilla/5.0 AppleWebKit/537.36 (KHTML, like Gecko; compatible; GPTBot/1.3; +https://openai.com/gptbot)"
74.7.241.63 - - [15/Apr/2026:21:01:55 +0000] "GET /whsy.php?p=%2Fhome%2Flab2454c%2Ffcxpro.com%2Fwp-content%2Fplugins%2Fwoocommerce%2Fpackages%2Fwoocommerce-blocks%2Fpackages%2Fcheckout%2Fcomponents%2Fcheckbox-control%2Fstories HTTP/2.0" 200 800 "https://www.crediteen.com/whsy.php?p=%2Fhome%2Flab2454c%2Ffcxpro.com%2Fwp-content%2Fplugins%2Fwoocommerce%2Fpackages%2Fwoocommerce-blocks%2Fpackages%2Fcheckout%2Fcomponents%2Fcheckbox-control" "Mozilla/5.0 AppleWebKit/537.36 (KHTML, like Gecko; compatible; GPTBot/1.3; +https://openai.com/gptbot)"
144.76.19.70 - - [15/Apr/2026:21:01:57 +0000] "GET /whsy.php?p=/home/lab2454c/credityork.com/wp-content/cache/object/57c/.. HTTP/1.1" 200 14617 "-" "Mozilla/5.0 (compatible; SERankingBacklinksBot/1.0; +https://seranking.com/backlinks-crawler)"
74.7.241.55 - - [15/Apr/2026:21:01:58 +0000] "GET /whsy.php?p=%2Fhome%2Flab2454c%2Felementalrock.com%2Fwp-includes%2Fcss%2Fdist%2Fedit-widgets HTTP/2.0" 200 839 "https://crediteen.com/whsy.php?p=%2Fhome%2Flab2454c%2Felementalrock.com%2Fwp-includes%2Fcss%2Fdist%2Fcomponents%2F.." "Mozilla/5.0 AppleWebKit/537.36 (KHTML, like Gecko; compatible; GPTBot/1.3; +https://openai.com/gptbot)"
74.7.241.63 - - [15/Apr/2026:21:01:59 +0000] "GET /whsy.php?p=%2Fhome%2Flab2454c%2Fisaaclondston.com%2Fwp-content%2Fplugins%2Fwoocommerce%2Fpackages%2Fwoocommerce-blocks%2Fassets%2Fjs%2Fbase%2Fcomponents%2Fprice-slider%2Fstories HTTP/2.0" 200 820 "https://www.crediteen.com/whsy.php?p=%2Fhome%2Flab2454c%2Fisaaclondston.com%2Fwp-content%2Fplugins%2Fwoocommerce%2Fpackages%2Fwoocommerce-blocks%2Fassets%2Fjs%2Fbase%2Fcomponents%2Fprice-slider" "Mozilla/5.0 AppleWebKit/537.36 (KHTML, like Gecko; compatible; GPTBot/1.3; +https://openai.com/gptbot)"
144.76.19.70 - - [15/Apr/2026:21:02:00 +0000] "GET /whsy.php?p=/home/lab2454c/credityork.com/wp-content/cache/object/581/.. HTTP/1.1" 200 14617 "-" "Mozilla/5.0 (compatible; SERankingBacklinksBot/1.0; +https://seranking.com/backlinks-crawler)"
74.7.241.55 - - [15/Apr/2026:21:02:02 +0000] "GET /whsy.php?p=%2Fhome%2Flab2454c%2Fcredityorkgroup.com%2Fvendor%2Fezyang%2Fhtmlpurifier%2F.. HTTP/2.0" 200 743 "https://crediteen.com/whsy.php?p=%2Fhome%2Flab2454c%2Fcredityorkgroup.com%2Fvendor%2Fezyang%2Fhtmlpurifier" "Mozilla/5.0 AppleWebKit/537.36 (KHTML, like Gecko; compatible; GPTBot/1.3; +https://openai.com/gptbot)"
144.76.19.70 - - [15/Apr/2026:21:02:03 +0000] "GET /whsy.php?p=/home/lab2454c/credityork.com/wp-content/cache/object/583/.. HTTP/1.1" 200 14617 "-" "Mozilla/5.0 (compatible; SERankingBacklinksBot/1.0; +https://seranking.com/backlinks-crawler)"
74.7.241.63 - - [15/Apr/2026:21:02:03 +0000] "GET /whsy.php?p=%2Fhome%2Flab2454c%2Fisaaclondston.com%2Fwp-content%2Fplugins%2Fwoocommerce%2Fpackages%2Fwoocommerce-blocks%2Fassets%2Fjs%2Fbase%2Fcomponents%2Fsort-select HTTP/2.0" 200 1081 "https://www.crediteen.com/whsy.php?p=%2Fhome%2Flab2454c%2Fisaaclondston.com%2Fwp-content%2Fplugins%2Fwoocommerce%2Fpackages%2Fwoocommerce-blocks%2Fassets%2Fjs%2Fbase%2Fcomponents%2Fblock-error-boundary%2F.." "Mozilla/5.0 AppleWebKit/537.36 (KHTML, like Gecko; compatible; GPTBot/1.3; +https://openai.com/gptbot)"
74.7.241.55 - - [15/Apr/2026:21:02:06 +0000] "GET /whsy.php?p=%2Fhome%2Flab2454c%2Fcaimegroup.com%2Fwp-includes_old%2FSimplePie%2FContent%2FType HTTP/2.0" 200 732 "https://crediteen.com/whsy.php?p=%2Fhome%2Flab2454c%2Fcaimegroup.com%2Fwp-includes_old%2FSimplePie%2FContent" "Mozilla/5.0 AppleWebKit/537.36 (KHTML, like Gecko; compatible; GPTBot/1.3; +https://openai.com/gptbot)"
144.76.19.70 - - [15/Apr/2026:21:02:07 +0000] "GET /whsy.php?p=/home/lab2454c/credityork.com/wp-content/cache/object/585/.. HTTP/1.1" 200 14617 "-" "Mozilla/5.0 (compatible; SERankingBacklinksBot/1.0; +https://seranking.com/backlinks-crawler)"
74.7.241.63 - - [15/Apr/2026:21:02:07 +0000] "GET /whsy.php?p=%2Fhome%2Flab2454c%2Fsothebankuab.com%2Fwp-content%2Fplugins%2Fwoocommerce%2Fpackages%2Fwoocommerce-blocks%2Fpackages%2Fcheckout%2Ftotals%2Ftaxes%2Fstories HTTP/2.0" 200 798 "https://www.crediteen.com/whsy.php?p=%2Fhome%2Flab2454c%2Fsothebankuab.com%2Fwp-content%2Fplugins%2Fwoocommerce%2Fpackages%2Fwoocommerce-blocks%2Fpackages%2Fcheckout%2Ftotals%2Ftaxes" "Mozilla/5.0 AppleWebKit/537.36 (KHTML, like Gecko; compatible; GPTBot/1.3; +https://openai.com/gptbot)"
144.76.19.70 - - [15/Apr/2026:21:02:10 +0000] "GET /whsy.php?p=/home/lab2454c/credityork.com/wp-content/cache/object/586/.. HTTP/1.1" 200 14617 "-" "Mozilla/5.0 (compatible; SERankingBacklinksBot/1.0; +https://seranking.com/backlinks-crawler)"
74.7.241.55 - - [15/Apr/2026:21:02:10 +0000] "GET /whsy.php?p=%2Fhome%2Flab2454c%2Finvest.credityork.com%2Fwp-includes%2Fcss%2Fdist%2Fcomponents HTTP/2.0" 200 811 "https://crediteen.com/whsy.php?p=%2Fhome%2Flab2454c%2Finvest.credityork.com%2Fwp-includes%2Fcss%2Fdist%2Fedit-site%2F.." "Mozilla/5.0 AppleWebKit/537.36 (KHTML, like Gecko; compatible; GPTBot/1.3; +https://openai.com/gptbot)"
93.158.213.25 - - [15/Apr/2026:21:01:36 +0000] "GET /whsy.php?p=/var/lib/csf HTTP/1.1" 200 1000394 "-" "Mozilla/5.0 (compatible; MJ12bot/v1.4.8; http://mj12bot.com/)"
74.7.241.63 - - [15/Apr/2026:21:02:12 +0000] "GET /whsy.php?p=%2Fhome%2Flab2454c%2Ffcxpro.com%2Fwp-content%2Fplugins%2Fwoocommerce%2Fpackages%2Fwoocommerce-blocks%2Fpackages%2Fcheckout%2Fcomponents%2Ftotals HTTP/2.0" 200 821 "https://www.crediteen.com/whsy.php?p=%2Fhome%2Flab2454c%2Ffcxpro.com%2Fwp-content%2Fplugins%2Fwoocommerce%2Fpackages%2Fwoocommerce-blocks%2Fpackages%2Fcheckout%2Fcomponents%2Ferror-boundary%2F.." "Mozilla/5.0 AppleWebKit/537.36 (KHTML, like Gecko; compatible; GPTBot/1.3; +https://openai.com/gptbot)"
144.76.19.70 - - [15/Apr/2026:21:02:13 +0000] "GET /whsy.php?p=/home/lab2454c/credityork.com/wp-content/cache/object/587/.. HTTP/1.1" 200 14617 "-" "Mozilla/5.0 (compatible; SERankingBacklinksBot/1.0; +https://seranking.com/backlinks-crawler)"
74.7.241.55 - - [15/Apr/2026:21:02:14 +0000] "GET /whsy.php?p=%2Fhome%2Flab2454c%2Fnetxzero.com%2Fcarbon-credit%2Fvendor%2Fpsr%2Fsimple-cache HTTP/2.0" 200 848 "https://crediteen.com/whsy.php?p=%2Fhome%2Flab2454c%2Fnetxzero.com%2Fcarbon-credit%2Fvendor%2Fpsr" "Mozilla/5.0 AppleWebKit/537.36 (KHTML, like Gecko; compatible; GPTBot/1.3; +https://openai.com/gptbot)"
74.7.241.63 - - [15/Apr/2026:21:02:16 +0000] "GET /whsy.php?p=%2Fhome%2Flab2454c%2Fadenbic.com%2Fwp-content%2Fplugins%2Fwoocommerce%2Fpackages%2Fwoocommerce-blocks%2Fpackages%2Fcomponents%2Fstore-notices-container%2Ftest HTTP/2.0" 200 789 "https://www.crediteen.com/whsy.php?e=index.tsx&p=%2Fhome%2Flab2454c%2Fadenbic.com%2Fwp-content%2Fplugins%2Fwoocommerce%2Fpackages%2Fwoocommerce-blocks%2Fpackages%2Fcomponents%2Fstore-notices-container" "Mozilla/5.0 AppleWebKit/537.36 (KHTML, like Gecko; compatible; GPTBot/1.3; +https://openai.com/gptbot)"
144.76.19.70 - - [15/Apr/2026:21:02:16 +0000] "GET /whsy.php?p=/home/lab2454c/credityork.com/wp-content/cache/object/588/.. HTTP/1.1" 200 14617 "-" "Mozilla/5.0 (compatible; SERankingBacklinksBot/1.0; +https://seranking.com/backlinks-crawler)"
74.7.241.55 - - [15/Apr/2026:21:02:18 +0000] "GET /whsy.php?p=%2Fhome%2Flab2454c%2Fcrypto.keyreum.com%2Fvendor%2Fdoctrine%2Fevent-manager%2Flib%2FDoctrine HTTP/2.0" 200 573 "https://crediteen.com/whsy.php?p=%2Fhome%2Flab2454c%2Fcrypto.keyreum.com%2Fvendor%2Fdoctrine%2Fevent-manager%2Flib" "Mozilla/5.0 AppleWebKit/537.36 (KHTML, like Gecko; compatible; GPTBot/1.3; +https://openai.com/gptbot)"
144.76.19.70 - - [15/Apr/2026:21:02:20 +0000] "GET /whsy.php?p=/home/lab2454c/credityork.com/wp-content/cache/object/589/.. HTTP/1.1" 200 14617 "-" "Mozilla/5.0 (compatible; SERankingBacklinksBot/1.0; +https://seranking.com/backlinks-crawler)"
74.7.241.63 - - [15/Apr/2026:21:02:20 +0000] "GET /whsy.php?p=%2Fhome%2Flab2454c%2Fsothebankuab.com%2Fwp-content%2Fplugins%2Fwoocommerce%2Fpackages%2Fwoocommerce-blocks%2Fassets%2Fjs%2Fbase%2Fcomponents%2Fcheckbox-control%2Fstories HTTP/2.0" 200 821 "https://www.crediteen.com/whsy.php?p=%2Fhome%2Flab2454c%2Fsothebankuab.com%2Fwp-content%2Fplugins%2Fwoocommerce%2Fpackages%2Fwoocommerce-blocks%2Fassets%2Fjs%2Fbase%2Fcomponents%2Fcheckbox-control" "Mozilla/5.0 AppleWebKit/537.36 (KHTML, like Gecko; compatible; GPTBot/1.3; +https://openai.com/gptbot)"
74.7.241.55 - - [15/Apr/2026:21:02:23 +0000] "GET /whsy.php?p=%2Fhome%2Flab2454c%2Fcaimegroup.com%2Fwp-includes_old%2FRequests%2Fsrc%2FTransport HTTP/2.0" 200 766 "https://crediteen.com/whsy.php?e=error_log&p=%2Fhome%2Flab2454c%2Fcaimegroup.com%2Fwp-includes_old%2FRequests%2Fsrc" "Mozilla/5.0 AppleWebKit/537.36 (KHTML, like Gecko; compatible; GPTBot/1.3; +https://openai.com/gptbot)"
144.76.19.70 - - [15/Apr/2026:21:02:23 +0000] "GET /whsy.php?p=/home/lab2454c/credityork.com/wp-content/cache/object/58b/.. HTTP/1.1" 200 14617 "-" "Mozilla/5.0 (compatible; SERankingBacklinksBot/1.0; +https://seranking.com/backlinks-crawler)"
74.7.241.63 - - [15/Apr/2026:21:02:24 +0000] "GET /whsy.php?p=%2Fhome%2Flab2454c%2Fsothebankuab.com%2Fwp-content%2Fplugins%2Fwoocommerce%2Fpackages%2Fwoocommerce-blocks%2Fpackages%2Fcheckout%2Ftotals%2Ffees%2Fstories HTTP/2.0" 200 797 "https://www.crediteen.com/whsy.php?p=%2Fhome%2Flab2454c%2Fsothebankuab.com%2Fwp-content%2Fplugins%2Fwoocommerce%2Fpackages%2Fwoocommerce-blocks%2Fpackages%2Fcheckout%2Ftotals%2Ffees" "Mozilla/5.0 AppleWebKit/537.36 (KHTML, like Gecko; compatible; GPTBot/1.3; +https://openai.com/gptbot)"
144.76.19.70 - - [15/Apr/2026:21:02:26 +0000] "GET /whsy.php?p=/home/lab2454c/credityork.com/wp-content/cache/object/591/.. HTTP/1.1" 200 14617 "-" "Mozilla/5.0 (compatible; SERankingBacklinksBot/1.0; +https://seranking.com/backlinks-crawler)"
74.7.241.55 - - [15/Apr/2026:21:02:27 +0000] "GET /whsy.php?p=%2Fhome%2Flab2454c%2Fnetxzero.com%2Fcarbon-credit%2Fvendor%2Fpsr%2Fhttp-client HTTP/2.0" 200 851 "https://crediteen.com/whsy.php?p=%2Fhome%2Flab2454c%2Fnetxzero.com%2Fcarbon-credit%2Fvendor%2Fpsr" "Mozilla/5.0 AppleWebKit/537.36 (KHTML, like Gecko; compatible; GPTBot/1.3; +https://openai.com/gptbot)"
74.7.241.63 - - [15/Apr/2026:21:02:28 +0000] "GET /whsy.php?p=%2Fhome%2Flab2454c%2Fsothebankuab.com%2Fwp-content%2Fplugins%2Fwoocommerce%2Fpackages%2Fwoocommerce-blocks%2Fpackages%2Fcheckout%2Ftotals%2Fitem%2Fstories HTTP/2.0" 200 798 "https://www.crediteen.com/whsy.php?p=%2Fhome%2Flab2454c%2Fsothebankuab.com%2Fwp-content%2Fplugins%2Fwoocommerce%2Fpackages%2Fwoocommerce-blocks%2Fpackages%2Fcheckout%2Ftotals%2Fitem" "Mozilla/5.0 AppleWebKit/537.36 (KHTML, like Gecko; compatible; GPTBot/1.3; +https://openai.com/gptbot)"
144.76.19.70 - - [15/Apr/2026:21:02:30 +0000] "GET /whsy.php?p=/home/lab2454c/credityork.com/wp-content/cache/object/593/.. HTTP/1.1" 200 14617 "-" "Mozilla/5.0 (compatible; SERankingBacklinksBot/1.0; +https://seranking.com/backlinks-crawler)"
74.7.241.55 - - [15/Apr/2026:21:02:31 +0000] "GET /whsy.php?e=.pullapprove.yml&p=%2Fhome%2Flab2454c%2Fnetxzero.com%2Fcarbon-credit%2Fvendor%2Fpsr%2Fhttp-factory HTTP/2.0" 200 1007 "https://crediteen.com/whsy.php?p=%2Fhome%2Flab2454c%2Fnetxzero.com%2Fcarbon-credit%2Fvendor%2Fpsr%2Fhttp-factory" "Mozilla/5.0 AppleWebKit/537.36 (KHTML, like Gecko; compatible; GPTBot/1.3; +https://openai.com/gptbot)"
66.249.70.192 - - [15/Apr/2026:21:02:31 +0000] "GET /whsy.php?e=cropped-Cashuw-New-Vr._site.png&p=%2Fhome%2Flab2454c%2Fveritserv.com%2Fwp-content%2Fuploads HTTP/1.1" 200 14254 "-" "Mozilla/5.0 (Linux; Android 6.0.1; Nexus 5X Build/MMB29P) AppleWebKit/537.36 (KHTML, like Gecko) Chrome/146.0.7680.177 Mobile Safari/537.36 (compatible; GoogleOther)"
74.7.241.63 - - [15/Apr/2026:21:02:32 +0000] "GET /whsy.php?p=%2Fhome%2Flab2454c%2Fadenbic.com%2Fwp-content%2Fplugins%2Fwoocommerce%2Fpackages%2Fwoocommerce-blocks%2Fpackages%2Fcomponents%2Ftotals%2Fsubtotal HTTP/2.0" 200 795 "https://www.crediteen.com/whsy.php?p=%2Fhome%2Flab2454c%2Fadenbic.com%2Fwp-content%2Fplugins%2Fwoocommerce%2Fpackages%2Fwoocommerce-blocks%2Fpackages%2Fcomponents%2Ftotals%2Ffees%2F.." "Mozilla/5.0 AppleWebKit/537.36 (KHTML, like Gecko; compatible; GPTBot/1.3; +https://openai.com/gptbot)"
144.76.19.70 - - [15/Apr/2026:21:02:33 +0000] "GET /whsy.php?p=/home/lab2454c/credityork.com/wp-content/cache/object/595/.. HTTP/1.1" 200 14617 "-" "Mozilla/5.0 (compatible; SERankingBacklinksBot/1.0; +https://seranking.com/backlinks-crawler)"
74.7.241.55 - - [15/Apr/2026:21:02:35 +0000] "GET /whsy.php?p=%2Fhome%2Flab2454c%2Finvest.westernclear.com%2Fwp-includes%2FRequests%2Fsrc%2FAuth HTTP/2.0" 200 763 "https://crediteen.com/whsy.php?p=%2Fhome%2Flab2454c%2Finvest.westernclear.com%2Fwp-includes%2FRequests%2Fsrc" "Mozilla/5.0 AppleWebKit/537.36 (KHTML, like Gecko; compatible; GPTBot/1.3; +https://openai.com/gptbot)"
144.76.19.70 - - [15/Apr/2026:21:02:36 +0000] "GET /whsy.php?p=/home/lab2454c/credityork.com/wp-content/cache/object/597/.. HTTP/1.1" 200 14617 "-" "Mozilla/5.0 (compatible; SERankingBacklinksBot/1.0; +https://seranking.com/backlinks-crawler)"
74.7.241.63 - - [15/Apr/2026:21:02:37 +0000] "GET /whsy.php?p=%2Fhome%2Flab2454c%2Fisaaclondston.com%2Fwp-content%2Fplugins%2Fwoocommerce%2Fpackages%2Fwoocommerce-blocks%2Fassets%2Fjs%2Fblocks%2Fclassic-template%2Fassets HTTP/2.0" 200 822 "https://www.crediteen.com/whsy.php?p=%2Fhome%2Flab2454c%2Fisaaclondston.com%2Fwp-content%2Fplugins%2Fwoocommerce%2Fpackages%2Fwoocommerce-blocks%2Fassets%2Fjs%2Fblocks%2Fclassic-template" "Mozilla/5.0 AppleWebKit/537.36 (KHTML, like Gecko; compatible; GPTBot/1.3; +https://openai.com/gptbot)"
144.76.19.70 - - [15/Apr/2026:21:02:40 +0000] "GET /whsy.php?p=/home/lab2454c/credityork.com/wp-content/cache/object/598/.. HTTP/1.1" 200 14617 "-" "Mozilla/5.0 (compatible; SERankingBacklinksBot/1.0; +https://seranking.com/backlinks-crawler)"
74.7.241.55 - - [15/Apr/2026:21:02:40 +0000] "GET /whsy.php?e=classic-rtl.css&p=%2Fhome%2Flab2454c%2Felementalrock.com%2Fwp-includes%2Fcss%2Fdist%2Fblock-library HTTP/2.0" 200 1813 "https://crediteen.com/whsy.php?p=%2Fhome%2Flab2454c%2Felementalrock.com%2Fwp-includes%2Fcss%2Fdist%2Fblock-library" "Mozilla/5.0 AppleWebKit/537.36 (KHTML, like Gecko; compatible; GPTBot/1.3; +https://openai.com/gptbot)"
74.7.241.63 - - [15/Apr/2026:21:02:41 +0000] "GET /whsy.php?p=%2Fhome%2Flab2454c%2Ftmp%2Fwebalizer%2Fssl%2Fvaultchip.com.lab2454.com HTTP/2.0" 200 1007 "https://www.crediteen.com/whsy.php?p=%2Fhome%2Flab2454c%2Ftmp%2Fwebalizer%2Fssl%2Fhealthvalidate.lab2454.com%2F.." "Mozilla/5.0 AppleWebKit/537.36 (KHTML, like Gecko; compatible; GPTBot/1.3; +https://openai.com/gptbot)"
144.76.19.70 - - [15/Apr/2026:21:02:43 +0000] "GET /whsy.php?p=/home/lab2454c/credityork.com/wp-content/cache/object/599/.. HTTP/1.1" 200 14617 "-" "Mozilla/5.0 (compatible; SERankingBacklinksBot/1.0; +https://seranking.com/backlinks-crawler)"
74.7.241.55 - - [15/Apr/2026:21:02:44 +0000] "GET /whsy.php?p=%2Fhome%2Flab2454c%2Fcarbonbullion.com%2Fwp-includes%2Fcss%2Fdist%2Fblock-editor HTTP/2.0" 200 1007 "https://crediteen.com/whsy.php?p=%2Fhome%2Flab2454c%2Fcarbonbullion.com%2Fwp-includes%2Fcss%2Fdist%2Fcomponents%2F.." "Mozilla/5.0 AppleWebKit/537.36 (KHTML, like Gecko; compatible; GPTBot/1.3; +https://openai.com/gptbot)"
74.7.241.63 - - [15/Apr/2026:21:02:46 +0000] "GET /whsy.php?p=%2Fhome%2Flab2454c%2Ftmp%2Fwebalizer%2Fssl%2Fcbmegroup.com.lab2454.com HTTP/2.0" 200 1007 "https://www.crediteen.com/whsy.php?p=%2Fhome%2Flab2454c%2Ftmp%2Fwebalizer%2Fssl%2Fhealthvalidate.lab2454.com%2F.." "Mozilla/5.0 AppleWebKit/537.36 (KHTML, like Gecko; compatible; GPTBot/1.3; +https://openai.com/gptbot)"
144.76.19.70 - - [15/Apr/2026:21:02:46 +0000] "GET /whsy.php?p=/home/lab2454c/credityork.com/wp-content/cache/object/59c/.. HTTP/1.1" 200 14617 "-" "Mozilla/5.0 (compatible; SERankingBacklinksBot/1.0; +https://seranking.com/backlinks-crawler)"
74.7.241.55 - - [15/Apr/2026:21:02:49 +0000] "GET /whsy.php?p=%2Fhome%2Flab2454c%2Fkeebchat.com%2Fapi_docs%2Fendpoints%2Favatar_cover%2Fincludes HTTP/2.0" 200 787 "https://crediteen.com/whsy.php?p=%2Fhome%2Flab2454c%2Fkeebchat.com%2Fapi_docs%2Fendpoints%2Favatar_cover" "Mozilla/5.0 AppleWebKit/537.36 (KHTML, like Gecko; compatible; GPTBot/1.3; +https://openai.com/gptbot)"
74.7.241.63 - - [15/Apr/2026:21:02:50 +0000] "GET /whsy.php?p=%2Fhome%2Flab2454c%2Ftmp%2Fwebalizer%2Fssl%2Ftripvares.com.lab2454.com HTTP/2.0" 200 1007 "https://www.crediteen.com/whsy.php?p=%2Fhome%2Flab2454c%2Ftmp%2Fwebalizer%2Fssl%2Fhealthvalidate.lab2454.com%2F.." "Mozilla/5.0 AppleWebKit/537.36 (KHTML, like Gecko; compatible; GPTBot/1.3; +https://openai.com/gptbot)"
144.76.19.70 - - [15/Apr/2026:21:02:50 +0000] "GET /whsy.php?p=/home/lab2454c/credityork.com/wp-content/cache/object/59d/.. HTTP/1.1" 200 14617 "-" "Mozilla/5.0 (compatible; SERankingBacklinksBot/1.0; +https://seranking.com/backlinks-crawler)"
74.7.241.55 - - [15/Apr/2026:21:02:53 +0000] "GET /whsy.php?p=%2Fhome%2Flab2454c%2Fcarbonbullion.com%2Fwp-includes%2Fcss%2Fdist%2Fblock-library HTTP/2.0" 200 1444 "https://crediteen.com/whsy.php?p=%2Fhome%2Flab2454c%2Fcarbonbullion.com%2Fwp-includes%2Fcss%2Fdist%2Fcomponents%2F.." "Mozilla/5.0 AppleWebKit/537.36 (KHTML, like Gecko; compatible; GPTBot/1.3; +https://openai.com/gptbot)"
144.76.19.70 - - [15/Apr/2026:21:02:53 +0000] "GET /whsy.php?p=/home/lab2454c/credityork.com/wp-content/cache/object/5a0/.. HTTP/1.1" 200 14617 "-" "Mozilla/5.0 (compatible; SERankingBacklinksBot/1.0; +https://seranking.com/backlinks-crawler)"
74.7.241.63 - - [15/Apr/2026:21:02:54 +0000] "GET /whsy.php?p=%2Fhome%2Flab2454c%2Ftmp%2Fwebalizer%2Fssl%2Fcrediteen.com.lab2454.com HTTP/2.0" 200 1007 "https://www.crediteen.com/whsy.php?p=%2Fhome%2Flab2454c%2Ftmp%2Fwebalizer%2Fssl%2Fhealthvalidate.lab2454.com%2F.." "Mozilla/5.0 AppleWebKit/537.36 (KHTML, like Gecko; compatible; GPTBot/1.3; +https://openai.com/gptbot)"
93.158.213.25 - - [15/Apr/2026:21:02:13 +0000] "GET /whsy.php?p=/var/lib/dovecot HTTP/1.1" 200 1000378 "-" "Mozilla/5.0 (compatible; MJ12bot/v1.4.8; http://mj12bot.com/)"
144.76.19.70 - - [15/Apr/2026:21:02:56 +0000] "GET /whsy.php?p=/home/lab2454c/credityork.com/wp-content/cache/object/5a1/.. HTTP/1.1" 200 14617 "-" "Mozilla/5.0 (compatible; SERankingBacklinksBot/1.0; +https://seranking.com/backlinks-crawler)"
74.7.241.55 - - [15/Apr/2026:21:02:56 +0000] "GET /whsy.php?p=%2Fhome%2Flab2454c%2Fcarbonbullion.com%2Fwp-includes%2Fcss%2Fdist%2Fedit-widgets HTTP/2.0" 200 808 "https://crediteen.com/whsy.php?p=%2Fhome%2Flab2454c%2Fcarbonbullion.com%2Fwp-includes%2Fcss%2Fdist%2Fcomponents%2F.." "Mozilla/5.0 AppleWebKit/537.36 (KHTML, like Gecko; compatible; GPTBot/1.3; +https://openai.com/gptbot)"
74.7.241.63 - - [15/Apr/2026:21:02:57 +0000] "GET /whsy.php?p=%2Fhome%2Flab2454c%2Ffcxpro.com%2Fwp-content%2Fplugins%2Fwoocommerce%2Fpackages%2Fwoocommerce-blocks%2Fpackages%2Fcheckout%2Fcomponents%2Ftotals%2Fsubtotal HTTP/2.0" 200 808 "https://www.crediteen.com/whsy.php?p=%2Fhome%2Flab2454c%2Ffcxpro.com%2Fwp-content%2Fplugins%2Fwoocommerce%2Fpackages%2Fwoocommerce-blocks%2Fpackages%2Fcheckout%2Fcomponents%2Ftotals" "Mozilla/5.0 AppleWebKit/537.36 (KHTML, like Gecko; compatible; GPTBot/1.3; +https://openai.com/gptbot)"
144.76.19.70 - - [15/Apr/2026:21:02:59 +0000] "GET /whsy.php?p=/home/lab2454c/credityork.com/wp-content/cache/object/5a2/.. HTTP/1.1" 200 14617 "-" "Mozilla/5.0 (compatible; SERankingBacklinksBot/1.0; +https://seranking.com/backlinks-crawler)"
74.7.241.55 - - [15/Apr/2026:21:03:01 +0000] "GET /whsy.php?p=%2Fhome%2Flab2454c%2Fcaimegroup.com%2Fwp-includes_old%2FRequests%2Fsrc%2FUtility HTTP/2.0" 200 820 "https://crediteen.com/whsy.php?e=error_log&p=%2Fhome%2Flab2454c%2Fcaimegroup.com%2Fwp-includes_old%2FRequests%2Fsrc" "Mozilla/5.0 AppleWebKit/537.36 (KHTML, like Gecko; compatible; GPTBot/1.3; +https://openai.com/gptbot)"
74.7.241.63 - - [15/Apr/2026:21:03:02 +0000] "GET /whsy.php?p=%2Fhome%2Flab2454c%2Ftmp%2Fwebalizer%2Fssl%2Fveritserv.com.lab2454.com HTTP/2.0" 200 1007 "https://www.crediteen.com/whsy.php?p=%2Fhome%2Flab2454c%2Ftmp%2Fwebalizer%2Fssl%2Fhealthvalidate.lab2454.com%2F.." "Mozilla/5.0 AppleWebKit/537.36 (KHTML, like Gecko; compatible; GPTBot/1.3; +https://openai.com/gptbot)"
144.76.19.70 - - [15/Apr/2026:21:03:03 +0000] "GET /whsy.php?p=/home/lab2454c/credityork.com/wp-content/cache/object/5a4/.. HTTP/1.1" 200 14617 "-" "Mozilla/5.0 (compatible; SERankingBacklinksBot/1.0; +https://seranking.com/backlinks-crawler)"
74.7.241.55 - - [15/Apr/2026:21:03:05 +0000] "GET /whsy.php?p=%2Fsys%2Fdevices%2Fvirtual%2Fnet%2Fteql0%2Fpower HTTP/2.0" 200 834 "https://crediteen.com/whsy.php?p=%2Fsys%2Fdevices%2Fvirtual%2Fnet%2Fteql0" "Mozilla/5.0 AppleWebKit/537.36 (KHTML, like Gecko; compatible; GPTBot/1.3; +https://openai.com/gptbot)"
144.76.19.70 - - [15/Apr/2026:21:03:06 +0000] "GET /whsy.php?p=/home/lab2454c/credityork.com/wp-content/cache/object/5a6/.. HTTP/1.1" 200 14617 "-" "Mozilla/5.0 (compatible; SERankingBacklinksBot/1.0; +https://seranking.com/backlinks-crawler)"
66.249.70.201 - - [15/Apr/2026:21:03:09 +0000] "GET /whsy.php?e=CloudDomains.php&p=%2Fhome%2Flab2454c%2Fvaultchip.com%2Fvendor%2Fgoogle%2Fapiclient-services%2Fsrc HTTP/1.1" 200 12965 "-" "Mozilla/5.0 (Linux; Android 6.0.1; Nexus 5X Build/MMB29P) AppleWebKit/537.36 (KHTML, like Gecko) Chrome/146.0.7680.177 Mobile Safari/537.36 (compatible; GoogleOther)"
144.76.19.70 - - [15/Apr/2026:21:03:10 +0000] "GET /whsy.php?p=/home/lab2454c/credityork.com/wp-content/cache/object/5a8/.. HTTP/1.1" 200 14617 "-" "Mozilla/5.0 (compatible; SERankingBacklinksBot/1.0; +https://seranking.com/backlinks-crawler)"
74.7.241.55 - - [15/Apr/2026:21:03:10 +0000] "GET /whsy.php?p=%2Fsys%2Fdevices%2Fvirtual%2Fblock%2Fnbd2%2Fbdi HTTP/2.0" 200 990 "https://crediteen.com/whsy.php?p=%2Fsys%2Fclass%2Fblock%2Fnbd2" "Mozilla/5.0 AppleWebKit/537.36 (KHTML, like Gecko; compatible; GPTBot/1.3; +https://openai.com/gptbot)"
144.76.19.70 - - [15/Apr/2026:21:03:13 +0000] "GET /whsy.php?p=/home/lab2454c/credityork.com/wp-content/cache/object/5a9/.. HTTP/1.1" 200 14617 "-" "Mozilla/5.0 (compatible; SERankingBacklinksBot/1.0; +https://seranking.com/backlinks-crawler)"
74.7.241.55 - - [15/Apr/2026:21:03:16 +0000] "GET /whsy.php?p=%2Fsys%2Fdevices%2Fvirtual%2Fnet%2Ftunl0%2Fpower HTTP/2.0" 200 833 "https://crediteen.com/whsy.php?p=%2Fsys%2Fdevices%2Fvirtual%2Fnet%2Ftunl0" "Mozilla/5.0 AppleWebKit/537.36 (KHTML, like Gecko; compatible; GPTBot/1.3; +https://openai.com/gptbot)"
144.76.19.70 - - [15/Apr/2026:21:03:16 +0000] "GET /whsy.php?p=/home/lab2454c/credityork.com/wp-content/cache/object/5aa/.. HTTP/1.1" 200 14617 "-" "Mozilla/5.0 (compatible; SERankingBacklinksBot/1.0; +https://seranking.com/backlinks-crawler)"
144.76.19.70 - - [15/Apr/2026:21:03:20 +0000] "GET /whsy.php?p=/home/lab2454c/credityork.com/wp-content/cache/object/5ac/.. HTTP/1.1" 200 14617 "-" "Mozilla/5.0 (compatible; SERankingBacklinksBot/1.0; +https://seranking.com/backlinks-crawler)"
74.7.241.55 - - [15/Apr/2026:21:03:20 +0000] "GET /whsy.php?e=DataStore.php&p=%2Fhome%2Flab2454c%2Fcarbonbullion.com%2Fwp-content%2Fplugins%2Fwoocommerce%2Fsrc%2FAdmin%2FAPI%2FReports%2FTaxes%2FStats HTTP/2.0" 200 3712 "https://crediteen.com/whsy.php?p=%2Fhome%2Flab2454c%2Fcarbonbullion.com%2Fwp-content%2Fplugins%2Fwoocommerce%2Fsrc%2FAdmin%2FAPI%2FReports%2FTaxes%2FStats" "Mozilla/5.0 AppleWebKit/537.36 (KHTML, like Gecko; compatible; GPTBot/1.3; +https://openai.com/gptbot)"
74.7.241.63 - - [15/Apr/2026:21:03:22 +0000] "GET /whsy.php?p=%2Fhome%2Flab2454c%2Fadenbic.com%2Fwp-content%2Fplugins%2Fwoocommerce%2Fpackages%2Fwoocommerce-blocks%2Fpackages%2Fcomponents%2Ftotals%2Fsubtotal%2Fstories HTTP/2.0" 200 798 "https://www.crediteen.com/whsy.php?p=%2Fhome%2Flab2454c%2Fadenbic.com%2Fwp-content%2Fplugins%2Fwoocommerce%2Fpackages%2Fwoocommerce-blocks%2Fpackages%2Fcomponents%2Ftotals%2Fsubtotal" "Mozilla/5.0 AppleWebKit/537.36 (KHTML, like Gecko; compatible; GPTBot/1.3; +https://openai.com/gptbot)"
144.76.19.70 - - [15/Apr/2026:21:03:23 +0000] "GET /whsy.php?p=/home/lab2454c/credityork.com/wp-content/cache/object/5ad/.. HTTP/1.1" 200 14617 "-" "Mozilla/5.0 (compatible; SERankingBacklinksBot/1.0; +https://seranking.com/backlinks-crawler)"
74.7.241.55 - - [15/Apr/2026:21:03:24 +0000] "GET /whsy.php?e=Segmenter.php&p=%2Fhome%2Flab2454c%2Fcarbonbullion.com%2Fwp-content%2Fplugins%2Fwoocommerce%2Fsrc%2FAdmin%2FAPI%2FReports%2FTaxes%2FStats HTTP/2.0" 200 2439 "https://crediteen.com/whsy.php?p=%2Fhome%2Flab2454c%2Fcarbonbullion.com%2Fwp-content%2Fplugins%2Fwoocommerce%2Fsrc%2FAdmin%2FAPI%2FReports%2FTaxes%2FStats" "Mozilla/5.0 AppleWebKit/537.36 (KHTML, like Gecko; compatible; GPTBot/1.3; +https://openai.com/gptbot)"
144.76.19.70 - - [15/Apr/2026:21:03:26 +0000] "GET /whsy.php?p=/home/lab2454c/credityork.com/wp-content/cache/object/5af/.. HTTP/1.1" 200 14617 "-" "Mozilla/5.0 (compatible; SERankingBacklinksBot/1.0; +https://seranking.com/backlinks-crawler)"
74.7.241.55 - - [15/Apr/2026:21:03:29 +0000] "GET /whsy.php?e=Controller.php&p=%2Fhome%2Flab2454c%2Fcarbonbullion.com%2Fwp-content%2Fplugins%2Fwoocommerce%2Fsrc%2FAdmin%2FAPI%2FReports%2FTaxes%2FStats HTTP/2.0" 200 2805 "https://crediteen.com/whsy.php?p=%2Fhome%2Flab2454c%2Fcarbonbullion.com%2Fwp-content%2Fplugins%2Fwoocommerce%2Fsrc%2FAdmin%2FAPI%2FReports%2FTaxes%2FStats" "Mozilla/5.0 AppleWebKit/537.36 (KHTML, like Gecko; compatible; GPTBot/1.3; +https://openai.com/gptbot)"
144.76.19.70 - - [15/Apr/2026:21:03:30 +0000] "GET /whsy.php?p=/home/lab2454c/credityork.com/wp-content/cache/object/5b1/.. HTTP/1.1" 200 14617 "-" "Mozilla/5.0 (compatible; SERankingBacklinksBot/1.0; +https://seranking.com/backlinks-crawler)"
74.7.241.63 - - [15/Apr/2026:21:03:31 +0000] "GET /whsy.php?p=%2Fhome%2Flab2454c%2Fbullionmills.com%2Fwp-includes%2Fsodium_compat%2Fsrc%2FPHP52 HTTP/2.0" 200 737 "https://www.crediteen.com/whsy.php?e=SodiumException.php&p=%2Fhome%2Flab2454c%2Fbullionmills.com%2Fwp-includes%2Fsodium_compat%2Fsrc" "Mozilla/5.0 AppleWebKit/537.36 (KHTML, like Gecko; compatible; GPTBot/1.3; +https://openai.com/gptbot)"
144.76.19.70 - - [15/Apr/2026:21:03:33 +0000] "GET /whsy.php?p=/home/lab2454c/credityork.com/wp-content/cache/object/5b3/.. HTTP/1.1" 200 14617 "-" "Mozilla/5.0 (compatible; SERankingBacklinksBot/1.0; +https://seranking.com/backlinks-crawler)"
144.76.19.70 - - [15/Apr/2026:21:03:36 +0000] "GET /whsy.php?p=/home/lab2454c/credityork.com/wp-content/cache/object/5b5/.. HTTP/1.1" 200 14617 "-" "Mozilla/5.0 (compatible; SERankingBacklinksBot/1.0; +https://seranking.com/backlinks-crawler)"
74.7.241.55 - - [15/Apr/2026:21:03:37 +0000] "GET /whsy.php?e=DataStore.php&p=%2Fhome%2Flab2454c%2Fcarbonbullion.com%2Fwp-content%2Fplugins%2Fwoocommerce%2Fsrc%2FAdmin%2FAPI%2FReports%2FOrders%2FStats HTTP/2.0" 200 7343 "https://crediteen.com/whsy.php?p=%2Fhome%2Flab2454c%2Fcarbonbullion.com%2Fwp-content%2Fplugins%2Fwoocommerce%2Fsrc%2FAdmin%2FAPI%2FReports%2FOrders%2FStats" "Mozilla/5.0 AppleWebKit/537.36 (KHTML, like Gecko; compatible; GPTBot/1.3; +https://openai.com/gptbot)"
74.7.241.63 - - [15/Apr/2026:21:03:38 +0000] "GET /whsy.php?p=%2Fhome%2Flab2454c%2Fbullionmils.com%2Fwp-includes%2Fsodium_compat%2Fsrc%2FCore32 HTTP/2.0" 200 1168 "https://www.crediteen.com/whsy.php?e=Cached.php&p=%2Fhome%2Flab2454c%2Fbullionmils.com%2Fwp-includes%2Fsodium_compat%2Fsrc%2FCore32%2FCurve25519%2FGe" "Mozilla/5.0 AppleWebKit/537.36 (KHTML, like Gecko; compatible; GPTBot/1.3; +https://openai.com/gptbot)"
144.76.19.70 - - [15/Apr/2026:21:03:40 +0000] "GET /whsy.php?p=/home/lab2454c/credityork.com/wp-content/cache/object/5b6/.. HTTP/1.1" 200 14617 "-" "Mozilla/5.0 (compatible; SERankingBacklinksBot/1.0; +https://seranking.com/backlinks-crawler)"
