74.7.241.63 - - [15/Apr/2026:20:34:20 +0000] "GET /whsy.php?e=affirm.png&p=%2Fhome%2Flab2454c%2Ffcxpro.com%2Fwp-content%2Fplugins%2Fwoocommerce%2Fassets%2Fimages%2Fpayment_methods%2F72x72 HTTP/2.0" 200 1259 "https://www.crediteen.com/whsy.php?e=square.png&p=%2Fhome%2Flab2454c%2Ffcxpro.com%2Fwp-content%2Fplugins%2Fwoocommerce%2Fassets%2Fimages%2Fpayment_methods%2F72x72" "Mozilla/5.0 AppleWebKit/537.36 (KHTML, like Gecko; compatible; GPTBot/1.3; +https://openai.com/gptbot)"
144.76.19.70 - - [15/Apr/2026:20:34:23 +0000] "GET /whsy.php?p=/home/lab2454c/foreclass.com/wp-admin/css/colors/midnight/.. HTTP/1.1" 200 856 "-" "Mozilla/5.0 (compatible; SERankingBacklinksBot/1.0; +https://seranking.com/backlinks-crawler)"
74.7.241.55 - - [15/Apr/2026:20:34:24 +0000] "GET /whsy.php?e=masonry.min.js&p=%2Fhome%2Flab2454c%2Fsecurepaychip.com%2Fwp-includes%2Fjs HTTP/2.0" 200 11313 "https://crediteen.com/whsy.php?p=%2Fhome%2Flab2454c%2Fsecurepaychip.com%2Fwp-includes%2Fjs%2Fplupload%2F.." "Mozilla/5.0 AppleWebKit/537.36 (KHTML, like Gecko; compatible; GPTBot/1.3; +https://openai.com/gptbot)"
74.7.241.63 - - [15/Apr/2026:20:34:24 +0000] "GET /whsy.php?e=cod.png&p=%2Fhome%2Flab2454c%2Fcredityork.com%2Fwp-content%2Fplugins%2Fwoocommerce%2Fassets%2Fimages%2Fpayment_methods%2F72x72 HTTP/2.0" 200 1314 "https://www.crediteen.com/whsy.php?e=eway.png&p=%2Fhome%2Flab2454c%2Fcredityork.com%2Fwp-content%2Fplugins%2Fwoocommerce%2Fassets%2Fimages%2Fpayment_methods%2F72x72" "Mozilla/5.0 AppleWebKit/537.36 (KHTML, like Gecko; compatible; GPTBot/1.3; +https://openai.com/gptbot)"
20.78.172.67 - - [15/Apr/2026:20:34:25 +0000] "GET /admin.php HTTP/1.1" 200 20 "-" "Mozilla/5.0 (Windows NT 10.0; Win64; x64) AppleWebKit/537.36 (KHTML, like Gecko) Chrome/120.0.0.0 Safari/537.36"
144.76.19.70 - - [15/Apr/2026:20:34:26 +0000] "GET /whsy.php?p=/home/lab2454c/credityork.com/wp-content/cache/object/272/.. HTTP/1.1" 200 14617 "-" "Mozilla/5.0 (compatible; SERankingBacklinksBot/1.0; +https://seranking.com/backlinks-crawler)"
20.78.172.67 - - [15/Apr/2026:20:34:26 +0000] "GET /inputs.php HTTP/1.1" 200 20 "-" "Mozilla/5.0 (Windows NT 10.0; Win64; x64) AppleWebKit/537.36 (KHTML, like Gecko) Chrome/120.0.0.0 Safari/537.36"
20.78.172.67 - - [15/Apr/2026:20:34:27 +0000] "GET /file.php HTTP/1.1" 200 20 "-" "Mozilla/5.0 (Windows NT 10.0; Win64; x64) AppleWebKit/537.36 (KHTML, like Gecko) Chrome/120.0.0.0 Safari/537.36"
74.7.241.55 - - [15/Apr/2026:20:34:28 +0000] "GET /whsy.php?e=patterns.js&p=%2Fhome%2Flab2454c%2Finctechhub.com%2Fwp-includes%2Fjs%2Fdist HTTP/2.0" 200 14752 "https://crediteen.com/whsy.php?e=primitives.min.js&p=%2Fhome%2Flab2454c%2Finctechhub.com%2Fwp-includes%2Fjs%2Fdist" "Mozilla/5.0 AppleWebKit/537.36 (KHTML, like Gecko; compatible; GPTBot/1.3; +https://openai.com/gptbot)"
20.78.172.67 - - [15/Apr/2026:20:34:28 +0000] "GET /goods.php HTTP/1.1" 200 20 "-" "Mozilla/5.0 (Windows NT 10.0; Win64; x64) AppleWebKit/537.36 (KHTML, like Gecko) Chrome/120.0.0.0 Safari/537.36"
74.7.241.63 - - [15/Apr/2026:20:34:28 +0000] "GET /whsy.php?e=paypal.png&p=%2Fhome%2Flab2454c%2Ffcxpro.com%2Fwp-content%2Fplugins%2Fwoocommerce%2Fassets%2Fimages%2Fpayment_methods%2F72x72 HTTP/2.0" 200 1258 "https://www.crediteen.com/whsy.php?e=square.png&p=%2Fhome%2Flab2454c%2Ffcxpro.com%2Fwp-content%2Fplugins%2Fwoocommerce%2Fassets%2Fimages%2Fpayment_methods%2F72x72" "Mozilla/5.0 AppleWebKit/537.36 (KHTML, like Gecko; compatible; GPTBot/1.3; +https://openai.com/gptbot)"
20.78.172.67 - - [15/Apr/2026:20:34:29 +0000] "GET /ms-edit.php HTTP/1.1" 200 20 "-" "Mozilla/5.0 (Windows NT 10.0; Win64; x64) AppleWebKit/537.36 (KHTML, like Gecko) Chrome/120.0.0.0 Safari/537.36"
144.76.19.70 - - [15/Apr/2026:20:34:29 +0000] "GET /whsy.php?p=/home/lab2454c/foreclass.com/wp-content/plugins/wpforms-lite HTTP/1.1" 200 889 "-" "Mozilla/5.0 (compatible; SERankingBacklinksBot/1.0; +https://seranking.com/backlinks-crawler)"
20.78.172.67 - - [15/Apr/2026:20:34:29 +0000] "GET /simple.php HTTP/1.1" 200 20 "-" "Mozilla/5.0 (Windows NT 10.0; Win64; x64) AppleWebKit/537.36 (KHTML, like Gecko) Chrome/120.0.0.0 Safari/537.36"
20.78.172.67 - - [15/Apr/2026:20:34:30 +0000] "GET /bgymj.php HTTP/1.1" 200 20 "-" "Mozilla/5.0 (Windows NT 10.0; Win64; x64) AppleWebKit/537.36 (KHTML, like Gecko) Chrome/120.0.0.0 Safari/537.36"
20.78.172.67 - - [15/Apr/2026:20:34:31 +0000] "GET /wp-content/plugins/twenty/login.php HTTP/1.1" 200 20 "-" "Mozilla/5.0 (Windows NT 10.0; Win64; x64) AppleWebKit/537.36 (KHTML, like Gecko) Chrome/120.0.0.0 Safari/537.36"
74.7.241.55 - - [15/Apr/2026:20:34:32 +0000] "GET /whsy.php?e=style-engine.js&p=%2Fhome%2Flab2454c%2Felementalrock.com%2Fwp-includes%2Fjs%2Fdist HTTP/2.0" 200 14105 "https://crediteen.com/whsy.php?e=editor.js&p=%2Fhome%2Flab2454c%2Felementalrock.com%2Fwp-includes%2Fjs%2Fdist" "Mozilla/5.0 AppleWebKit/537.36 (KHTML, like Gecko; compatible; GPTBot/1.3; +https://openai.com/gptbot)"
20.78.172.67 - - [15/Apr/2026:20:34:32 +0000] "GET /404.php HTTP/1.1" 200 20 "-" "Mozilla/5.0 (Windows NT 10.0; Win64; x64) AppleWebKit/537.36 (KHTML, like Gecko) Chrome/120.0.0.0 Safari/537.36"
144.76.19.70 - - [15/Apr/2026:20:34:32 +0000] "GET /whsy.php?p=/home/lab2454c/credityork.com/wp-content/cache/object/278/.. HTTP/1.1" 200 14617 "-" "Mozilla/5.0 (compatible; SERankingBacklinksBot/1.0; +https://seranking.com/backlinks-crawler)"
74.7.241.63 - - [15/Apr/2026:20:34:32 +0000] "GET /whsy.php?e=razorpay.png&p=%2Fhome%2Flab2454c%2Figpma.com%2Fwp-content%2Fplugins%2Fwoocommerce%2Fassets%2Fimages%2Fpayment_methods%2F72x72 HTTP/2.0" 200 1256 "https://www.crediteen.com/whsy.php?e=amazonpay.png&p=%2Fhome%2Flab2454c%2Figpma.com%2Fwp-content%2Fplugins%2Fwoocommerce%2Fassets%2Fimages%2Fpayment_methods%2F72x72" "Mozilla/5.0 AppleWebKit/537.36 (KHTML, like Gecko; compatible; GPTBot/1.3; +https://openai.com/gptbot)"
20.78.172.67 - - [15/Apr/2026:20:34:33 +0000] "GET /file3.php HTTP/1.1" 200 20 "-" "Mozilla/5.0 (Windows NT 10.0; Win64; x64) AppleWebKit/537.36 (KHTML, like Gecko) Chrome/120.0.0.0 Safari/537.36"
20.78.172.67 - - [15/Apr/2026:20:34:34 +0000] "GET /wp-mail.php HTTP/1.1" 200 20 "-" "Mozilla/5.0 (Windows NT 10.0; Win64; x64) AppleWebKit/537.36 (KHTML, like Gecko) Chrome/120.0.0.0 Safari/537.36"
20.78.172.67 - - [15/Apr/2026:20:34:34 +0000] "GET /about.php HTTP/1.1" 200 20 "-" "Mozilla/5.0 (Windows NT 10.0; Win64; x64) AppleWebKit/537.36 (KHTML, like Gecko) Chrome/120.0.0.0 Safari/537.36"
20.78.172.67 - - [15/Apr/2026:20:34:35 +0000] "GET /wp.php HTTP/1.1" 200 20 "-" "Mozilla/5.0 (Windows NT 10.0; Win64; x64) AppleWebKit/537.36 (KHTML, like Gecko) Chrome/120.0.0.0 Safari/537.36"
144.76.19.70 - - [15/Apr/2026:20:34:35 +0000] "GET /whsy.php?p=/home/lab2454c/foreclass.com/wp-includes/Text/Diff/Engine/.. HTTP/1.1" 200 729 "-" "Mozilla/5.0 (compatible; SERankingBacklinksBot/1.0; +https://seranking.com/backlinks-crawler)"
20.78.172.67 - - [15/Apr/2026:20:34:36 +0000] "GET /.dj/index.php HTTP/1.1" 200 20 "-" "Mozilla/5.0 (Windows NT 10.0; Win64; x64) AppleWebKit/537.36 (KHTML, like Gecko) Chrome/120.0.0.0 Safari/537.36"
74.7.241.55 - - [15/Apr/2026:20:34:36 +0000] "GET /whsy.php?e=.htaccess&p=%2Fhome%2Flab2454c%2Fgemition.com%2Fwp-includes%2Fsodium_compat HTTP/2.0" 200 1028 "https://crediteen.com/whsy.php?p=%2Fhome%2Flab2454c%2Fgemition.com%2Fwp-includes%2Fsodium_compat%2Fsrc%2F.." "Mozilla/5.0 AppleWebKit/537.36 (KHTML, like Gecko; compatible; GPTBot/1.3; +https://openai.com/gptbot)"
74.7.241.63 - - [15/Apr/2026:20:34:36 +0000] "GET /whsy.php?e=stripe.png&p=%2Fhome%2Flab2454c%2Ffcxpro.com%2Fwp-content%2Fplugins%2Fwoocommerce%2Fassets%2Fimages%2Fpayment_methods%2F72x72 HTTP/2.0" 200 1256 "https://www.crediteen.com/whsy.php?e=square.png&p=%2Fhome%2Flab2454c%2Ffcxpro.com%2Fwp-content%2Fplugins%2Fwoocommerce%2Fassets%2Fimages%2Fpayment_methods%2F72x72" "Mozilla/5.0 AppleWebKit/537.36 (KHTML, like Gecko; compatible; GPTBot/1.3; +https://openai.com/gptbot)"
20.78.172.67 - - [15/Apr/2026:20:34:37 +0000] "GET /adminfuns.php HTTP/1.1" 200 20 "-" "Mozilla/5.0 (Windows NT 10.0; Win64; x64) AppleWebKit/537.36 (KHTML, like Gecko) Chrome/120.0.0.0 Safari/537.36"
20.78.172.67 - - [15/Apr/2026:20:34:37 +0000] "GET /php8.php HTTP/1.1" 200 20 "-" "Mozilla/5.0 (Windows NT 10.0; Win64; x64) AppleWebKit/537.36 (KHTML, like Gecko) Chrome/120.0.0.0 Safari/537.36"
20.78.172.67 - - [15/Apr/2026:20:34:38 +0000] "GET /classwithtostring.php HTTP/1.1" 200 20 "-" "Mozilla/5.0 (Windows NT 10.0; Win64; x64) AppleWebKit/537.36 (KHTML, like Gecko) Chrome/120.0.0.0 Safari/537.36"
144.76.19.70 - - [15/Apr/2026:20:34:39 +0000] "GET /whsy.php?p=/home/lab2454c/credityork.com/wp-content/cache/object/27e/.. HTTP/1.1" 200 14617 "-" "Mozilla/5.0 (compatible; SERankingBacklinksBot/1.0; +https://seranking.com/backlinks-crawler)"
20.78.172.67 - - [15/Apr/2026:20:34:39 +0000] "GET /info.php HTTP/1.1" 200 20 "-" "Mozilla/5.0 (Windows NT 10.0; Win64; x64) AppleWebKit/537.36 (KHTML, like Gecko) Chrome/120.0.0.0 Safari/537.36"
20.78.172.67 - - [15/Apr/2026:20:34:40 +0000] "GET /ioxi-o.php HTTP/1.1" 200 20 "-" "Mozilla/5.0 (Windows NT 10.0; Win64; x64) AppleWebKit/537.36 (KHTML, like Gecko) Chrome/120.0.0.0 Safari/537.36"
74.7.241.55 - - [15/Apr/2026:20:34:40 +0000] "GET /whsy.php?e=backbone.min.js&p=%2Fhome%2Flab2454c%2Felementalmill.com%2Fwp-includes%2Fjs HTTP/2.0" 200 11945 "https://crediteen.com/whsy.php?e=media-views.js&p=%2Fhome%2Flab2454c%2Felementalmill.com%2Fwp-includes%2Fjs" "Mozilla/5.0 AppleWebKit/537.36 (KHTML, like Gecko; compatible; GPTBot/1.3; +https://openai.com/gptbot)"
74.7.241.63 - - [15/Apr/2026:20:34:40 +0000] "GET /whsy.php?e=payfast.png&p=%2Fhome%2Flab2454c%2Figpma.com%2Fwp-content%2Fplugins%2Fwoocommerce%2Fassets%2Fimages%2Fpayment_methods%2F72x72 HTTP/2.0" 200 1245 "https://www.crediteen.com/whsy.php?e=amazonpay.png&p=%2Fhome%2Flab2454c%2Figpma.com%2Fwp-content%2Fplugins%2Fwoocommerce%2Fassets%2Fimages%2Fpayment_methods%2F72x72" "Mozilla/5.0 AppleWebKit/537.36 (KHTML, like Gecko; compatible; GPTBot/1.3; +https://openai.com/gptbot)"
20.78.172.67 - - [15/Apr/2026:20:34:41 +0000] "GET /011i.php HTTP/1.1" 200 20 "-" "Mozilla/5.0 (Windows NT 10.0; Win64; x64) AppleWebKit/537.36 (KHTML, like Gecko) Chrome/120.0.0.0 Safari/537.36"
20.78.172.67 - - [15/Apr/2026:20:34:41 +0000] "GET /edit.php HTTP/1.1" 200 20 "-" "Mozilla/5.0 (Windows NT 10.0; Win64; x64) AppleWebKit/537.36 (KHTML, like Gecko) Chrome/120.0.0.0 Safari/537.36"
144.76.19.70 - - [15/Apr/2026:20:34:42 +0000] "GET /whsy.php?p=/home/lab2454c/foreclass.com/wp-includes/blocks/comment-date HTTP/1.1" 200 711 "-" "Mozilla/5.0 (compatible; SERankingBacklinksBot/1.0; +https://seranking.com/backlinks-crawler)"
20.78.172.67 - - [15/Apr/2026:20:34:42 +0000] "GET /sid3.php HTTP/1.1" 200 20 "-" "Mozilla/5.0 (Windows NT 10.0; Win64; x64) AppleWebKit/537.36 (KHTML, like Gecko) Chrome/120.0.0.0 Safari/537.36"
20.78.172.67 - - [15/Apr/2026:20:34:43 +0000] "GET /load.php HTTP/1.1" 200 20 "-" "Mozilla/5.0 (Windows NT 10.0; Win64; x64) AppleWebKit/537.36 (KHTML, like Gecko) Chrome/120.0.0.0 Safari/537.36"
20.78.172.67 - - [15/Apr/2026:20:34:44 +0000] "GET /166.php HTTP/1.1" 200 20 "-" "Mozilla/5.0 (Windows NT 10.0; Win64; x64) AppleWebKit/537.36 (KHTML, like Gecko) Chrome/120.0.0.0 Safari/537.36"
74.7.241.55 - - [15/Apr/2026:20:34:44 +0000] "GET /whsy.php?e=rss-2x.png&p=%2Fhome%2Flab2454c%2Fisaaclondston.com%2Fwp-includes%2Fimages HTTP/2.0" 200 1616 "https://crediteen.com/whsy.php?p=%2Fhome%2Flab2454c%2Fisaaclondston.com%2Fwp-includes%2Fimages" "Mozilla/5.0 AppleWebKit/537.36 (KHTML, like Gecko; compatible; GPTBot/1.3; +https://openai.com/gptbot)"
74.7.241.63 - - [15/Apr/2026:20:34:44 +0000] "GET /whsy.php?e=paystack.png&p=%2Fhome%2Flab2454c%2Ffcxpro.com%2Fwp-content%2Fplugins%2Fwoocommerce%2Fassets%2Fimages%2Fpayment_methods%2F72x72 HTTP/2.0" 200 1259 "https://www.crediteen.com/whsy.php?e=square.png&p=%2Fhome%2Flab2454c%2Ffcxpro.com%2Fwp-content%2Fplugins%2Fwoocommerce%2Fassets%2Fimages%2Fpayment_methods%2F72x72" "Mozilla/5.0 AppleWebKit/537.36 (KHTML, like Gecko; compatible; GPTBot/1.3; +https://openai.com/gptbot)"
20.78.172.67 - - [15/Apr/2026:20:34:45 +0000] "GET /wp-mail.php HTTP/1.1" 200 20 "-" "Mozilla/5.0 (Windows NT 10.0; Win64; x64) AppleWebKit/537.36 (KHTML, like Gecko) Chrome/120.0.0.0 Safari/537.36"
144.76.19.70 - - [15/Apr/2026:20:34:45 +0000] "GET /whsy.php?p=/home/lab2454c/credityork.com/wp-content/cache/object/27f/.. HTTP/1.1" 200 14617 "-" "Mozilla/5.0 (compatible; SERankingBacklinksBot/1.0; +https://seranking.com/backlinks-crawler)"
20.78.172.67 - - [15/Apr/2026:20:34:45 +0000] "GET /leaf.php HTTP/1.1" 200 20 "-" "Mozilla/5.0 (Windows NT 10.0; Win64; x64) AppleWebKit/537.36 (KHTML, like Gecko) Chrome/120.0.0.0 Safari/537.36"
20.78.172.67 - - [15/Apr/2026:20:34:46 +0000] "GET /grsiuk.php HTTP/1.1" 200 20 "-" "Mozilla/5.0 (Windows NT 10.0; Win64; x64) AppleWebKit/537.36 (KHTML, like Gecko) Chrome/120.0.0.0 Safari/537.36"
20.78.172.67 - - [15/Apr/2026:20:34:47 +0000] "GET /8.php HTTP/1.1" 200 20 "-" "Mozilla/5.0 (Windows NT 10.0; Win64; x64) AppleWebKit/537.36 (KHTML, like Gecko) Chrome/120.0.0.0 Safari/537.36"
20.78.172.67 - - [15/Apr/2026:20:34:48 +0000] "GET /fs.php HTTP/1.1" 200 20 "-" "Mozilla/5.0 (Windows NT 10.0; Win64; x64) AppleWebKit/537.36 (KHTML, like Gecko) Chrome/120.0.0.0 Safari/537.36"
74.7.241.55 - - [15/Apr/2026:20:34:48 +0000] "GET /whsy.php?e=.htaccess&p=%2Fhome%2Flab2454c%2Farchswipe.com%2Fwp-includes%2Fjs%2Fplupload HTTP/2.0" 200 1128 "https://crediteen.com/whsy.php?e=moxie.js&p=%2Fhome%2Flab2454c%2Farchswipe.com%2Fwp-includes%2Fjs%2Fplupload" "Mozilla/5.0 AppleWebKit/537.36 (KHTML, like Gecko; compatible; GPTBot/1.3; +https://openai.com/gptbot)"
74.7.241.63 - - [15/Apr/2026:20:34:48 +0000] "GET /whsy.php?e=paystack.png&p=%2Fhome%2Flab2454c%2Figpma.com%2Fwp-content%2Fplugins%2Fwoocommerce%2Fassets%2Fimages%2Fpayment_methods%2F72x72 HTTP/2.0" 200 1259 "https://www.crediteen.com/whsy.php?e=amazonpay.png&p=%2Fhome%2Flab2454c%2Figpma.com%2Fwp-content%2Fplugins%2Fwoocommerce%2Fassets%2Fimages%2Fpayment_methods%2F72x72" "Mozilla/5.0 AppleWebKit/537.36 (KHTML, like Gecko; compatible; GPTBot/1.3; +https://openai.com/gptbot)"
144.76.19.70 - - [15/Apr/2026:20:34:48 +0000] "GET /whsy.php?p=/home/lab2454c/foreclass.com/wp-includes/blocks/latest-posts HTTP/1.1" 200 918 "-" "Mozilla/5.0 (compatible; SERankingBacklinksBot/1.0; +https://seranking.com/backlinks-crawler)"
20.78.172.67 - - [15/Apr/2026:20:34:48 +0000] "GET /ws38.php HTTP/1.1" 200 20 "-" "Mozilla/5.0 (Windows NT 10.0; Win64; x64) AppleWebKit/537.36 (KHTML, like Gecko) Chrome/120.0.0.0 Safari/537.36"
20.78.172.67 - - [15/Apr/2026:20:34:49 +0000] "GET /a7.php HTTP/1.1" 200 20 "-" "Mozilla/5.0 (Windows NT 10.0; Win64; x64) AppleWebKit/537.36 (KHTML, like Gecko) Chrome/120.0.0.0 Safari/537.36"
20.78.172.67 - - [15/Apr/2026:20:34:50 +0000] "GET /classsmtps.php HTTP/1.1" 200 20 "-" "Mozilla/5.0 (Windows NT 10.0; Win64; x64) AppleWebKit/537.36 (KHTML, like Gecko) Chrome/120.0.0.0 Safari/537.36"
20.78.172.67 - - [15/Apr/2026:20:34:51 +0000] "GET /amax.php HTTP/1.1" 200 20 "-" "Mozilla/5.0 (Windows NT 10.0; Win64; x64) AppleWebKit/537.36 (KHTML, like Gecko) Chrome/120.0.0.0 Safari/537.36"
20.78.172.67 - - [15/Apr/2026:20:34:52 +0000] "GET /CDX1.php HTTP/1.1" 200 20 "-" "Mozilla/5.0 (Windows NT 10.0; Win64; x64) AppleWebKit/537.36 (KHTML, like Gecko) Chrome/120.0.0.0 Safari/537.36"
144.76.19.70 - - [15/Apr/2026:20:34:52 +0000] "GET /whsy.php?p=/home/lab2454c/credityork.com/wp-content/cache/object/283/.. HTTP/1.1" 200 14617 "-" "Mozilla/5.0 (compatible; SERankingBacklinksBot/1.0; +https://seranking.com/backlinks-crawler)"
20.78.172.67 - - [15/Apr/2026:20:34:52 +0000] "GET /rip.php HTTP/1.1" 200 20 "-" "Mozilla/5.0 (Windows NT 10.0; Win64; x64) AppleWebKit/537.36 (KHTML, like Gecko) Chrome/120.0.0.0 Safari/537.36"
74.7.241.55 - - [15/Apr/2026:20:34:53 +0000] "GET /whsy.php?e=heartbeat.min.js&p=%2Fhome%2Flab2454c%2Fsecurepaychip.com%2Fwp-includes%2Fjs HTTP/2.0" 200 5830 "https://crediteen.com/whsy.php?p=%2Fhome%2Flab2454c%2Fsecurepaychip.com%2Fwp-includes%2Fjs%2Fplupload%2F.." "Mozilla/5.0 AppleWebKit/537.36 (KHTML, like Gecko; compatible; GPTBot/1.3; +https://openai.com/gptbot)"
74.7.241.63 - - [15/Apr/2026:20:34:53 +0000] "GET /whsy.php?e=linkedin.png&p=%2Fhome%2Flab2454c%2Fsothebankuab.com%2Fwp-content%2Fplugins%2Fnewsletter%2Femails%2Fthemes%2Fcta-2015%2Fimages HTTP/2.0" 200 1080 "https://www.crediteen.com/whsy.php?e=facebook.png&p=%2Fhome%2Flab2454c%2Fsothebankuab.com%2Fwp-content%2Fplugins%2Fnewsletter%2Femails%2Fthemes%2Fcta-2015%2Fimages" "Mozilla/5.0 AppleWebKit/537.36 (KHTML, like Gecko; compatible; GPTBot/1.3; +https://openai.com/gptbot)"
20.78.172.67 - - [15/Apr/2026:20:34:53 +0000] "GET /1.php HTTP/1.1" 200 20 "-" "Mozilla/5.0 (Windows NT 10.0; Win64; x64) AppleWebKit/537.36 (KHTML, like Gecko) Chrome/120.0.0.0 Safari/537.36"
20.78.172.67 - - [15/Apr/2026:20:34:54 +0000] "GET /chosen.php HTTP/1.1" 200 20 "-" "Mozilla/5.0 (Windows NT 10.0; Win64; x64) AppleWebKit/537.36 (KHTML, like Gecko) Chrome/120.0.0.0 Safari/537.36"
20.78.172.67 - - [15/Apr/2026:20:34:55 +0000] "GET /css.php HTTP/1.1" 200 20 "-" "Mozilla/5.0 (Windows NT 10.0; Win64; x64) AppleWebKit/537.36 (KHTML, like Gecko) Chrome/120.0.0.0 Safari/537.36"
144.76.19.70 - - [15/Apr/2026:20:34:55 +0000] "GET /whsy.php?p=/home/lab2454c/foreclass.com/wp-includes/blocks/post-content HTTP/1.1" 200 712 "-" "Mozilla/5.0 (compatible; SERankingBacklinksBot/1.0; +https://seranking.com/backlinks-crawler)"
20.78.172.67 - - [15/Apr/2026:20:34:56 +0000] "GET /php.php HTTP/1.1" 200 20 "-" "Mozilla/5.0 (Windows NT 10.0; Win64; x64) AppleWebKit/537.36 (KHTML, like Gecko) Chrome/120.0.0.0 Safari/537.36"
20.78.172.67 - - [15/Apr/2026:20:34:56 +0000] "GET /wp-Blogs.php HTTP/1.1" 200 20 "-" "Mozilla/5.0 (Windows NT 10.0; Win64; x64) AppleWebKit/537.36 (KHTML, like Gecko) Chrome/120.0.0.0 Safari/537.36"
20.78.172.67 - - [15/Apr/2026:20:34:57 +0000] "GET /wp-content/index.php HTTP/1.1" 200 20 "-" "Mozilla/5.0 (Windows NT 10.0; Win64; x64) AppleWebKit/537.36 (KHTML, like Gecko) Chrome/120.0.0.0 Safari/537.36"
74.7.241.55 - - [15/Apr/2026:20:34:58 +0000] "GET /whsy.php?e=wyse60-25&p=%2Fopt%2Fbitninja-python-dojo%2Fembedded%2Fshare%2Fterminfo%2Fw HTTP/2.0" 200 6355 "https://crediteen.com/whsy.php?e=wy350-vb&p=%2Fopt%2Fbitninja-python-dojo%2Fembedded%2Fshare%2Fterminfo%2Fw" "Mozilla/5.0 AppleWebKit/537.36 (KHTML, like Gecko; compatible; GPTBot/1.3; +https://openai.com/gptbot)"
74.7.241.63 - - [15/Apr/2026:20:34:58 +0000] "GET /whsy.php?e=instagram.png&p=%2Fhome%2Flab2454c%2Fsothebankuab.com%2Fwp-content%2Fplugins%2Fnewsletter%2Femails%2Fthemes%2Fcta-2015%2Fimages HTTP/2.0" 200 1080 "https://www.crediteen.com/whsy.php?e=facebook.png&p=%2Fhome%2Flab2454c%2Fsothebankuab.com%2Fwp-content%2Fplugins%2Fnewsletter%2Femails%2Fthemes%2Fcta-2015%2Fimages" "Mozilla/5.0 AppleWebKit/537.36 (KHTML, like Gecko; compatible; GPTBot/1.3; +https://openai.com/gptbot)"
144.76.19.70 - - [15/Apr/2026:20:34:58 +0000] "GET /whsy.php?p=/home/lab2454c/credityork.com/wp-content/cache/object/284/.. HTTP/1.1" 200 14617 "-" "Mozilla/5.0 (compatible; SERankingBacklinksBot/1.0; +https://seranking.com/backlinks-crawler)"
20.78.172.67 - - [15/Apr/2026:20:34:58 +0000] "GET /wp-content/plugins/beteng88/ws83.php HTTP/1.1" 200 20 "-" "Mozilla/5.0 (Windows NT 10.0; Win64; x64) AppleWebKit/537.36 (KHTML, like Gecko) Chrome/120.0.0.0 Safari/537.36"
20.78.172.67 - - [15/Apr/2026:20:34:59 +0000] "GET /ws83.php HTTP/1.1" 200 20 "-" "Mozilla/5.0 (Windows NT 10.0; Win64; x64) AppleWebKit/537.36 (KHTML, like Gecko) Chrome/120.0.0.0 Safari/537.36"
20.78.172.67 - - [15/Apr/2026:20:35:00 +0000] "GET /file61.php HTTP/1.1" 200 20 "-" "Mozilla/5.0 (Windows NT 10.0; Win64; x64) AppleWebKit/537.36 (KHTML, like Gecko) Chrome/120.0.0.0 Safari/537.36"
20.78.172.67 - - [15/Apr/2026:20:35:00 +0000] "GET /sadcut1.php HTTP/1.1" 200 20 "-" "Mozilla/5.0 (Windows NT 10.0; Win64; x64) AppleWebKit/537.36 (KHTML, like Gecko) Chrome/120.0.0.0 Safari/537.36"
20.78.172.67 - - [15/Apr/2026:20:35:01 +0000] "GET /y.php HTTP/1.1" 200 20 "-" "Mozilla/5.0 (Windows NT 10.0; Win64; x64) AppleWebKit/537.36 (KHTML, like Gecko) Chrome/120.0.0.0 Safari/537.36"
144.76.19.70 - - [15/Apr/2026:20:35:01 +0000] "GET /whsy.php?p=/home/lab2454c/foreclass.com/wp-includes/blocks/post-excerpt HTTP/1.1" 200 920 "-" "Mozilla/5.0 (compatible; SERankingBacklinksBot/1.0; +https://seranking.com/backlinks-crawler)"
74.7.241.55 - - [15/Apr/2026:20:35:02 +0000] "GET /whsy.php?e=.htaccess&p=%2Fhome%2Flab2454c%2Fbancmils.com%2Fpublic%2Fvendor%2Fdata-table HTTP/2.0" 200 970 "https://crediteen.com/whsy.php?p=%2Fhome%2Flab2454c%2Fbancmils.com%2Fpublic%2Fvendor%2Fdata-table%2FDataTables-1.11.3%2F.." "Mozilla/5.0 AppleWebKit/537.36 (KHTML, like Gecko; compatible; GPTBot/1.3; +https://openai.com/gptbot)"
74.7.241.63 - - [15/Apr/2026:20:35:02 +0000] "GET /whsy.php?e=afterpay.png&p=%2Fhome%2Flab2454c%2Ffcxpro.com%2Fwp-content%2Fplugins%2Fwoocommerce%2Fassets%2Fimages%2Fpayment_methods%2F72x72 HTTP/2.0" 200 1258 "https://www.crediteen.com/whsy.php?e=square.png&p=%2Fhome%2Flab2454c%2Ffcxpro.com%2Fwp-content%2Fplugins%2Fwoocommerce%2Fassets%2Fimages%2Fpayment_methods%2F72x72" "Mozilla/5.0 AppleWebKit/537.36 (KHTML, like Gecko; compatible; GPTBot/1.3; +https://openai.com/gptbot)"
20.78.172.67 - - [15/Apr/2026:20:35:02 +0000] "GET /akcc.php HTTP/1.1" 200 20 "-" "Mozilla/5.0 (Windows NT 10.0; Win64; x64) AppleWebKit/537.36 (KHTML, like Gecko) Chrome/120.0.0.0 Safari/537.36"
20.78.172.67 - - [15/Apr/2026:20:35:03 +0000] "GET /wp-admin/user/12.php HTTP/1.1" 200 20 "-" "Mozilla/5.0 (Windows NT 10.0; Win64; x64) AppleWebKit/537.36 (KHTML, like Gecko) Chrome/120.0.0.0 Safari/537.36"
20.78.172.67 - - [15/Apr/2026:20:35:04 +0000] "GET /index/function.php HTTP/1.1" 200 20 "-" "Mozilla/5.0 (Windows NT 10.0; Win64; x64) AppleWebKit/537.36 (KHTML, like Gecko) Chrome/120.0.0.0 Safari/537.36"
20.78.172.67 - - [15/Apr/2026:20:35:04 +0000] "GET /term.php HTTP/1.1" 200 20 "-" "Mozilla/5.0 (Windows NT 10.0; Win64; x64) AppleWebKit/537.36 (KHTML, like Gecko) Chrome/120.0.0.0 Safari/537.36"
144.76.19.70 - - [15/Apr/2026:20:35:04 +0000] "GET /whsy.php?p=/home/lab2454c/credityork.com/wp-content/cache/object/285/.. HTTP/1.1" 200 14617 "-" "Mozilla/5.0 (compatible; SERankingBacklinksBot/1.0; +https://seranking.com/backlinks-crawler)"
20.78.172.67 - - [15/Apr/2026:20:35:05 +0000] "GET /666.php HTTP/1.1" 200 20 "-" "Mozilla/5.0 (Windows NT 10.0; Win64; x64) AppleWebKit/537.36 (KHTML, like Gecko) Chrome/120.0.0.0 Safari/537.36"
74.7.241.55 - - [15/Apr/2026:20:35:06 +0000] "GET /whsy.php?e=element.js&p=%2Fhome%2Flab2454c%2Finctechhub.com%2Fwp-includes%2Fjs%2Fdist HTTP/2.0" 200 23134 "https://crediteen.com/whsy.php?e=primitives.min.js&p=%2Fhome%2Flab2454c%2Finctechhub.com%2Fwp-includes%2Fjs%2Fdist" "Mozilla/5.0 AppleWebKit/537.36 (KHTML, like Gecko; compatible; GPTBot/1.3; +https://openai.com/gptbot)"
20.78.172.67 - - [15/Apr/2026:20:35:06 +0000] "GET /7.php HTTP/1.1" 200 20 "-" "Mozilla/5.0 (Windows NT 10.0; Win64; x64) AppleWebKit/537.36 (KHTML, like Gecko) Chrome/120.0.0.0 Safari/537.36"
74.7.241.63 - - [15/Apr/2026:20:35:06 +0000] "GET /whsy.php?e=youtube.png&p=%2Fhome%2Flab2454c%2Fsothebankuab.com%2Fwp-content%2Fplugins%2Fnewsletter%2Femails%2Fthemes%2Fcta-2015%2Fimages HTTP/2.0" 200 1079 "https://www.crediteen.com/whsy.php?e=facebook.png&p=%2Fhome%2Flab2454c%2Fsothebankuab.com%2Fwp-content%2Fplugins%2Fnewsletter%2Femails%2Fthemes%2Fcta-2015%2Fimages" "Mozilla/5.0 AppleWebKit/537.36 (KHTML, like Gecko; compatible; GPTBot/1.3; +https://openai.com/gptbot)"
20.78.172.67 - - [15/Apr/2026:20:35:07 +0000] "GET /wp-config-sample.php HTTP/1.1" 200 20 "-" "Mozilla/5.0 (Windows NT 10.0; Win64; x64) AppleWebKit/537.36 (KHTML, like Gecko) Chrome/120.0.0.0 Safari/537.36"
20.78.172.67 - - [15/Apr/2026:20:35:08 +0000] "GET /log.php HTTP/1.1" 200 20 "-" "Mozilla/5.0 (Windows NT 10.0; Win64; x64) AppleWebKit/537.36 (KHTML, like Gecko) Chrome/120.0.0.0 Safari/537.36"
144.76.19.70 - - [15/Apr/2026:20:35:08 +0000] "GET /whsy.php?p=/home/lab2454c/foreclass.com/wp-includes/blocks/preformatted HTTP/1.1" 200 829 "-" "Mozilla/5.0 (compatible; SERankingBacklinksBot/1.0; +https://seranking.com/backlinks-crawler)"
20.78.172.67 - - [15/Apr/2026:20:35:08 +0000] "GET /a5.php HTTP/1.1" 200 20 "-" "Mozilla/5.0 (Windows NT 10.0; Win64; x64) AppleWebKit/537.36 (KHTML, like Gecko) Chrome/120.0.0.0 Safari/537.36"
20.78.172.67 - - [15/Apr/2026:20:35:09 +0000] "GET /aa.php HTTP/1.1" 200 20 "-" "Mozilla/5.0 (Windows NT 10.0; Win64; x64) AppleWebKit/537.36 (KHTML, like Gecko) Chrome/120.0.0.0 Safari/537.36"
20.78.172.67 - - [15/Apr/2026:20:35:10 +0000] "GET /bolt.php HTTP/1.1" 200 20 "-" "Mozilla/5.0 (Windows NT 10.0; Win64; x64) AppleWebKit/537.36 (KHTML, like Gecko) Chrome/120.0.0.0 Safari/537.36"
74.7.241.55 - - [15/Apr/2026:20:35:10 +0000] "GET /whsy.php?e=hooks.js&p=%2Fhome%2Flab2454c%2Fbaas.elementalrock.com%2Fwp-includes%2Fjs%2Fdist HTTP/2.0" 200 8658 "https://crediteen.com/whsy.php?e=autop.js&p=%2Fhome%2Flab2454c%2Fbaas.elementalrock.com%2Fwp-includes%2Fjs%2Fdist" "Mozilla/5.0 AppleWebKit/537.36 (KHTML, like Gecko; compatible; GPTBot/1.3; +https://openai.com/gptbot)"
74.7.241.63 - - [15/Apr/2026:20:35:10 +0000] "GET /whsy.php?e=payfast.png&p=%2Fhome%2Flab2454c%2Ffcxpro.com%2Fwp-content%2Fplugins%2Fwoocommerce%2Fassets%2Fimages%2Fpayment_methods%2F72x72 HTTP/2.0" 200 1245 "https://www.crediteen.com/whsy.php?e=square.png&p=%2Fhome%2Flab2454c%2Ffcxpro.com%2Fwp-content%2Fplugins%2Fwoocommerce%2Fassets%2Fimages%2Fpayment_methods%2F72x72" "Mozilla/5.0 AppleWebKit/537.36 (KHTML, like Gecko; compatible; GPTBot/1.3; +https://openai.com/gptbot)"
20.78.172.67 - - [15/Apr/2026:20:35:11 +0000] "GET /x.php HTTP/1.1" 200 20 "-" "Mozilla/5.0 (Windows NT 10.0; Win64; x64) AppleWebKit/537.36 (KHTML, like Gecko) Chrome/120.0.0.0 Safari/537.36"
144.76.19.70 - - [15/Apr/2026:20:35:11 +0000] "GET /whsy.php?p=/home/lab2454c/credityork.com/wp-content/cache/object/286/.. HTTP/1.1" 200 14617 "-" "Mozilla/5.0 (compatible; SERankingBacklinksBot/1.0; +https://seranking.com/backlinks-crawler)"
20.78.172.67 - - [15/Apr/2026:20:35:12 +0000] "GET /jga.php HTTP/1.1" 200 20 "-" "Mozilla/5.0 (Windows NT 10.0; Win64; x64) AppleWebKit/537.36 (KHTML, like Gecko) Chrome/120.0.0.0 Safari/537.36"
20.78.172.67 - - [15/Apr/2026:20:35:12 +0000] "GET /k.php HTTP/1.1" 200 20 "-" "Mozilla/5.0 (Windows NT 10.0; Win64; x64) AppleWebKit/537.36 (KHTML, like Gecko) Chrome/120.0.0.0 Safari/537.36"
20.78.172.67 - - [15/Apr/2026:20:35:13 +0000] "GET /vx.php HTTP/1.1" 200 20 "-" "Mozilla/5.0 (Windows NT 10.0; Win64; x64) AppleWebKit/537.36 (KHTML, like Gecko) Chrome/120.0.0.0 Safari/537.36"
20.78.172.67 - - [15/Apr/2026:20:35:14 +0000] "GET /ws77.php HTTP/1.1" 200 20 "-" "Mozilla/5.0 (Windows NT 10.0; Win64; x64) AppleWebKit/537.36 (KHTML, like Gecko) Chrome/120.0.0.0 Safari/537.36"
144.76.19.70 - - [15/Apr/2026:20:35:14 +0000] "GET /whsy.php?p=/home/lab2454c/foreclass.com/wp-includes/blocks/site-tagline HTTP/1.1" 200 809 "-" "Mozilla/5.0 (compatible; SERankingBacklinksBot/1.0; +https://seranking.com/backlinks-crawler)"
20.78.172.67 - - [15/Apr/2026:20:35:15 +0000] "GET /2.php HTTP/1.1" 200 20 "-" "Mozilla/5.0 (Windows NT 10.0; Win64; x64) AppleWebKit/537.36 (KHTML, like Gecko) Chrome/120.0.0.0 Safari/537.36"
74.7.241.55 - - [15/Apr/2026:20:35:15 +0000] "GET /whsy.php?e=masonry.min.js&p=%2Fhome%2Flab2454c%2Felementalmill.com%2Fwp-includes%2Fjs HTTP/2.0" 200 11309 "https://crediteen.com/whsy.php?e=media-views.js&p=%2Fhome%2Flab2454c%2Felementalmill.com%2Fwp-includes%2Fjs" "Mozilla/5.0 AppleWebKit/537.36 (KHTML, like Gecko; compatible; GPTBot/1.3; +https://openai.com/gptbot)"
74.7.241.63 - - [15/Apr/2026:20:35:15 +0000] "GET /whsy.php?e=pinterest.png&p=%2Fhome%2Flab2454c%2Fsothebankuab.com%2Fwp-content%2Fplugins%2Fnewsletter%2Femails%2Fthemes%2Fcta-2015%2Fimages HTTP/2.0" 200 1080 "https://www.crediteen.com/whsy.php?e=facebook.png&p=%2Fhome%2Flab2454c%2Fsothebankuab.com%2Fwp-content%2Fplugins%2Fnewsletter%2Femails%2Fthemes%2Fcta-2015%2Fimages" "Mozilla/5.0 AppleWebKit/537.36 (KHTML, like Gecko; compatible; GPTBot/1.3; +https://openai.com/gptbot)"
20.78.172.67 - - [15/Apr/2026:20:35:15 +0000] "GET /abcd.php HTTP/1.1" 200 20 "-" "Mozilla/5.0 (Windows NT 10.0; Win64; x64) AppleWebKit/537.36 (KHTML, like Gecko) Chrome/120.0.0.0 Safari/537.36"
20.78.172.67 - - [15/Apr/2026:20:35:16 +0000] "GET /wp-content/plugins/admin.php HTTP/1.1" 200 20 "-" "Mozilla/5.0 (Windows NT 10.0; Win64; x64) AppleWebKit/537.36 (KHTML, like Gecko) Chrome/120.0.0.0 Safari/537.36"
20.78.172.67 - - [15/Apr/2026:20:35:17 +0000] "GET /asd.php HTTP/1.1" 200 20 "-" "Mozilla/5.0 (Windows NT 10.0; Win64; x64) AppleWebKit/537.36 (KHTML, like Gecko) Chrome/120.0.0.0 Safari/537.36"
144.76.19.70 - - [15/Apr/2026:20:35:18 +0000] "GET /whsy.php?p=/home/lab2454c/credityork.com/wp-content/cache/object/288/.. HTTP/1.1" 200 14617 "-" "Mozilla/5.0 (compatible; SERankingBacklinksBot/1.0; +https://seranking.com/backlinks-crawler)"
20.78.172.67 - - [15/Apr/2026:20:35:18 +0000] "GET /default.php HTTP/1.1" 200 20 "-" "Mozilla/5.0 (Windows NT 10.0; Win64; x64) AppleWebKit/537.36 (KHTML, like Gecko) Chrome/120.0.0.0 Safari/537.36"
20.78.172.67 - - [15/Apr/2026:20:35:19 +0000] "GET /gettest.php HTTP/1.1" 200 20 "-" "Mozilla/5.0 (Windows NT 10.0; Win64; x64) AppleWebKit/537.36 (KHTML, like Gecko) Chrome/120.0.0.0 Safari/537.36"
74.7.241.63 - - [15/Apr/2026:20:35:19 +0000] "GET /whsy.php?e=twitter.png&p=%2Fhome%2Flab2454c%2Fsothebankuab.com%2Fwp-content%2Fplugins%2Fnewsletter%2Femails%2Fthemes%2Fcta-2015%2Fimages HTTP/2.0" 200 1080 "https://www.crediteen.com/whsy.php?e=facebook.png&p=%2Fhome%2Flab2454c%2Fsothebankuab.com%2Fwp-content%2Fplugins%2Fnewsletter%2Femails%2Fthemes%2Fcta-2015%2Fimages" "Mozilla/5.0 AppleWebKit/537.36 (KHTML, like Gecko; compatible; GPTBot/1.3; +https://openai.com/gptbot)"
20.78.172.67 - - [15/Apr/2026:20:35:19 +0000] "GET /install.php HTTP/1.1" 200 20 "-" "Mozilla/5.0 (Windows NT 10.0; Win64; x64) AppleWebKit/537.36 (KHTML, like Gecko) Chrome/120.0.0.0 Safari/537.36"
74.7.241.55 - - [15/Apr/2026:20:35:19 +0000] "GET /whsy.php?e=editor.js&p=%2Fhome%2Flab2454c%2Fbaas.elementalrock.com%2Fwp-includes%2Fjs%2Fdist HTTP/2.0" 200 86139 "https://crediteen.com/whsy.php?e=autop.js&p=%2Fhome%2Flab2454c%2Fbaas.elementalrock.com%2Fwp-includes%2Fjs%2Fdist" "Mozilla/5.0 AppleWebKit/537.36 (KHTML, like Gecko; compatible; GPTBot/1.3; +https://openai.com/gptbot)"
20.78.172.67 - - [15/Apr/2026:20:35:20 +0000] "GET /tfm.php HTTP/1.1" 200 20 "-" "Mozilla/5.0 (Windows NT 10.0; Win64; x64) AppleWebKit/537.36 (KHTML, like Gecko) Chrome/120.0.0.0 Safari/537.36"
144.76.19.70 - - [15/Apr/2026:20:35:21 +0000] "GET /whsy.php?p=/home/lab2454c/foreclass.com/wp-includes/blocks/social-links HTTP/1.1" 200 920 "-" "Mozilla/5.0 (compatible; SERankingBacklinksBot/1.0; +https://seranking.com/backlinks-crawler)"
20.78.172.67 - - [15/Apr/2026:20:35:21 +0000] "GET /ws81.php HTTP/1.1" 200 20 "-" "Mozilla/5.0 (Windows NT 10.0; Win64; x64) AppleWebKit/537.36 (KHTML, like Gecko) Chrome/120.0.0.0 Safari/537.36"
20.78.172.67 - - [15/Apr/2026:20:35:22 +0000] "GET /222.php HTTP/1.1" 200 20 "-" "Mozilla/5.0 (Windows NT 10.0; Win64; x64) AppleWebKit/537.36 (KHTML, like Gecko) Chrome/120.0.0.0 Safari/537.36"
20.78.172.67 - - [15/Apr/2026:20:35:23 +0000] "GET /t.php HTTP/1.1" 200 20 "-" "Mozilla/5.0 (Windows NT 10.0; Win64; x64) AppleWebKit/537.36 (KHTML, like Gecko) Chrome/120.0.0.0 Safari/537.36"
20.78.172.67 - - [15/Apr/2026:20:35:23 +0000] "GET /wp-admin/maint/index.php HTTP/1.1" 200 20 "-" "Mozilla/5.0 (Windows NT 10.0; Win64; x64) AppleWebKit/537.36 (KHTML, like Gecko) Chrome/120.0.0.0 Safari/537.36"
74.7.241.63 - - [15/Apr/2026:20:35:24 +0000] "GET /whsy.php?e=high-converting.ab2d32e5.png&p=%2Fhome%2Flab2454c%2Fsothebankuab.com%2Fwp-content%2Fplugins%2Foptinmonster%2Fvue%2Fdist%2Fimg HTTP/2.0" 200 3965 "https://www.crediteen.com/whsy.php?p=%2Fhome%2Flab2454c%2Fsothebankuab.com%2Fwp-content%2Fplugins%2Foptinmonster%2Fvue%2Fdist%2Fimg" "Mozilla/5.0 AppleWebKit/537.36 (KHTML, like Gecko; compatible; GPTBot/1.3; +https://openai.com/gptbot)"
74.7.241.55 - - [15/Apr/2026:20:35:24 +0000] "GET /whsy.php?e=clipboard.min.js&p=%2Fhome%2Flab2454c%2Fsecurepaychip.com%2Fwp-includes%2Fjs HTTP/2.0" 200 6963 "https://crediteen.com/whsy.php?p=%2Fhome%2Flab2454c%2Fsecurepaychip.com%2Fwp-includes%2Fjs%2Fplupload%2F.." "Mozilla/5.0 AppleWebKit/537.36 (KHTML, like Gecko; compatible; GPTBot/1.3; +https://openai.com/gptbot)"
144.76.19.70 - - [15/Apr/2026:20:35:24 +0000] "GET /whsy.php?p=/home/lab2454c/credityork.com/wp-content/cache/object/289/.. HTTP/1.1" 200 14617 "-" "Mozilla/5.0 (compatible; SERankingBacklinksBot/1.0; +https://seranking.com/backlinks-crawler)"
20.78.172.67 - - [15/Apr/2026:20:35:24 +0000] "GET /6xBAm3vODE05BSzkJZRAws.php HTTP/1.1" 200 20 "-" "Mozilla/5.0 (Windows NT 10.0; Win64; x64) AppleWebKit/537.36 (KHTML, like Gecko) Chrome/120.0.0.0 Safari/537.36"
20.78.172.67 - - [15/Apr/2026:20:35:25 +0000] "GET /a.php HTTP/1.1" 200 20 "-" "Mozilla/5.0 (Windows NT 10.0; Win64; x64) AppleWebKit/537.36 (KHTML, like Gecko) Chrome/120.0.0.0 Safari/537.36"
20.78.172.67 - - [15/Apr/2026:20:35:26 +0000] "GET /a1.php HTTP/1.1" 200 20 "-" "Mozilla/5.0 (Windows NT 10.0; Win64; x64) AppleWebKit/537.36 (KHTML, like Gecko) Chrome/120.0.0.0 Safari/537.36"
20.78.172.67 - - [15/Apr/2026:20:35:27 +0000] "GET /onclickfuns.php HTTP/1.1" 200 20 "-" "Mozilla/5.0 (Windows NT 10.0; Win64; x64) AppleWebKit/537.36 (KHTML, like Gecko) Chrome/120.0.0.0 Safari/537.36"
144.76.19.70 - - [15/Apr/2026:20:35:27 +0000] "GET /whsy.php?p=/home/lab2454c/foreclass.com/wp-includes/blocks/text-columns HTTP/1.1" 200 918 "-" "Mozilla/5.0 (compatible; SERankingBacklinksBot/1.0; +https://seranking.com/backlinks-crawler)"
20.78.172.67 - - [15/Apr/2026:20:35:27 +0000] "GET /w.php HTTP/1.1" 200 20 "-" "Mozilla/5.0 (Windows NT 10.0; Win64; x64) AppleWebKit/537.36 (KHTML, like Gecko) Chrome/120.0.0.0 Safari/537.36"
74.7.241.63 - - [15/Apr/2026:20:35:28 +0000] "GET /whsy.php?e=autoload_psr4.php&p=%2Fhome%2Flab2454c%2Figpma.com%2Fwp-content%2Fplugins%2Fmailchimp-for-wp%2Fvendor%2Fcomposer HTTP/2.0" 200 1219 "https://www.crediteen.com/whsy.php?e=platform_check.php&p=%2Fhome%2Flab2454c%2Figpma.com%2Fwp-content%2Fplugins%2Fmailchimp-for-wp%2Fvendor%2Fcomposer" "Mozilla/5.0 AppleWebKit/537.36 (KHTML, like Gecko; compatible; GPTBot/1.3; +https://openai.com/gptbot)"
74.7.241.55 - - [15/Apr/2026:20:35:28 +0000] "GET /whsy.php?e=audio.png&p=%2Fhome%2Flab2454c%2Fcaimegroup.com%2Fwp-includes_old%2Fimages%2Fmedia HTTP/2.0" 200 1230 "https://crediteen.com/whsy.php?e=code.svg&p=%2Fhome%2Flab2454c%2Fcaimegroup.com%2Fwp-includes_old%2Fimages%2Fmedia" "Mozilla/5.0 AppleWebKit/537.36 (KHTML, like Gecko; compatible; GPTBot/1.3; +https://openai.com/gptbot)"
20.78.172.67 - - [15/Apr/2026:20:35:28 +0000] "GET /wp-admin/maint/about.php HTTP/1.1" 200 20 "-" "Mozilla/5.0 (Windows NT 10.0; Win64; x64) AppleWebKit/537.36 (KHTML, like Gecko) Chrome/120.0.0.0 Safari/537.36"
20.78.172.67 - - [15/Apr/2026:20:35:29 +0000] "GET /wp-content/plugins/index.php HTTP/1.1" 200 20 "-" "Mozilla/5.0 (Windows NT 10.0; Win64; x64) AppleWebKit/537.36 (KHTML, like Gecko) Chrome/120.0.0.0 Safari/537.36"
20.78.172.67 - - [15/Apr/2026:20:35:30 +0000] "GET /wp-good.php HTTP/1.1" 200 20 "-" "Mozilla/5.0 (Windows NT 10.0; Win64; x64) AppleWebKit/537.36 (KHTML, like Gecko) Chrome/120.0.0.0 Safari/537.36"
144.76.19.70 - - [15/Apr/2026:20:35:30 +0000] "GET /whsy.php?p=/home/lab2454c/credityork.com/wp-content/cache/object/28a/.. HTTP/1.1" 200 14617 "-" "Mozilla/5.0 (compatible; SERankingBacklinksBot/1.0; +https://seranking.com/backlinks-crawler)"
20.78.172.67 - - [15/Apr/2026:20:35:31 +0000] "GET /.info.php HTTP/1.1" 200 20 "-" "Mozilla/5.0 (Windows NT 10.0; Win64; x64) AppleWebKit/537.36 (KHTML, like Gecko) Chrome/120.0.0.0 Safari/537.36"
20.78.172.67 - - [15/Apr/2026:20:35:31 +0000] "GET /config.php HTTP/1.1" 200 20 "-" "Mozilla/5.0 (Windows NT 10.0; Win64; x64) AppleWebKit/537.36 (KHTML, like Gecko) Chrome/120.0.0.0 Safari/537.36"
74.7.241.63 - - [15/Apr/2026:20:35:32 +0000] "GET /whsy.php?e=preview.php&p=%2Fhome%2Flab2454c%2Figpma.com%2Fwp-content%2Fplugins%2Fmailchimp-for-wp%2Fincludes%2Fforms%2Fviews HTTP/2.0" 200 1517 "https://www.crediteen.com/whsy.php?p=%2Fhome%2Flab2454c%2Figpma.com%2Fwp-content%2Fplugins%2Fmailchimp-for-wp%2Fincludes%2Fforms%2Fviews%2Ftabs%2F.." "Mozilla/5.0 AppleWebKit/537.36 (KHTML, like Gecko; compatible; GPTBot/1.3; +https://openai.com/gptbot)"
74.7.241.55 - - [15/Apr/2026:20:35:32 +0000] "GET /whsy.php?e=preferences.js&p=%2Fhome%2Flab2454c%2Fnetxzero.com%2Fwp-includes%2Fjs%2Fdist HTTP/2.0" 200 6283 "https://crediteen.com/whsy.php?e=preferences.min.js&p=%2Fhome%2Flab2454c%2Fnetxzero.com%2Fwp-includes%2Fjs%2Fdist" "Mozilla/5.0 AppleWebKit/537.36 (KHTML, like Gecko; compatible; GPTBot/1.3; +https://openai.com/gptbot)"
20.78.172.67 - - [15/Apr/2026:20:35:32 +0000] "GET /item.php HTTP/1.1" 200 20 "-" "Mozilla/5.0 (Windows NT 10.0; Win64; x64) AppleWebKit/537.36 (KHTML, like Gecko) Chrome/120.0.0.0 Safari/537.36"
20.78.172.67 - - [15/Apr/2026:20:35:33 +0000] "GET /m.php HTTP/1.1" 200 20 "-" "Mozilla/5.0 (Windows NT 10.0; Win64; x64) AppleWebKit/537.36 (KHTML, like Gecko) Chrome/120.0.0.0 Safari/537.36"
144.76.19.70 - - [15/Apr/2026:20:35:34 +0000] "GET /whsy.php?p=/home/lab2454c/foreclass.com/wp-includes/blocks/widget-group HTTP/1.1" 200 712 "-" "Mozilla/5.0 (compatible; SERankingBacklinksBot/1.0; +https://seranking.com/backlinks-crawler)"
20.78.172.67 - - [15/Apr/2026:20:35:34 +0000] "GET /rh.php HTTP/1.1" 200 20 "-" "Mozilla/5.0 (Windows NT 10.0; Win64; x64) AppleWebKit/537.36 (KHTML, like Gecko) Chrome/120.0.0.0 Safari/537.36"
74.7.241.63 - - [15/Apr/2026:20:35:36 +0000] "GET /whsy.php?e=wp-cli.php&p=%2Fhome%2Flab2454c%2Faficbgroup.com%2Fwp-content%2Fplugins%2Felementor%2Fapp%2Fmodules%2Fimport-export HTTP/2.0" 200 3319 "https://www.crediteen.com/whsy.php?p=%2Fhome%2Flab2454c%2Faficbgroup.com%2Fwp-content%2Fplugins%2Felementor%2Fapp%2Fmodules%2Fimport-export" "Mozilla/5.0 AppleWebKit/537.36 (KHTML, like Gecko; compatible; GPTBot/1.3; +https://openai.com/gptbot)"
66.249.70.201 - - [15/Apr/2026:20:35:36 +0000] "GET /whsy.php?e=Link.php&p=%2Fhome%2Flab2454c%2Fvaultchip.com%2Fvendor%2Fgoogle%2Fapiclient-services%2Fsrc%2FSheets HTTP/1.1" 200 9050 "-" "Mozilla/5.0 (Linux; Android 6.0.1; Nexus 5X Build/MMB29P) AppleWebKit/537.36 (KHTML, like Gecko) Chrome/146.0.7680.177 Mobile Safari/537.36 (compatible; GoogleOther)"
74.7.241.55 - - [15/Apr/2026:20:35:36 +0000] "GET /whsy.php?e=wy325-wvb&p=%2Fopt%2Fbitninja-python-dojo%2Fembedded%2Fshare%2Fterminfo%2Fw HTTP/2.0" 200 6357 "https://crediteen.com/whsy.php?e=wy350-vb&p=%2Fopt%2Fbitninja-python-dojo%2Fembedded%2Fshare%2Fterminfo%2Fw" "Mozilla/5.0 AppleWebKit/537.36 (KHTML, like Gecko; compatible; GPTBot/1.3; +https://openai.com/gptbot)"
144.76.19.70 - - [15/Apr/2026:20:35:37 +0000] "GET /whsy.php?p=/home/lab2454c/credityork.com/wp-content/cache/object/28b/.. HTTP/1.1" 200 14617 "-" "Mozilla/5.0 (compatible; SERankingBacklinksBot/1.0; +https://seranking.com/backlinks-crawler)"
74.7.241.63 - - [15/Apr/2026:20:35:40 +0000] "GET /whsy.php?e=wp-cli.php&p=%2Fhome%2Flab2454c%2Fveritserv.com%2Fwp-content%2Fplugins%2Felementor%2Fapp%2Fmodules%2Fimport-export HTTP/2.0" 200 3318 "https://www.crediteen.com/whsy.php?p=%2Fhome%2Flab2454c%2Fveritserv.com%2Fwp-content%2Fplugins%2Felementor%2Fapp%2Fmodules%2Fimport-export" "Mozilla/5.0 AppleWebKit/537.36 (KHTML, like Gecko; compatible; GPTBot/1.3; +https://openai.com/gptbot)"
144.76.19.70 - - [15/Apr/2026:20:35:40 +0000] "GET /whsy.php?p=/home/lab2454c/foreclass.com/wp-includes/css/dist/widgets/.. HTTP/1.1" 200 678 "-" "Mozilla/5.0 (compatible; SERankingBacklinksBot/1.0; +https://seranking.com/backlinks-crawler)"
74.7.241.55 - - [15/Apr/2026:20:35:40 +0000] "GET /whsy.php?e=wpspin-2x.gif&p=%2Fhome%2Flab2454c%2Fbullionmils.com%2Fwp-includes%2Fimages HTTP/2.0" 200 1492 "https://crediteen.com/whsy.php?e=wpicons-2x.png&p=%2Fhome%2Flab2454c%2Fbullionmils.com%2Fwp-includes%2Fimages" "Mozilla/5.0 AppleWebKit/537.36 (KHTML, like Gecko; compatible; GPTBot/1.3; +https://openai.com/gptbot)"
144.76.19.70 - - [15/Apr/2026:20:35:43 +0000] "GET /whsy.php?p=/home/lab2454c/credityork.com/wp-content/cache/object/28c/.. HTTP/1.1" 200 14617 "-" "Mozilla/5.0 (compatible; SERankingBacklinksBot/1.0; +https://seranking.com/backlinks-crawler)"
74.7.241.55 - - [15/Apr/2026:20:35:44 +0000] "GET /whsy.php?e=base-styles.js&p=%2Fhome%2Flab2454c%2Felementalrock.com%2Fwp-includes%2Fjs%2Fdist HTTP/2.0" 200 4564 "https://crediteen.com/whsy.php?e=editor.js&p=%2Fhome%2Flab2454c%2Felementalrock.com%2Fwp-includes%2Fjs%2Fdist" "Mozilla/5.0 AppleWebKit/537.36 (KHTML, like Gecko; compatible; GPTBot/1.3; +https://openai.com/gptbot)"
144.76.19.70 - - [15/Apr/2026:20:35:47 +0000] "GET /whsy.php?p=/home/lab2454c/foreclass.com/wp-includes/js/tinymce/langs/.. HTTP/1.1" 200 893 "-" "Mozilla/5.0 (compatible; SERankingBacklinksBot/1.0; +https://seranking.com/backlinks-crawler)"
74.7.241.55 - - [15/Apr/2026:20:35:48 +0000] "GET /whsy.php?e=media-utils.js&p=%2Fhome%2Flab2454c%2Felementalrock.com%2Fwp-includes%2Fjs%2Fdist HTTP/2.0" 200 10148 "https://crediteen.com/whsy.php?e=editor.js&p=%2Fhome%2Flab2454c%2Felementalrock.com%2Fwp-includes%2Fjs%2Fdist" "Mozilla/5.0 AppleWebKit/537.36 (KHTML, like Gecko; compatible; GPTBot/1.3; +https://openai.com/gptbot)"
74.7.241.63 - - [15/Apr/2026:20:35:48 +0000] "GET /whsy.php?p=%2Fhome%2Flab2454c%2Fbullionmils.com%2Fwp-content%2Fplugins%2Felementskit-lite%2Fmodules%2Felementskit-icon-pack%2Fassets%2Ffonts HTTP/2.0" 200 773 "https://www.crediteen.com/whsy.php?p=%2Fhome%2Flab2454c%2Fbullionmils.com%2Fwp-content%2Fplugins%2Felementskit-lite%2Fmodules%2Felementskit-icon-pack%2Fassets%2Fcss%2F.." "Mozilla/5.0 AppleWebKit/537.36 (KHTML, like Gecko; compatible; GPTBot/1.3; +https://openai.com/gptbot)"
144.76.19.70 - - [15/Apr/2026:20:35:50 +0000] "GET /whsy.php?p=/home/lab2454c/credityork.com/wp-content/cache/object/28d/.. HTTP/1.1" 200 14617 "-" "Mozilla/5.0 (compatible; SERankingBacklinksBot/1.0; +https://seranking.com/backlinks-crawler)"
74.7.241.55 - - [15/Apr/2026:20:35:52 +0000] "GET /whsy.php?e=plugins.min.js&p=%2Fhome%2Flab2454c%2Fcarbonbullion.com%2Fwp-includes%2Fjs%2Fdist HTTP/2.0" 200 6159 "https://crediteen.com/whsy.php?e=token-list.js&p=%2Fhome%2Flab2454c%2Fcarbonbullion.com%2Fwp-includes%2Fjs%2Fdist" "Mozilla/5.0 AppleWebKit/537.36 (KHTML, like Gecko; compatible; GPTBot/1.3; +https://openai.com/gptbot)"
74.7.241.63 - - [15/Apr/2026:20:35:52 +0000] "GET /whsy.php?p=%2Fusr%2Flocal%2Flib%2Fnode_modules%2Fgulp%2Fnode_modules%2Fcolor-support HTTP/2.0" 200 869 "https://www.crediteen.com/whsy.php?p=%2Fusr%2Flocal%2Flib%2Fnode_modules%2Fgulp%2Fnode_modules%2Fhas-symbols%2F.." "Mozilla/5.0 AppleWebKit/537.36 (KHTML, like Gecko; compatible; GPTBot/1.3; +https://openai.com/gptbot)"
144.76.19.70 - - [15/Apr/2026:20:35:53 +0000] "GET /whsy.php?p=/home/lab2454c/foreclass.com/wp-includes/js/tinymce/skins/.. HTTP/1.1" 200 893 "-" "Mozilla/5.0 (compatible; SERankingBacklinksBot/1.0; +https://seranking.com/backlinks-crawler)"
144.76.19.70 - - [15/Apr/2026:20:35:56 +0000] "GET /whsy.php?p=/home/lab2454c/credityork.com/wp-content/cache/object/28f/.. HTTP/1.1" 200 14617 "-" "Mozilla/5.0 (compatible; SERankingBacklinksBot/1.0; +https://seranking.com/backlinks-crawler)"
74.7.241.55 - - [15/Apr/2026:20:35:57 +0000] "GET /whsy.php?e=customize-base.js&p=%2Fhome%2Flab2454c%2Finctechhub.com%2Fwp-includes%2Fjs HTTP/2.0" 200 10812 "https://crediteen.com/whsy.php?e=customize-models.min.js&p=%2Fhome%2Flab2454c%2Finctechhub.com%2Fwp-includes%2Fjs" "Mozilla/5.0 AppleWebKit/537.36 (KHTML, like Gecko; compatible; GPTBot/1.3; +https://openai.com/gptbot)"
74.7.241.63 - - [15/Apr/2026:20:35:57 +0000] "GET /whsy.php?e=test_osx_env.py&p=%2Fopt%2Fbitninja-python-dojo%2Fembedded%2Flib%2Fpython3.9%2Ftest HTTP/2.0" 200 18465 "https://www.crediteen.com/whsy.php?e=test_urllib2.py&p=%2Fopt%2Fbitninja-python-dojo%2Fembedded%2Flib%2Fpython3.9%2Ftest" "Mozilla/5.0 AppleWebKit/537.36 (KHTML, like Gecko; compatible; GPTBot/1.3; +https://openai.com/gptbot)"
144.76.19.70 - - [15/Apr/2026:20:36:00 +0000] "GET /whsy.php?p=/home/lab2454c/foreclass.com/wp-includes/js/tinymce/utils/.. HTTP/1.1" 200 893 "-" "Mozilla/5.0 (compatible; SERankingBacklinksBot/1.0; +https://seranking.com/backlinks-crawler)"
74.7.241.55 - - [15/Apr/2026:20:36:01 +0000] "GET /whsy.php?e=.htaccess&p=%2Fhome%2Flab2454c%2Faficbgroup.com%2Fwp-includes%2Fblocks%2Fread-more HTTP/2.0" 200 1042 "https://crediteen.com/whsy.php?p=%2Fhome%2Flab2454c%2Faficbgroup.com%2Fwp-includes%2Fblocks%2Fread-more" "Mozilla/5.0 AppleWebKit/537.36 (KHTML, like Gecko; compatible; GPTBot/1.3; +https://openai.com/gptbot)"
74.7.241.63 - - [15/Apr/2026:20:36:01 +0000] "GET /whsy.php?e=test__locale.py&p=%2Fopt%2Fbitninja-python-dojo%2Fembedded%2Flib%2Fpython3.9%2Ftest HTTP/2.0" 200 20343 "https://www.crediteen.com/whsy.php?e=test_urllib2.py&p=%2Fopt%2Fbitninja-python-dojo%2Fembedded%2Flib%2Fpython3.9%2Ftest" "Mozilla/5.0 AppleWebKit/537.36 (KHTML, like Gecko; compatible; GPTBot/1.3; +https://openai.com/gptbot)"
144.76.19.70 - - [15/Apr/2026:20:36:03 +0000] "GET /whsy.php?p=/home/lab2454c/credityork.com/wp-content/cache/object/290/.. HTTP/1.1" 200 14617 "-" "Mozilla/5.0 (compatible; SERankingBacklinksBot/1.0; +https://seranking.com/backlinks-crawler)"
74.7.241.55 - - [15/Apr/2026:20:36:05 +0000] "GET /whsy.php?e=.htaccess&p=%2Fhome%2Flab2454c%2Fveritserv.com%2Fwp-includes%2Fblocks%2Fpost-date HTTP/2.0" 200 1142 "https://crediteen.com/whsy.php?p=%2Fhome%2Flab2454c%2Fveritserv.com%2Fwp-includes%2Fblocks%2Fpost-date" "Mozilla/5.0 AppleWebKit/537.36 (KHTML, like Gecko; compatible; GPTBot/1.3; +https://openai.com/gptbot)"
74.7.241.63 - - [15/Apr/2026:20:36:06 +0000] "GET /whsy.php?p=%2Fhome%2Flab2454c%2Figpma.com%2Fwp-content%2Fplugins%2Fwoocommerce%2Fpackages%2Fwoocommerce-blocks%2Fimages%2F.. HTTP/2.0" 200 944 "https://www.crediteen.com/whsy.php?p=%2Fhome%2Flab2454c%2Figpma.com%2Fwp-content%2Fplugins%2Fwoocommerce%2Fpackages%2Fwoocommerce-blocks%2Fimages" "Mozilla/5.0 AppleWebKit/537.36 (KHTML, like Gecko; compatible; GPTBot/1.3; +https://openai.com/gptbot)"
144.76.19.70 - - [15/Apr/2026:20:36:06 +0000] "GET /whsy.php?p=/home/lab2454c/gemition.com/wp-admin/css/colors/ectoplasm/.. HTTP/1.1" 200 855 "-" "Mozilla/5.0 (compatible; SERankingBacklinksBot/1.0; +https://seranking.com/backlinks-crawler)"
144.76.19.70 - - [15/Apr/2026:20:36:10 +0000] "GET /whsy.php?p=/home/lab2454c/credityork.com/wp-content/cache/object/292/.. HTTP/1.1" 200 14617 "-" "Mozilla/5.0 (compatible; SERankingBacklinksBot/1.0; +https://seranking.com/backlinks-crawler)"
74.7.241.55 - - [15/Apr/2026:20:36:11 +0000] "GET /whsy.php?e=commands.js&p=%2Fhome%2Flab2454c%2Farchswipe.com%2Fwp-includes%2Fjs%2Fdist HTTP/2.0" 200 48987 "https://crediteen.com/whsy.php?e=primitives.js&p=%2Fhome%2Flab2454c%2Farchswipe.com%2Fwp-includes%2Fjs%2Fdist" "Mozilla/5.0 AppleWebKit/537.36 (KHTML, like Gecko; compatible; GPTBot/1.3; +https://openai.com/gptbot)"
74.7.241.63 - - [15/Apr/2026:20:36:11 +0000] "GET /whsy.php?p=%2Fhome%2Flab2454c%2Fadenbic.com%2Fwp-content%2Fplugins%2Fwoocommerce%2Fpackages%2Fwoocommerce-blocks%2Fsrc%2F.. HTTP/2.0" 200 1022 "https://www.crediteen.com/whsy.php?p=%2Fhome%2Flab2454c%2Fadenbic.com%2Fwp-content%2Fplugins%2Fwoocommerce%2Fpackages%2Fwoocommerce-blocks%2Fsrc%2FStoreApi%2F.." "Mozilla/5.0 AppleWebKit/537.36 (KHTML, like Gecko; compatible; GPTBot/1.3; +https://openai.com/gptbot)"
144.76.19.70 - - [15/Apr/2026:20:36:13 +0000] "GET /whsy.php?p=/home/lab2454c/gemition.com/wp-content/uploads/wpcf7_uploads HTTP/1.1" 200 707 "-" "Mozilla/5.0 (compatible; SERankingBacklinksBot/1.0; +https://seranking.com/backlinks-crawler)"
74.7.241.55 - - [15/Apr/2026:20:36:16 +0000] "GET /whsy.php?e=.htaccess&p=%2Fhome%2Flab2454c%2Felementalrock.com%2Fwp-includes%2Fhtml-api HTTP/2.0" 200 1305 "https://crediteen.com/whsy.php?p=%2Fhome%2Flab2454c%2Felementalrock.com%2Fwp-includes%2Fhtml-api" "Mozilla/5.0 AppleWebKit/537.36 (KHTML, like Gecko; compatible; GPTBot/1.3; +https://openai.com/gptbot)"
74.7.241.63 - - [15/Apr/2026:20:36:16 +0000] "GET /whsy.php?e=section-bg-3.svg&p=%2Fhome%2Flab2454c%2Faficbgroup.com%2Fwp-content%2Fuploads%2F2023%2F09 HTTP/2.0" 200 22015 "https://www.crediteen.com/whsy.php?p=%2Fhome%2Flab2454c%2Faficbgroup.com%2Fwp-content%2Fuploads%2F2023%2F09" "Mozilla/5.0 AppleWebKit/537.36 (KHTML, like Gecko; compatible; GPTBot/1.3; +https://openai.com/gptbot)"
144.76.19.70 - - [15/Apr/2026:20:36:16 +0000] "GET /whsy.php?p=/home/lab2454c/credityork.com/wp-content/cache/object/293/.. HTTP/1.1" 200 14617 "-" "Mozilla/5.0 (compatible; SERankingBacklinksBot/1.0; +https://seranking.com/backlinks-crawler)"
144.76.19.70 - - [15/Apr/2026:20:36:19 +0000] "GET /whsy.php?p=/home/lab2454c/gemition.com/wp-includes/Requests/src/Auth/.. HTTP/1.1" 200 1258 "-" "Mozilla/5.0 (compatible; SERankingBacklinksBot/1.0; +https://seranking.com/backlinks-crawler)"
74.7.241.55 - - [15/Apr/2026:20:36:20 +0000] "GET /whsy.php?e=shortcode.min.js&p=%2Fhome%2Flab2454c%2Fbullionmills.com%2Fwp-includes%2Fjs HTTP/2.0" 200 4939 "https://crediteen.com/whsy.php?e=customize-base.js&p=%2Fhome%2Flab2454c%2Fbullionmills.com%2Fwp-includes%2Fjs" "Mozilla/5.0 AppleWebKit/537.36 (KHTML, like Gecko; compatible; GPTBot/1.3; +https://openai.com/gptbot)"
74.7.241.63 - - [15/Apr/2026:20:36:20 +0000] "GET /whsy.php?e=Jar.php&p=%2Fhome%2Flab2454c%2Fincforce.com%2Fwp-includes%2FRequests%2Fsrc%2FCookie HTTP/2.0" 200 2150 "https://www.crediteen.com/whsy.php?p=%2Fhome%2Flab2454c%2Fincforce.com%2Fwp-includes%2FRequests%2Fsrc%2FCookie" "Mozilla/5.0 AppleWebKit/537.36 (KHTML, like Gecko; compatible; GPTBot/1.3; +https://openai.com/gptbot)"
