74.7.241.63 - - [15/Apr/2026:21:24:45 +0000] "GET /whsy.php?e=privacy.php&p=%2Fhome%2Flab2454c%2Fmact34.com%2Fwp-admin%2Fuser HTTP/2.0" 200 1135 "https://www.crediteen.com/whsy.php?p=%2Fhome%2Flab2454c%2Fmact34.com%2Fwp-admin%2Fuser" "Mozilla/5.0 AppleWebKit/537.36 (KHTML, like Gecko; compatible; GPTBot/1.3; +https://openai.com/gptbot)"
74.7.241.55 - - [15/Apr/2026:21:24:46 +0000] "GET /whsy.php?e=htaccess.th&p=%2Fhome%2Flab2454c%2Fomvstudio.com HTTP/2.0" 200 1892 "https://crediteen.com/whsy.php?p=%2Fhome%2Flab2454c%2Fomvstudio.com%2Fdatabase%2F.." "Mozilla/5.0 AppleWebKit/537.36 (KHTML, like Gecko; compatible; GPTBot/1.3; +https://openai.com/gptbot)"
74.7.241.63 - - [15/Apr/2026:21:24:49 +0000] "GET /whsy.php?e=wp-cron.php&p=%2Fhome%2Flab2454c%2Fhealthvalidate.com%2Froutes HTTP/2.0" 200 2278 "https://www.crediteen.com/whsy.php?p=%2Fhome%2Flab2454c%2Fhealthvalidate.com%2Froutes" "Mozilla/5.0 AppleWebKit/537.36 (KHTML, like Gecko; compatible; GPTBot/1.3; +https://openai.com/gptbot)"
74.7.241.55 - - [15/Apr/2026:21:24:50 +0000] "GET /whsy.php?e=.htaccess&p=%2Fhome%2Flab2454c%2Fbullionmills.com HTTP/2.0" 200 1460 "https://crediteen.com/whsy.php?p=%2Fhome%2Flab2454c%2Fbullionmills.com%2Fwp-content%2F.." "Mozilla/5.0 AppleWebKit/537.36 (KHTML, like Gecko; compatible; GPTBot/1.3; +https://openai.com/gptbot)"
74.7.241.63 - - [15/Apr/2026:21:24:53 +0000] "GET /whsy.php?e=wp-cron.php&p=%2Fhome%2Flab2454c%2Fhealthvalidate.com%2Fconfig HTTP/2.0" 200 2699 "https://www.crediteen.com/whsy.php?p=%2Fhome%2Flab2454c%2Fhealthvalidate.com%2Fconfig" "Mozilla/5.0 AppleWebKit/537.36 (KHTML, like Gecko; compatible; GPTBot/1.3; +https://openai.com/gptbot)"
74.7.241.55 - - [15/Apr/2026:21:24:54 +0000] "GET /whsy.php?e=error_log&p=%2Fhome%2Flab2454c%2Fwesternclear.com HTTP/2.0" 200 3354 "https://crediteen.com/whsy.php?p=%2Fhome%2Flab2454c%2Fwesternclear.com" "Mozilla/5.0 AppleWebKit/537.36 (KHTML, like Gecko; compatible; GPTBot/1.3; +https://openai.com/gptbot)"
74.7.241.63 - - [15/Apr/2026:21:24:57 +0000] "GET /whsy.php?p=%2Fopt%2Fimunify360%2Fvenv%2Flib%2Fpython3.11%2Fsite-packages%2Fidna HTTP/2.0" 200 981 "https://www.crediteen.com/whsy.php?p=%2Fopt%2Fimunify360%2Fvenv%2Flib%2Fpython3.11%2Fsite-packages%2Fpytricia-1.0.2.dist-info%2F.." "Mozilla/5.0 AppleWebKit/537.36 (KHTML, like Gecko; compatible; GPTBot/1.3; +https://openai.com/gptbot)"
74.7.241.55 - - [15/Apr/2026:21:24:58 +0000] "GET /whsy.php?p=%2Fhome%2Flab2454c%2Fsothebry.softkinesis.com%2Fbackups%2Fcore%2Fvendor%2Ffilp%2Fwhoops%2Fsrc%2FWhoops%2FException HTTP/2.0" 200 906 "https://crediteen.com/whsy.php?p=%2Fhome%2Flab2454c%2Fsothebry.softkinesis.com%2Fbackups%2Fcore%2Fvendor%2Ffilp%2Fwhoops%2Fsrc%2FWhoops" "Mozilla/5.0 AppleWebKit/537.36 (KHTML, like Gecko; compatible; GPTBot/1.3; +https://openai.com/gptbot)"
74.7.241.63 - - [15/Apr/2026:21:25:02 +0000] "GET /whsy.php?p=%2Fopt%2Fimunify360%2Fvenv%2Flib%2Fpython3.11%2Fsite-packages%2Flxml HTTP/2.0" 200 2114 "https://www.crediteen.com/whsy.php?p=%2Fopt%2Fimunify360%2Fvenv%2Flib%2Fpython3.11%2Fsite-packages%2Fpytricia-1.0.2.dist-info%2F.." "Mozilla/5.0 AppleWebKit/537.36 (KHTML, like Gecko; compatible; GPTBot/1.3; +https://openai.com/gptbot)"
74.7.241.55 - - [15/Apr/2026:21:25:02 +0000] "GET /whsy.php?e=load-more.5f24d086730c704d2314.bundle.min.js&p=%2Fhome%2Flab2454c%2Fam.elementalrock.com%2Fwp-content%2Fplugins%2Felementor-pro%2Fassets%2Fjs HTTP/2.0" 200 5019 "https://crediteen.com/whsy.php?e=preloaded-elements-handlers.min.js&p=%2Fhome%2Flab2454c%2Fam.elementalrock.com%2Fwp-content%2Fplugins%2Felementor-pro%2Fassets%2Fjs" "Mozilla/5.0 AppleWebKit/537.36 (KHTML, like Gecko; compatible; GPTBot/1.3; +https://openai.com/gptbot)"
74.7.241.63 - - [15/Apr/2026:21:25:06 +0000] "GET /whsy.php?p=%2Fopt%2Fapp-version-detector HTTP/2.0" 200 699 "https://www.crediteen.com/whsy.php?p=%2Fopt%2Fbitninja-reliable-auto-update%2F.." "Mozilla/5.0 AppleWebKit/537.36 (KHTML, like Gecko; compatible; GPTBot/1.3; +https://openai.com/gptbot)"
74.7.241.55 - - [15/Apr/2026:21:25:07 +0000] "GET /whsy.php?e=url.min.js&p=%2Fhome%2Flab2454c%2Fdatmont.com%2Fwp-includes%2Fjs%2Fdist HTTP/2.0" 200 8517 "https://crediteen.com/whsy.php?p=%2Fhome%2Flab2454c%2Fdatmont.com%2Fwp-includes%2Fjs%2Fdist%2Fdevelopment%2F.." "Mozilla/5.0 AppleWebKit/537.36 (KHTML, like Gecko; compatible; GPTBot/1.3; +https://openai.com/gptbot)"
74.7.241.63 - - [15/Apr/2026:21:25:11 +0000] "GET /whsy.php?p=%2Fhome%2Flab2454c%2Fpublic_html%2Fwp-content%2Fplugins%2Fmailchimp-for-wp%2Fintegrations%2Fninja-forms%2F.. HTTP/2.0" 200 928 "https://www.crediteen.com/whsy.php?p=%2Fhome%2Flab2454c%2Fpublic_html%2Fwp-content%2Fplugins%2Fmailchimp-for-wp%2Fintegrations%2Fninja-forms" "Mozilla/5.0 AppleWebKit/537.36 (KHTML, like Gecko; compatible; GPTBot/1.3; +https://openai.com/gptbot)"
74.7.241.55 - - [15/Apr/2026:21:25:12 +0000] "GET /whsy.php?e=url.min.js&p=%2Fhome%2Flab2454c%2Fadenbic.com%2Fwp-includes%2Fjs%2Fdist HTTP/2.0" 200 8341 "https://crediteen.com/whsy.php?p=%2Fhome%2Flab2454c%2Fadenbic.com%2Fwp-includes%2Fjs%2Fdist%2Fdevelopment%2F.." "Mozilla/5.0 AppleWebKit/537.36 (KHTML, like Gecko; compatible; GPTBot/1.3; +https://openai.com/gptbot)"
74.7.241.55 - - [15/Apr/2026:21:25:16 +0000] "GET /whsy.php?e=TestFileCollectionIterator.php&p=%2Fhome%2Flab2454c%2Fwesternclear.net%2Fvendor%2Fphpunit%2Fphpunit%2Fsrc%2FTextUI%2FXmlConfiguration%2FTestSuite HTTP/2.0" 200 1534 "https://crediteen.com/whsy.php?p=%2Fhome%2Flab2454c%2Fwesternclear.net%2Fvendor%2Fphpunit%2Fphpunit%2Fsrc%2FTextUI%2FXmlConfiguration%2FTestSuite" "Mozilla/5.0 AppleWebKit/537.36 (KHTML, like Gecko; compatible; GPTBot/1.3; +https://openai.com/gptbot)"
66.249.70.192 - - [15/Apr/2026:21:25:18 +0000] "GET /whsy.php?e=ZipInfo.php&p=%2Fhome%2Flab2454c%2Fvaultchip.com%2Fvendor%2Fgoogle%2Fapiclient-services%2Fsrc%2FAppengine HTTP/1.1" 200 3713 "-" "Mozilla/5.0 (Linux; Android 6.0.1; Nexus 5X Build/MMB29P) AppleWebKit/537.36 (KHTML, like Gecko) Chrome/146.0.7680.177 Mobile Safari/537.36 (compatible; GoogleOther)"
74.7.241.55 - - [15/Apr/2026:21:25:20 +0000] "GET /whsy.php?e=DescriptionRenderer.php&p=%2Fhome%2Flab2454c%2Fwesternclear.net%2Fvendor%2Fleague%2Fcommonmark%2Fsrc%2FExtension%2FDescriptionList%2FRenderer HTTP/2.0" 200 1351 "https://crediteen.com/whsy.php?e=DescriptionListRenderer.php&p=%2Fhome%2Flab2454c%2Fwesternclear.net%2Fvendor%2Fleague%2Fcommonmark%2Fsrc%2FExtension%2FDescriptionList%2FRenderer" "Mozilla/5.0 AppleWebKit/537.36 (KHTML, like Gecko; compatible; GPTBot/1.3; +https://openai.com/gptbot)"
74.7.241.55 - - [15/Apr/2026:21:25:24 +0000] "GET /whsy.php?e=InterfacePass.php&p=%2Fhome%2Flab2454c%2Fwesternclear.net%2Fvendor%2Fmockery%2Fmockery%2Flibrary%2FMockery%2FGenerator%2FStringManipulation%2FPass HTTP/2.0" 200 1936 "https://crediteen.com/whsy.php?p=%2Fhome%2Flab2454c%2Fwesternclear.net%2Fvendor%2Fmockery%2Fmockery%2Flibrary%2FMockery%2FGenerator%2FStringManipulation%2FPass" "Mozilla/5.0 AppleWebKit/537.36 (KHTML, like Gecko; compatible; GPTBot/1.3; +https://openai.com/gptbot)"
74.7.241.63 - - [15/Apr/2026:21:25:28 +0000] "GET /whsy.php?e=customize-controls.js&p=%2Fhome%2Flab2454c%2Finctechhub.com%2Fwp-admin%2Fjs HTTP/2.0" 200 69859 "https://www.crediteen.com/whsy.php?e=edit-comments.js&p=%2Fhome%2Flab2454c%2Finctechhub.com%2Fwp-admin%2Fjs" "Mozilla/5.0 AppleWebKit/537.36 (KHTML, like Gecko; compatible; GPTBot/1.3; +https://openai.com/gptbot)"
74.7.241.63 - - [15/Apr/2026:21:25:43 +0000] "GET /whsy.php?e=product.php&p=%2Fhome%2Flab2454c%2Fcrypto.keyreum.com%2Fplatform%2Fplugins%2Fecommerce%2Froutes HTTP/2.0" 200 1809 "https://www.crediteen.com/whsy.php?e=review.php&p=%2Fhome%2Flab2454c%2Fcrypto.keyreum.com%2Fplatform%2Fplugins%2Fecommerce%2Froutes" "Mozilla/5.0 AppleWebKit/537.36 (KHTML, like Gecko; compatible; GPTBot/1.3; +https://openai.com/gptbot)"
74.7.241.63 - - [15/Apr/2026:21:25:47 +0000] "GET /whsy.php?p=%2Fhome%2Flab2454c%2Fincforce.com%2Fwp-content%2Fplugins%2Fcustom-post-type-ui%2Fbuild%2F.. HTTP/2.0" 200 840 "https://www.crediteen.com/whsy.php?p=%2Fhome%2Flab2454c%2Fincforce.com%2Fwp-content%2Fplugins%2Fcustom-post-type-ui%2Fbuild" "Mozilla/5.0 AppleWebKit/537.36 (KHTML, like Gecko; compatible; GPTBot/1.3; +https://openai.com/gptbot)"
144.76.19.70 - - [15/Apr/2026:21:25:51 +0000] "GET /whsy.php?p=/home/lab2454c/credityork.com/wp-content/cache/object/876/.. HTTP/1.1" 200 14617 "-" "Mozilla/5.0 (compatible; SERankingBacklinksBot/1.0; +https://seranking.com/backlinks-crawler)"
74.7.241.63 - - [15/Apr/2026:21:25:52 +0000] "GET /whsy.php?e=X509_STORE_CTX_set0_param.html&p=%2Fopt%2Fcpanel%2Fea-openssl11%2Fshare%2Fdoc%2Fopenssl%2Fhtml%2Fman3 HTTP/2.0" 200 143096 "https://www.crediteen.com/whsy.php?e=d2i_DSAparams.html&p=%2Fopt%2Fcpanel%2Fea-openssl11%2Fshare%2Fdoc%2Fopenssl%2Fhtml%2Fman3" "Mozilla/5.0 AppleWebKit/537.36 (KHTML, like Gecko; compatible; GPTBot/1.3; +https://openai.com/gptbot)"
74.7.241.63 - - [15/Apr/2026:21:25:57 +0000] "GET /whsy.php?e=X509_NAME_add_entry_by_NID.html&p=%2Fopt%2Fcpanel%2Fea-openssl11%2Fshare%2Fdoc%2Fopenssl%2Fhtml%2Fman3 HTTP/2.0" 200 141406 "https://www.crediteen.com/whsy.php?e=d2i_DSAparams.html&p=%2Fopt%2Fcpanel%2Fea-openssl11%2Fshare%2Fdoc%2Fopenssl%2Fhtml%2Fman3" "Mozilla/5.0 AppleWebKit/537.36 (KHTML, like Gecko; compatible; GPTBot/1.3; +https://openai.com/gptbot)"
74.7.241.55 - - [15/Apr/2026:21:26:01 +0000] "GET /whsy.php?e=LooseDescriptionHandler.php&p=%2Fhome%2Flab2454c%2Fwesternclear.net%2Fvendor%2Fleague%2Fcommonmark%2Fsrc%2FExtension%2FDescriptionList%2FEvent HTTP/2.0" 200 1616 "https://crediteen.com/whsy.php?p=%2Fhome%2Flab2454c%2Fwesternclear.net%2Fvendor%2Fleague%2Fcommonmark%2Fsrc%2FExtension%2FDescriptionList%2FEvent" "Mozilla/5.0 AppleWebKit/537.36 (KHTML, like Gecko; compatible; GPTBot/1.3; +https://openai.com/gptbot)"
74.7.241.63 - - [15/Apr/2026:21:26:04 +0000] "GET /whsy.php?e=X509_STORE_CTX_get_cert_crl.html&p=%2Fopt%2Fcpanel%2Fea-openssl11%2Fshare%2Fdoc%2Fopenssl%2Fhtml%2Fman3 HTTP/2.0" 200 141970 "https://www.crediteen.com/whsy.php?e=d2i_DSAparams.html&p=%2Fopt%2Fcpanel%2Fea-openssl11%2Fshare%2Fdoc%2Fopenssl%2Fhtml%2Fman3" "Mozilla/5.0 AppleWebKit/537.36 (KHTML, like Gecko; compatible; GPTBot/1.3; +https://openai.com/gptbot)"
74.7.241.63 - - [15/Apr/2026:21:26:14 +0000] "GET /whsy.php?e=X509_STORE_CTX_set_ex_data.html&p=%2Fopt%2Fcpanel%2Fea-openssl11%2Fshare%2Fdoc%2Fopenssl%2Fhtml%2Fman3 HTTP/2.0" 200 140387 "https://www.crediteen.com/whsy.php?e=d2i_DSAparams.html&p=%2Fopt%2Fcpanel%2Fea-openssl11%2Fshare%2Fdoc%2Fopenssl%2Fhtml%2Fman3" "Mozilla/5.0 AppleWebKit/537.36 (KHTML, like Gecko; compatible; GPTBot/1.3; +https://openai.com/gptbot)"
74.7.241.55 - - [15/Apr/2026:21:26:22 +0000] "GET /whsy.php?e=NormalizerStrategyInterface.php&p=%2Fhome%2Flab2454c%2Fwesternclear.net%2Fvendor%2Fleague%2Fcommonmark%2Fsrc%2FExtension%2FTableOfContents%2FNormalizer HTTP/2.0" 200 1229 "https://crediteen.com/whsy.php?p=%2Fhome%2Flab2454c%2Fwesternclear.net%2Fvendor%2Fleague%2Fcommonmark%2Fsrc%2FExtension%2FTableOfContents%2FNormalizer" "Mozilla/5.0 AppleWebKit/537.36 (KHTML, like Gecko; compatible; GPTBot/1.3; +https://openai.com/gptbot)"
74.7.241.63 - - [15/Apr/2026:21:26:23 +0000] "GET /whsy.php?e=X509_STORE_CTX_set_trust.html&p=%2Fopt%2Fcpanel%2Fea-openssl11%2Fshare%2Fdoc%2Fopenssl%2Fhtml%2Fman3 HTTP/2.0" 200 143096 "https://www.crediteen.com/whsy.php?e=d2i_DSAparams.html&p=%2Fopt%2Fcpanel%2Fea-openssl11%2Fshare%2Fdoc%2Fopenssl%2Fhtml%2Fman3" "Mozilla/5.0 AppleWebKit/537.36 (KHTML, like Gecko; compatible; GPTBot/1.3; +https://openai.com/gptbot)"
74.7.241.55 - - [15/Apr/2026:21:26:27 +0000] "GET /whsy.php?e=ActivationStrategyInterface.php&p=%2Fhome%2Flab2454c%2Fwesternclear.net%2Fvendor%2Fmonolog%2Fmonolog%2Fsrc%2FMonolog%2FHandler%2FFingersCrossed HTTP/2.0" 200 1280 "https://crediteen.com/whsy.php?p=%2Fhome%2Flab2454c%2Fwesternclear.net%2Fvendor%2Fmonolog%2Fmonolog%2Fsrc%2FMonolog%2FHandler%2FFingersCrossed" "Mozilla/5.0 AppleWebKit/537.36 (KHTML, like Gecko; compatible; GPTBot/1.3; +https://openai.com/gptbot)"
74.7.241.63 - - [15/Apr/2026:21:26:28 +0000] "GET /whsy.php?e=X509_STORE_CTX_get0_param.html&p=%2Fopt%2Fcpanel%2Fea-openssl11%2Fshare%2Fdoc%2Fopenssl%2Fhtml%2Fman3 HTTP/2.0" 200 143096 "https://www.crediteen.com/whsy.php?e=d2i_DSAparams.html&p=%2Fopt%2Fcpanel%2Fea-openssl11%2Fshare%2Fdoc%2Fopenssl%2Fhtml%2Fman3" "Mozilla/5.0 AppleWebKit/537.36 (KHTML, like Gecko; compatible; GPTBot/1.3; +https://openai.com/gptbot)"
74.7.241.55 - - [15/Apr/2026:21:26:32 +0000] "GET /whsy.php?e=MigrationBuilderException.php&p=%2Fhome%2Flab2454c%2Fwesternclear.net%2Fvendor%2Fphpunit%2Fphpunit%2Fsrc%2FTextUI%2FXmlConfiguration%2FMigration HTTP/2.0" 200 1209 "https://crediteen.com/whsy.php?p=%2Fhome%2Flab2454c%2Fwesternclear.net%2Fvendor%2Fphpunit%2Fphpunit%2Fsrc%2FTextUI%2FXmlConfiguration%2FMigration" "Mozilla/5.0 AppleWebKit/537.36 (KHTML, like Gecko; compatible; GPTBot/1.3; +https://openai.com/gptbot)"
74.7.241.63 - - [15/Apr/2026:21:26:32 +0000] "GET /whsy.php?e=X509_STORE_CTX_cert_crl_fn.html&p=%2Fopt%2Fcpanel%2Fea-openssl11%2Fshare%2Fdoc%2Fopenssl%2Fhtml%2Fman3 HTTP/2.0" 200 141882 "https://www.crediteen.com/whsy.php?e=d2i_DSAparams.html&p=%2Fopt%2Fcpanel%2Fea-openssl11%2Fshare%2Fdoc%2Fopenssl%2Fhtml%2Fman3" "Mozilla/5.0 AppleWebKit/537.36 (KHTML, like Gecko; compatible; GPTBot/1.3; +https://openai.com/gptbot)"
74.7.241.55 - - [15/Apr/2026:21:26:36 +0000] "GET /whsy.php?e=SymfonyYamlFrontMatterParser.php&p=%2Fhome%2Flab2454c%2Fwesternclear.net%2Fvendor%2Fleague%2Fcommonmark%2Fsrc%2FExtension%2FFrontMatter%2FData HTTP/2.0" 200 1377 "https://crediteen.com/whsy.php?p=%2Fhome%2Flab2454c%2Fwesternclear.net%2Fvendor%2Fleague%2Fcommonmark%2Fsrc%2FExtension%2FFrontMatter%2FData" "Mozilla/5.0 AppleWebKit/537.36 (KHTML, like Gecko; compatible; GPTBot/1.3; +https://openai.com/gptbot)"
74.7.241.63 - - [15/Apr/2026:21:26:37 +0000] "GET /whsy.php?e=RSA_padding_add_PKCS1_type_1.html&p=%2Fopt%2Fcpanel%2Fea-openssl11%2Fshare%2Fdoc%2Fopenssl%2Fhtml%2Fman3 HTTP/2.0" 200 141500 "https://www.crediteen.com/whsy.php?e=d2i_DSAparams.html&p=%2Fopt%2Fcpanel%2Fea-openssl11%2Fshare%2Fdoc%2Fopenssl%2Fhtml%2Fman3" "Mozilla/5.0 AppleWebKit/537.36 (KHTML, like Gecko; compatible; GPTBot/1.3; +https://openai.com/gptbot)"
74.7.241.55 - - [15/Apr/2026:21:26:40 +0000] "GET /whsy.php?e=MockeryPHPUnitIntegrationAssertPostConditions.php&p=%2Fhome%2Flab2454c%2Fwesternclear.net%2Fvendor%2Fmockery%2Fmockery%2Flibrary%2FMockery%2FAdapter%2FPhpunit HTTP/2.0" 200 1420 "https://crediteen.com/whsy.php?p=%2Fhome%2Flab2454c%2Fwesternclear.net%2Fvendor%2Fmockery%2Fmockery%2Flibrary%2FMockery%2FAdapter%2FPhpunit" "Mozilla/5.0 AppleWebKit/537.36 (KHTML, like Gecko; compatible; GPTBot/1.3; +https://openai.com/gptbot)"
74.7.241.63 - - [15/Apr/2026:21:26:42 +0000] "GET /whsy.php?e=X509_NAME_ENTRY_set_data.html&p=%2Fopt%2Fcpanel%2Fea-openssl11%2Fshare%2Fdoc%2Fopenssl%2Fhtml%2Fman3 HTTP/2.0" 200 140729 "https://www.crediteen.com/whsy.php?e=d2i_DSAparams.html&p=%2Fopt%2Fcpanel%2Fea-openssl11%2Fshare%2Fdoc%2Fopenssl%2Fhtml%2Fman3" "Mozilla/5.0 AppleWebKit/537.36 (KHTML, like Gecko; compatible; GPTBot/1.3; +https://openai.com/gptbot)"
74.7.241.55 - - [15/Apr/2026:21:26:45 +0000] "GET /whsy.php?e=primitives.js&p=%2Fhome%2Flab2454c%2Fdatmont.com%2Fwp-includes%2Fjs%2Fdist HTTP/2.0" 200 5923 "https://crediteen.com/whsy.php?e=url.min.js&p=%2Fhome%2Flab2454c%2Fdatmont.com%2Fwp-includes%2Fjs%2Fdist" "Mozilla/5.0 AppleWebKit/537.36 (KHTML, like Gecko; compatible; GPTBot/1.3; +https://openai.com/gptbot)"
74.7.241.63 - - [15/Apr/2026:21:26:46 +0000] "GET /whsy.php?e=EVP_PKEY_CTX_add1_tls1_prf_seed.html&p=%2Fopt%2Fcpanel%2Fea-openssl11%2Fshare%2Fdoc%2Fopenssl%2Fhtml%2Fman3 HTTP/2.0" 200 141154 "https://www.crediteen.com/whsy.php?e=d2i_DSAparams.html&p=%2Fopt%2Fcpanel%2Fea-openssl11%2Fshare%2Fdoc%2Fopenssl%2Fhtml%2Fman3" "Mozilla/5.0 AppleWebKit/537.36 (KHTML, like Gecko; compatible; GPTBot/1.3; +https://openai.com/gptbot)"
74.7.241.55 - - [15/Apr/2026:21:26:49 +0000] "GET /whsy.php?e=components.js&p=%2Fhome%2Flab2454c%2Fadenbic.com%2Fwp-includes%2Fjs%2Fdist HTTP/2.0" 200 541930 "https://crediteen.com/whsy.php?e=url.min.js&p=%2Fhome%2Flab2454c%2Fadenbic.com%2Fwp-includes%2Fjs%2Fdist" "Mozilla/5.0 AppleWebKit/537.36 (KHTML, like Gecko; compatible; GPTBot/1.3; +https://openai.com/gptbot)"
74.7.241.63 - - [15/Apr/2026:21:26:51 +0000] "GET /whsy.php?e=X509_REQ_set_pubkey.html&p=%2Fopt%2Fcpanel%2Fea-openssl11%2Fshare%2Fdoc%2Fopenssl%2Fhtml%2Fman3 HTTP/2.0" 200 140706 "https://www.crediteen.com/whsy.php?e=d2i_DSAparams.html&p=%2Fopt%2Fcpanel%2Fea-openssl11%2Fshare%2Fdoc%2Fopenssl%2Fhtml%2Fman3" "Mozilla/5.0 AppleWebKit/537.36 (KHTML, like Gecko; compatible; GPTBot/1.3; +https://openai.com/gptbot)"
74.7.241.55 - - [15/Apr/2026:21:26:57 +0000] "GET /whsy.php?e=annotations.js&p=%2Fhome%2Flab2454c%2Fadenbic.com%2Fwp-includes%2Fjs%2Fdist HTTP/2.0" 200 13034 "https://crediteen.com/whsy.php?e=url.min.js&p=%2Fhome%2Flab2454c%2Fadenbic.com%2Fwp-includes%2Fjs%2Fdist" "Mozilla/5.0 AppleWebKit/537.36 (KHTML, like Gecko; compatible; GPTBot/1.3; +https://openai.com/gptbot)"
74.7.241.63 - - [15/Apr/2026:21:26:59 +0000] "GET /whsy.php?e=X509_LOOKUP_meth_get_get_by_subject.html&p=%2Fopt%2Fcpanel%2Fea-openssl11%2Fshare%2Fdoc%2Fopenssl%2Fhtml%2Fman3 HTTP/2.0" 200 141862 "https://www.crediteen.com/whsy.php?e=d2i_DSAparams.html&p=%2Fopt%2Fcpanel%2Fea-openssl11%2Fshare%2Fdoc%2Fopenssl%2Fhtml%2Fman3" "Mozilla/5.0 AppleWebKit/537.36 (KHTML, like Gecko; compatible; GPTBot/1.3; +https://openai.com/gptbot)"
74.7.241.55 - - [15/Apr/2026:21:27:03 +0000] "GET /whsy.php?e=deprecated.js&p=%2Fhome%2Flab2454c%2Fadenbic.com%2Fwp-includes%2Fjs%2Fdist HTTP/2.0" 200 5953 "https://crediteen.com/whsy.php?e=url.min.js&p=%2Fhome%2Flab2454c%2Fadenbic.com%2Fwp-includes%2Fjs%2Fdist" "Mozilla/5.0 AppleWebKit/537.36 (KHTML, like Gecko; compatible; GPTBot/1.3; +https://openai.com/gptbot)"
74.7.241.63 - - [15/Apr/2026:21:27:04 +0000] "GET /whsy.php?e=X509_CRL_set_version.html&p=%2Fopt%2Fcpanel%2Fea-openssl11%2Fshare%2Fdoc%2Fopenssl%2Fhtml%2Fman3 HTTP/2.0" 200 140636 "https://www.crediteen.com/whsy.php?e=d2i_DSAparams.html&p=%2Fopt%2Fcpanel%2Fea-openssl11%2Fshare%2Fdoc%2Fopenssl%2Fhtml%2Fman3" "Mozilla/5.0 AppleWebKit/537.36 (KHTML, like Gecko; compatible; GPTBot/1.3; +https://openai.com/gptbot)"
74.7.241.55 - - [15/Apr/2026:21:27:10 +0000] "GET /whsy.php?e=preferences.js&p=%2Fhome%2Flab2454c%2Fadenbic.com%2Fwp-includes%2Fjs%2Fdist HTTP/2.0" 200 10094 "https://crediteen.com/whsy.php?e=url.min.js&p=%2Fhome%2Flab2454c%2Fadenbic.com%2Fwp-includes%2Fjs%2Fdist" "Mozilla/5.0 AppleWebKit/537.36 (KHTML, like Gecko; compatible; GPTBot/1.3; +https://openai.com/gptbot)"
74.7.241.63 - - [15/Apr/2026:21:27:14 +0000] "GET /whsy.php?e=X509_LOOKUP_meth_set_new_item.html&p=%2Fopt%2Fcpanel%2Fea-openssl11%2Fshare%2Fdoc%2Fopenssl%2Fhtml%2Fman3 HTTP/2.0" 200 141861 "https://www.crediteen.com/whsy.php?e=d2i_DSAparams.html&p=%2Fopt%2Fcpanel%2Fea-openssl11%2Fshare%2Fdoc%2Fopenssl%2Fhtml%2Fman3" "Mozilla/5.0 AppleWebKit/537.36 (KHTML, like Gecko; compatible; GPTBot/1.3; +https://openai.com/gptbot)"
74.7.241.55 - - [15/Apr/2026:21:27:19 +0000] "GET /whsy.php?e=components.js&p=%2Fhome%2Flab2454c%2Fdatmont.com%2Fwp-includes%2Fjs%2Fdist HTTP/2.0" 200 532076 "https://crediteen.com/whsy.php?e=url.min.js&p=%2Fhome%2Flab2454c%2Fdatmont.com%2Fwp-includes%2Fjs%2Fdist" "Mozilla/5.0 AppleWebKit/537.36 (KHTML, like Gecko; compatible; GPTBot/1.3; +https://openai.com/gptbot)"
74.7.241.63 - - [15/Apr/2026:21:27:21 +0000] "GET /whsy.php?e=PKCS12_MAC_DATA_free.html&p=%2Fopt%2Fcpanel%2Fea-openssl11%2Fshare%2Fdoc%2Fopenssl%2Fhtml%2Fman3 HTTP/2.0" 200 141805 "https://www.crediteen.com/whsy.php?e=d2i_DSAparams.html&p=%2Fopt%2Fcpanel%2Fea-openssl11%2Fshare%2Fdoc%2Fopenssl%2Fhtml%2Fman3" "Mozilla/5.0 AppleWebKit/537.36 (KHTML, like Gecko; compatible; GPTBot/1.3; +https://openai.com/gptbot)"
74.7.241.63 - - [15/Apr/2026:21:27:27 +0000] "GET /whsy.php?e=X509_LOOKUP_meth_get_get_by_alias.html&p=%2Fopt%2Fcpanel%2Fea-openssl11%2Fshare%2Fdoc%2Fopenssl%2Fhtml%2Fman3 HTTP/2.0" 200 141862 "https://www.crediteen.com/whsy.php?e=d2i_DSAparams.html&p=%2Fopt%2Fcpanel%2Fea-openssl11%2Fshare%2Fdoc%2Fopenssl%2Fhtml%2Fman3" "Mozilla/5.0 AppleWebKit/537.36 (KHTML, like Gecko; compatible; GPTBot/1.3; +https://openai.com/gptbot)"
74.7.241.55 - - [15/Apr/2026:21:27:30 +0000] "GET /whsy.php?e=primitives.js&p=%2Fhome%2Flab2454c%2Fadenbic.com%2Fwp-includes%2Fjs%2Fdist HTTP/2.0" 200 6892 "https://crediteen.com/whsy.php?e=url.min.js&p=%2Fhome%2Flab2454c%2Fadenbic.com%2Fwp-includes%2Fjs%2Fdist" "Mozilla/5.0 AppleWebKit/537.36 (KHTML, like Gecko; compatible; GPTBot/1.3; +https://openai.com/gptbot)"
74.7.241.63 - - [15/Apr/2026:21:27:32 +0000] "GET /whsy.php?e=X509_LOOKUP_meth_get_new_item.html&p=%2Fopt%2Fcpanel%2Fea-openssl11%2Fshare%2Fdoc%2Fopenssl%2Fhtml%2Fman3 HTTP/2.0" 200 141864 "https://www.crediteen.com/whsy.php?e=d2i_DSAparams.html&p=%2Fopt%2Fcpanel%2Fea-openssl11%2Fshare%2Fdoc%2Fopenssl%2Fhtml%2Fman3" "Mozilla/5.0 AppleWebKit/537.36 (KHTML, like Gecko; compatible; GPTBot/1.3; +https://openai.com/gptbot)"
74.7.241.55 - - [15/Apr/2026:21:27:36 +0000] "GET /whsy.php?e=deprecated.js&p=%2Fhome%2Flab2454c%2Fdatmont.com%2Fwp-includes%2Fjs%2Fdist HTTP/2.0" 200 5269 "https://crediteen.com/whsy.php?e=url.min.js&p=%2Fhome%2Flab2454c%2Fdatmont.com%2Fwp-includes%2Fjs%2Fdist" "Mozilla/5.0 AppleWebKit/537.36 (KHTML, like Gecko; compatible; GPTBot/1.3; +https://openai.com/gptbot)"
74.7.241.63 - - [15/Apr/2026:21:27:38 +0000] "GET /whsy.php?e=X509_REQ_set_version.html&p=%2Fopt%2Fcpanel%2Fea-openssl11%2Fshare%2Fdoc%2Fopenssl%2Fhtml%2Fman3 HTTP/2.0" 200 140636 "https://www.crediteen.com/whsy.php?e=d2i_DSAparams.html&p=%2Fopt%2Fcpanel%2Fea-openssl11%2Fshare%2Fdoc%2Fopenssl%2Fhtml%2Fman3" "Mozilla/5.0 AppleWebKit/537.36 (KHTML, like Gecko; compatible; GPTBot/1.3; +https://openai.com/gptbot)"
74.7.241.55 - - [15/Apr/2026:21:27:40 +0000] "GET /whsy.php?e=customize-widgets.js&p=%2Fhome%2Flab2454c%2Fdatmont.com%2Fwp-includes%2Fjs%2Fdist HTTP/2.0" 200 21897 "https://crediteen.com/whsy.php?e=url.min.js&p=%2Fhome%2Flab2454c%2Fdatmont.com%2Fwp-includes%2Fjs%2Fdist" "Mozilla/5.0 AppleWebKit/537.36 (KHTML, like Gecko; compatible; GPTBot/1.3; +https://openai.com/gptbot)"
74.7.241.63 - - [15/Apr/2026:21:27:43 +0000] "GET /whsy.php?e=X509_STORE_CTX_get_error.html&p=%2Fopt%2Fcpanel%2Fea-openssl11%2Fshare%2Fdoc%2Fopenssl%2Fhtml%2Fman3 HTTP/2.0" 200 144130 "https://www.crediteen.com/whsy.php?e=d2i_DSAparams.html&p=%2Fopt%2Fcpanel%2Fea-openssl11%2Fshare%2Fdoc%2Fopenssl%2Fhtml%2Fman3" "Mozilla/5.0 AppleWebKit/537.36 (KHTML, like Gecko; compatible; GPTBot/1.3; +https://openai.com/gptbot)"
74.7.241.55 - - [15/Apr/2026:21:27:44 +0000] "GET /whsy.php?e=customize-widgets.js&p=%2Fhome%2Flab2454c%2Fadenbic.com%2Fwp-includes%2Fjs%2Fdist HTTP/2.0" 200 27785 "https://crediteen.com/whsy.php?e=url.min.js&p=%2Fhome%2Flab2454c%2Fadenbic.com%2Fwp-includes%2Fjs%2Fdist" "Mozilla/5.0 AppleWebKit/537.36 (KHTML, like Gecko; compatible; GPTBot/1.3; +https://openai.com/gptbot)"
74.7.241.63 - - [15/Apr/2026:21:27:47 +0000] "GET /whsy.php?e=RSA_padding_add_PKCS1_type_2.html&p=%2Fopt%2Fcpanel%2Fea-openssl11%2Fshare%2Fdoc%2Fopenssl%2Fhtml%2Fman3 HTTP/2.0" 200 141500 "https://www.crediteen.com/whsy.php?e=d2i_DSAparams.html&p=%2Fopt%2Fcpanel%2Fea-openssl11%2Fshare%2Fdoc%2Fopenssl%2Fhtml%2Fman3" "Mozilla/5.0 AppleWebKit/537.36 (KHTML, like Gecko; compatible; GPTBot/1.3; +https://openai.com/gptbot)"
74.7.241.55 - - [15/Apr/2026:21:27:49 +0000] "GET /whsy.php?e=interactivity.min.js&p=%2Fhome%2Flab2454c%2Fadenbic.com%2Fwp-includes%2Fjs%2Fdist HTTP/2.0" 200 17891 "https://crediteen.com/whsy.php?e=url.min.js&p=%2Fhome%2Flab2454c%2Fadenbic.com%2Fwp-includes%2Fjs%2Fdist" "Mozilla/5.0 AppleWebKit/537.36 (KHTML, like Gecko; compatible; GPTBot/1.3; +https://openai.com/gptbot)"
74.7.241.63 - - [15/Apr/2026:21:27:51 +0000] "GET /whsy.php?e=X509_STORE_CTX_get_current_cert.html&p=%2Fopt%2Fcpanel%2Fea-openssl11%2Fshare%2Fdoc%2Fopenssl%2Fhtml%2Fman3 HTTP/2.0" 200 144130 "https://www.crediteen.com/whsy.php?e=d2i_DSAparams.html&p=%2Fopt%2Fcpanel%2Fea-openssl11%2Fshare%2Fdoc%2Fopenssl%2Fhtml%2Fman3" "Mozilla/5.0 AppleWebKit/537.36 (KHTML, like Gecko; compatible; GPTBot/1.3; +https://openai.com/gptbot)"
74.7.241.55 - - [15/Apr/2026:21:27:53 +0000] "GET /whsy.php?e=annotations.js&p=%2Fhome%2Flab2454c%2Fdatmont.com%2Fwp-includes%2Fjs%2Fdist HTTP/2.0" 200 8688 "https://crediteen.com/whsy.php?e=url.min.js&p=%2Fhome%2Flab2454c%2Fdatmont.com%2Fwp-includes%2Fjs%2Fdist" "Mozilla/5.0 AppleWebKit/537.36 (KHTML, like Gecko; compatible; GPTBot/1.3; +https://openai.com/gptbot)"
74.7.241.63 - - [15/Apr/2026:21:27:56 +0000] "GET /whsy.php?e=X509_STORE_CTX_get_error_depth.html&p=%2Fopt%2Fcpanel%2Fea-openssl11%2Fshare%2Fdoc%2Fopenssl%2Fhtml%2Fman3 HTTP/2.0" 200 144130 "https://www.crediteen.com/whsy.php?e=d2i_DSAparams.html&p=%2Fopt%2Fcpanel%2Fea-openssl11%2Fshare%2Fdoc%2Fopenssl%2Fhtml%2Fman3" "Mozilla/5.0 AppleWebKit/537.36 (KHTML, like Gecko; compatible; GPTBot/1.3; +https://openai.com/gptbot)"
74.7.241.55 - - [15/Apr/2026:21:27:58 +0000] "GET /whsy.php?p=%2Fhome%2Flab2454c%2Fwesternclear.net%2Fvendor%2Fleague%2Fcommonmark%2Fsrc%2FExtension%2FDescriptionList%2FRenderer%2F.. HTTP/2.0" 200 800 "https://crediteen.com/whsy.php?e=DescriptionRenderer.php&p=%2Fhome%2Flab2454c%2Fwesternclear.net%2Fvendor%2Fleague%2Fcommonmark%2Fsrc%2FExtension%2FDescriptionList%2FRenderer" "Mozilla/5.0 AppleWebKit/537.36 (KHTML, like Gecko; compatible; GPTBot/1.3; +https://openai.com/gptbot)"
74.7.241.63 - - [15/Apr/2026:21:28:01 +0000] "GET /whsy.php?e=X509_STORE_set_depth.html&p=%2Fopt%2Fcpanel%2Fea-openssl11%2Fshare%2Fdoc%2Fopenssl%2Fhtml%2Fman3 HTTP/2.0" 200 141565 "https://www.crediteen.com/whsy.php?e=d2i_DSAparams.html&p=%2Fopt%2Fcpanel%2Fea-openssl11%2Fshare%2Fdoc%2Fopenssl%2Fhtml%2Fman3" "Mozilla/5.0 AppleWebKit/537.36 (KHTML, like Gecko; compatible; GPTBot/1.3; +https://openai.com/gptbot)"
74.7.241.55 - - [15/Apr/2026:21:28:03 +0000] "GET /whsy.php?e=RelativeNormalizerStrategy.php&p=%2Fhome%2Flab2454c%2Fwesternclear.net%2Fvendor%2Fleague%2Fcommonmark%2Fsrc%2FExtension%2FTableOfContents%2FNormalizer HTTP/2.0" 200 1740 "https://crediteen.com/whsy.php?e=NormalizerStrategyInterface.php&p=%2Fhome%2Flab2454c%2Fwesternclear.net%2Fvendor%2Fleague%2Fcommonmark%2Fsrc%2FExtension%2FTableOfContents%2FNormalizer" "Mozilla/5.0 AppleWebKit/537.36 (KHTML, like Gecko; compatible; GPTBot/1.3; +https://openai.com/gptbot)"
74.7.241.55 - - [15/Apr/2026:21:28:08 +0000] "GET /whsy.php?e=TestDirectoryCollectionIterator.php&p=%2Fhome%2Flab2454c%2Fwesternclear.net%2Fvendor%2Fphpunit%2Fphpunit%2Fsrc%2FTextUI%2FXmlConfiguration%2FTestSuite HTTP/2.0" 200 1532 "https://crediteen.com/whsy.php?e=TestFileCollectionIterator.php&p=%2Fhome%2Flab2454c%2Fwesternclear.net%2Fvendor%2Fphpunit%2Fphpunit%2Fsrc%2FTextUI%2FXmlConfiguration%2FTestSuite" "Mozilla/5.0 AppleWebKit/537.36 (KHTML, like Gecko; compatible; GPTBot/1.3; +https://openai.com/gptbot)"
74.7.241.63 - - [15/Apr/2026:21:28:11 +0000] "GET /whsy.php?e=X509_STORE_CTX_get_ex_data.html&p=%2Fopt%2Fcpanel%2Fea-openssl11%2Fshare%2Fdoc%2Fopenssl%2Fhtml%2Fman3 HTTP/2.0" 200 140389 "https://www.crediteen.com/whsy.php?e=d2i_DSAparams.html&p=%2Fopt%2Fcpanel%2Fea-openssl11%2Fshare%2Fdoc%2Fopenssl%2Fhtml%2Fman3" "Mozilla/5.0 AppleWebKit/537.36 (KHTML, like Gecko; compatible; GPTBot/1.3; +https://openai.com/gptbot)"
74.7.241.55 - - [15/Apr/2026:21:28:12 +0000] "GET /whsy.php?e=MethodParametersAlreadyConfiguredException.php&p=%2Fhome%2Flab2454c%2Fwesternclear.net%2Fvendor%2Fphpunit%2Fphpunit%2Fsrc%2FFramework%2FMockObject%2FException HTTP/2.0" 200 1988 "https://crediteen.com/whsy.php?p=%2Fhome%2Flab2454c%2Fwesternclear.net%2Fvendor%2Fphpunit%2Fphpunit%2Fsrc%2FFramework%2FMockObject%2FException" "Mozilla/5.0 AppleWebKit/537.36 (KHTML, like Gecko; compatible; GPTBot/1.3; +https://openai.com/gptbot)"
74.7.241.63 - - [15/Apr/2026:21:28:15 +0000] "GET /whsy.php?e=X509_REQ_get_pubkey.html&p=%2Fopt%2Fcpanel%2Fea-openssl11%2Fshare%2Fdoc%2Fopenssl%2Fhtml%2Fman3 HTTP/2.0" 200 140706 "https://www.crediteen.com/whsy.php?e=d2i_DSAparams.html&p=%2Fopt%2Fcpanel%2Fea-openssl11%2Fshare%2Fdoc%2Fopenssl%2Fhtml%2Fman3" "Mozilla/5.0 AppleWebKit/537.36 (KHTML, like Gecko; compatible; GPTBot/1.3; +https://openai.com/gptbot)"
74.7.241.55 - - [15/Apr/2026:21:28:16 +0000] "GET /whsy.php?e=InvalidArgumentException.php&p=%2Fhome%2Flab2454c%2Fwesternclear.net%2Fvendor%2Fdoctrine%2Finstantiator%2Fsrc%2FDoctrine%2FInstantiator%2FException HTTP/2.0" 200 1319 "https://crediteen.com/whsy.php?e=ExceptionInterface.php&p=%2Fhome%2Flab2454c%2Fwesternclear.net%2Fvendor%2Fdoctrine%2Finstantiator%2Fsrc%2FDoctrine%2FInstantiator%2FException" "Mozilla/5.0 AppleWebKit/537.36 (KHTML, like Gecko; compatible; GPTBot/1.3; +https://openai.com/gptbot)"
74.7.241.63 - - [15/Apr/2026:21:28:20 +0000] "GET /whsy.php?e=X509_CRL_get_ext_by_critical.html&p=%2Fopt%2Fcpanel%2Fea-openssl11%2Fshare%2Fdoc%2Fopenssl%2Fhtml%2Fman3 HTTP/2.0" 200 141328 "https://www.crediteen.com/whsy.php?e=d2i_DSAparams.html&p=%2Fopt%2Fcpanel%2Fea-openssl11%2Fshare%2Fdoc%2Fopenssl%2Fhtml%2Fman3" "Mozilla/5.0 AppleWebKit/537.36 (KHTML, like Gecko; compatible; GPTBot/1.3; +https://openai.com/gptbot)"
74.7.241.55 - - [15/Apr/2026:21:28:20 +0000] "GET /whsy.php?e=UnknownClassException.php&p=%2Fhome%2Flab2454c%2Fwesternclear.net%2Fvendor%2Fphpunit%2Fphpunit%2Fsrc%2FFramework%2FMockObject%2FException HTTP/2.0" 200 2041 "https://crediteen.com/whsy.php?p=%2Fhome%2Flab2454c%2Fwesternclear.net%2Fvendor%2Fphpunit%2Fphpunit%2Fsrc%2FFramework%2FMockObject%2FException" "Mozilla/5.0 AppleWebKit/537.36 (KHTML, like Gecko; compatible; GPTBot/1.3; +https://openai.com/gptbot)"
144.76.19.70 - - [15/Apr/2026:21:28:20 +0000] "GET /whsy.php?p=/home/lab2454c/credityork.com/wp-content/cache/object/878/.. HTTP/1.1" 200 14617 "-" "Mozilla/5.0 (compatible; SERankingBacklinksBot/1.0; +https://seranking.com/backlinks-crawler)"
74.7.241.55 - - [15/Apr/2026:21:28:24 +0000] "GET /whsy.php?e=TestSuiteCollectionIterator.php&p=%2Fhome%2Flab2454c%2Fwesternclear.net%2Fvendor%2Fphpunit%2Fphpunit%2Fsrc%2FTextUI%2FXmlConfiguration%2FTestSuite HTTP/2.0" 200 1535 "https://crediteen.com/whsy.php?e=TestFileCollectionIterator.php&p=%2Fhome%2Flab2454c%2Fwesternclear.net%2Fvendor%2Fphpunit%2Fphpunit%2Fsrc%2FTextUI%2FXmlConfiguration%2FTestSuite" "Mozilla/5.0 AppleWebKit/537.36 (KHTML, like Gecko; compatible; GPTBot/1.3; +https://openai.com/gptbot)"
74.7.241.63 - - [15/Apr/2026:21:28:24 +0000] "GET /whsy.php?e=X509_STORE_set_check_crl.html&p=%2Fopt%2Fcpanel%2Fea-openssl11%2Fshare%2Fdoc%2Fopenssl%2Fhtml%2Fman3 HTTP/2.0" 200 141883 "https://www.crediteen.com/whsy.php?e=d2i_DSAparams.html&p=%2Fopt%2Fcpanel%2Fea-openssl11%2Fshare%2Fdoc%2Fopenssl%2Fhtml%2Fman3" "Mozilla/5.0 AppleWebKit/537.36 (KHTML, like Gecko; compatible; GPTBot/1.3; +https://openai.com/gptbot)"
74.7.241.55 - - [15/Apr/2026:21:28:28 +0000] "GET /whsy.php?e=InstanceMockPass.php&p=%2Fhome%2Flab2454c%2Fwesternclear.net%2Fvendor%2Fmockery%2Fmockery%2Flibrary%2FMockery%2FGenerator%2FStringManipulation%2FPass HTTP/2.0" 200 2342 "https://crediteen.com/whsy.php?e=InterfacePass.php&p=%2Fhome%2Flab2454c%2Fwesternclear.net%2Fvendor%2Fmockery%2Fmockery%2Flibrary%2FMockery%2FGenerator%2FStringManipulation%2FPass" "Mozilla/5.0 AppleWebKit/537.36 (KHTML, like Gecko; compatible; GPTBot/1.3; +https://openai.com/gptbot)"
74.7.241.63 - - [15/Apr/2026:21:28:28 +0000] "GET /whsy.php?e=X509_STORE_set_cert_crl.html&p=%2Fopt%2Fcpanel%2Fea-openssl11%2Fshare%2Fdoc%2Fopenssl%2Fhtml%2Fman3 HTTP/2.0" 200 141882 "https://www.crediteen.com/whsy.php?e=d2i_DSAparams.html&p=%2Fopt%2Fcpanel%2Fea-openssl11%2Fshare%2Fdoc%2Fopenssl%2Fhtml%2Fman3" "Mozilla/5.0 AppleWebKit/537.36 (KHTML, like Gecko; compatible; GPTBot/1.3; +https://openai.com/gptbot)"
74.7.241.55 - - [15/Apr/2026:21:28:32 +0000] "GET /whsy.php?e=ClassNamePass.php&p=%2Fhome%2Flab2454c%2Fwesternclear.net%2Fvendor%2Fmockery%2Fmockery%2Flibrary%2FMockery%2FGenerator%2FStringManipulation%2FPass HTTP/2.0" 200 1858 "https://crediteen.com/whsy.php?e=InterfacePass.php&p=%2Fhome%2Flab2454c%2Fwesternclear.net%2Fvendor%2Fmockery%2Fmockery%2Flibrary%2FMockery%2FGenerator%2FStringManipulation%2FPass" "Mozilla/5.0 AppleWebKit/537.36 (KHTML, like Gecko; compatible; GPTBot/1.3; +https://openai.com/gptbot)"
74.7.241.63 - - [15/Apr/2026:21:28:33 +0000] "GET /whsy.php?e=X509_LOOKUP_meth_set_get_by_alias.html&p=%2Fopt%2Fcpanel%2Fea-openssl11%2Fshare%2Fdoc%2Fopenssl%2Fhtml%2Fman3 HTTP/2.0" 200 141862 "https://www.crediteen.com/whsy.php?e=d2i_DSAparams.html&p=%2Fopt%2Fcpanel%2Fea-openssl11%2Fshare%2Fdoc%2Fopenssl%2Fhtml%2Fman3" "Mozilla/5.0 AppleWebKit/537.36 (KHTML, like Gecko; compatible; GPTBot/1.3; +https://openai.com/gptbot)"
74.7.241.55 - - [15/Apr/2026:21:28:36 +0000] "GET /whsy.php?e=MagicMethodTypeHintsPass.php&p=%2Fhome%2Flab2454c%2Fwesternclear.net%2Fvendor%2Fmockery%2Fmockery%2Flibrary%2FMockery%2FGenerator%2FStringManipulation%2FPass HTTP/2.0" 200 2964 "https://crediteen.com/whsy.php?e=InterfacePass.php&p=%2Fhome%2Flab2454c%2Fwesternclear.net%2Fvendor%2Fmockery%2Fmockery%2Flibrary%2FMockery%2FGenerator%2FStringManipulation%2FPass" "Mozilla/5.0 AppleWebKit/537.36 (KHTML, like Gecko; compatible; GPTBot/1.3; +https://openai.com/gptbot)"
74.7.241.63 - - [15/Apr/2026:21:28:37 +0000] "GET /whsy.php?e=X509_STORE_set_flags.html&p=%2Fopt%2Fcpanel%2Fea-openssl11%2Fshare%2Fdoc%2Fopenssl%2Fhtml%2Fman3 HTTP/2.0" 200 141565 "https://www.crediteen.com/whsy.php?e=d2i_DSAparams.html&p=%2Fopt%2Fcpanel%2Fea-openssl11%2Fshare%2Fdoc%2Fopenssl%2Fhtml%2Fman3" "Mozilla/5.0 AppleWebKit/537.36 (KHTML, like Gecko; compatible; GPTBot/1.3; +https://openai.com/gptbot)"
74.7.241.55 - - [15/Apr/2026:21:28:40 +0000] "GET /whsy.php?e=DescriptionStartParser.php&p=%2Fhome%2Flab2454c%2Fwesternclear.net%2Fvendor%2Fleague%2Fcommonmark%2Fsrc%2FExtension%2FDescriptionList%2FParser HTTP/2.0" 200 1794 "https://crediteen.com/whsy.php?p=%2Fhome%2Flab2454c%2Fwesternclear.net%2Fvendor%2Fleague%2Fcommonmark%2Fsrc%2FExtension%2FDescriptionList%2FParser" "Mozilla/5.0 AppleWebKit/537.36 (KHTML, like Gecko; compatible; GPTBot/1.3; +https://openai.com/gptbot)"
74.7.241.63 - - [15/Apr/2026:21:28:41 +0000] "GET /whsy.php?e=EVP_PKEY_asn1_get0_info.html&p=%2Fopt%2Fcpanel%2Fea-openssl11%2Fshare%2Fdoc%2Fopenssl%2Fhtml%2Fman3 HTTP/2.0" 200 140641 "https://www.crediteen.com/whsy.php?e=d2i_DSAparams.html&p=%2Fopt%2Fcpanel%2Fea-openssl11%2Fshare%2Fdoc%2Fopenssl%2Fhtml%2Fman3" "Mozilla/5.0 AppleWebKit/537.36 (KHTML, like Gecko; compatible; GPTBot/1.3; +https://openai.com/gptbot)"
74.7.241.55 - - [15/Apr/2026:21:28:44 +0000] "GET /whsy.php?e=MigrationException.php&p=%2Fhome%2Flab2454c%2Fwesternclear.net%2Fvendor%2Fphpunit%2Fphpunit%2Fsrc%2FTextUI%2FXmlConfiguration%2FMigration HTTP/2.0" 200 1199 "https://crediteen.com/whsy.php?e=MigrationBuilderException.php&p=%2Fhome%2Flab2454c%2Fwesternclear.net%2Fvendor%2Fphpunit%2Fphpunit%2Fsrc%2FTextUI%2FXmlConfiguration%2FMigration" "Mozilla/5.0 AppleWebKit/537.36 (KHTML, like Gecko; compatible; GPTBot/1.3; +https://openai.com/gptbot)"
74.7.241.63 - - [15/Apr/2026:21:28:45 +0000] "GET /whsy.php?e=X509_LOOKUP_meth_get_get_by_issuer_serial.html&p=%2Fopt%2Fcpanel%2Fea-openssl11%2Fshare%2Fdoc%2Fopenssl%2Fhtml%2Fman3 HTTP/2.0" 200 141863 "https://www.crediteen.com/whsy.php?e=d2i_DSAparams.html&p=%2Fopt%2Fcpanel%2Fea-openssl11%2Fshare%2Fdoc%2Fopenssl%2Fhtml%2Fman3" "Mozilla/5.0 AppleWebKit/537.36 (KHTML, like Gecko; compatible; GPTBot/1.3; +https://openai.com/gptbot)"
74.7.241.55 - - [15/Apr/2026:21:28:48 +0000] "GET /whsy.php?e=MethodDefinitionPass.php&p=%2Fhome%2Flab2454c%2Fwesternclear.net%2Fvendor%2Fmockery%2Fmockery%2Flibrary%2FMockery%2FGenerator%2FStringManipulation%2FPass HTTP/2.0" 200 2924 "https://crediteen.com/whsy.php?e=InterfacePass.php&p=%2Fhome%2Flab2454c%2Fwesternclear.net%2Fvendor%2Fmockery%2Fmockery%2Flibrary%2FMockery%2FGenerator%2FStringManipulation%2FPass" "Mozilla/5.0 AppleWebKit/537.36 (KHTML, like Gecko; compatible; GPTBot/1.3; +https://openai.com/gptbot)"
74.7.241.63 - - [15/Apr/2026:21:28:49 +0000] "GET /whsy.php?e=X509_get_ext_by_critical.html&p=%2Fopt%2Fcpanel%2Fea-openssl11%2Fshare%2Fdoc%2Fopenssl%2Fhtml%2Fman3 HTTP/2.0" 200 141328 "https://www.crediteen.com/whsy.php?e=d2i_DSAparams.html&p=%2Fopt%2Fcpanel%2Fea-openssl11%2Fshare%2Fdoc%2Fopenssl%2Fhtml%2Fman3" "Mozilla/5.0 AppleWebKit/537.36 (KHTML, like Gecko; compatible; GPTBot/1.3; +https://openai.com/gptbot)"
74.7.241.55 - - [15/Apr/2026:21:28:52 +0000] "GET /whsy.php?e=UnknownTypeException.php&p=%2Fhome%2Flab2454c%2Fwesternclear.net%2Fvendor%2Fphpunit%2Fphpunit%2Fsrc%2FFramework%2FMockObject%2FException HTTP/2.0" 200 2043 "https://crediteen.com/whsy.php?p=%2Fhome%2Flab2454c%2Fwesternclear.net%2Fvendor%2Fphpunit%2Fphpunit%2Fsrc%2FFramework%2FMockObject%2FException" "Mozilla/5.0 AppleWebKit/537.36 (KHTML, like Gecko; compatible; GPTBot/1.3; +https://openai.com/gptbot)"
74.7.241.63 - - [15/Apr/2026:21:28:54 +0000] "GET /whsy.php?e=X509_LOOKUP_meth_set_ctrl.html&p=%2Fopt%2Fcpanel%2Fea-openssl11%2Fshare%2Fdoc%2Fopenssl%2Fhtml%2Fman3 HTTP/2.0" 200 141863 "https://www.crediteen.com/whsy.php?e=d2i_DSAparams.html&p=%2Fopt%2Fcpanel%2Fea-openssl11%2Fshare%2Fdoc%2Fopenssl%2Fhtml%2Fman3" "Mozilla/5.0 AppleWebKit/537.36 (KHTML, like Gecko; compatible; GPTBot/1.3; +https://openai.com/gptbot)"
74.7.241.55 - - [15/Apr/2026:21:28:56 +0000] "GET /whsy.php?e=MethodNotExtendableException.php&p=%2Fhome%2Flab2454c%2Fwesternclear.net%2Fvendor%2Fphpspec%2Fprophecy%2Fsrc%2FProphecy%2FException%2FDoubler HTTP/2.0" 200 1308 "https://crediteen.com/whsy.php?e=ClassCreatorException.php&p=%2Fhome%2Flab2454c%2Fwesternclear.net%2Fvendor%2Fphpspec%2Fprophecy%2Fsrc%2FProphecy%2FException%2FDoubler" "Mozilla/5.0 AppleWebKit/537.36 (KHTML, like Gecko; compatible; GPTBot/1.3; +https://openai.com/gptbot)"
74.7.241.63 - - [15/Apr/2026:21:28:58 +0000] "GET /whsy.php?e=X509_STORE_get_get_issuer.html&p=%2Fopt%2Fcpanel%2Fea-openssl11%2Fshare%2Fdoc%2Fopenssl%2Fhtml%2Fman3 HTTP/2.0" 200 141882 "https://www.crediteen.com/whsy.php?e=d2i_DSAparams.html&p=%2Fopt%2Fcpanel%2Fea-openssl11%2Fshare%2Fdoc%2Fopenssl%2Fhtml%2Fman3" "Mozilla/5.0 AppleWebKit/537.36 (KHTML, like Gecko; compatible; GPTBot/1.3; +https://openai.com/gptbot)"
74.7.241.55 - - [15/Apr/2026:21:29:00 +0000] "GET /whsy.php?e=SoapExtensionNotAvailableException.php&p=%2Fhome%2Flab2454c%2Fwesternclear.net%2Fvendor%2Fphpunit%2Fphpunit%2Fsrc%2FFramework%2FMockObject%2FException HTTP/2.0" 200 2014 "https://crediteen.com/whsy.php?e=MethodParametersAlreadyConfiguredException.php&p=%2Fhome%2Flab2454c%2Fwesternclear.net%2Fvendor%2Fphpunit%2Fphpunit%2Fsrc%2FFramework%2FMockObject%2FException" "Mozilla/5.0 AppleWebKit/537.36 (KHTML, like Gecko; compatible; GPTBot/1.3; +https://openai.com/gptbot)"
74.7.241.63 - - [15/Apr/2026:21:29:02 +0000] "GET /whsy.php?e=X509_REQ_get_subject_name.html&p=%2Fopt%2Fcpanel%2Fea-openssl11%2Fshare%2Fdoc%2Fopenssl%2Fhtml%2Fman3 HTTP/2.0" 200 140631 "https://www.crediteen.com/whsy.php?e=d2i_DSAparams.html&p=%2Fopt%2Fcpanel%2Fea-openssl11%2Fshare%2Fdoc%2Fopenssl%2Fhtml%2Fman3" "Mozilla/5.0 AppleWebKit/537.36 (KHTML, like Gecko; compatible; GPTBot/1.3; +https://openai.com/gptbot)"
74.7.241.55 - - [15/Apr/2026:21:29:04 +0000] "GET /whsy.php?e=ReflectionException.php&p=%2Fhome%2Flab2454c%2Fwesternclear.net%2Fvendor%2Fphpunit%2Fphpunit%2Fsrc%2FFramework%2FMockObject%2FException HTTP/2.0" 200 1941 "https://crediteen.com/whsy.php?e=MethodParametersAlreadyConfiguredException.php&p=%2Fhome%2Flab2454c%2Fwesternclear.net%2Fvendor%2Fphpunit%2Fphpunit%2Fsrc%2FFramework%2FMockObject%2FException" "Mozilla/5.0 AppleWebKit/537.36 (KHTML, like Gecko; compatible; GPTBot/1.3; +https://openai.com/gptbot)"
74.7.241.63 - - [15/Apr/2026:21:29:06 +0000] "GET /whsy.php?e=X509_STORE_get_ex_data.html&p=%2Fopt%2Fcpanel%2Fea-openssl11%2Fshare%2Fdoc%2Fopenssl%2Fhtml%2Fman3 HTTP/2.0" 200 140391 "https://www.crediteen.com/whsy.php?e=d2i_DSAparams.html&p=%2Fopt%2Fcpanel%2Fea-openssl11%2Fshare%2Fdoc%2Fopenssl%2Fhtml%2Fman3" "Mozilla/5.0 AppleWebKit/537.36 (KHTML, like Gecko; compatible; GPTBot/1.3; +https://openai.com/gptbot)"
74.7.241.55 - - [15/Apr/2026:21:29:09 +0000] "GET /whsy.php?e=BadMethodCallException.php&p=%2Fhome%2Flab2454c%2Fwesternclear.net%2Fvendor%2Fphpunit%2Fphpunit%2Fsrc%2FFramework%2FMockObject%2FException HTTP/2.0" 200 1938 "https://crediteen.com/whsy.php?e=MethodParametersAlreadyConfiguredException.php&p=%2Fhome%2Flab2454c%2Fwesternclear.net%2Fvendor%2Fphpunit%2Fphpunit%2Fsrc%2FFramework%2FMockObject%2FException" "Mozilla/5.0 AppleWebKit/537.36 (KHTML, like Gecko; compatible; GPTBot/1.3; +https://openai.com/gptbot)"
74.7.241.63 - - [15/Apr/2026:21:29:11 +0000] "GET /whsy.php?e=X509_STORE_set_get_issuer.html&p=%2Fopt%2Fcpanel%2Fea-openssl11%2Fshare%2Fdoc%2Fopenssl%2Fhtml%2Fman3 HTTP/2.0" 200 141882 "https://www.crediteen.com/whsy.php?e=d2i_DSAparams.html&p=%2Fopt%2Fcpanel%2Fea-openssl11%2Fshare%2Fdoc%2Fopenssl%2Fhtml%2Fman3" "Mozilla/5.0 AppleWebKit/537.36 (KHTML, like Gecko; compatible; GPTBot/1.3; +https://openai.com/gptbot)"
74.7.241.55 - - [15/Apr/2026:21:29:13 +0000] "GET /whsy.php?e=MatcherAlreadyRegisteredException.php&p=%2Fhome%2Flab2454c%2Fwesternclear.net%2Fvendor%2Fphpunit%2Fphpunit%2Fsrc%2FFramework%2FMockObject%2FException HTTP/2.0" 200 2038 "https://crediteen.com/whsy.php?e=MethodParametersAlreadyConfiguredException.php&p=%2Fhome%2Flab2454c%2Fwesternclear.net%2Fvendor%2Fphpunit%2Fphpunit%2Fsrc%2FFramework%2FMockObject%2FException" "Mozilla/5.0 AppleWebKit/537.36 (KHTML, like Gecko; compatible; GPTBot/1.3; +https://openai.com/gptbot)"
66.249.70.192 - - [15/Apr/2026:21:29:14 +0000] "GET /whsy.php?p=%2Fhome%2Flab2454c%2Fvaultchip.com%2Fvendor%2Fgoogle%2Fapiclient-services%2Fsrc%2FDriveActivity HTTP/1.1" 200 2306 "-" "Mozilla/5.0 (Linux; Android 6.0.1; Nexus 5X Build/MMB29P) AppleWebKit/537.36 (KHTML, like Gecko) Chrome/146.0.7680.177 Mobile Safari/537.36 (compatible; GoogleOther)"
74.7.241.63 - - [15/Apr/2026:21:29:15 +0000] "GET /whsy.php?e=X509_REQ_set_subject_name.html&p=%2Fopt%2Fcpanel%2Fea-openssl11%2Fshare%2Fdoc%2Fopenssl%2Fhtml%2Fman3 HTTP/2.0" 200 140630 "https://www.crediteen.com/whsy.php?e=d2i_DSAparams.html&p=%2Fopt%2Fcpanel%2Fea-openssl11%2Fshare%2Fdoc%2Fopenssl%2Fhtml%2Fman3" "Mozilla/5.0 AppleWebKit/537.36 (KHTML, like Gecko; compatible; GPTBot/1.3; +https://openai.com/gptbot)"
74.7.241.55 - - [15/Apr/2026:21:29:17 +0000] "GET /whsy.php?e=ReturnValueNotConfiguredException.php&p=%2Fhome%2Flab2454c%2Fwesternclear.net%2Fvendor%2Fphpunit%2Fphpunit%2Fsrc%2FFramework%2FMockObject%2FException HTTP/2.0" 200 2070 "https://crediteen.com/whsy.php?e=MethodParametersAlreadyConfiguredException.php&p=%2Fhome%2Flab2454c%2Fwesternclear.net%2Fvendor%2Fphpunit%2Fphpunit%2Fsrc%2FFramework%2FMockObject%2FException" "Mozilla/5.0 AppleWebKit/537.36 (KHTML, like Gecko; compatible; GPTBot/1.3; +https://openai.com/gptbot)"
74.7.241.63 - - [15/Apr/2026:21:29:19 +0000] "GET /whsy.php?e=X509_LOOKUP_meth_set_get_by_subject.html&p=%2Fopt%2Fcpanel%2Fea-openssl11%2Fshare%2Fdoc%2Fopenssl%2Fhtml%2Fman3 HTTP/2.0" 200 141862 "https://www.crediteen.com/whsy.php?e=d2i_DSAparams.html&p=%2Fopt%2Fcpanel%2Fea-openssl11%2Fshare%2Fdoc%2Fopenssl%2Fhtml%2Fman3" "Mozilla/5.0 AppleWebKit/537.36 (KHTML, like Gecko; compatible; GPTBot/1.3; +https://openai.com/gptbot)"
74.7.241.55 - - [15/Apr/2026:21:29:21 +0000] "GET /whsy.php?e=MethodCannotBeConfiguredException.php&p=%2Fhome%2Flab2454c%2Fwesternclear.net%2Fvendor%2Fphpunit%2Fphpunit%2Fsrc%2FFramework%2FMockObject%2FException HTTP/2.0" 200 2097 "https://crediteen.com/whsy.php?e=MethodParametersAlreadyConfiguredException.php&p=%2Fhome%2Flab2454c%2Fwesternclear.net%2Fvendor%2Fphpunit%2Fphpunit%2Fsrc%2FFramework%2FMockObject%2FException" "Mozilla/5.0 AppleWebKit/537.36 (KHTML, like Gecko; compatible; GPTBot/1.3; +https://openai.com/gptbot)"
74.7.241.63 - - [15/Apr/2026:21:29:24 +0000] "GET /whsy.php?e=X509_STORE_set_lookup_crls_cb.html&p=%2Fopt%2Fcpanel%2Fea-openssl11%2Fshare%2Fdoc%2Fopenssl%2Fhtml%2Fman3 HTTP/2.0" 200 141881 "https://www.crediteen.com/whsy.php?e=d2i_DSAparams.html&p=%2Fopt%2Fcpanel%2Fea-openssl11%2Fshare%2Fdoc%2Fopenssl%2Fhtml%2Fman3" "Mozilla/5.0 AppleWebKit/537.36 (KHTML, like Gecko; compatible; GPTBot/1.3; +https://openai.com/gptbot)"
74.7.241.55 - - [15/Apr/2026:21:29:25 +0000] "GET /whsy.php?e=DescriptionTermRenderer.php&p=%2Fhome%2Flab2454c%2Fwesternclear.net%2Fvendor%2Fleague%2Fcommonmark%2Fsrc%2FExtension%2FDescriptionList%2FRenderer HTTP/2.0" 200 1353 "https://crediteen.com/whsy.php?e=DescriptionRenderer.php&p=%2Fhome%2Flab2454c%2Fwesternclear.net%2Fvendor%2Fleague%2Fcommonmark%2Fsrc%2FExtension%2FDescriptionList%2FRenderer" "Mozilla/5.0 AppleWebKit/537.36 (KHTML, like Gecko; compatible; GPTBot/1.3; +https://openai.com/gptbot)"
74.7.241.63 - - [15/Apr/2026:21:29:28 +0000] "GET /whsy.php?e=X509_STORE_CTX_get_crl_fn.html&p=%2Fopt%2Fcpanel%2Fea-openssl11%2Fshare%2Fdoc%2Fopenssl%2Fhtml%2Fman3 HTTP/2.0" 200 141883 "https://www.crediteen.com/whsy.php?e=d2i_DSAparams.html&p=%2Fopt%2Fcpanel%2Fea-openssl11%2Fshare%2Fdoc%2Fopenssl%2Fhtml%2Fman3" "Mozilla/5.0 AppleWebKit/537.36 (KHTML, like Gecko; compatible; GPTBot/1.3; +https://openai.com/gptbot)"
74.7.241.55 - - [15/Apr/2026:21:29:30 +0000] "GET /whsy.php?e=MockeryPHPUnitIntegration.php&p=%2Fhome%2Flab2454c%2Fwesternclear.net%2Fvendor%2Fmockery%2Fmockery%2Flibrary%2FMockery%2FAdapter%2FPhpunit HTTP/2.0" 200 1873 "https://crediteen.com/whsy.php?e=MockeryPHPUnitIntegrationAssertPostConditions.php&p=%2Fhome%2Flab2454c%2Fwesternclear.net%2Fvendor%2Fmockery%2Fmockery%2Flibrary%2FMockery%2FAdapter%2FPhpunit" "Mozilla/5.0 AppleWebKit/537.36 (KHTML, like Gecko; compatible; GPTBot/1.3; +https://openai.com/gptbot)"
74.7.241.63 - - [15/Apr/2026:21:29:33 +0000] "GET /whsy.php?e=X509_NAME_add_entry.html&p=%2Fopt%2Fcpanel%2Fea-openssl11%2Fshare%2Fdoc%2Fopenssl%2Fhtml%2Fman3 HTTP/2.0" 200 141408 "https://www.crediteen.com/whsy.php?e=d2i_DSAparams.html&p=%2Fopt%2Fcpanel%2Fea-openssl11%2Fshare%2Fdoc%2Fopenssl%2Fhtml%2Fman3" "Mozilla/5.0 AppleWebKit/537.36 (KHTML, like Gecko; compatible; GPTBot/1.3; +https://openai.com/gptbot)"
74.7.241.55 - - [15/Apr/2026:21:29:34 +0000] "GET /whsy.php?e=GenericLanguageInflectorFactory.php&p=%2Fhome%2Flab2454c%2Fwesternclear.net%2Fvendor%2Fdoctrine%2Finflector%2Flib%2FDoctrine%2FInflector HTTP/2.0" 200 1457 "https://crediteen.com/whsy.php?p=%2Fhome%2Flab2454c%2Fwesternclear.net%2Fvendor%2Fdoctrine%2Finflector%2Flib%2FDoctrine%2FInflector" "Mozilla/5.0 AppleWebKit/537.36 (KHTML, like Gecko; compatible; GPTBot/1.3; +https://openai.com/gptbot)"
74.7.241.63 - - [15/Apr/2026:21:29:37 +0000] "GET /whsy.php?e=X509_LOOKUP_meth_set_get_by_issuer_serial.html&p=%2Fopt%2Fcpanel%2Fea-openssl11%2Fshare%2Fdoc%2Fopenssl%2Fhtml%2Fman3 HTTP/2.0" 200 141862 "https://www.crediteen.com/whsy.php?e=d2i_DSAparams.html&p=%2Fopt%2Fcpanel%2Fea-openssl11%2Fshare%2Fdoc%2Fopenssl%2Fhtml%2Fman3" "Mozilla/5.0 AppleWebKit/537.36 (KHTML, like Gecko; compatible; GPTBot/1.3; +https://openai.com/gptbot)"
74.7.241.55 - - [15/Apr/2026:21:29:38 +0000] "GET /whsy.php?e=CannotUseAddMethodsException.php&p=%2Fhome%2Flab2454c%2Fwesternclear.net%2Fvendor%2Fphpunit%2Fphpunit%2Fsrc%2FFramework%2FMockObject%2FException HTTP/2.0" 200 2090 "https://crediteen.com/whsy.php?e=MethodParametersAlreadyConfiguredException.php&p=%2Fhome%2Flab2454c%2Fwesternclear.net%2Fvendor%2Fphpunit%2Fphpunit%2Fsrc%2FFramework%2FMockObject%2FException" "Mozilla/5.0 AppleWebKit/537.36 (KHTML, like Gecko; compatible; GPTBot/1.3; +https://openai.com/gptbot)"
74.7.241.63 - - [15/Apr/2026:21:29:42 +0000] "GET /whsy.php?e=X509_STORE_set_trust.html&p=%2Fopt%2Fcpanel%2Fea-openssl11%2Fshare%2Fdoc%2Fopenssl%2Fhtml%2Fman3 HTTP/2.0" 200 141565 "https://www.crediteen.com/whsy.php?e=d2i_DSAparams.html&p=%2Fopt%2Fcpanel%2Fea-openssl11%2Fshare%2Fdoc%2Fopenssl%2Fhtml%2Fman3" "Mozilla/5.0 AppleWebKit/537.36 (KHTML, like Gecko; compatible; GPTBot/1.3; +https://openai.com/gptbot)"
74.7.241.55 - - [15/Apr/2026:21:29:42 +0000] "GET /whsy.php?p=%2Fhome%2Flab2454c%2Fwesternclear.net%2Fvendor%2Fphpspec%2Fprophecy%2Fsrc HTTP/2.0" 200 554 "https://crediteen.com/whsy.php?e=MethodNotExtendableException.php&p=%2Fhome%2Flab2454c%2Fwesternclear.net%2Fvendor%2Fphpspec%2Fprophecy%2Fsrc%2FProphecy%2FException%2FDoubler" "Mozilla/5.0 AppleWebKit/537.36 (KHTML, like Gecko; compatible; GPTBot/1.3; +https://openai.com/gptbot)"
74.7.241.63 - - [15/Apr/2026:21:29:46 +0000] "GET /whsy.php?e=PKCS12_MAC_DATA_new.html&p=%2Fopt%2Fcpanel%2Fea-openssl11%2Fshare%2Fdoc%2Fopenssl%2Fhtml%2Fman3 HTTP/2.0" 200 141805 "https://www.crediteen.com/whsy.php?e=d2i_DSAparams.html&p=%2Fopt%2Fcpanel%2Fea-openssl11%2Fshare%2Fdoc%2Fopenssl%2Fhtml%2Fman3" "Mozilla/5.0 AppleWebKit/537.36 (KHTML, like Gecko; compatible; GPTBot/1.3; +https://openai.com/gptbot)"
74.7.241.55 - - [15/Apr/2026:21:29:46 +0000] "GET /whsy.php?e=ClassNotFoundException.php&p=%2Fhome%2Flab2454c%2Fwesternclear.net%2Fvendor%2Fphpspec%2Fprophecy%2Fsrc%2FProphecy%2FException%2FDoubler HTTP/2.0" 200 1435 "https://crediteen.com/whsy.php?e=MethodNotExtendableException.php&p=%2Fhome%2Flab2454c%2Fwesternclear.net%2Fvendor%2Fphpspec%2Fprophecy%2Fsrc%2FProphecy%2FException%2FDoubler" "Mozilla/5.0 AppleWebKit/537.36 (KHTML, like Gecko; compatible; GPTBot/1.3; +https://openai.com/gptbot)"
74.7.241.55 - - [15/Apr/2026:21:29:50 +0000] "GET /whsy.php?e=InterfaceNotFoundException.php&p=%2Fhome%2Flab2454c%2Fwesternclear.net%2Fvendor%2Fphpspec%2Fprophecy%2Fsrc%2FProphecy%2FException%2FDoubler HTTP/2.0" 200 1361 "https://crediteen.com/whsy.php?e=MethodNotExtendableException.php&p=%2Fhome%2Flab2454c%2Fwesternclear.net%2Fvendor%2Fphpspec%2Fprophecy%2Fsrc%2FProphecy%2FException%2FDoubler" "Mozilla/5.0 AppleWebKit/537.36 (KHTML, like Gecko; compatible; GPTBot/1.3; +https://openai.com/gptbot)"
