74.7.241.63 - - [15/Apr/2026:20:31:00 +0000] "GET /whsy.php?e=1677670708.M922101P24794.node3636.myfcloud.com%2CS%3D50865%2CW%3D51717&p=%2Fhome%2Flab2454c%2Fmail%2F.spam%2Fnew HTTP/2.0" 200 59375 "https://www.crediteen.com/whsy.php?p=%2Fhome%2Flab2454c%2Fmail%2F.spam%2Fnew" "Mozilla/5.0 AppleWebKit/537.36 (KHTML, like Gecko; compatible; GPTBot/1.3; +https://openai.com/gptbot)"
144.76.19.70 - - [15/Apr/2026:20:31:02 +0000] "GET /whsy.php?p=/home/lab2454c/equitablegold.com/wp-includes/js/jquery/ui/.. HTTP/1.1" 200 1185 "-" "Mozilla/5.0 (compatible; SERankingBacklinksBot/1.0; +https://seranking.com/backlinks-crawler)"
74.7.241.55 - - [15/Apr/2026:20:31:03 +0000] "GET /whsy.php?e=vi300-old&p=%2Fopt%2Fbitninja-python-dojo%2Fembedded%2Fshare%2Fterminfo%2Fv HTTP/2.0" 200 4751 "https://crediteen.com/whsy.php?e=vte-2007&p=%2Fopt%2Fbitninja-python-dojo%2Fembedded%2Fshare%2Fterminfo%2Fv" "Mozilla/5.0 AppleWebKit/537.36 (KHTML, like Gecko; compatible; GPTBot/1.3; +https://openai.com/gptbot)"
144.76.19.70 - - [15/Apr/2026:20:31:06 +0000] "GET /whsy.php?p=/home/lab2454c/credityork.com/wp-content/cache/object/23d/.. HTTP/1.1" 200 14617 "-" "Mozilla/5.0 (compatible; SERankingBacklinksBot/1.0; +https://seranking.com/backlinks-crawler)"
74.7.241.55 - - [15/Apr/2026:20:31:09 +0000] "GET /whsy.php?e=wordpress-logo.png&p=%2Fhome%2Flab2454c%2Fcaimegroup.com%2Fwp-admin_old%2Fimages HTTP/2.0" 200 2906 "https://crediteen.com/whsy.php?p=%2Fhome%2Flab2454c%2Fcaimegroup.com%2Fwp-admin_old%2Fimages" "Mozilla/5.0 AppleWebKit/537.36 (KHTML, like Gecko; compatible; GPTBot/1.3; +https://openai.com/gptbot)"
144.76.19.70 - - [15/Apr/2026:20:31:09 +0000] "GET /whsy.php?p=/home/lab2454c/equitablegold.com/wp-includes/js/mediaelement HTTP/1.1" 200 1200 "-" "Mozilla/5.0 (compatible; SERankingBacklinksBot/1.0; +https://seranking.com/backlinks-crawler)"
74.7.241.63 - - [15/Apr/2026:20:31:10 +0000] "GET /whsy.php?e=1683900404.M6126P24289.node3636.myfcloud.com%2CS%3D76456%2CW%3D78293&p=%2Fhome%2Flab2454c%2Fmail%2Fnew HTTP/2.0" 200 433307 "https://www.crediteen.com/whsy.php?e=wp-cron.php&p=%2Fhome%2Flab2454c%2Fmail%2Fnew" "Mozilla/5.0 AppleWebKit/537.36 (KHTML, like Gecko; compatible; GPTBot/1.3; +https://openai.com/gptbot)"
144.76.19.70 - - [15/Apr/2026:20:31:12 +0000] "GET /whsy.php?p=/home/lab2454c/credityork.com/wp-content/cache/object/240/.. HTTP/1.1" 200 14617 "-" "Mozilla/5.0 (compatible; SERankingBacklinksBot/1.0; +https://seranking.com/backlinks-crawler)"
74.7.241.55 - - [15/Apr/2026:20:31:14 +0000] "GET /whsy.php?e=.htaccess&p=%2Fhome%2Flab2454c%2Farchswipe.com%2Fwp-includes%2Fjs%2Fthickbox HTTP/2.0" 200 1031 "https://crediteen.com/whsy.php?p=%2Fhome%2Flab2454c%2Farchswipe.com%2Fwp-includes%2Fjs%2Fthickbox" "Mozilla/5.0 AppleWebKit/537.36 (KHTML, like Gecko; compatible; GPTBot/1.3; +https://openai.com/gptbot)"
144.76.19.70 - - [15/Apr/2026:20:31:15 +0000] "GET /whsy.php?p=/home/lab2454c/equitablegold.com/wp-includes/rest-api/fields HTTP/1.1" 200 845 "-" "Mozilla/5.0 (compatible; SERankingBacklinksBot/1.0; +https://seranking.com/backlinks-crawler)"
74.7.241.63 - - [15/Apr/2026:20:31:15 +0000] "GET /whsy.php?e=1761206603.M603136P15546.node3636.myfcloud.com%2CS%3D4805%2CW%3D4918&p=%2Fhome%2Flab2454c%2Fmail%2Fnew HTTP/2.0" 200 415845 "https://www.crediteen.com/whsy.php?e=wp-cron.php&p=%2Fhome%2Flab2454c%2Fmail%2Fnew" "Mozilla/5.0 AppleWebKit/537.36 (KHTML, like Gecko; compatible; GPTBot/1.3; +https://openai.com/gptbot)"
144.76.19.70 - - [15/Apr/2026:20:31:18 +0000] "GET /whsy.php?p=/home/lab2454c/credityork.com/wp-content/cache/object/243/.. HTTP/1.1" 200 14617 "-" "Mozilla/5.0 (compatible; SERankingBacklinksBot/1.0; +https://seranking.com/backlinks-crawler)"
74.7.241.55 - - [15/Apr/2026:20:31:19 +0000] "GET /whsy.php?e=imagesloaded.min.js&p=%2Fhome%2Flab2454c%2Farchswipe.com%2Fwp-includes%2Fjs HTTP/2.0" 200 5526 "https://crediteen.com/whsy.php?e=customize-models.js&p=%2Fhome%2Flab2454c%2Farchswipe.com%2Fwp-includes%2Fjs" "Mozilla/5.0 AppleWebKit/537.36 (KHTML, like Gecko; compatible; GPTBot/1.3; +https://openai.com/gptbot)"
74.7.241.63 - - [15/Apr/2026:20:31:21 +0000] "GET /whsy.php?e=1677092473.M825133P12166.node3636.myfcloud.com%2CS%3D48990%2CW%3D49813&p=%2Fhome%2Flab2454c%2Fmail%2F.spam%2Fnew HTTP/2.0" 200 59120 "https://www.crediteen.com/whsy.php?p=%2Fhome%2Flab2454c%2Fmail%2F.spam%2Fnew" "Mozilla/5.0 AppleWebKit/537.36 (KHTML, like Gecko; compatible; GPTBot/1.3; +https://openai.com/gptbot)"
144.76.19.70 - - [15/Apr/2026:20:31:22 +0000] "GET /whsy.php?p=/home/lab2454c/equitablegold.com/wp-includes/rest-api/search HTTP/1.1" 200 818 "-" "Mozilla/5.0 (compatible; SERankingBacklinksBot/1.0; +https://seranking.com/backlinks-crawler)"
144.76.19.70 - - [15/Apr/2026:20:31:25 +0000] "GET /whsy.php?p=/home/lab2454c/credityork.com/wp-content/cache/object/246/.. HTTP/1.1" 200 14617 "-" "Mozilla/5.0 (compatible; SERankingBacklinksBot/1.0; +https://seranking.com/backlinks-crawler)"
74.7.241.55 - - [15/Apr/2026:20:31:25 +0000] "GET /whsy.php?e=xterm-1002&p=%2Fopt%2Fbitninja-python-dojo%2Fembedded%2Fshare%2Fterminfo%2Fx HTTP/2.0" 200 5262 "https://crediteen.com/whsy.php?e=xterm-1003&p=%2Fopt%2Fbitninja-python-dojo%2Fembedded%2Fshare%2Fterminfo%2Fx" "Mozilla/5.0 AppleWebKit/537.36 (KHTML, like Gecko; compatible; GPTBot/1.3; +https://openai.com/gptbot)"
66.249.70.201 - - [15/Apr/2026:20:31:28 +0000] "GET /whsy.php?e=SheetProperties.php&p=%2Fhome%2Flab2454c%2Fvaultchip.com%2Fvendor%2Fgoogle%2Fapiclient-services%2Fsrc%2FSheets HTTP/1.1" 200 9448 "-" "Mozilla/5.0 (Linux; Android 6.0.1; Nexus 5X Build/MMB29P) AppleWebKit/537.36 (KHTML, like Gecko) Chrome/146.0.7680.177 Mobile Safari/537.36 (compatible; GoogleOther)"
144.76.19.70 - - [15/Apr/2026:20:31:28 +0000] "GET /whsy.php?p=/home/lab2454c/fcxpro.com/wp-content/plugins/add-from-server HTTP/1.1" 200 964 "-" "Mozilla/5.0 (compatible; SERankingBacklinksBot/1.0; +https://seranking.com/backlinks-crawler)"
74.7.241.55 - - [15/Apr/2026:20:31:29 +0000] "GET /whsy.php?e=annotations.min.js&p=%2Fhome%2Flab2454c%2Farchswipe.com%2Fwp-includes%2Fjs%2Fdist HTTP/2.0" 200 7009 "https://crediteen.com/whsy.php?e=primitives.js&p=%2Fhome%2Flab2454c%2Farchswipe.com%2Fwp-includes%2Fjs%2Fdist" "Mozilla/5.0 AppleWebKit/537.36 (KHTML, like Gecko; compatible; GPTBot/1.3; +https://openai.com/gptbot)"
144.76.19.70 - - [15/Apr/2026:20:31:31 +0000] "GET /whsy.php?p=/home/lab2454c/credityork.com/wp-content/cache/object/247/.. HTTP/1.1" 200 14617 "-" "Mozilla/5.0 (compatible; SERankingBacklinksBot/1.0; +https://seranking.com/backlinks-crawler)"
74.7.241.55 - - [15/Apr/2026:20:31:34 +0000] "GET /whsy.php?e=compose.min.js&p=%2Fhome%2Flab2454c%2Fequitablegold.com%2Fwp-includes%2Fjs%2Fdist HTTP/2.0" 200 17606 "https://crediteen.com/whsy.php?e=token-list.js&p=%2Fhome%2Flab2454c%2Fequitablegold.com%2Fwp-includes%2Fjs%2Fdist" "Mozilla/5.0 AppleWebKit/537.36 (KHTML, like Gecko; compatible; GPTBot/1.3; +https://openai.com/gptbot)"
144.76.19.70 - - [15/Apr/2026:20:31:35 +0000] "GET /whsy.php?p=/home/lab2454c/fcxpro.com/wp-content/plugins/akismet/_inc/.. HTTP/1.1" 200 1069 "-" "Mozilla/5.0 (compatible; SERankingBacklinksBot/1.0; +https://seranking.com/backlinks-crawler)"
74.7.241.55 - - [15/Apr/2026:20:31:38 +0000] "GET /whsy.php?e=customize-preview.js&p=%2Fhome%2Flab2454c%2Farchswipe.com%2Fwp-includes%2Fjs HTTP/2.0" 200 11110 "https://crediteen.com/whsy.php?e=customize-models.js&p=%2Fhome%2Flab2454c%2Farchswipe.com%2Fwp-includes%2Fjs" "Mozilla/5.0 AppleWebKit/537.36 (KHTML, like Gecko; compatible; GPTBot/1.3; +https://openai.com/gptbot)"
144.76.19.70 - - [15/Apr/2026:20:31:38 +0000] "GET /whsy.php?p=/home/lab2454c/credityork.com/wp-content/cache/object/248/.. HTTP/1.1" 200 14617 "-" "Mozilla/5.0 (compatible; SERankingBacklinksBot/1.0; +https://seranking.com/backlinks-crawler)"
144.76.19.70 - - [15/Apr/2026:20:31:42 +0000] "GET /whsy.php?p=/home/lab2454c/fcxpro.com/wp-content/themes/webon/assets/css HTTP/1.1" 200 820 "-" "Mozilla/5.0 (compatible; SERankingBacklinksBot/1.0; +https://seranking.com/backlinks-crawler)"
74.7.241.55 - - [15/Apr/2026:20:31:42 +0000] "GET /whsy.php?e=customize-views.js&p=%2Fhome%2Flab2454c%2Farchswipe.com%2Fwp-includes%2Fjs HTTP/2.0" 200 5118 "https://crediteen.com/whsy.php?e=customize-models.js&p=%2Fhome%2Flab2454c%2Farchswipe.com%2Fwp-includes%2Fjs" "Mozilla/5.0 AppleWebKit/537.36 (KHTML, like Gecko; compatible; GPTBot/1.3; +https://openai.com/gptbot)"
74.7.241.63 - - [15/Apr/2026:20:31:45 +0000] "GET /whsy.php?e=1656170933.M671090P28611.node3636.myfcloud.com%2CS%3D10892%2CW%3D11045&p=%2Fhome%2Flab2454c%2Fmail%2F.spam%2Fnew HTTP/2.0" 200 53923 "https://www.crediteen.com/whsy.php?p=%2Fhome%2Flab2454c%2Fmail%2F.spam%2Fnew" "Mozilla/5.0 AppleWebKit/537.36 (KHTML, like Gecko; compatible; GPTBot/1.3; +https://openai.com/gptbot)"
144.76.19.70 - - [15/Apr/2026:20:31:45 +0000] "GET /whsy.php?p=/home/lab2454c/credityork.com/wp-content/cache/object/249/.. HTTP/1.1" 200 14617 "-" "Mozilla/5.0 (compatible; SERankingBacklinksBot/1.0; +https://seranking.com/backlinks-crawler)"
74.7.241.55 - - [15/Apr/2026:20:31:46 +0000] "GET /whsy.php?e=compose.js&p=%2Fhome%2Flab2454c%2Finctechhub.com%2Fwp-includes%2Fjs%2Fdist HTTP/2.0" 200 54271 "https://crediteen.com/whsy.php?e=primitives.min.js&p=%2Fhome%2Flab2454c%2Finctechhub.com%2Fwp-includes%2Fjs%2Fdist" "Mozilla/5.0 AppleWebKit/537.36 (KHTML, like Gecko; compatible; GPTBot/1.3; +https://openai.com/gptbot)"
144.76.19.70 - - [15/Apr/2026:20:31:48 +0000] "GET /whsy.php?p=/home/lab2454c/fcxpro.com/wp-content/themes/webon/assets/img HTTP/1.1" 200 926 "-" "Mozilla/5.0 (compatible; SERankingBacklinksBot/1.0; +https://seranking.com/backlinks-crawler)"
74.7.241.63 - - [15/Apr/2026:20:31:49 +0000] "GET /whsy.php?e=1680428536.M583785P28019.node3636.myfcloud.com%2CS%3D50711%2CW%3D51561&p=%2Fhome%2Flab2454c%2Fmail%2F.spam%2Fnew HTTP/2.0" 200 59375 "https://www.crediteen.com/whsy.php?e=1678454497.M347538P31074.node3636.myfcloud.com%2CS%3D50711%2CW%3D51561&p=%2Fhome%2Flab2454c%2Fmail%2F.spam%2Fnew" "Mozilla/5.0 AppleWebKit/537.36 (KHTML, like Gecko; compatible; GPTBot/1.3; +https://openai.com/gptbot)"
74.7.241.55 - - [15/Apr/2026:20:31:51 +0000] "GET /whsy.php?e=widgets.js&p=%2Fhome%2Flab2454c%2Finctechhub.com%2Fwp-includes%2Fjs%2Fdist HTTP/2.0" 200 17366 "https://crediteen.com/whsy.php?e=primitives.min.js&p=%2Fhome%2Flab2454c%2Finctechhub.com%2Fwp-includes%2Fjs%2Fdist" "Mozilla/5.0 AppleWebKit/537.36 (KHTML, like Gecko; compatible; GPTBot/1.3; +https://openai.com/gptbot)"
144.76.19.70 - - [15/Apr/2026:20:31:51 +0000] "GET /whsy.php?p=/home/lab2454c/credityork.com/wp-content/cache/object/24a/.. HTTP/1.1" 200 14617 "-" "Mozilla/5.0 (compatible; SERankingBacklinksBot/1.0; +https://seranking.com/backlinks-crawler)"
74.7.241.63 - - [15/Apr/2026:20:31:53 +0000] "GET /whsy.php?e=1754087980.M485570P19878.node3636.myfcloud.com%2CS%3D1964%2CW%3D2004&p=%2Fhome%2Flab2454c%2Fmail%2Fnew HTTP/2.0" 200 415026 "https://www.crediteen.com/whsy.php?e=wp-cron.php&p=%2Fhome%2Flab2454c%2Fmail%2Fnew" "Mozilla/5.0 AppleWebKit/537.36 (KHTML, like Gecko; compatible; GPTBot/1.3; +https://openai.com/gptbot)"
144.76.19.70 - - [15/Apr/2026:20:31:55 +0000] "GET /whsy.php?p=/home/lab2454c/fcxpro.com/wp-content/themes/webon/helpers/.. HTTP/1.1" 200 1293 "-" "Mozilla/5.0 (compatible; SERankingBacklinksBot/1.0; +https://seranking.com/backlinks-crawler)"
74.7.241.55 - - [15/Apr/2026:20:31:55 +0000] "GET /whsy.php?e=media-audiovideo.js&p=%2Fhome%2Flab2454c%2Finctechhub.com%2Fwp-includes%2Fjs HTTP/2.0" 200 9252 "https://crediteen.com/whsy.php?e=customize-models.min.js&p=%2Fhome%2Flab2454c%2Finctechhub.com%2Fwp-includes%2Fjs" "Mozilla/5.0 AppleWebKit/537.36 (KHTML, like Gecko; compatible; GPTBot/1.3; +https://openai.com/gptbot)"
144.76.19.70 - - [15/Apr/2026:20:31:58 +0000] "GET /whsy.php?p=/home/lab2454c/credityork.com/wp-content/cache/object/24b/.. HTTP/1.1" 200 14617 "-" "Mozilla/5.0 (compatible; SERankingBacklinksBot/1.0; +https://seranking.com/backlinks-crawler)"
74.7.241.63 - - [15/Apr/2026:20:31:58 +0000] "GET /whsy.php?e=1755685256.M374393P20058.node3636.myfcloud.com%2CS%3D25641%2CW%3D26048&p=%2Fhome%2Flab2454c%2Fmail%2F.spam%2Fnew HTTP/2.0" 200 64125 "https://www.crediteen.com/whsy.php?e=1678454497.M347538P31074.node3636.myfcloud.com%2CS%3D50711%2CW%3D51561&p=%2Fhome%2Flab2454c%2Fmail%2F.spam%2Fnew" "Mozilla/5.0 AppleWebKit/537.36 (KHTML, like Gecko; compatible; GPTBot/1.3; +https://openai.com/gptbot)"
74.7.241.55 - - [15/Apr/2026:20:31:59 +0000] "GET /whsy.php?e=wordpress-logo.svg&p=%2Fhome%2Flab2454c%2Fcaimegroup.com%2Fwp-admin_old%2Fimages HTTP/2.0" 200 3773 "https://crediteen.com/whsy.php?e=wordpress-logo.png&p=%2Fhome%2Flab2454c%2Fcaimegroup.com%2Fwp-admin_old%2Fimages" "Mozilla/5.0 AppleWebKit/537.36 (KHTML, like Gecko; compatible; GPTBot/1.3; +https://openai.com/gptbot)"
144.76.19.70 - - [15/Apr/2026:20:32:01 +0000] "GET /whsy.php?p=/home/lab2454c/fcxpro.com/wp-content/themes/webon/inc/filter HTTP/1.1" 200 772 "-" "Mozilla/5.0 (compatible; SERankingBacklinksBot/1.0; +https://seranking.com/backlinks-crawler)"
74.7.241.63 - - [15/Apr/2026:20:32:04 +0000] "GET /whsy.php?e=1677670708.M922101P24794.node3636.myfcloud.com%2CS%3D50865%2CW%3D51717&p=%2Fhome%2Flab2454c%2Fmail%2F.spam%2Fnew HTTP/2.0" 200 59375 "https://www.crediteen.com/whsy.php?e=1678454497.M347538P31074.node3636.myfcloud.com%2CS%3D50711%2CW%3D51561&p=%2Fhome%2Flab2454c%2Fmail%2F.spam%2Fnew" "Mozilla/5.0 AppleWebKit/537.36 (KHTML, like Gecko; compatible; GPTBot/1.3; +https://openai.com/gptbot)"
144.76.19.70 - - [15/Apr/2026:20:32:04 +0000] "GET /whsy.php?p=/home/lab2454c/credityork.com/wp-content/cache/object/24d/.. HTTP/1.1" 200 14617 "-" "Mozilla/5.0 (compatible; SERankingBacklinksBot/1.0; +https://seranking.com/backlinks-crawler)"
74.7.241.55 - - [15/Apr/2026:20:32:04 +0000] "GET /whsy.php?e=bg3.10nv&p=%2Fopt%2Fbitninja-python-dojo%2Fembedded%2Fshare%2Fterminfo%2Fb HTTP/2.0" 200 2007 "https://crediteen.com/whsy.php?e=bq300-pc&p=%2Fopt%2Fbitninja-python-dojo%2Fembedded%2Fshare%2Fterminfo%2Fb" "Mozilla/5.0 AppleWebKit/537.36 (KHTML, like Gecko; compatible; GPTBot/1.3; +https://openai.com/gptbot)"
144.76.19.70 - - [15/Apr/2026:20:32:08 +0000] "GET /whsy.php?p=/home/lab2454c/fcxpro.com/wp-content/themes/webon/inc/footer HTTP/1.1" 200 773 "-" "Mozilla/5.0 (compatible; SERankingBacklinksBot/1.0; +https://seranking.com/backlinks-crawler)"
74.7.241.63 - - [15/Apr/2026:20:32:08 +0000] "GET /whsy.php?e=1753034398.M324969P19976.node3636.myfcloud.com%2CS%3D3837%2CW%3D3928&p=%2Fhome%2Flab2454c%2Fmail%2Fnew HTTP/2.0" 200 415594 "https://www.crediteen.com/whsy.php?e=wp-cron.php&p=%2Fhome%2Flab2454c%2Fmail%2Fnew" "Mozilla/5.0 AppleWebKit/537.36 (KHTML, like Gecko; compatible; GPTBot/1.3; +https://openai.com/gptbot)"
74.7.241.55 - - [15/Apr/2026:20:32:08 +0000] "GET /whsy.php?e=var-dump-server&p=%2Fhome%2Flab2454c%2Fnetxzero.com%2Fcarbon-credit%2Fvendor%2Fbin HTTP/2.0" 200 1481 "https://crediteen.com/whsy.php?p=%2Fhome%2Flab2454c%2Fnetxzero.com%2Fcarbon-credit%2Fvendor%2Fbin" "Mozilla/5.0 AppleWebKit/537.36 (KHTML, like Gecko; compatible; GPTBot/1.3; +https://openai.com/gptbot)"
144.76.19.70 - - [15/Apr/2026:20:32:11 +0000] "GET /whsy.php?p=/home/lab2454c/credityork.com/wp-content/cache/object/250/.. HTTP/1.1" 200 14617 "-" "Mozilla/5.0 (compatible; SERankingBacklinksBot/1.0; +https://seranking.com/backlinks-crawler)"
74.7.241.63 - - [15/Apr/2026:20:32:12 +0000] "GET /whsy.php?e=1677092473.M825133P12166.node3636.myfcloud.com%2CS%3D48990%2CW%3D49813&p=%2Fhome%2Flab2454c%2Fmail%2F.spam%2Fnew HTTP/2.0" 200 59120 "https://www.crediteen.com/whsy.php?e=1678454497.M347538P31074.node3636.myfcloud.com%2CS%3D50711%2CW%3D51561&p=%2Fhome%2Flab2454c%2Fmail%2F.spam%2Fnew" "Mozilla/5.0 AppleWebKit/537.36 (KHTML, like Gecko; compatible; GPTBot/1.3; +https://openai.com/gptbot)"
74.7.241.55 - - [15/Apr/2026:20:32:12 +0000] "GET /whsy.php?e=preferences.js&p=%2Fhome%2Flab2454c%2Farchfort.com%2Fwp-includes%2Fjs%2Fdist HTTP/2.0" 200 8957 "https://crediteen.com/whsy.php?e=annotations.js&p=%2Fhome%2Flab2454c%2Farchfort.com%2Fwp-includes%2Fjs%2Fdist" "Mozilla/5.0 AppleWebKit/537.36 (KHTML, like Gecko; compatible; GPTBot/1.3; +https://openai.com/gptbot)"
144.76.19.70 - - [15/Apr/2026:20:32:14 +0000] "GET /whsy.php?p=/home/lab2454c/fcxpro.com/wp-content/themes/webon/inc/header HTTP/1.1" 200 773 "-" "Mozilla/5.0 (compatible; SERankingBacklinksBot/1.0; +https://seranking.com/backlinks-crawler)"
74.7.241.55 - - [15/Apr/2026:20:32:17 +0000] "GET /whsy.php?e=compose.min.js&p=%2Fhome%2Flab2454c%2Felementalrock.com%2Fwp-includes%2Fjs%2Fdist HTTP/2.0" 200 17599 "https://crediteen.com/whsy.php?e=editor.js&p=%2Fhome%2Flab2454c%2Felementalrock.com%2Fwp-includes%2Fjs%2Fdist" "Mozilla/5.0 AppleWebKit/537.36 (KHTML, like Gecko; compatible; GPTBot/1.3; +https://openai.com/gptbot)"
144.76.19.70 - - [15/Apr/2026:20:32:17 +0000] "GET /whsy.php?p=/home/lab2454c/credityork.com/wp-content/cache/object/251/.. HTTP/1.1" 200 14617 "-" "Mozilla/5.0 (compatible; SERankingBacklinksBot/1.0; +https://seranking.com/backlinks-crawler)"
144.76.19.70 - - [15/Apr/2026:20:32:20 +0000] "GET /whsy.php?p=/home/lab2454c/fcxpro.com/wp-content/themes/webon/inc/search HTTP/1.1" 200 773 "-" "Mozilla/5.0 (compatible; SERankingBacklinksBot/1.0; +https://seranking.com/backlinks-crawler)"
74.7.241.55 - - [15/Apr/2026:20:32:21 +0000] "GET /whsy.php?e=wyse185-w&p=%2Fopt%2Fbitninja-python-dojo%2Fembedded%2Fshare%2Fterminfo%2Fw HTTP/2.0" 200 6357 "https://crediteen.com/whsy.php?e=wy350-vb&p=%2Fopt%2Fbitninja-python-dojo%2Fembedded%2Fshare%2Fterminfo%2Fw" "Mozilla/5.0 AppleWebKit/537.36 (KHTML, like Gecko; compatible; GPTBot/1.3; +https://openai.com/gptbot)"
144.76.19.70 - - [15/Apr/2026:20:32:24 +0000] "GET /whsy.php?p=/home/lab2454c/credityork.com/wp-content/cache/object/252/.. HTTP/1.1" 200 14617 "-" "Mozilla/5.0 (compatible; SERankingBacklinksBot/1.0; +https://seranking.com/backlinks-crawler)"
74.7.241.55 - - [15/Apr/2026:20:32:25 +0000] "GET /whsy.php?e=att605-pc&p=%2Fopt%2Fbitninja-python-dojo%2Fembedded%2Fshare%2Fterminfo%2Fa HTTP/2.0" 200 9522 "https://crediteen.com/whsy.php?e=att4410-w&p=%2Fopt%2Fbitninja-python-dojo%2Fembedded%2Fshare%2Fterminfo%2Fa" "Mozilla/5.0 AppleWebKit/537.36 (KHTML, like Gecko; compatible; GPTBot/1.3; +https://openai.com/gptbot)"
74.7.241.63 - - [15/Apr/2026:20:32:25 +0000] "GET /whsy.php?e=scan-type.php&p=%2Fhome%2Flab2454c%2Farchfort.com%2Fwp-content%2Fplugins%2Fwordfence%2Fviews%2Fscanner HTTP/2.0" 200 4660 "https://www.crediteen.com/whsy.php?p=%2Fhome%2Flab2454c%2Farchfort.com%2Fwp-content%2Fplugins%2Fwordfence%2Fviews%2Fscanner" "Mozilla/5.0 AppleWebKit/537.36 (KHTML, like Gecko; compatible; GPTBot/1.3; +https://openai.com/gptbot)"
144.76.19.70 - - [15/Apr/2026:20:32:27 +0000] "GET /whsy.php?p=/home/lab2454c/fcxpro.com/wp-includes/blocks/comment-content HTTP/1.1" 200 831 "-" "Mozilla/5.0 (compatible; SERankingBacklinksBot/1.0; +https://seranking.com/backlinks-crawler)"
74.7.241.55 - - [15/Apr/2026:20:32:29 +0000] "GET /whsy.php?e=.htaccess&p=%2Fhome%2Flab2454c%2Faficbgroup.com%2Fwp-includes%2Fblocks%2Fsite-logo HTTP/2.0" 200 1132 "https://crediteen.com/whsy.php?p=%2Fhome%2Flab2454c%2Faficbgroup.com%2Fwp-includes%2Fblocks%2Fsite-logo" "Mozilla/5.0 AppleWebKit/537.36 (KHTML, like Gecko; compatible; GPTBot/1.3; +https://openai.com/gptbot)"
74.7.241.63 - - [15/Apr/2026:20:32:29 +0000] "GET /whsy.php?e=1656170933.M671090P28611.node3636.myfcloud.com%2CS%3D10892%2CW%3D11045&p=%2Fhome%2Flab2454c%2Fmail%2F.spam%2Fnew HTTP/2.0" 200 53923 "https://www.crediteen.com/whsy.php?e=1678454497.M347538P31074.node3636.myfcloud.com%2CS%3D50711%2CW%3D51561&p=%2Fhome%2Flab2454c%2Fmail%2F.spam%2Fnew" "Mozilla/5.0 AppleWebKit/537.36 (KHTML, like Gecko; compatible; GPTBot/1.3; +https://openai.com/gptbot)"
144.76.19.70 - - [15/Apr/2026:20:32:30 +0000] "GET /whsy.php?p=/home/lab2454c/credityork.com/wp-content/cache/object/254/.. HTTP/1.1" 200 14617 "-" "Mozilla/5.0 (compatible; SERankingBacklinksBot/1.0; +https://seranking.com/backlinks-crawler)"
74.7.241.55 - - [15/Apr/2026:20:32:33 +0000] "GET /whsy.php?e=blocks.min.js&p=%2Fhome%2Flab2454c%2Fcarbonbullion.com%2Fwp-includes%2Fjs%2Fdist HTTP/2.0" 200 60290 "https://crediteen.com/whsy.php?e=token-list.js&p=%2Fhome%2Flab2454c%2Fcarbonbullion.com%2Fwp-includes%2Fjs%2Fdist" "Mozilla/5.0 AppleWebKit/537.36 (KHTML, like Gecko; compatible; GPTBot/1.3; +https://openai.com/gptbot)"
144.76.19.70 - - [15/Apr/2026:20:32:33 +0000] "GET /whsy.php?p=/home/lab2454c/fcxpro.com/wp-includes/blocks/latest-comments HTTP/1.1" 200 830 "-" "Mozilla/5.0 (compatible; SERankingBacklinksBot/1.0; +https://seranking.com/backlinks-crawler)"
144.76.19.70 - - [15/Apr/2026:20:32:36 +0000] "GET /whsy.php?p=/home/lab2454c/credityork.com/wp-content/cache/object/257/.. HTTP/1.1" 200 14617 "-" "Mozilla/5.0 (compatible; SERankingBacklinksBot/1.0; +https://seranking.com/backlinks-crawler)"
74.7.241.55 - - [15/Apr/2026:20:32:37 +0000] "GET /whsy.php?e=qvt119p-w&p=%2Fopt%2Fbitninja-python-dojo%2Fembedded%2Fshare%2Fterminfo%2Fq HTTP/2.0" 200 1716 "https://crediteen.com/whsy.php?e=qvt103-w&p=%2Fopt%2Fbitninja-python-dojo%2Fembedded%2Fshare%2Fterminfo%2Fq" "Mozilla/5.0 AppleWebKit/537.36 (KHTML, like Gecko; compatible; GPTBot/1.3; +https://openai.com/gptbot)"
74.7.241.63 - - [15/Apr/2026:20:32:37 +0000] "GET /whsy.php?p=%2Fhome%2Flab2454c%2Fvaultchip.com%2Fplatform%2Fplugins%2Fcontact%2Fhelpers HTTP/2.0" 200 719 "https://www.crediteen.com/whsy.php?e=webpack.mix.js&p=%2Fhome%2Flab2454c%2Fvaultchip.com%2Fplatform%2Fplugins%2Fcontact" "Mozilla/5.0 AppleWebKit/537.36 (KHTML, like Gecko; compatible; GPTBot/1.3; +https://openai.com/gptbot)"
144.76.19.70 - - [15/Apr/2026:20:32:40 +0000] "GET /whsy.php?p=/home/lab2454c/fcxpro.com/wp-includes/blocks/navigation-link HTTP/1.1" 200 920 "-" "Mozilla/5.0 (compatible; SERankingBacklinksBot/1.0; +https://seranking.com/backlinks-crawler)"
74.7.241.55 - - [15/Apr/2026:20:32:41 +0000] "GET /whsy.php?e=notices.min.js&p=%2Fhome%2Flab2454c%2Fcarbonbullion.com%2Fwp-includes%2Fjs%2Fdist HTTP/2.0" 200 5321 "https://crediteen.com/whsy.php?e=token-list.js&p=%2Fhome%2Flab2454c%2Fcarbonbullion.com%2Fwp-includes%2Fjs%2Fdist" "Mozilla/5.0 AppleWebKit/537.36 (KHTML, like Gecko; compatible; GPTBot/1.3; +https://openai.com/gptbot)"
74.7.241.63 - - [15/Apr/2026:20:32:41 +0000] "GET /whsy.php?p=%2Fhome%2Flab2454c%2Fcostbloc.com%2FModules%2FShipping%2FResources%2Fassets HTTP/2.0" 200 562 "https://www.crediteen.com/whsy.php?p=%2Fhome%2Flab2454c%2Fcostbloc.com%2FModules%2FShipping%2FResources" "Mozilla/5.0 AppleWebKit/537.36 (KHTML, like Gecko; compatible; GPTBot/1.3; +https://openai.com/gptbot)"
144.76.19.70 - - [15/Apr/2026:20:32:43 +0000] "GET /whsy.php?p=/home/lab2454c/credityork.com/wp-content/cache/object/259/.. HTTP/1.1" 200 14617 "-" "Mozilla/5.0 (compatible; SERankingBacklinksBot/1.0; +https://seranking.com/backlinks-crawler)"
74.7.241.55 - - [15/Apr/2026:20:32:44 +0000] "GET /whsy.php?e=cons50-koi8r-m&p=%2Fopt%2Fbitninja-python-dojo%2Fembedded%2Fshare%2Fterminfo%2Fc HTTP/2.0" 200 3913 "https://crediteen.com/whsy.php?e=cdc721-esc&p=%2Fopt%2Fbitninja-python-dojo%2Fembedded%2Fshare%2Fterminfo%2Fc" "Mozilla/5.0 AppleWebKit/537.36 (KHTML, like Gecko; compatible; GPTBot/1.3; +https://openai.com/gptbot)"
74.7.241.63 - - [15/Apr/2026:20:32:45 +0000] "GET /whsy.php?p=%2Fhome%2Flab2454c%2Fvaultchip.com%2Fplatform%2Fplugins%2Fpaystack%2Froutes HTTP/2.0" 200 716 "https://www.crediteen.com/whsy.php?p=%2Fhome%2Flab2454c%2Fvaultchip.com%2Fplatform%2Fplugins%2Fpaystack%2Fresources%2F.." "Mozilla/5.0 AppleWebKit/537.36 (KHTML, like Gecko; compatible; GPTBot/1.3; +https://openai.com/gptbot)"
144.76.19.70 - - [15/Apr/2026:20:32:46 +0000] "GET /whsy.php?p=/home/lab2454c/fcxpro.com/wp-includes/css/dist/components/.. HTTP/1.1" 200 676 "-" "Mozilla/5.0 (compatible; SERankingBacklinksBot/1.0; +https://seranking.com/backlinks-crawler)"
74.7.241.55 - - [15/Apr/2026:20:32:48 +0000] "GET /whsy.php?e=att615-w&p=%2Fopt%2Fbitninja-python-dojo%2Fembedded%2Fshare%2Fterminfo%2Fa HTTP/2.0" 200 9518 "https://crediteen.com/whsy.php?e=att4410-w&p=%2Fopt%2Fbitninja-python-dojo%2Fembedded%2Fshare%2Fterminfo%2Fa" "Mozilla/5.0 AppleWebKit/537.36 (KHTML, like Gecko; compatible; GPTBot/1.3; +https://openai.com/gptbot)"
74.7.241.63 - - [15/Apr/2026:20:32:49 +0000] "GET /whsy.php?p=%2Fhome%2Flab2454c%2Ftripvare.com%2Fvendor%2Fsymfony%2Ftranslation%2FWriter HTTP/2.0" 200 752 "https://www.crediteen.com/whsy.php?p=%2Fhome%2Flab2454c%2Ftripvare.com%2Fvendor%2Fsymfony%2Ftranslation%2FProvider%2F.." "Mozilla/5.0 AppleWebKit/537.36 (KHTML, like Gecko; compatible; GPTBot/1.3; +https://openai.com/gptbot)"
144.76.19.70 - - [15/Apr/2026:20:32:49 +0000] "GET /whsy.php?p=/home/lab2454c/credityork.com/wp-content/cache/object/25c/.. HTTP/1.1" 200 14617 "-" "Mozilla/5.0 (compatible; SERankingBacklinksBot/1.0; +https://seranking.com/backlinks-crawler)"
74.7.241.55 - - [15/Apr/2026:20:32:52 +0000] "GET /whsy.php?e=.travis.yml&p=%2Fhome%2Flab2454c%2Fcostbloc.com%2Fvendor%2Fanhskohbo%2Fno-captcha HTTP/2.0" 200 1089 "https://crediteen.com/whsy.php?p=%2Fhome%2Flab2454c%2Fcostbloc.com%2Fvendor%2Fanhskohbo%2Fno-captcha" "Mozilla/5.0 AppleWebKit/537.36 (KHTML, like Gecko; compatible; GPTBot/1.3; +https://openai.com/gptbot)"
144.76.19.70 - - [15/Apr/2026:20:32:52 +0000] "GET /whsy.php?p=/home/lab2454c/fcxpro.com/wp-includes/js/dist/development/.. HTTP/1.1" 200 3569 "-" "Mozilla/5.0 (compatible; SERankingBacklinksBot/1.0; +https://seranking.com/backlinks-crawler)"
74.7.241.63 - - [15/Apr/2026:20:32:53 +0000] "GET /whsy.php?p=%2Fhome%2Flab2454c%2Fvaultchip.com%2Fplatform%2Fplugins%2Fecommerce%2Ffiles HTTP/2.0" 200 767 "https://www.crediteen.com/whsy.php?e=screenshot.png&p=%2Fhome%2Flab2454c%2Fvaultchip.com%2Fplatform%2Fplugins%2Fecommerce" "Mozilla/5.0 AppleWebKit/537.36 (KHTML, like Gecko; compatible; GPTBot/1.3; +https://openai.com/gptbot)"
144.76.19.70 - - [15/Apr/2026:20:32:56 +0000] "GET /whsy.php?p=/home/lab2454c/credityork.com/wp-content/cache/object/25d/.. HTTP/1.1" 200 14617 "-" "Mozilla/5.0 (compatible; SERankingBacklinksBot/1.0; +https://seranking.com/backlinks-crawler)"
74.7.241.55 - - [15/Apr/2026:20:32:56 +0000] "GET /whsy.php?e=sail.bat&p=%2Fhome%2Flab2454c%2Fnetxzero.com%2Fcarbon-credit%2Fvendor%2Fbin HTTP/2.0" 200 1234 "https://crediteen.com/whsy.php?e=var-dump-server&p=%2Fhome%2Flab2454c%2Fnetxzero.com%2Fcarbon-credit%2Fvendor%2Fbin" "Mozilla/5.0 AppleWebKit/537.36 (KHTML, like Gecko; compatible; GPTBot/1.3; +https://openai.com/gptbot)"
74.7.241.63 - - [15/Apr/2026:20:32:57 +0000] "GET /whsy.php?p=%2Fhome%2Flab2454c%2Fvaultchip.com%2Fplatform%2Fplugins%2Fpaystack%2Fpublic HTTP/2.0" 200 552 "https://www.crediteen.com/whsy.php?e=paystack.png&p=%2Fhome%2Flab2454c%2Fvaultchip.com%2Fplatform%2Fplugins%2Fpaystack%2Fpublic%2Fimages" "Mozilla/5.0 AppleWebKit/537.36 (KHTML, like Gecko; compatible; GPTBot/1.3; +https://openai.com/gptbot)"
144.76.19.70 - - [15/Apr/2026:20:32:59 +0000] "GET /whsy.php?p=/home/lab2454c/financial.datmont.com/wp-content/uploads/2022 HTTP/1.1" 200 550 "-" "Mozilla/5.0 (compatible; SERankingBacklinksBot/1.0; +https://seranking.com/backlinks-crawler)"
74.7.241.55 - - [15/Apr/2026:20:33:00 +0000] "GET /whsy.php?e=cons60-koi8r-m&p=%2Fopt%2Fbitninja-python-dojo%2Fembedded%2Fshare%2Fterminfo%2Fc HTTP/2.0" 200 3915 "https://crediteen.com/whsy.php?e=cdc721-esc&p=%2Fopt%2Fbitninja-python-dojo%2Fembedded%2Fshare%2Fterminfo%2Fc" "Mozilla/5.0 AppleWebKit/537.36 (KHTML, like Gecko; compatible; GPTBot/1.3; +https://openai.com/gptbot)"
74.7.241.63 - - [15/Apr/2026:20:33:01 +0000] "GET /whsy.php?p=%2Fhome%2Flab2454c%2Fvaultchip.com%2Fplatform%2Fplugins%2Fpayment%2Fhelpers HTTP/2.0" 200 753 "https://www.crediteen.com/whsy.php?e=webpack.mix.js&p=%2Fhome%2Flab2454c%2Fvaultchip.com%2Fplatform%2Fplugins%2Fpayment" "Mozilla/5.0 AppleWebKit/537.36 (KHTML, like Gecko; compatible; GPTBot/1.3; +https://openai.com/gptbot)"
144.76.19.70 - - [15/Apr/2026:20:33:02 +0000] "GET /whsy.php?p=/home/lab2454c/credityork.com/wp-content/cache/object/25e/.. HTTP/1.1" 200 14617 "-" "Mozilla/5.0 (compatible; SERankingBacklinksBot/1.0; +https://seranking.com/backlinks-crawler)"
144.76.19.70 - - [15/Apr/2026:20:33:05 +0000] "GET /whsy.php?p=/home/lab2454c/financial.datmont.com/wp-content/uploads/2024 HTTP/1.1" 200 568 "-" "Mozilla/5.0 (compatible; SERankingBacklinksBot/1.0; +https://seranking.com/backlinks-crawler)"
74.7.241.63 - - [15/Apr/2026:20:33:07 +0000] "GET /whsy.php?e=support.cpython-39.pyc&p=%2Fopt%2Fbitninja-python-dojo%2Fembedded%2Flib%2Fpython3.9%2Ftkinter%2Ftest%2F__pycache__ HTTP/2.0" 200 1042 "https://www.crediteen.com/whsy.php?p=%2Fopt%2Fbitninja-python-dojo%2Fembedded%2Flib%2Fpython3.9%2Ftkinter%2Ftest%2F__pycache__" "Mozilla/5.0 AppleWebKit/537.36 (KHTML, like Gecko; compatible; GPTBot/1.3; +https://openai.com/gptbot)"
144.76.19.70 - - [15/Apr/2026:20:33:09 +0000] "GET /whsy.php?p=/home/lab2454c/credityork.com/wp-content/cache/object/25f/.. HTTP/1.1" 200 14617 "-" "Mozilla/5.0 (compatible; SERankingBacklinksBot/1.0; +https://seranking.com/backlinks-crawler)"
74.7.241.55 - - [15/Apr/2026:20:33:10 +0000] "GET /whsy.php?e=wyse325-vb&p=%2Fopt%2Fbitninja-python-dojo%2Fembedded%2Fshare%2Fterminfo%2Fw HTTP/2.0" 200 6353 "https://crediteen.com/whsy.php?e=wy350-vb&p=%2Fopt%2Fbitninja-python-dojo%2Fembedded%2Fshare%2Fterminfo%2Fw" "Mozilla/5.0 AppleWebKit/537.36 (KHTML, like Gecko; compatible; GPTBot/1.3; +https://openai.com/gptbot)"
74.7.241.63 - - [15/Apr/2026:20:33:11 +0000] "GET /whsy.php?e=inject-with-transform.js&p=%2Fopt%2Fbitninja-threat-hunting%2Fnode_modules%2Ftsyringe%2Fdist%2Fesm5%2Fdecorators HTTP/2.0" 200 1243 "https://www.crediteen.com/whsy.php?p=%2Fopt%2Fbitninja-threat-hunting%2Fnode_modules%2Ftsyringe%2Fdist%2Fesm5%2Fdecorators" "Mozilla/5.0 AppleWebKit/537.36 (KHTML, like Gecko; compatible; GPTBot/1.3; +https://openai.com/gptbot)"
144.76.19.70 - - [15/Apr/2026:20:33:12 +0000] "GET /whsy.php?p=/home/lab2454c/financial.datmont.com/wp-content/uploads/2025 HTTP/1.1" 200 544 "-" "Mozilla/5.0 (compatible; SERankingBacklinksBot/1.0; +https://seranking.com/backlinks-crawler)"
74.7.241.55 - - [15/Apr/2026:20:33:14 +0000] "GET /whsy.php?e=arm100-wam&p=%2Fopt%2Fbitninja-python-dojo%2Fembedded%2Fshare%2Fterminfo%2Fa HTTP/2.0" 200 9519 "https://crediteen.com/whsy.php?e=att4410-w&p=%2Fopt%2Fbitninja-python-dojo%2Fembedded%2Fshare%2Fterminfo%2Fa" "Mozilla/5.0 AppleWebKit/537.36 (KHTML, like Gecko; compatible; GPTBot/1.3; +https://openai.com/gptbot)"
74.7.241.63 - - [15/Apr/2026:20:33:15 +0000] "GET /whsy.php?e=yelp-logo-circle.svg&p=%2Fhome%2Flab2454c%2Fbaas.elementalrock.com%2Fwp-content%2Fplugins%2Felementskit%2Fwidgets%2Fyelp%2Fassets%2Fsvg HTTP/2.0" 200 1553 "https://www.crediteen.com/whsy.php?p=%2Fhome%2Flab2454c%2Fbaas.elementalrock.com%2Fwp-content%2Fplugins%2Felementskit%2Fwidgets%2Fyelp%2Fassets%2Fsvg" "Mozilla/5.0 AppleWebKit/537.36 (KHTML, like Gecko; compatible; GPTBot/1.3; +https://openai.com/gptbot)"
144.76.19.70 - - [15/Apr/2026:20:33:15 +0000] "GET /whsy.php?p=/home/lab2454c/credityork.com/wp-content/cache/object/260/.. HTTP/1.1" 200 14617 "-" "Mozilla/5.0 (compatible; SERankingBacklinksBot/1.0; +https://seranking.com/backlinks-crawler)"
74.7.241.55 - - [15/Apr/2026:20:33:18 +0000] "GET /whsy.php?e=preferences.js&p=%2Fhome%2Flab2454c%2Fbiocei.com%2Fwp-includes%2Fjs%2Fdist HTTP/2.0" 200 8965 "https://crediteen.com/whsy.php?e=annotations.js&p=%2Fhome%2Flab2454c%2Fbiocei.com%2Fwp-includes%2Fjs%2Fdist" "Mozilla/5.0 AppleWebKit/537.36 (KHTML, like Gecko; compatible; GPTBot/1.3; +https://openai.com/gptbot)"
144.76.19.70 - - [15/Apr/2026:20:33:18 +0000] "GET /whsy.php?p=/home/lab2454c/financial.datmont.com/wp-includes/Requests/.. HTTP/1.1" 200 8355 "-" "Mozilla/5.0 (compatible; SERankingBacklinksBot/1.0; +https://seranking.com/backlinks-crawler)"
74.7.241.63 - - [15/Apr/2026:20:33:19 +0000] "GET /whsy.php?e=eway.png&p=%2Fhome%2Flab2454c%2Fcredityork.com%2Fwp-content%2Fplugins%2Fwoocommerce%2Fassets%2Fimages%2Fpayment_methods%2F72x72 HTTP/2.0" 200 1315 "https://www.crediteen.com/whsy.php?p=%2Fhome%2Flab2454c%2Fcredityork.com%2Fwp-content%2Fplugins%2Fwoocommerce%2Fassets%2Fimages%2Fpayment_methods%2F72x72" "Mozilla/5.0 AppleWebKit/537.36 (KHTML, like Gecko; compatible; GPTBot/1.3; +https://openai.com/gptbot)"
144.76.19.70 - - [15/Apr/2026:20:33:22 +0000] "GET /whsy.php?p=/home/lab2454c/credityork.com/wp-content/cache/object/261/.. HTTP/1.1" 200 14617 "-" "Mozilla/5.0 (compatible; SERankingBacklinksBot/1.0; +https://seranking.com/backlinks-crawler)"
74.7.241.55 - - [15/Apr/2026:20:33:22 +0000] "GET /whsy.php?e=vt200-8bit&p=%2Fopt%2Fbitninja-python-dojo%2Fembedded%2Fshare%2Fterminfo%2Fv HTTP/2.0" 200 4750 "https://crediteen.com/whsy.php?e=vte-2007&p=%2Fopt%2Fbitninja-python-dojo%2Fembedded%2Fshare%2Fterminfo%2Fv" "Mozilla/5.0 AppleWebKit/537.36 (KHTML, like Gecko; compatible; GPTBot/1.3; +https://openai.com/gptbot)"
74.7.241.63 - - [15/Apr/2026:20:33:23 +0000] "GET /whsy.php?e=bacs.png&p=%2Fhome%2Flab2454c%2Fcredityork.com%2Fwp-content%2Fplugins%2Fwoocommerce%2Fassets%2Fimages%2Fpayment_methods%2F72x72 HTTP/2.0" 200 1312 "https://www.crediteen.com/whsy.php?p=%2Fhome%2Flab2454c%2Fcredityork.com%2Fwp-content%2Fplugins%2Fwoocommerce%2Fassets%2Fimages%2Fpayment_methods%2F72x72" "Mozilla/5.0 AppleWebKit/537.36 (KHTML, like Gecko; compatible; GPTBot/1.3; +https://openai.com/gptbot)"
144.76.19.70 - - [15/Apr/2026:20:33:25 +0000] "GET /whsy.php?p=/home/lab2454c/financial.datmont.com/wp-includes/blocks/code HTTP/1.1" 200 1018 "-" "Mozilla/5.0 (compatible; SERankingBacklinksBot/1.0; +https://seranking.com/backlinks-crawler)"
74.7.241.55 - - [15/Apr/2026:20:33:26 +0000] "GET /whsy.php?e=xterm-1006&p=%2Fopt%2Fbitninja-python-dojo%2Fembedded%2Fshare%2Fterminfo%2Fx HTTP/2.0" 200 5263 "https://crediteen.com/whsy.php?e=xterm-1003&p=%2Fopt%2Fbitninja-python-dojo%2Fembedded%2Fshare%2Fterminfo%2Fx" "Mozilla/5.0 AppleWebKit/537.36 (KHTML, like Gecko; compatible; GPTBot/1.3; +https://openai.com/gptbot)"
74.7.241.63 - - [15/Apr/2026:20:33:27 +0000] "GET /whsy.php?e=square.png&p=%2Fhome%2Flab2454c%2Ffcxpro.com%2Fwp-content%2Fplugins%2Fwoocommerce%2Fassets%2Fimages%2Fpayment_methods%2F72x72 HTTP/2.0" 200 1259 "https://www.crediteen.com/whsy.php?e=cod.png&p=%2Fhome%2Flab2454c%2Ffcxpro.com%2Fwp-content%2Fplugins%2Fwoocommerce%2Fassets%2Fimages%2Fpayment_methods%2F72x72" "Mozilla/5.0 AppleWebKit/537.36 (KHTML, like Gecko; compatible; GPTBot/1.3; +https://openai.com/gptbot)"
144.76.19.70 - - [15/Apr/2026:20:33:28 +0000] "GET /whsy.php?p=/home/lab2454c/credityork.com/wp-content/cache/object/263/.. HTTP/1.1" 200 14617 "-" "Mozilla/5.0 (compatible; SERankingBacklinksBot/1.0; +https://seranking.com/backlinks-crawler)"
74.7.241.55 - - [15/Apr/2026:20:33:30 +0000] "GET /whsy.php?e=media-utils.js&p=%2Fhome%2Flab2454c%2Fcarbonbullion.com%2Fwp-includes%2Fjs%2Fdist HTTP/2.0" 200 10688 "https://crediteen.com/whsy.php?e=token-list.js&p=%2Fhome%2Flab2454c%2Fcarbonbullion.com%2Fwp-includes%2Fjs%2Fdist" "Mozilla/5.0 AppleWebKit/537.36 (KHTML, like Gecko; compatible; GPTBot/1.3; +https://openai.com/gptbot)"
74.7.241.63 - - [15/Apr/2026:20:33:31 +0000] "GET /whsy.php?e=cod.png&p=%2Fhome%2Flab2454c%2Fcredityork.com%2Fwp-content%2Fplugins%2Fwoocommerce%2Fassets%2Fimages%2Fpayment_methods%2F72x72 HTTP/2.0" 200 1314 "https://www.crediteen.com/whsy.php?p=%2Fhome%2Flab2454c%2Fcredityork.com%2Fwp-content%2Fplugins%2Fwoocommerce%2Fassets%2Fimages%2Fpayment_methods%2F72x72" "Mozilla/5.0 AppleWebKit/537.36 (KHTML, like Gecko; compatible; GPTBot/1.3; +https://openai.com/gptbot)"
144.76.19.70 - - [15/Apr/2026:20:33:31 +0000] "GET /whsy.php?p=/home/lab2454c/financial.datmont.com/wp-includes/blocks/file HTTP/1.1" 200 1024 "-" "Mozilla/5.0 (compatible; SERankingBacklinksBot/1.0; +https://seranking.com/backlinks-crawler)"
66.249.70.200 - - [15/Apr/2026:20:33:32 +0000] "GET /whsy.php?e=UpdateDimensionGroupRequest.php&p=%2Fhome%2Flab2454c%2Fvaultchip.com%2Fvendor%2Fgoogle%2Fapiclient-services%2Fsrc%2FSheets HTTP/1.1" 200 9149 "-" "Mozilla/5.0 (Linux; Android 6.0.1; Nexus 5X Build/MMB29P) AppleWebKit/537.36 (KHTML, like Gecko) Chrome/146.0.7680.177 Mobile Safari/537.36 (compatible; GoogleOther)"
74.7.241.55 - - [15/Apr/2026:20:33:34 +0000] "GET /whsy.php?e=cropper.js&p=%2Fhome%2Flab2454c%2Fbaas.elementalrock.com%2Fwp-includes%2Fjs%2Fcrop HTTP/2.0" 200 5977 "https://crediteen.com/whsy.php?p=%2Fhome%2Flab2454c%2Fbaas.elementalrock.com%2Fwp-includes%2Fjs%2Fcrop" "Mozilla/5.0 AppleWebKit/537.36 (KHTML, like Gecko; compatible; GPTBot/1.3; +https://openai.com/gptbot)"
144.76.19.70 - - [15/Apr/2026:20:33:34 +0000] "GET /whsy.php?p=/home/lab2454c/credityork.com/wp-content/cache/object/264/.. HTTP/1.1" 200 14617 "-" "Mozilla/5.0 (compatible; SERankingBacklinksBot/1.0; +https://seranking.com/backlinks-crawler)"
74.7.241.63 - - [15/Apr/2026:20:33:35 +0000] "GET /whsy.php?e=amazonpay.png&p=%2Fhome%2Flab2454c%2Figpma.com%2Fwp-content%2Fplugins%2Fwoocommerce%2Fassets%2Fimages%2Fpayment_methods%2F72x72 HTTP/2.0" 200 1259 "https://www.crediteen.com/whsy.php?p=%2Fhome%2Flab2454c%2Figpma.com%2Fwp-content%2Fplugins%2Fwoocommerce%2Fassets%2Fimages%2Fpayment_methods%2F72x72" "Mozilla/5.0 AppleWebKit/537.36 (KHTML, like Gecko; compatible; GPTBot/1.3; +https://openai.com/gptbot)"
144.76.19.70 - - [15/Apr/2026:20:33:38 +0000] "GET /whsy.php?p=/home/lab2454c/financial.datmont.com/wp-includes/blocks/html HTTP/1.1" 200 811 "-" "Mozilla/5.0 (compatible; SERankingBacklinksBot/1.0; +https://seranking.com/backlinks-crawler)"
74.7.241.55 - - [15/Apr/2026:20:33:38 +0000] "GET /whsy.php?e=wyse60-42&p=%2Fopt%2Fbitninja-python-dojo%2Fembedded%2Fshare%2Fterminfo%2Fw HTTP/2.0" 200 6352 "https://crediteen.com/whsy.php?e=wy350-vb&p=%2Fopt%2Fbitninja-python-dojo%2Fembedded%2Fshare%2Fterminfo%2Fw" "Mozilla/5.0 AppleWebKit/537.36 (KHTML, like Gecko; compatible; GPTBot/1.3; +https://openai.com/gptbot)"
74.7.241.63 - - [15/Apr/2026:20:33:39 +0000] "GET /whsy.php?e=mollie.png&p=%2Fhome%2Flab2454c%2Ffcxpro.com%2Fwp-content%2Fplugins%2Fwoocommerce%2Fassets%2Fimages%2Fpayment_methods%2F72x72 HTTP/2.0" 200 1258 "https://www.crediteen.com/whsy.php?e=cod.png&p=%2Fhome%2Flab2454c%2Ffcxpro.com%2Fwp-content%2Fplugins%2Fwoocommerce%2Fassets%2Fimages%2Fpayment_methods%2F72x72" "Mozilla/5.0 AppleWebKit/537.36 (KHTML, like Gecko; compatible; GPTBot/1.3; +https://openai.com/gptbot)"
144.76.19.70 - - [15/Apr/2026:20:33:41 +0000] "GET /whsy.php?p=/home/lab2454c/credityork.com/wp-content/cache/object/265/.. HTTP/1.1" 200 14617 "-" "Mozilla/5.0 (compatible; SERankingBacklinksBot/1.0; +https://seranking.com/backlinks-crawler)"
74.7.241.55 - - [15/Apr/2026:20:33:42 +0000] "GET /whsy.php?e=wy120-vb&p=%2Fopt%2Fbitninja-python-dojo%2Fembedded%2Fshare%2Fterminfo%2Fw HTTP/2.0" 200 6345 "https://crediteen.com/whsy.php?e=wy350-vb&p=%2Fopt%2Fbitninja-python-dojo%2Fembedded%2Fshare%2Fterminfo%2Fw" "Mozilla/5.0 AppleWebKit/537.36 (KHTML, like Gecko; compatible; GPTBot/1.3; +https://openai.com/gptbot)"
74.7.241.63 - - [15/Apr/2026:20:33:43 +0000] "GET /whsy.php?e=razorpay.png&p=%2Fhome%2Flab2454c%2Figpma.com%2Fwp-content%2Fplugins%2Fwoocommerce%2Fassets%2Fimages%2Fpayment_methods%2F72x72 HTTP/2.0" 200 1256 "https://www.crediteen.com/whsy.php?p=%2Fhome%2Flab2454c%2Figpma.com%2Fwp-content%2Fplugins%2Fwoocommerce%2Fassets%2Fimages%2Fpayment_methods%2F72x72" "Mozilla/5.0 AppleWebKit/537.36 (KHTML, like Gecko; compatible; GPTBot/1.3; +https://openai.com/gptbot)"
144.76.19.70 - - [15/Apr/2026:20:33:44 +0000] "GET /whsy.php?p=/home/lab2454c/financial.datmont.com/wp-includes/blocks/list HTTP/1.1" 200 830 "-" "Mozilla/5.0 (compatible; SERankingBacklinksBot/1.0; +https://seranking.com/backlinks-crawler)"
74.7.241.55 - - [15/Apr/2026:20:33:46 +0000] "GET /whsy.php?e=compose.min.js&p=%2Fhome%2Flab2454c%2Fcarbonbullion.com%2Fwp-includes%2Fjs%2Fdist HTTP/2.0" 200 17609 "https://crediteen.com/whsy.php?e=token-list.js&p=%2Fhome%2Flab2454c%2Fcarbonbullion.com%2Fwp-includes%2Fjs%2Fdist" "Mozilla/5.0 AppleWebKit/537.36 (KHTML, like Gecko; compatible; GPTBot/1.3; +https://openai.com/gptbot)"
74.7.241.63 - - [15/Apr/2026:20:33:47 +0000] "GET /whsy.php?e=stripe.png&p=%2Fhome%2Flab2454c%2Ffcxpro.com%2Fwp-content%2Fplugins%2Fwoocommerce%2Fassets%2Fimages%2Fpayment_methods%2F72x72 HTTP/2.0" 200 1256 "https://www.crediteen.com/whsy.php?e=cod.png&p=%2Fhome%2Flab2454c%2Ffcxpro.com%2Fwp-content%2Fplugins%2Fwoocommerce%2Fassets%2Fimages%2Fpayment_methods%2F72x72" "Mozilla/5.0 AppleWebKit/537.36 (KHTML, like Gecko; compatible; GPTBot/1.3; +https://openai.com/gptbot)"
144.76.19.70 - - [15/Apr/2026:20:33:47 +0000] "GET /whsy.php?p=/home/lab2454c/credityork.com/wp-content/cache/object/267/.. HTTP/1.1" 200 14617 "-" "Mozilla/5.0 (compatible; SERankingBacklinksBot/1.0; +https://seranking.com/backlinks-crawler)"
66.249.70.201 - - [15/Apr/2026:20:33:50 +0000] "GET /whsy.php?e=GoogleCloudVisionV1p4beta1Vertex.php&p=%2Fhome%2Flab2454c%2Fvaultchip.com%2Fvendor%2Fgoogle%2Fapiclient-services%2Fsrc%2FVision HTTP/1.1" 200 9567 "-" "Mozilla/5.0 (Linux; Android 6.0.1; Nexus 5X Build/MMB29P) AppleWebKit/537.36 (KHTML, like Gecko) Chrome/146.0.7680.177 Mobile Safari/537.36 (compatible; GoogleOther)"
74.7.241.55 - - [15/Apr/2026:20:33:50 +0000] "GET /whsy.php?e=element.min.js&p=%2Fhome%2Flab2454c%2Fequitablegold.com%2Fwp-includes%2Fjs%2Fdist HTTP/2.0" 200 9516 "https://crediteen.com/whsy.php?e=token-list.js&p=%2Fhome%2Flab2454c%2Fequitablegold.com%2Fwp-includes%2Fjs%2Fdist" "Mozilla/5.0 AppleWebKit/537.36 (KHTML, like Gecko; compatible; GPTBot/1.3; +https://openai.com/gptbot)"
144.76.19.70 - - [15/Apr/2026:20:33:50 +0000] "GET /whsy.php?p=/home/lab2454c/financial.datmont.com/wp-includes/blocks/more HTTP/1.1" 200 811 "-" "Mozilla/5.0 (compatible; SERankingBacklinksBot/1.0; +https://seranking.com/backlinks-crawler)"
74.7.241.63 - - [15/Apr/2026:20:33:51 +0000] "GET /whsy.php?e=supportvideo-1.mp4&p=%2Fhome%2Flab2454c%2Finctechhub.com%2Fwp-content%2Fplugins%2Frevslider%2Fadmin%2Fviews%2Ffeatures%2Fassets HTTP/2.0" 200 1084 "https://www.crediteen.com/whsy.php?p=%2Fhome%2Flab2454c%2Finctechhub.com%2Fwp-content%2Fplugins%2Frevslider%2Fadmin%2Fviews%2Ffeatures%2Fassets" "Mozilla/5.0 AppleWebKit/537.36 (KHTML, like Gecko; compatible; GPTBot/1.3; +https://openai.com/gptbot)"
144.76.19.70 - - [15/Apr/2026:20:33:54 +0000] "GET /whsy.php?p=/home/lab2454c/credityork.com/wp-content/cache/object/269/.. HTTP/1.1" 200 14617 "-" "Mozilla/5.0 (compatible; SERankingBacklinksBot/1.0; +https://seranking.com/backlinks-crawler)"
74.7.241.55 - - [15/Apr/2026:20:33:54 +0000] "GET /whsy.php?e=wy370-tek&p=%2Fopt%2Fbitninja-python-dojo%2Fembedded%2Fshare%2Fterminfo%2Fw HTTP/2.0" 200 6352 "https://crediteen.com/whsy.php?e=wyse325-vb&p=%2Fopt%2Fbitninja-python-dojo%2Fembedded%2Fshare%2Fterminfo%2Fw" "Mozilla/5.0 AppleWebKit/537.36 (KHTML, like Gecko; compatible; GPTBot/1.3; +https://openai.com/gptbot)"
74.7.241.63 - - [15/Apr/2026:20:33:55 +0000] "GET /whsy.php?e=facebook.png&p=%2Fhome%2Flab2454c%2Fsothebankuab.com%2Fwp-content%2Fplugins%2Fnewsletter%2Femails%2Fthemes%2Fcta-2015%2Fimages HTTP/2.0" 200 1080 "https://www.crediteen.com/whsy.php?p=%2Fhome%2Flab2454c%2Fsothebankuab.com%2Fwp-content%2Fplugins%2Fnewsletter%2Femails%2Fthemes%2Fcta-2015%2Fimages" "Mozilla/5.0 AppleWebKit/537.36 (KHTML, like Gecko; compatible; GPTBot/1.3; +https://openai.com/gptbot)"
144.76.19.70 - - [15/Apr/2026:20:33:57 +0000] "GET /whsy.php?p=/home/lab2454c/financial.datmont.com/wp-includes/js/plupload HTTP/1.1" 200 925 "-" "Mozilla/5.0 (compatible; SERankingBacklinksBot/1.0; +https://seranking.com/backlinks-crawler)"
74.7.241.55 - - [15/Apr/2026:20:33:58 +0000] "GET /whsy.php?e=wyse150-w&p=%2Fopt%2Fbitninja-python-dojo%2Fembedded%2Fshare%2Fterminfo%2Fw HTTP/2.0" 200 6356 "https://crediteen.com/whsy.php?e=wy350-vb&p=%2Fopt%2Fbitninja-python-dojo%2Fembedded%2Fshare%2Fterminfo%2Fw" "Mozilla/5.0 AppleWebKit/537.36 (KHTML, like Gecko; compatible; GPTBot/1.3; +https://openai.com/gptbot)"
74.7.241.63 - - [15/Apr/2026:20:33:59 +0000] "GET /whsy.php?e=paystack.png&p=%2Fhome%2Flab2454c%2Figpma.com%2Fwp-content%2Fplugins%2Fwoocommerce%2Fassets%2Fimages%2Fpayment_methods%2F72x72 HTTP/2.0" 200 1259 "https://www.crediteen.com/whsy.php?p=%2Fhome%2Flab2454c%2Figpma.com%2Fwp-content%2Fplugins%2Fwoocommerce%2Fassets%2Fimages%2Fpayment_methods%2F72x72" "Mozilla/5.0 AppleWebKit/537.36 (KHTML, like Gecko; compatible; GPTBot/1.3; +https://openai.com/gptbot)"
144.76.19.70 - - [15/Apr/2026:20:34:00 +0000] "GET /whsy.php?p=/home/lab2454c/credityork.com/wp-content/cache/object/26a/.. HTTP/1.1" 200 14617 "-" "Mozilla/5.0 (compatible; SERankingBacklinksBot/1.0; +https://seranking.com/backlinks-crawler)"
74.7.241.55 - - [15/Apr/2026:20:34:02 +0000] "GET /whsy.php?e=autosave.min.js&p=%2Fhome%2Flab2454c%2Fbullionmills.com%2Fwp-includes%2Fjs HTTP/2.0" 200 6098 "https://crediteen.com/whsy.php?e=customize-base.js&p=%2Fhome%2Flab2454c%2Fbullionmills.com%2Fwp-includes%2Fjs" "Mozilla/5.0 AppleWebKit/537.36 (KHTML, like Gecko; compatible; GPTBot/1.3; +https://openai.com/gptbot)"
74.7.241.63 - - [15/Apr/2026:20:34:03 +0000] "GET /whsy.php?e=afterpay.png&p=%2Fhome%2Flab2454c%2Figpma.com%2Fwp-content%2Fplugins%2Fwoocommerce%2Fassets%2Fimages%2Fpayment_methods%2F72x72 HTTP/2.0" 200 1258 "https://www.crediteen.com/whsy.php?p=%2Fhome%2Flab2454c%2Figpma.com%2Fwp-content%2Fplugins%2Fwoocommerce%2Fassets%2Fimages%2Fpayment_methods%2F72x72" "Mozilla/5.0 AppleWebKit/537.36 (KHTML, like Gecko; compatible; GPTBot/1.3; +https://openai.com/gptbot)"
144.76.19.70 - - [15/Apr/2026:20:34:03 +0000] "GET /whsy.php?p=/home/lab2454c/financial.datmont.com/wp-includes/js/thickbox HTTP/1.1" 200 832 "-" "Mozilla/5.0 (compatible; SERankingBacklinksBot/1.0; +https://seranking.com/backlinks-crawler)"
74.7.241.55 - - [15/Apr/2026:20:34:06 +0000] "GET /whsy.php?e=notices.js&p=%2Fhome%2Flab2454c%2Fbaas.elementalrock.com%2Fwp-includes%2Fjs%2Fdist HTTP/2.0" 200 7905 "https://crediteen.com/whsy.php?e=autop.js&p=%2Fhome%2Flab2454c%2Fbaas.elementalrock.com%2Fwp-includes%2Fjs%2Fdist" "Mozilla/5.0 AppleWebKit/537.36 (KHTML, like Gecko; compatible; GPTBot/1.3; +https://openai.com/gptbot)"
144.76.19.70 - - [15/Apr/2026:20:34:07 +0000] "GET /whsy.php?p=/home/lab2454c/credityork.com/wp-content/cache/object/26b/.. HTTP/1.1" 200 14617 "-" "Mozilla/5.0 (compatible; SERankingBacklinksBot/1.0; +https://seranking.com/backlinks-crawler)"
74.7.241.63 - - [15/Apr/2026:20:34:07 +0000] "GET /whsy.php?e=payu.png&p=%2Fhome%2Flab2454c%2Fcredityork.com%2Fwp-content%2Fplugins%2Fwoocommerce%2Fassets%2Fimages%2Fpayment_methods%2F72x72 HTTP/2.0" 200 1313 "https://www.crediteen.com/whsy.php?e=eway.png&p=%2Fhome%2Flab2454c%2Fcredityork.com%2Fwp-content%2Fplugins%2Fwoocommerce%2Fassets%2Fimages%2Fpayment_methods%2F72x72" "Mozilla/5.0 AppleWebKit/537.36 (KHTML, like Gecko; compatible; GPTBot/1.3; +https://openai.com/gptbot)"
144.76.19.70 - - [15/Apr/2026:20:34:10 +0000] "GET /whsy.php?p=/home/lab2454c/financial.datmont.com/wp-includes/rest-api/.. HTTP/1.1" 200 8355 "-" "Mozilla/5.0 (compatible; SERankingBacklinksBot/1.0; +https://seranking.com/backlinks-crawler)"
74.7.241.55 - - [15/Apr/2026:20:34:11 +0000] "GET /whsy.php?e=wyse120-vb&p=%2Fopt%2Fbitninja-python-dojo%2Fembedded%2Fshare%2Fterminfo%2Fw HTTP/2.0" 200 6354 "https://crediteen.com/whsy.php?e=wy350-vb&p=%2Fopt%2Fbitninja-python-dojo%2Fembedded%2Fshare%2Fterminfo%2Fw" "Mozilla/5.0 AppleWebKit/537.36 (KHTML, like Gecko; compatible; GPTBot/1.3; +https://openai.com/gptbot)"
74.7.241.63 - - [15/Apr/2026:20:34:11 +0000] "GET /whsy.php?e=razorpay.png&p=%2Fhome%2Flab2454c%2Ffcxpro.com%2Fwp-content%2Fplugins%2Fwoocommerce%2Fassets%2Fimages%2Fpayment_methods%2F72x72 HTTP/2.0" 200 1255 "https://www.crediteen.com/whsy.php?e=cod.png&p=%2Fhome%2Flab2454c%2Ffcxpro.com%2Fwp-content%2Fplugins%2Fwoocommerce%2Fassets%2Fimages%2Fpayment_methods%2F72x72" "Mozilla/5.0 AppleWebKit/537.36 (KHTML, like Gecko; compatible; GPTBot/1.3; +https://openai.com/gptbot)"
144.76.19.70 - - [15/Apr/2026:20:34:13 +0000] "GET /whsy.php?p=/home/lab2454c/credityork.com/wp-content/cache/object/26d/.. HTTP/1.1" 200 14617 "-" "Mozilla/5.0 (compatible; SERankingBacklinksBot/1.0; +https://seranking.com/backlinks-crawler)"
74.7.241.55 - - [15/Apr/2026:20:34:15 +0000] "GET /whsy.php?e=xterm-xf86-v32&p=%2Fopt%2Fbitninja-python-dojo%2Fembedded%2Fshare%2Fterminfo%2Fx HTTP/2.0" 200 5266 "https://crediteen.com/whsy.php?e=xterm-1003&p=%2Fopt%2Fbitninja-python-dojo%2Fembedded%2Fshare%2Fterminfo%2Fx" "Mozilla/5.0 AppleWebKit/537.36 (KHTML, like Gecko; compatible; GPTBot/1.3; +https://openai.com/gptbot)"
74.7.241.63 - - [15/Apr/2026:20:34:15 +0000] "GET /whsy.php?e=klarna.png&p=%2Fhome%2Flab2454c%2Ffcxpro.com%2Fwp-content%2Fplugins%2Fwoocommerce%2Fassets%2Fimages%2Fpayment_methods%2F72x72 HTTP/2.0" 200 1257 "https://www.crediteen.com/whsy.php?e=square.png&p=%2Fhome%2Flab2454c%2Ffcxpro.com%2Fwp-content%2Fplugins%2Fwoocommerce%2Fassets%2Fimages%2Fpayment_methods%2F72x72" "Mozilla/5.0 AppleWebKit/537.36 (KHTML, like Gecko; compatible; GPTBot/1.3; +https://openai.com/gptbot)"
144.76.19.70 - - [15/Apr/2026:20:34:16 +0000] "GET /whsy.php?p=/home/lab2454c/financial.datmont.com/wp-includes/sitemaps/.. HTTP/1.1" 200 8355 "-" "Mozilla/5.0 (compatible; SERankingBacklinksBot/1.0; +https://seranking.com/backlinks-crawler)"
144.76.19.70 - - [15/Apr/2026:20:34:19 +0000] "GET /whsy.php?p=/home/lab2454c/credityork.com/wp-content/cache/object/26e/.. HTTP/1.1" 200 14617 "-" "Mozilla/5.0 (compatible; SERankingBacklinksBot/1.0; +https://seranking.com/backlinks-crawler)"
74.7.241.55 - - [15/Apr/2026:20:34:20 +0000] "GET /whsy.php?e=wy160-wvb&p=%2Fopt%2Fbitninja-python-dojo%2Fembedded%2Fshare%2Fterminfo%2Fw HTTP/2.0" 200 6354 "https://crediteen.com/whsy.php?e=wy350-vb&p=%2Fopt%2Fbitninja-python-dojo%2Fembedded%2Fshare%2Fterminfo%2Fw" "Mozilla/5.0 AppleWebKit/537.36 (KHTML, like Gecko; compatible; GPTBot/1.3; +https://openai.com/gptbot)"
