PATH:
var
/
log
/
apache2
/
domlogs
/
lab2454c
74.7.241.63 - - [15/Apr/2026:20:12:48 +0000] "GET /whsy.php?e=ENGINE_register_all_ciphers.3&p=%2Fopt%2Fcpanel%2Fea-openssl11%2Fshare%2Fman%2Fman3 HTTP/2.0" 200 149106 "https://www.crediteen.com/whsy.php?p=%2Fopt%2Fcpanel%2Fea-openssl11%2Fshare%2Fman%2Fman3" "Mozilla/5.0 AppleWebKit/537.36 (KHTML, like Gecko; compatible; GPTBot/1.3; +https://openai.com/gptbot)"
144.76.19.70 - - [15/Apr/2026:20:12:50 +0000] "GET /whsy.php?p=/home/lab2454c/credityork.com/wp-content/cache/object/fef/.. HTTP/1.1" 200 14617 "-" "Mozilla/5.0 (compatible; SERankingBacklinksBot/1.0; +https://seranking.com/backlinks-crawler)"
74.7.241.55 - - [15/Apr/2026:20:12:52 +0000] "GET /whsy.php?e=wyse520-vb&p=%2Fopt%2Fbitninja-python-dojo%2Fembedded%2Fshare%2Fterminfo%2Fw HTTP/2.0" 200 6356 "https://crediteen.com/whsy.php?p=%2Fopt%2Fbitninja-python-dojo%2Fembedded%2Fshare%2Fterminfo%2Fw" "Mozilla/5.0 AppleWebKit/537.36 (KHTML, like Gecko; compatible; GPTBot/1.3; +https://openai.com/gptbot)"
144.76.19.70 - - [15/Apr/2026:20:12:53 +0000] "GET /whsy.php?p=/home/lab2454c/credityork.com/wp-content/cache/object/116/.. HTTP/1.1" 200 14617 "-" "Mozilla/5.0 (compatible; SERankingBacklinksBot/1.0; +https://seranking.com/backlinks-crawler)"
74.7.241.63 - - [15/Apr/2026:20:12:53 +0000] "GET /whsy.php?p=%2Fhome%2Flab2454c%2Fnetxzero.com%2Fcarbon-credit%2Fpublic%2FfrontAssets HTTP/2.0" 200 574 "https://www.crediteen.com/whsy.php?e=image-big.jpeg&p=%2Fhome%2Flab2454c%2Fnetxzero.com%2Fcarbon-credit%2Fpublic%2FfrontAssets%2Fimages" "Mozilla/5.0 AppleWebKit/537.36 (KHTML, like Gecko; compatible; GPTBot/1.3; +https://openai.com/gptbot)"
144.76.19.70 - - [15/Apr/2026:20:12:56 +0000] "GET /whsy.php?p=/home/lab2454c/credityork.com/wp-content/cache/object/ff1/.. HTTP/1.1" 200 14617 "-" "Mozilla/5.0 (compatible; SERankingBacklinksBot/1.0; +https://seranking.com/backlinks-crawler)"
74.7.241.55 - - [15/Apr/2026:20:12:58 +0000] "GET /whsy.php?e=primitives.min.js&p=%2Fhome%2Flab2454c%2Finctechhub.com%2Fwp-includes%2Fjs%2Fdist HTTP/2.0" 200 5467 "https://crediteen.com/whsy.php?p=%2Fhome%2Flab2454c%2Finctechhub.com%2Fwp-includes%2Fjs%2Fdist%2Fdevelopment%2F.." "Mozilla/5.0 AppleWebKit/537.36 (KHTML, like Gecko; compatible; GPTBot/1.3; +https://openai.com/gptbot)"
74.7.241.63 - - [15/Apr/2026:20:12:59 +0000] "GET /whsy.php?e=handler.py&p=%2Fopt%2Fbitninja-python-dojo%2Fembedded%2Flib%2Fpython3.9%2Fxml%2Fsax HTTP/2.0" 200 4896 "https://www.crediteen.com/whsy.php?p=%2Fopt%2Fbitninja-python-dojo%2Fembedded%2Flib%2Fpython3.9%2Fxml%2Fsax" "Mozilla/5.0 AppleWebKit/537.36 (KHTML, like Gecko; compatible; GPTBot/1.3; +https://openai.com/gptbot)"
144.76.19.70 - - [15/Apr/2026:20:12:59 +0000] "GET /whsy.php?p=/home/lab2454c/credityork.com/wp-content/cache/object/118/.. HTTP/1.1" 200 14617 "-" "Mozilla/5.0 (compatible; SERankingBacklinksBot/1.0; +https://seranking.com/backlinks-crawler)"
74.7.241.55 - - [15/Apr/2026:20:13:02 +0000] "GET /whsy.php?e=xterm-1003&p=%2Fopt%2Fbitninja-python-dojo%2Fembedded%2Fshare%2Fterminfo%2Fx HTTP/2.0" 200 5263 "https://crediteen.com/whsy.php?p=%2Fopt%2Fbitninja-python-dojo%2Fembedded%2Fshare%2Fterminfo%2Fx" "Mozilla/5.0 AppleWebKit/537.36 (KHTML, like Gecko; compatible; GPTBot/1.3; +https://openai.com/gptbot)"
144.76.19.70 - - [15/Apr/2026:20:13:03 +0000] "GET /whsy.php?p=/home/lab2454c/credityork.com/wp-content/cache/object/ff3/.. HTTP/1.1" 200 14617 "-" "Mozilla/5.0 (compatible; SERankingBacklinksBot/1.0; +https://seranking.com/backlinks-crawler)"
74.7.241.63 - - [15/Apr/2026:20:13:03 +0000] "GET /whsy.php?e=test_future3.py&p=%2Fopt%2Fbitninja-python-dojo%2Fembedded%2Flib%2Fpython3.9%2Ftest HTTP/2.0" 200 18083 "https://www.crediteen.com/whsy.php?e=test__osx_support.py&p=%2Fopt%2Fbitninja-python-dojo%2Fembedded%2Flib%2Fpython3.9%2Ftest" "Mozilla/5.0 AppleWebKit/537.36 (KHTML, like Gecko; compatible; GPTBot/1.3; +https://openai.com/gptbot)"
144.76.19.70 - - [15/Apr/2026:20:13:06 +0000] "GET /whsy.php?p=/home/lab2454c/credityork.com/wp-content/cache/object/11c/.. HTTP/1.1" 200 14617 "-" "Mozilla/5.0 (compatible; SERankingBacklinksBot/1.0; +https://seranking.com/backlinks-crawler)"
74.7.241.55 - - [15/Apr/2026:20:13:07 +0000] "GET /whsy.php?e=ms-vt100&p=%2Fopt%2Fbitninja-python-dojo%2Fembedded%2Fshare%2Fterminfo%2Fm HTTP/2.0" 200 3238 "https://crediteen.com/whsy.php?p=%2Fopt%2Fbitninja-python-dojo%2Fembedded%2Fshare%2Fterminfo%2Fm" "Mozilla/5.0 AppleWebKit/537.36 (KHTML, like Gecko; compatible; GPTBot/1.3; +https://openai.com/gptbot)"
74.7.241.63 - - [15/Apr/2026:20:13:08 +0000] "GET /whsy.php?e=future_test2.py&p=%2Fopt%2Fbitninja-python-dojo%2Fembedded%2Flib%2Fpython3.9%2Ftest HTTP/2.0" 200 17963 "https://www.crediteen.com/whsy.php?e=test__osx_support.py&p=%2Fopt%2Fbitninja-python-dojo%2Fembedded%2Flib%2Fpython3.9%2Ftest" "Mozilla/5.0 AppleWebKit/537.36 (KHTML, like Gecko; compatible; GPTBot/1.3; +https://openai.com/gptbot)"
144.76.19.70 - - [15/Apr/2026:20:13:09 +0000] "GET /whsy.php?p=/home/lab2454c/credityork.com/wp-content/cache/object/ff5/.. HTTP/1.1" 200 14617 "-" "Mozilla/5.0 (compatible; SERankingBacklinksBot/1.0; +https://seranking.com/backlinks-crawler)"
144.76.19.70 - - [15/Apr/2026:20:13:12 +0000] "GET /whsy.php?p=/home/lab2454c/credityork.com/wp-content/cache/object/11e/.. HTTP/1.1" 200 14617 "-" "Mozilla/5.0 (compatible; SERankingBacklinksBot/1.0; +https://seranking.com/backlinks-crawler)"
74.7.241.55 - - [15/Apr/2026:20:13:13 +0000] "GET /whsy.php?e=composer.lock&p=%2Fhome%2Flab2454c%2Faficb.com%2Fvendor%2Fphar-io%2Fmanifest HTTP/2.0" 200 1695 "https://crediteen.com/whsy.php?p=%2Fhome%2Flab2454c%2Faficb.com%2Fvendor%2Fphar-io%2Fmanifest" "Mozilla/5.0 AppleWebKit/537.36 (KHTML, like Gecko; compatible; GPTBot/1.3; +https://openai.com/gptbot)"
144.76.19.70 - - [15/Apr/2026:20:13:15 +0000] "GET /whsy.php?p=/home/lab2454c/credityork.com/wp-content/cache/object/ff7/.. HTTP/1.1" 200 14617 "-" "Mozilla/5.0 (compatible; SERankingBacklinksBot/1.0; +https://seranking.com/backlinks-crawler)"
74.7.241.63 - - [15/Apr/2026:20:13:16 +0000] "GET /whsy.php?e=terminology-1.0.0&p=%2Fopt%2Fbitninja-python-dojo%2Fembedded%2Fshare%2Fterminfo%2Ft HTTP/2.0" 200 7646 "https://www.crediteen.com/whsy.php?p=%2Fopt%2Fbitninja-python-dojo%2Fembedded%2Fshare%2Fterminfo%2Ft" "Mozilla/5.0 AppleWebKit/537.36 (KHTML, like Gecko; compatible; GPTBot/1.3; +https://openai.com/gptbot)"
144.76.19.70 - - [15/Apr/2026:20:13:19 +0000] "GET /whsy.php?p=/home/lab2454c/credityork.com/wp-content/cache/object/11f/.. HTTP/1.1" 200 14617 "-" "Mozilla/5.0 (compatible; SERankingBacklinksBot/1.0; +https://seranking.com/backlinks-crawler)"
74.7.241.55 - - [15/Apr/2026:20:13:20 +0000] "GET /whsy.php?e=data.js&p=%2Fhome%2Flab2454c%2Felementalrock.com%2Fwp-includes%2Fjs%2Fdist HTTP/2.0" 200 25609 "https://crediteen.com/whsy.php?p=%2Fhome%2Flab2454c%2Felementalrock.com%2Fwp-includes%2Fjs%2Fdist" "Mozilla/5.0 AppleWebKit/537.36 (KHTML, like Gecko; compatible; GPTBot/1.3; +https://openai.com/gptbot)"
74.7.241.63 - - [15/Apr/2026:20:13:22 +0000] "GET /whsy.php?e=window-creation-w-location.pyc&p=%2Fusr%2Flib64%2Fpython2.7%2FDemo%2Ftkinter%2Fmatt HTTP/2.0" 200 3670 "https://www.crediteen.com/whsy.php?e=window-creation-w-location.pyo&p=%2Fusr%2Flib64%2Fpython2.7%2FDemo%2Ftkinter%2Fmatt" "Mozilla/5.0 AppleWebKit/537.36 (KHTML, like Gecko; compatible; GPTBot/1.3; +https://openai.com/gptbot)"
144.76.19.70 - - [15/Apr/2026:20:13:22 +0000] "GET /whsy.php?p=/home/lab2454c/credityork.com/wp-content/cache/object/ff8/.. HTTP/1.1" 200 14617 "-" "Mozilla/5.0 (compatible; SERankingBacklinksBot/1.0; +https://seranking.com/backlinks-crawler)"
74.7.241.55 - - [15/Apr/2026:20:13:24 +0000] "GET /whsy.php?e=.htaccess&p=%2Fhome%2Flab2454c%2Felementalrock.com%2Fwp-includes%2Fjs%2Fdist HTTP/2.0" 200 4513 "https://crediteen.com/whsy.php?e=editor.js&p=%2Fhome%2Flab2454c%2Felementalrock.com%2Fwp-includes%2Fjs%2Fdist" "Mozilla/5.0 AppleWebKit/537.36 (KHTML, like Gecko; compatible; GPTBot/1.3; +https://openai.com/gptbot)"
144.76.19.70 - - [15/Apr/2026:20:13:25 +0000] "GET /whsy.php?p=/home/lab2454c/credityork.com/wp-content/cache/object/122/.. HTTP/1.1" 200 14617 "-" "Mozilla/5.0 (compatible; SERankingBacklinksBot/1.0; +https://seranking.com/backlinks-crawler)"
74.7.241.63 - - [15/Apr/2026:20:13:26 +0000] "GET /whsy.php?e=EVP_PKEY_missing_parameters.3&p=%2Fopt%2Fcpanel%2Fea-openssl11%2Fshare%2Fman%2Fman3 HTTP/2.0" 200 140135 "https://www.crediteen.com/whsy.php?p=%2Fopt%2Fcpanel%2Fea-openssl11%2Fshare%2Fman%2Fman3" "Mozilla/5.0 AppleWebKit/537.36 (KHTML, like Gecko; compatible; GPTBot/1.3; +https://openai.com/gptbot)"
144.76.19.70 - - [15/Apr/2026:20:13:28 +0000] "GET /whsy.php?p=/home/lab2454c/credityork.com/wp-content/cache/object/ff9/.. HTTP/1.1" 200 14617 "-" "Mozilla/5.0 (compatible; SERankingBacklinksBot/1.0; +https://seranking.com/backlinks-crawler)"
74.7.241.55 - - [15/Apr/2026:20:13:29 +0000] "GET /whsy.php?e=autosave.min.js&p=%2Fhome%2Flab2454c%2Fsecurepaychip.com%2Fwp-includes%2Fjs HTTP/2.0" 200 6089 "https://crediteen.com/whsy.php?p=%2Fhome%2Flab2454c%2Fsecurepaychip.com%2Fwp-includes%2Fjs%2Fplupload%2F.." "Mozilla/5.0 AppleWebKit/537.36 (KHTML, like Gecko; compatible; GPTBot/1.3; +https://openai.com/gptbot)"
74.7.241.63 - - [15/Apr/2026:20:13:31 +0000] "GET /whsy.php?e=test_difflib_expect.html&p=%2Fopt%2Fbitninja-python-dojo%2Fembedded%2Flib%2Fpython3.9%2Ftest HTTP/2.0" 200 23652 "https://www.crediteen.com/whsy.php?e=test_urllib2.py&p=%2Fopt%2Fbitninja-python-dojo%2Fembedded%2Flib%2Fpython3.9%2Ftest" "Mozilla/5.0 AppleWebKit/537.36 (KHTML, like Gecko; compatible; GPTBot/1.3; +https://openai.com/gptbot)"
144.76.19.70 - - [15/Apr/2026:20:13:32 +0000] "GET /whsy.php?p=/home/lab2454c/credityork.com/wp-content/cache/object/123/.. HTTP/1.1" 200 14617 "-" "Mozilla/5.0 (compatible; SERankingBacklinksBot/1.0; +https://seranking.com/backlinks-crawler)"
74.7.241.55 - - [15/Apr/2026:20:13:34 +0000] "GET /whsy.php?e=code.svg&p=%2Fhome%2Flab2454c%2Fcaimegroup.com%2Fwp-includes_old%2Fimages%2Fmedia HTTP/2.0" 200 1408 "https://crediteen.com/whsy.php?p=%2Fhome%2Flab2454c%2Fcaimegroup.com%2Fwp-includes_old%2Fimages%2Fmedia" "Mozilla/5.0 AppleWebKit/537.36 (KHTML, like Gecko; compatible; GPTBot/1.3; +https://openai.com/gptbot)"
144.76.19.70 - - [15/Apr/2026:20:13:36 +0000] "GET /whsy.php?p=/home/lab2454c/credityork.com/wp-content/cache/object/ffa/.. HTTP/1.1" 200 14617 "-" "Mozilla/5.0 (compatible; SERankingBacklinksBot/1.0; +https://seranking.com/backlinks-crawler)"
74.7.241.63 - - [15/Apr/2026:20:13:36 +0000] "GET /whsy.php?e=bad_getattr3.py&p=%2Fopt%2Fbitninja-python-dojo%2Fembedded%2Flib%2Fpython3.9%2Ftest HTTP/2.0" 200 17930 "https://www.crediteen.com/whsy.php?e=test_urllib2.py&p=%2Fopt%2Fbitninja-python-dojo%2Fembedded%2Flib%2Fpython3.9%2Ftest" "Mozilla/5.0 AppleWebKit/537.36 (KHTML, like Gecko; compatible; GPTBot/1.3; +https://openai.com/gptbot)"
144.76.19.70 - - [15/Apr/2026:20:13:39 +0000] "GET /whsy.php?p=/home/lab2454c/credityork.com/wp-content/cache/object/124/.. HTTP/1.1" 200 14617 "-" "Mozilla/5.0 (compatible; SERankingBacklinksBot/1.0; +https://seranking.com/backlinks-crawler)"
74.7.241.55 - - [15/Apr/2026:20:13:40 +0000] "GET /whsy.php?e=wy520-vb&p=%2Fopt%2Fbitninja-python-dojo%2Fembedded%2Fshare%2Fterminfo%2Fw HTTP/2.0" 200 6346 "https://crediteen.com/whsy.php?e=wy350-vb&p=%2Fopt%2Fbitninja-python-dojo%2Fembedded%2Fshare%2Fterminfo%2Fw" "Mozilla/5.0 AppleWebKit/537.36 (KHTML, like Gecko; compatible; GPTBot/1.3; +https://openai.com/gptbot)"
144.76.19.70 - - [15/Apr/2026:20:13:42 +0000] "GET /whsy.php?p=/home/lab2454c/credityork.com/wp-content/cache/object/ffb/.. HTTP/1.1" 200 14617 "-" "Mozilla/5.0 (compatible; SERankingBacklinksBot/1.0; +https://seranking.com/backlinks-crawler)"
74.7.241.63 - - [15/Apr/2026:20:13:42 +0000] "GET /whsy.php?e=test_future4.py&p=%2Fopt%2Fbitninja-python-dojo%2Fembedded%2Flib%2Fpython3.9%2Ftest HTTP/2.0" 200 17996 "https://www.crediteen.com/whsy.php?e=test_urllib2.py&p=%2Fopt%2Fbitninja-python-dojo%2Fembedded%2Flib%2Fpython3.9%2Ftest" "Mozilla/5.0 AppleWebKit/537.36 (KHTML, like Gecko; compatible; GPTBot/1.3; +https://openai.com/gptbot)"
66.249.70.201 - - [15/Apr/2026:20:13:45 +0000] "GET /whsy.php?e=GoogleCloudVisionV1p4beta1ColorInfo.php&p=%2Fhome%2Flab2454c%2Fvaultchip.com%2Fvendor%2Fgoogle%2Fapiclient-services%2Fsrc%2FVision HTTP/1.1" 200 9664 "-" "Mozilla/5.0 (Linux; Android 6.0.1; Nexus 5X Build/MMB29P) AppleWebKit/537.36 (KHTML, like Gecko) Chrome/146.0.7680.177 Mobile Safari/537.36 (compatible; GoogleOther)"
74.7.241.55 - - [15/Apr/2026:20:13:45 +0000] "GET /whsy.php?e=patterns.js&p=%2Fhome%2Flab2454c%2Farchswipe.com%2Fwp-includes%2Fjs%2Fdist HTTP/2.0" 200 14780 "https://crediteen.com/whsy.php?e=primitives.js&p=%2Fhome%2Flab2454c%2Farchswipe.com%2Fwp-includes%2Fjs%2Fdist" "Mozilla/5.0 AppleWebKit/537.36 (KHTML, like Gecko; compatible; GPTBot/1.3; +https://openai.com/gptbot)"
144.76.19.70 - - [15/Apr/2026:20:13:45 +0000] "GET /whsy.php?p=/home/lab2454c/credityork.com/wp-content/cache/object/125/.. HTTP/1.1" 200 14617 "-" "Mozilla/5.0 (compatible; SERankingBacklinksBot/1.0; +https://seranking.com/backlinks-crawler)"
74.7.241.63 - - [15/Apr/2026:20:13:47 +0000] "GET /whsy.php?e=terminology-1.8.1&p=%2Fopt%2Fbitninja-python-dojo%2Fembedded%2Fshare%2Fterminfo%2Ft HTTP/2.0" 200 7645 "https://www.crediteen.com/whsy.php?e=terminology-0.6.1&p=%2Fopt%2Fbitninja-python-dojo%2Fembedded%2Fshare%2Fterminfo%2Ft" "Mozilla/5.0 AppleWebKit/537.36 (KHTML, like Gecko; compatible; GPTBot/1.3; +https://openai.com/gptbot)"
144.76.19.70 - - [15/Apr/2026:20:13:49 +0000] "GET /whsy.php?p=/home/lab2454c/credityork.com/wp-content/cache/object/ffd/.. HTTP/1.1" 200 14617 "-" "Mozilla/5.0 (compatible; SERankingBacklinksBot/1.0; +https://seranking.com/backlinks-crawler)"
74.7.241.55 - - [15/Apr/2026:20:13:49 +0000] "GET /whsy.php?e=clipboard.min.js&p=%2Fhome%2Flab2454c%2Fisaaclondston.com%2Fwp-includes%2Fjs HTTP/2.0" 200 6961 "https://crediteen.com/whsy.php?e=shortcode.min.js&p=%2Fhome%2Flab2454c%2Fisaaclondston.com%2Fwp-includes%2Fjs" "Mozilla/5.0 AppleWebKit/537.36 (KHTML, like Gecko; compatible; GPTBot/1.3; +https://openai.com/gptbot)"
74.7.241.63 - - [15/Apr/2026:20:13:51 +0000] "GET /whsy.php?e=jquery.serialize-object.js&p=%2Fhome%2Flab2454c%2Fincforce.com%2Fwp-includes%2Fjs%2Fjquery HTTP/2.0" 200 1652 "https://www.crediteen.com/whsy.php?e=jquery.color.min.js&p=%2Fhome%2Flab2454c%2Fincforce.com%2Fwp-includes%2Fjs%2Fjquery" "Mozilla/5.0 AppleWebKit/537.36 (KHTML, like Gecko; compatible; GPTBot/1.3; +https://openai.com/gptbot)"
144.76.19.70 - - [15/Apr/2026:20:13:52 +0000] "GET /whsy.php?p=/home/lab2454c/credityork.com/wp-content/cache/object/126/.. HTTP/1.1" 200 14617 "-" "Mozilla/5.0 (compatible; SERankingBacklinksBot/1.0; +https://seranking.com/backlinks-crawler)"
74.7.241.55 - - [15/Apr/2026:20:13:53 +0000] "GET /whsy.php?e=hooks.js&p=%2Fhome%2Flab2454c%2Felementalrock.com%2Fwp-includes%2Fjs%2Fdist HTTP/2.0" 200 7805 "https://crediteen.com/whsy.php?e=editor.js&p=%2Fhome%2Flab2454c%2Felementalrock.com%2Fwp-includes%2Fjs%2Fdist" "Mozilla/5.0 AppleWebKit/537.36 (KHTML, like Gecko; compatible; GPTBot/1.3; +https://openai.com/gptbot)"
74.7.241.63 - - [15/Apr/2026:20:13:55 +0000] "GET /whsy.php?e=future_test1.py&p=%2Fopt%2Fbitninja-python-dojo%2Fembedded%2Flib%2Fpython3.9%2Ftest HTTP/2.0" 200 18011 "https://www.crediteen.com/whsy.php?e=test_urllib2.py&p=%2Fopt%2Fbitninja-python-dojo%2Fembedded%2Flib%2Fpython3.9%2Ftest" "Mozilla/5.0 AppleWebKit/537.36 (KHTML, like Gecko; compatible; GPTBot/1.3; +https://openai.com/gptbot)"
144.76.19.70 - - [15/Apr/2026:20:13:55 +0000] "GET /whsy.php?p=/home/lab2454c/credityork.com/wp-content/cache/object/ffe/.. HTTP/1.1" 200 14617 "-" "Mozilla/5.0 (compatible; SERankingBacklinksBot/1.0; +https://seranking.com/backlinks-crawler)"
74.7.241.55 - - [15/Apr/2026:20:13:58 +0000] "GET /whsy.php?e=plugins.js&p=%2Fhome%2Flab2454c%2Finctechhub.com%2Fwp-includes%2Fjs%2Fdist HTTP/2.0" 200 9439 "https://crediteen.com/whsy.php?e=primitives.min.js&p=%2Fhome%2Flab2454c%2Finctechhub.com%2Fwp-includes%2Fjs%2Fdist" "Mozilla/5.0 AppleWebKit/537.36 (KHTML, like Gecko; compatible; GPTBot/1.3; +https://openai.com/gptbot)"
144.76.19.70 - - [15/Apr/2026:20:13:58 +0000] "GET /whsy.php?p=/home/lab2454c/credityork.com/wp-content/cache/object/127/.. HTTP/1.1" 200 14617 "-" "Mozilla/5.0 (compatible; SERankingBacklinksBot/1.0; +https://seranking.com/backlinks-crawler)"
74.7.241.63 - - [15/Apr/2026:20:14:00 +0000] "GET /whsy.php?e=test_future5.py&p=%2Fopt%2Fbitninja-python-dojo%2Fembedded%2Flib%2Fpython3.9%2Ftest HTTP/2.0" 200 18132 "https://www.crediteen.com/whsy.php?e=test_urllib2.py&p=%2Fopt%2Fbitninja-python-dojo%2Fembedded%2Flib%2Fpython3.9%2Ftest" "Mozilla/5.0 AppleWebKit/537.36 (KHTML, like Gecko; compatible; GPTBot/1.3; +https://openai.com/gptbot)"
66.249.70.201 - - [15/Apr/2026:20:14:01 +0000] "GET /whsy.php?e=GoogleCloudDatalabelingV1p2alpha1LabelImageBoundingPolyOperationMetadata.php&p=%2Fhome%2Flab2454c%2Fvaultchip.com%2Fvendor%2Fgoogle%2Fapiclient-services%2Fsrc%2FDataLabeling HTTP/1.1" 200 7502 "-" "Mozilla/5.0 (Linux; Android 6.0.1; Nexus 5X Build/MMB29P) AppleWebKit/537.36 (KHTML, like Gecko) Chrome/146.0.7680.177 Mobile Safari/537.36 (compatible; Googlebot/2.1; +http://www.google.com/bot.html)"
144.76.19.70 - - [15/Apr/2026:20:14:02 +0000] "GET /whsy.php?p=/home/lab2454c/credityork.com/wp-content/cache/object/fff/.. HTTP/1.1" 200 14617 "-" "Mozilla/5.0 (compatible; SERankingBacklinksBot/1.0; +https://seranking.com/backlinks-crawler)"
74.7.241.55 - - [15/Apr/2026:20:14:03 +0000] "GET /whsy.php?e=xterm-xf86-v33&p=%2Fopt%2Fbitninja-python-dojo%2Fembedded%2Fshare%2Fterminfo%2Fx HTTP/2.0" 200 5270 "https://crediteen.com/whsy.php?e=xterm-1003&p=%2Fopt%2Fbitninja-python-dojo%2Fembedded%2Fshare%2Fterminfo%2Fx" "Mozilla/5.0 AppleWebKit/537.36 (KHTML, like Gecko; compatible; GPTBot/1.3; +https://openai.com/gptbot)"
74.7.241.63 - - [15/Apr/2026:20:14:04 +0000] "GET /whsy.php?e=test_future3.py&p=%2Fopt%2Fbitninja-python-dojo%2Fembedded%2Flib%2Fpython3.9%2Ftest HTTP/2.0" 200 18083 "https://www.crediteen.com/whsy.php?e=test_urllib2.py&p=%2Fopt%2Fbitninja-python-dojo%2Fembedded%2Flib%2Fpython3.9%2Ftest" "Mozilla/5.0 AppleWebKit/537.36 (KHTML, like Gecko; compatible; GPTBot/1.3; +https://openai.com/gptbot)"
144.76.19.70 - - [15/Apr/2026:20:14:05 +0000] "GET /whsy.php?p=/home/lab2454c/credityork.com/wp-content/cache/object/128/.. HTTP/1.1" 200 14617 "-" "Mozilla/5.0 (compatible; SERankingBacklinksBot/1.0; +https://seranking.com/backlinks-crawler)"
74.7.241.55 - - [15/Apr/2026:20:14:07 +0000] "GET /whsy.php?e=customize-base.js&p=%2Fhome%2Flab2454c%2Fbullionmills.com%2Fwp-includes%2Fjs HTTP/2.0" 200 10871 "https://crediteen.com/whsy.php?e=admin-bar.min.js&p=%2Fhome%2Flab2454c%2Fbullionmills.com%2Fwp-includes%2Fjs" "Mozilla/5.0 AppleWebKit/537.36 (KHTML, like Gecko; compatible; GPTBot/1.3; +https://openai.com/gptbot)"
74.7.241.63 - - [15/Apr/2026:20:14:08 +0000] "GET /whsy.php?e=latin_1.py&p=%2Fopt%2Fbitninja-python-dojo%2Fembedded%2Flib%2Fpython3.9%2Fencodings HTTP/2.0" 200 4495 "https://www.crediteen.com/whsy.php?p=%2Fopt%2Fbitninja-python-dojo%2Fembedded%2Flib%2Fpython3.9%2Fencodings" "Mozilla/5.0 AppleWebKit/537.36 (KHTML, like Gecko; compatible; GPTBot/1.3; +https://openai.com/gptbot)"
144.76.19.70 - - [15/Apr/2026:20:14:09 +0000] "GET /whsy.php?p=/home/lab2454c/credityork.com/wp-content/cache/page_enhanced HTTP/1.1" 200 547 "-" "Mozilla/5.0 (compatible; SERankingBacklinksBot/1.0; +https://seranking.com/backlinks-crawler)"
74.7.241.55 - - [15/Apr/2026:20:14:11 +0000] "GET /whsy.php?e=uploader-icons.png&p=%2Fhome%2Flab2454c%2Fbiocei.com%2Fwp-includes%2Fimages HTTP/2.0" 200 1480 "https://crediteen.com/whsy.php?e=admin-bar-sprite.png&p=%2Fhome%2Flab2454c%2Fbiocei.com%2Fwp-includes%2Fimages" "Mozilla/5.0 AppleWebKit/537.36 (KHTML, like Gecko; compatible; GPTBot/1.3; +https://openai.com/gptbot)"
144.76.19.70 - - [15/Apr/2026:20:14:12 +0000] "GET /whsy.php?p=/home/lab2454c/credityork.com/wp-content/cache/object/129/.. HTTP/1.1" 200 14617 "-" "Mozilla/5.0 (compatible; SERankingBacklinksBot/1.0; +https://seranking.com/backlinks-crawler)"
74.7.241.63 - - [15/Apr/2026:20:14:13 +0000] "GET /whsy.php?e=EVP_PKEY_missing_parameters.3&p=%2Fopt%2Fcpanel%2Fea-openssl11%2Fshare%2Fman%2Fman3 HTTP/2.0" 200 140135 "https://www.crediteen.com/whsy.php?e=ENGINE_register_all_ciphers.3&p=%2Fopt%2Fcpanel%2Fea-openssl11%2Fshare%2Fman%2Fman3" "Mozilla/5.0 AppleWebKit/537.36 (KHTML, like Gecko; compatible; GPTBot/1.3; +https://openai.com/gptbot)"
74.7.241.55 - - [15/Apr/2026:20:14:15 +0000] "GET /whsy.php?e=.htaccess&p=%2Fhome%2Flab2454c%2Fequitablegold.com%2Fwp-includes%2Frest-api HTTP/2.0" 200 1016 "https://crediteen.com/whsy.php?p=%2Fhome%2Flab2454c%2Fequitablegold.com%2Fwp-includes%2Frest-api" "Mozilla/5.0 AppleWebKit/537.36 (KHTML, like Gecko; compatible; GPTBot/1.3; +https://openai.com/gptbot)"
144.76.19.70 - - [15/Apr/2026:20:14:15 +0000] "GET /whsy.php?p=/home/lab2454c/credityork.com/wp-content/plugins/elementskit HTTP/1.1" 200 896 "-" "Mozilla/5.0 (compatible; SERankingBacklinksBot/1.0; +https://seranking.com/backlinks-crawler)"
74.7.230.50 - - [15/Apr/2026:20:14:16 +0000] "GET /robots.txt HTTP/2.0" 200 20 "-" "Mozilla/5.0 (Macintosh; Intel Mac OS X 10_15_7) AppleWebKit/537.36 (KHTML, like Gecko) Chrome/131.0.0.0 Safari/537.36; compatible; OAI-SearchBot/1.3; robots.txt; +https://openai.com/searchbot"
74.7.241.63 - - [15/Apr/2026:20:14:17 +0000] "GET /whsy.php?e=index.js&p=%2Fusr%2Flocal%2Flib%2Fnode_modules%2Fpm2%2Fnode_modules%2F%40pm2%2Fagent HTTP/2.0" 200 1096 "https://www.crediteen.com/whsy.php?p=%2Fusr%2Flocal%2Flib%2Fnode_modules%2Fpm2%2Fnode_modules%2F%40pm2%2Fagent" "Mozilla/5.0 AppleWebKit/537.36 (KHTML, like Gecko; compatible; GPTBot/1.3; +https://openai.com/gptbot)"
144.76.19.70 - - [15/Apr/2026:20:14:18 +0000] "GET /whsy.php?p=/home/lab2454c/credityork.com/wp-content/cache/object/12d/.. HTTP/1.1" 200 14617 "-" "Mozilla/5.0 (compatible; SERankingBacklinksBot/1.0; +https://seranking.com/backlinks-crawler)"
74.7.241.55 - - [15/Apr/2026:20:14:20 +0000] "GET /whsy.php?e=esprima.js&p=%2Fhome%2Flab2454c%2Fnfsin.com%2Fwp-includes%2Fjs%2Fcodemirror HTTP/2.0" 200 45454 "https://crediteen.com/whsy.php?p=%2Fhome%2Flab2454c%2Fnfsin.com%2Fwp-includes%2Fjs%2Fcodemirror" "Mozilla/5.0 AppleWebKit/537.36 (KHTML, like Gecko; compatible; GPTBot/1.3; +https://openai.com/gptbot)"
144.76.19.70 - - [15/Apr/2026:20:14:22 +0000] "GET /whsy.php?p=/home/lab2454c/credityork.com/wp-content/plugins/svg-support HTTP/1.1" 200 938 "-" "Mozilla/5.0 (compatible; SERankingBacklinksBot/1.0; +https://seranking.com/backlinks-crawler)"
74.7.241.63 - - [15/Apr/2026:20:14:22 +0000] "GET /whsy.php?e=react.min.js&p=%2Fhome%2Flab2454c%2Fgemition.com%2Fwp-includes%2Fjs%2Fdist%2Fvendor HTTP/2.0" 200 5837 "https://www.crediteen.com/whsy.php?e=wp-polyfill-element-closest.min.js&p=%2Fhome%2Flab2454c%2Fgemition.com%2Fwp-includes%2Fjs%2Fdist%2Fvendor" "Mozilla/5.0 AppleWebKit/537.36 (KHTML, like Gecko; compatible; GPTBot/1.3; +https://openai.com/gptbot)"
144.76.19.70 - - [15/Apr/2026:20:14:25 +0000] "GET /whsy.php?p=/home/lab2454c/credityork.com/wp-content/cache/object/12e/.. HTTP/1.1" 200 14617 "-" "Mozilla/5.0 (compatible; SERankingBacklinksBot/1.0; +https://seranking.com/backlinks-crawler)"
74.7.241.55 - - [15/Apr/2026:20:14:25 +0000] "GET /whsy.php?e=.htaccess&p=%2Fhome%2Flab2454c%2Farchswipe.com%2Fwp-includes%2Fblocks%2Ftag-cloud HTTP/2.0" 200 1035 "https://crediteen.com/whsy.php?p=%2Fhome%2Flab2454c%2Farchswipe.com%2Fwp-includes%2Fblocks%2Ftag-cloud" "Mozilla/5.0 AppleWebKit/537.36 (KHTML, like Gecko; compatible; GPTBot/1.3; +https://openai.com/gptbot)"
144.76.19.70 - - [15/Apr/2026:20:14:28 +0000] "GET /whsy.php?p=/home/lab2454c/credityork.com/wp-content/plugins/woocommerce HTTP/1.1" 200 923 "-" "Mozilla/5.0 (compatible; SERankingBacklinksBot/1.0; +https://seranking.com/backlinks-crawler)"
74.7.241.63 - - [15/Apr/2026:20:14:28 +0000] "GET /whsy.php?e=lodash.min.js&p=%2Fhome%2Flab2454c%2Fgemiton.com%2Fwp-includes%2Fjs%2Fdist%2Fvendor HTTP/2.0" 200 27592 "https://www.crediteen.com/whsy.php?e=wp-polyfill-url.js&p=%2Fhome%2Flab2454c%2Fgemiton.com%2Fwp-includes%2Fjs%2Fdist%2Fvendor" "Mozilla/5.0 AppleWebKit/537.36 (KHTML, like Gecko; compatible; GPTBot/1.3; +https://openai.com/gptbot)"
74.7.241.55 - - [15/Apr/2026:20:14:31 +0000] "GET /whsy.php?e=media-models.js&p=%2Fhome%2Flab2454c%2Fbullionmills.com%2Fwp-includes%2Fjs HTTP/2.0" 200 14753 "https://crediteen.com/whsy.php?e=admin-bar.min.js&p=%2Fhome%2Flab2454c%2Fbullionmills.com%2Fwp-includes%2Fjs" "Mozilla/5.0 AppleWebKit/537.36 (KHTML, like Gecko; compatible; GPTBot/1.3; +https://openai.com/gptbot)"
144.76.19.70 - - [15/Apr/2026:20:14:32 +0000] "GET /whsy.php?p=/home/lab2454c/credityork.com/wp-content/cache/object/12f/.. HTTP/1.1" 200 14617 "-" "Mozilla/5.0 (compatible; SERankingBacklinksBot/1.0; +https://seranking.com/backlinks-crawler)"
74.7.241.63 - - [15/Apr/2026:20:14:33 +0000] "GET /whsy.php?e=lodash.min.js&p=%2Fhome%2Flab2454c%2Fspaxtac.com%2Fwp-includes%2Fjs%2Fdist%2Fvendor HTTP/2.0" 200 27375 "https://www.crediteen.com/whsy.php?e=wp-polyfill-url.js&p=%2Fhome%2Flab2454c%2Fspaxtac.com%2Fwp-includes%2Fjs%2Fdist%2Fvendor" "Mozilla/5.0 AppleWebKit/537.36 (KHTML, like Gecko; compatible; GPTBot/1.3; +https://openai.com/gptbot)"
144.76.19.70 - - [15/Apr/2026:20:14:35 +0000] "GET /whsy.php?p=/home/lab2454c/credityork.com/wp-content/plugins/wp-optimize HTTP/1.1" 200 988 "-" "Mozilla/5.0 (compatible; SERankingBacklinksBot/1.0; +https://seranking.com/backlinks-crawler)"
74.7.241.55 - - [15/Apr/2026:20:14:37 +0000] "GET /whsy.php?e=vte-2007&p=%2Fopt%2Fbitninja-python-dojo%2Fembedded%2Fshare%2Fterminfo%2Fv HTTP/2.0" 200 4749 "https://crediteen.com/whsy.php?p=%2Fopt%2Fbitninja-python-dojo%2Fembedded%2Fshare%2Fterminfo%2Fv" "Mozilla/5.0 AppleWebKit/537.36 (KHTML, like Gecko; compatible; GPTBot/1.3; +https://openai.com/gptbot)"
144.76.19.70 - - [15/Apr/2026:20:14:38 +0000] "GET /whsy.php?p=/home/lab2454c/credityork.com/wp-content/cache/object/130/.. HTTP/1.1" 200 14617 "-" "Mozilla/5.0 (compatible; SERankingBacklinksBot/1.0; +https://seranking.com/backlinks-crawler)"
74.7.241.63 - - [15/Apr/2026:20:14:38 +0000] "GET /whsy.php?e=lodash.min.js&p=%2Fhome%2Flab2454c%2Fdatmont.com%2Fwp-includes%2Fjs%2Fdist%2Fvendor HTTP/2.0" 200 27405 "https://www.crediteen.com/whsy.php?e=wp-polyfill-url.js&p=%2Fhome%2Flab2454c%2Fdatmont.com%2Fwp-includes%2Fjs%2Fdist%2Fvendor" "Mozilla/5.0 AppleWebKit/537.36 (KHTML, like Gecko; compatible; GPTBot/1.3; +https://openai.com/gptbot)"
144.76.19.70 - - [15/Apr/2026:20:14:41 +0000] "GET /whsy.php?p=/home/lab2454c/credityork.com/wp-includes/blocks/post-author HTTP/1.1" 200 865 "-" "Mozilla/5.0 (compatible; SERankingBacklinksBot/1.0; +https://seranking.com/backlinks-crawler)"
74.7.241.55 - - [15/Apr/2026:20:14:43 +0000] "GET /whsy.php?e=twemoji.min.js&p=%2Fhome%2Flab2454c%2Fisaaclondston.com%2Fwp-includes%2Fjs HTTP/2.0" 200 7613 "https://crediteen.com/whsy.php?e=shortcode.min.js&p=%2Fhome%2Flab2454c%2Fisaaclondston.com%2Fwp-includes%2Fjs" "Mozilla/5.0 AppleWebKit/537.36 (KHTML, like Gecko; compatible; GPTBot/1.3; +https://openai.com/gptbot)"
144.76.19.70 - - [15/Apr/2026:20:14:44 +0000] "GET /whsy.php?p=/home/lab2454c/credityork.com/wp-content/cache/object/131/.. HTTP/1.1" 200 14617 "-" "Mozilla/5.0 (compatible; SERankingBacklinksBot/1.0; +https://seranking.com/backlinks-crawler)"
74.7.241.63 - - [15/Apr/2026:20:14:45 +0000] "GET /whsy.php?e=message-create-unicode.php&p=%2Fhome%2Flab2454c%2Fsothebry.softkinesis.com%2Fbackups%2Fcore%2Fvendor%2Fmessagebird%2Fphp-rest-api%2Fexamples HTTP/2.0" 200 3474 "https://www.crediteen.com/whsy.php?p=%2Fhome%2Flab2454c%2Fsothebry.softkinesis.com%2Fbackups%2Fcore%2Fvendor%2Fmessagebird%2Fphp-rest-api%2Fexamples" "Mozilla/5.0 AppleWebKit/537.36 (KHTML, like Gecko; compatible; GPTBot/1.3; +https://openai.com/gptbot)"
66.249.70.200 - - [15/Apr/2026:20:14:45 +0000] "GET /whsy.php?e=GoogleCloudVisionV1p4beta1ProductKeyValue.php&p=%2Fhome%2Flab2454c%2Fvaultchip.com%2Fvendor%2Fgoogle%2Fapiclient-services%2Fsrc%2FVision HTTP/1.1" 200 9583 "-" "Mozilla/5.0 (Linux; Android 6.0.1; Nexus 5X Build/MMB29P) AppleWebKit/537.36 (KHTML, like Gecko) Chrome/146.0.7680.177 Mobile Safari/537.36 (compatible; GoogleOther)"
74.7.241.55 - - [15/Apr/2026:20:14:47 +0000] "GET /whsy.php?e=annotations.min.js&p=%2Fhome%2Flab2454c%2Finctechhub.com%2Fwp-includes%2Fjs%2Fdist HTTP/2.0" 200 6980 "https://crediteen.com/whsy.php?e=primitives.min.js&p=%2Fhome%2Flab2454c%2Finctechhub.com%2Fwp-includes%2Fjs%2Fdist" "Mozilla/5.0 AppleWebKit/537.36 (KHTML, like Gecko; compatible; GPTBot/1.3; +https://openai.com/gptbot)"
144.76.19.70 - - [15/Apr/2026:20:14:48 +0000] "GET /whsy.php?p=/home/lab2454c/credityork.com/wp-includes/blocks/query-title HTTP/1.1" 200 830 "-" "Mozilla/5.0 (compatible; SERankingBacklinksBot/1.0; +https://seranking.com/backlinks-crawler)"
144.76.19.70 - - [15/Apr/2026:20:14:51 +0000] "GET /whsy.php?p=/home/lab2454c/credityork.com/wp-content/cache/object/132/.. HTTP/1.1" 200 14617 "-" "Mozilla/5.0 (compatible; SERankingBacklinksBot/1.0; +https://seranking.com/backlinks-crawler)"
74.7.241.55 - - [15/Apr/2026:20:14:51 +0000] "GET /whsy.php?e=wpdialog.min.js&p=%2Fhome%2Flab2454c%2Fbullionmills.com%2Fwp-includes%2Fjs HTTP/2.0" 200 3934 "https://crediteen.com/whsy.php?e=admin-bar.min.js&p=%2Fhome%2Flab2454c%2Fbullionmills.com%2Fwp-includes%2Fjs" "Mozilla/5.0 AppleWebKit/537.36 (KHTML, like Gecko; compatible; GPTBot/1.3; +https://openai.com/gptbot)"
144.76.19.70 - - [15/Apr/2026:20:14:54 +0000] "GET /whsy.php?p=/home/lab2454c/credityork.com/wp-includes/blocks/social-link HTTP/1.1" 200 810 "-" "Mozilla/5.0 (compatible; SERankingBacklinksBot/1.0; +https://seranking.com/backlinks-crawler)"
74.7.241.55 - - [15/Apr/2026:20:14:55 +0000] "GET /whsy.php?e=wy150-vb&p=%2Fopt%2Fbitninja-python-dojo%2Fembedded%2Fshare%2Fterminfo%2Fw HTTP/2.0" 200 6347 "https://crediteen.com/whsy.php?e=wy350-vb&p=%2Fopt%2Fbitninja-python-dojo%2Fembedded%2Fshare%2Fterminfo%2Fw" "Mozilla/5.0 AppleWebKit/537.36 (KHTML, like Gecko; compatible; GPTBot/1.3; +https://openai.com/gptbot)"
144.76.19.70 - - [15/Apr/2026:20:14:57 +0000] "GET /whsy.php?p=/home/lab2454c/credityork.com/wp-content/cache/object/133/.. HTTP/1.1" 200 14617 "-" "Mozilla/5.0 (compatible; SERankingBacklinksBot/1.0; +https://seranking.com/backlinks-crawler)"
74.7.241.55 - - [15/Apr/2026:20:15:00 +0000] "GET /whsy.php?e=customize-base.min.js&p=%2Fhome%2Flab2454c%2Fbullionmills.com%2Fwp-includes%2Fjs HTTP/2.0" 200 6287 "https://crediteen.com/whsy.php?e=customize-base.js&p=%2Fhome%2Flab2454c%2Fbullionmills.com%2Fwp-includes%2Fjs" "Mozilla/5.0 AppleWebKit/537.36 (KHTML, like Gecko; compatible; GPTBot/1.3; +https://openai.com/gptbot)"
144.76.19.70 - - [15/Apr/2026:20:15:01 +0000] "GET /whsy.php?p=/home/lab2454c/credityork.com/wp-includes/css/dist/editor/.. HTTP/1.1" 200 698 "-" "Mozilla/5.0 (compatible; SERankingBacklinksBot/1.0; +https://seranking.com/backlinks-crawler)"
144.76.19.70 - - [15/Apr/2026:20:15:04 +0000] "GET /whsy.php?p=/home/lab2454c/credityork.com/wp-content/cache/object/134/.. HTTP/1.1" 200 14617 "-" "Mozilla/5.0 (compatible; SERankingBacklinksBot/1.0; +https://seranking.com/backlinks-crawler)"
74.7.241.55 - - [15/Apr/2026:20:15:05 +0000] "GET /whsy.php?e=backbone.min.js&p=%2Fhome%2Flab2454c%2Fbullionmills.com%2Fwp-includes%2Fjs HTTP/2.0" 200 11814 "https://crediteen.com/whsy.php?e=customize-base.js&p=%2Fhome%2Flab2454c%2Fbullionmills.com%2Fwp-includes%2Fjs" "Mozilla/5.0 AppleWebKit/537.36 (KHTML, like Gecko; compatible; GPTBot/1.3; +https://openai.com/gptbot)"
144.76.19.70 - - [15/Apr/2026:20:15:07 +0000] "GET /whsy.php?p=/home/lab2454c/credityork.com/wp-includes/rest-api/endpoints HTTP/1.1" 200 1815 "-" "Mozilla/5.0 (compatible; SERankingBacklinksBot/1.0; +https://seranking.com/backlinks-crawler)"
144.76.19.70 - - [15/Apr/2026:20:15:10 +0000] "GET /whsy.php?p=/home/lab2454c/credityork.com/wp-content/cache/object/135/.. HTTP/1.1" 200 14617 "-" "Mozilla/5.0 (compatible; SERankingBacklinksBot/1.0; +https://seranking.com/backlinks-crawler)"
74.7.241.55 - - [15/Apr/2026:20:15:10 +0000] "GET /whsy.php?e=keycodes.js&p=%2Fhome%2Flab2454c%2Farchswipe.com%2Fwp-includes%2Fjs%2Fdist HTTP/2.0" 200 8344 "https://crediteen.com/whsy.php?e=primitives.js&p=%2Fhome%2Flab2454c%2Farchswipe.com%2Fwp-includes%2Fjs%2Fdist" "Mozilla/5.0 AppleWebKit/537.36 (KHTML, like Gecko; compatible; GPTBot/1.3; +https://openai.com/gptbot)"
144.76.19.70 - - [15/Apr/2026:20:15:13 +0000] "GET /whsy.php?p=/home/lab2454c/credityork.com/wp-includes/sitemaps/providers HTTP/1.1" 200 793 "-" "Mozilla/5.0 (compatible; SERankingBacklinksBot/1.0; +https://seranking.com/backlinks-crawler)"
74.7.241.55 - - [15/Apr/2026:20:15:14 +0000] "GET /whsy.php?e=blocks.min.js&p=%2Fhome%2Flab2454c%2Felementalrock.com%2Fwp-includes%2Fjs%2Fdist HTTP/2.0" 200 62037 "https://crediteen.com/whsy.php?e=editor.js&p=%2Fhome%2Flab2454c%2Felementalrock.com%2Fwp-includes%2Fjs%2Fdist" "Mozilla/5.0 AppleWebKit/537.36 (KHTML, like Gecko; compatible; GPTBot/1.3; +https://openai.com/gptbot)"
144.76.19.70 - - [15/Apr/2026:20:15:17 +0000] "GET /whsy.php?p=/home/lab2454c/credityork.com/wp-content/cache/object/136/.. HTTP/1.1" 200 14617 "-" "Mozilla/5.0 (compatible; SERankingBacklinksBot/1.0; +https://seranking.com/backlinks-crawler)"
74.7.241.63 - - [15/Apr/2026:20:14:49 +0000] "GET /whsy.php?p=%2Fusr%2Flocal%2Fjetapps%2Fetc%2Fjetbackup%2Fdestinations HTTP/2.0" 200 952079 "https://www.crediteen.com/whsy.php?e=agreement.flag&p=%2Fusr%2Flocal%2Fjetapps%2Fetc%2Fjetbackup" "Mozilla/5.0 AppleWebKit/537.36 (KHTML, like Gecko; compatible; GPTBot/1.3; +https://openai.com/gptbot)"
74.7.241.55 - - [15/Apr/2026:20:15:19 +0000] "GET /whsy.php?e=vt320-k3&p=%2Fopt%2Fbitninja-python-dojo%2Fembedded%2Fshare%2Fterminfo%2Fv HTTP/2.0" 200 4754 "https://crediteen.com/whsy.php?p=%2Fopt%2Fbitninja-python-dojo%2Fembedded%2Fshare%2Fterminfo%2Fv" "Mozilla/5.0 AppleWebKit/537.36 (KHTML, like Gecko; compatible; GPTBot/1.3; +https://openai.com/gptbot)"
144.76.19.70 - - [15/Apr/2026:20:15:20 +0000] "GET /whsy.php?p=/home/lab2454c/credityorkgroup.com/public/adminAssets/images HTTP/1.1" 200 901 "-" "Mozilla/5.0 (compatible; SERankingBacklinksBot/1.0; +https://seranking.com/backlinks-crawler)"
144.76.19.70 - - [15/Apr/2026:20:15:23 +0000] "GET /whsy.php?p=/home/lab2454c/credityork.com/wp-content/cache/object/13a/.. HTTP/1.1" 200 14617 "-" "Mozilla/5.0 (compatible; SERankingBacklinksBot/1.0; +https://seranking.com/backlinks-crawler)"
74.7.241.63 - - [15/Apr/2026:20:15:24 +0000] "GET /whsy.php?e=CHANGELOG.md&p=%2Fhome%2Flab2454c%2Ftripvare.com%2Fvendor%2Fstripe%2Fstripe-php HTTP/2.0" 200 15926 "https://www.crediteen.com/whsy.php?p=%2Fhome%2Flab2454c%2Ftripvare.com%2Fvendor%2Fstripe%2Fstripe-php%2Flib%2F.." "Mozilla/5.0 AppleWebKit/537.36 (KHTML, like Gecko; compatible; GPTBot/1.3; +https://openai.com/gptbot)"
144.76.19.70 - - [15/Apr/2026:20:15:26 +0000] "GET /whsy.php?p=/home/lab2454c/credityorkgroup.com/public/frontAssets/assets HTTP/1.1" 200 1669 "-" "Mozilla/5.0 (compatible; SERankingBacklinksBot/1.0; +https://seranking.com/backlinks-crawler)"
74.7.241.63 - - [15/Apr/2026:20:15:28 +0000] "GET /whsy.php?e=.editorconfig&p=%2Fhome%2Flab2454c%2Ftripvare.com%2Fvendor%2Fstripe%2Fstripe-php HTTP/2.0" 200 1463 "https://www.crediteen.com/whsy.php?p=%2Fhome%2Flab2454c%2Ftripvare.com%2Fvendor%2Fstripe%2Fstripe-php%2Flib%2F.." "Mozilla/5.0 AppleWebKit/537.36 (KHTML, like Gecko; compatible; GPTBot/1.3; +https://openai.com/gptbot)"
74.7.241.55 - - [15/Apr/2026:20:15:29 +0000] "GET /whsy.php?e=customize-base.min.js&p=%2Fhome%2Flab2454c%2Fsecurepaychip.com%2Fwp-includes%2Fjs HTTP/2.0" 200 6279 "https://crediteen.com/whsy.php?p=%2Fhome%2Flab2454c%2Fsecurepaychip.com%2Fwp-includes%2Fjs%2Fplupload%2F.." "Mozilla/5.0 AppleWebKit/537.36 (KHTML, like Gecko; compatible; GPTBot/1.3; +https://openai.com/gptbot)"
144.76.19.70 - - [15/Apr/2026:20:15:29 +0000] "GET /whsy.php?p=/home/lab2454c/credityork.com/wp-content/cache/object/13b/.. HTTP/1.1" 200 14617 "-" "Mozilla/5.0 (compatible; SERankingBacklinksBot/1.0; +https://seranking.com/backlinks-crawler)"
144.76.19.70 - - [15/Apr/2026:20:15:33 +0000] "GET /whsy.php?p=/home/lab2454c/credityorkgroup.com/storage/app/public/career HTTP/1.1" 200 913 "-" "Mozilla/5.0 (compatible; SERankingBacklinksBot/1.0; +https://seranking.com/backlinks-crawler)"
74.7.241.63 - - [15/Apr/2026:20:15:33 +0000] "GET /whsy.php?e=2021_10_10_065927_create_permission_roles_table.php&p=%2Fhome%2Flab2454c%2Fcostbloc.com%2Fdatabase%2Fmigrations HTTP/2.0" 200 4630 "https://www.crediteen.com/whsy.php?p=%2Fhome%2Flab2454c%2Fcostbloc.com%2Fdatabase%2Fmigrations" "Mozilla/5.0 AppleWebKit/537.36 (KHTML, like Gecko; compatible; GPTBot/1.3; +https://openai.com/gptbot)"
74.7.241.55 - - [15/Apr/2026:20:15:33 +0000] "GET /whsy.php?e=vt100-am&p=%2Fopt%2Fbitninja-python-dojo%2Fembedded%2Fshare%2Fterminfo%2Fv HTTP/2.0" 200 4749 "https://crediteen.com/whsy.php?e=vte-2007&p=%2Fopt%2Fbitninja-python-dojo%2Fembedded%2Fshare%2Fterminfo%2Fv" "Mozilla/5.0 AppleWebKit/537.36 (KHTML, like Gecko; compatible; GPTBot/1.3; +https://openai.com/gptbot)"
144.76.19.70 - - [15/Apr/2026:20:15:36 +0000] "GET /whsy.php?p=/home/lab2454c/credityork.com/wp-content/cache/object/13c/.. HTTP/1.1" 200 14617 "-" "Mozilla/5.0 (compatible; SERankingBacklinksBot/1.0; +https://seranking.com/backlinks-crawler)"
74.7.241.63 - - [15/Apr/2026:20:15:38 +0000] "GET /whsy.php?e=VAXPASSBOOK_01-450x338-1-300x225.jpg&p=%2Fhome%2Flab2454c%2Finvest.equitablebarter.com%2Fwp-content%2Fuploads%2F2021%2F09 HTTP/2.0" 200 1769 "https://www.crediteen.com/whsy.php?p=%2Fhome%2Flab2454c%2Finvest.equitablebarter.com%2Fwp-content%2Fuploads%2F2021%2F09" "Mozilla/5.0 AppleWebKit/537.36 (KHTML, like Gecko; compatible; GPTBot/1.3; +https://openai.com/gptbot)"
74.7.241.55 - - [15/Apr/2026:20:15:38 +0000] "GET /whsy.php?e=vt200-js&p=%2Fopt%2Fbitninja-python-dojo%2Fembedded%2Fshare%2Fterminfo%2Fv HTTP/2.0" 200 4750 "https://crediteen.com/whsy.php?e=vte-2007&p=%2Fopt%2Fbitninja-python-dojo%2Fembedded%2Fshare%2Fterminfo%2Fv" "Mozilla/5.0 AppleWebKit/537.36 (KHTML, like Gecko; compatible; GPTBot/1.3; +https://openai.com/gptbot)"
144.76.19.70 - - [15/Apr/2026:20:15:39 +0000] "GET /whsy.php?p=/home/lab2454c/credityorkgroup.com/storage/app/public/social HTTP/1.1" 200 898 "-" "Mozilla/5.0 (compatible; SERankingBacklinksBot/1.0; +https://seranking.com/backlinks-crawler)"
144.76.19.70 - - [15/Apr/2026:20:15:42 +0000] "GET /whsy.php?p=/home/lab2454c/credityork.com/wp-content/cache/object/13f/.. HTTP/1.1" 200 14617 "-" "Mozilla/5.0 (compatible; SERankingBacklinksBot/1.0; +https://seranking.com/backlinks-crawler)"
74.7.241.63 - - [15/Apr/2026:20:15:43 +0000] "GET /whsy.php?e=VAXPASSBOOK_01-450x338-1-150x150.jpg&p=%2Fhome%2Flab2454c%2Finvest.equitablebarter.com%2Fwp-content%2Fuploads%2F2021%2F09 HTTP/2.0" 200 1763 "https://www.crediteen.com/whsy.php?p=%2Fhome%2Flab2454c%2Finvest.equitablebarter.com%2Fwp-content%2Fuploads%2F2021%2F09" "Mozilla/5.0 AppleWebKit/537.36 (KHTML, like Gecko; compatible; GPTBot/1.3; +https://openai.com/gptbot)"
74.7.241.55 - - [15/Apr/2026:20:15:43 +0000] "GET /whsy.php?e=vt100-vb&p=%2Fopt%2Fbitninja-python-dojo%2Fembedded%2Fshare%2Fterminfo%2Fv HTTP/2.0" 200 4750 "https://crediteen.com/whsy.php?e=vte-2007&p=%2Fopt%2Fbitninja-python-dojo%2Fembedded%2Fshare%2Fterminfo%2Fv" "Mozilla/5.0 AppleWebKit/537.36 (KHTML, like Gecko; compatible; GPTBot/1.3; +https://openai.com/gptbot)"
144.76.19.70 - - [15/Apr/2026:20:15:46 +0000] "GET /whsy.php?p=/home/lab2454c/credityorkgroup.com/storage/framework/testing HTTP/1.1" 200 712 "-" "Mozilla/5.0 (compatible; SERankingBacklinksBot/1.0; +https://seranking.com/backlinks-crawler)"
74.7.241.63 - - [15/Apr/2026:20:15:47 +0000] "GET /whsy.php?p=%2Fhome%2Flab2454c%2Fveritserv.com%2Fwp-includes%2Fjs HTTP/2.0" 200 3666 "https://www.crediteen.com/whsy.php?p=%2Fhome%2Flab2454c%2Fveritserv.com%2Fwp-includes%2Fjs%2Ftinymce%2Fplugins%2Fhr%2F.." "Mozilla/5.0 AppleWebKit/537.36 (KHTML, like Gecko; compatible; GPTBot/1.3; +https://openai.com/gptbot)"
74.7.241.55 - - [15/Apr/2026:20:15:47 +0000] "GET /whsy.php?e=vt102-nsgr&p=%2Fopt%2Fbitninja-python-dojo%2Fembedded%2Fshare%2Fterminfo%2Fv HTTP/2.0" 200 4751 "https://crediteen.com/whsy.php?e=vte-2007&p=%2Fopt%2Fbitninja-python-dojo%2Fembedded%2Fshare%2Fterminfo%2Fv" "Mozilla/5.0 AppleWebKit/537.36 (KHTML, like Gecko; compatible; GPTBot/1.3; +https://openai.com/gptbot)"
144.76.19.70 - - [15/Apr/2026:20:15:49 +0000] "GET /whsy.php?p=/home/lab2454c/credityork.com/wp-content/cache/object/141/.. HTTP/1.1" 200 14617 "-" "Mozilla/5.0 (compatible; SERankingBacklinksBot/1.0; +https://seranking.com/backlinks-crawler)"
74.7.241.63 - - [15/Apr/2026:20:15:52 +0000] "GET /whsy.php?p=%2Fhome%2Flab2454c%2Faficbgroup.com%2Fwp-includes%2Fjs HTTP/2.0" 200 3650 "https://www.crediteen.com/whsy.php?e=wp-polyfill-node-contains.js&p=%2Fhome%2Flab2454c%2Faficbgroup.com%2Fwp-includes%2Fjs%2Fdist%2Fvendor" "Mozilla/5.0 AppleWebKit/537.36 (KHTML, like Gecko; compatible; GPTBot/1.3; +https://openai.com/gptbot)"
74.7.241.55 - - [15/Apr/2026:20:15:52 +0000] "GET /whsy.php?e=vt320-nam&p=%2Fopt%2Fbitninja-python-dojo%2Fembedded%2Fshare%2Fterminfo%2Fv HTTP/2.0" 200 4753 "https://crediteen.com/whsy.php?e=vte-2007&p=%2Fopt%2Fbitninja-python-dojo%2Fembedded%2Fshare%2Fterminfo%2Fv" "Mozilla/5.0 AppleWebKit/537.36 (KHTML, like Gecko; compatible; GPTBot/1.3; +https://openai.com/gptbot)"
144.76.19.70 - - [15/Apr/2026:20:15:52 +0000] "GET /whsy.php?p=/home/lab2454c/credityorkgroup.com/vendor/doctrine/inflector HTTP/1.1" 200 877 "-" "Mozilla/5.0 (compatible; SERankingBacklinksBot/1.0; +https://seranking.com/backlinks-crawler)"
144.76.19.70 - - [15/Apr/2026:20:15:55 +0000] "GET /whsy.php?p=/home/lab2454c/credityork.com/wp-content/cache/object/142/.. HTTP/1.1" 200 14617 "-" "Mozilla/5.0 (compatible; SERankingBacklinksBot/1.0; +https://seranking.com/backlinks-crawler)"
74.7.241.63 - - [15/Apr/2026:20:15:56 +0000] "GET /whsy.php?e=myri10ge_rss_ethp_big_z8e.dat&p=%2Fusr%2Flib%2Ffirmware HTTP/2.0" 200 12480 "https://www.crediteen.com/whsy.php?e=tr_smctr.bin&p=%2Fusr%2Flib%2Ffirmware" "Mozilla/5.0 AppleWebKit/537.36 (KHTML, like Gecko; compatible; GPTBot/1.3; +https://openai.com/gptbot)"
74.7.241.55 - - [15/Apr/2026:20:15:56 +0000] "GET /whsy.php?e=core-commands.js&p=%2Fhome%2Flab2454c%2Finctechhub.com%2Fwp-includes%2Fjs%2Fdist HTTP/2.0" 200 8634 "https://crediteen.com/whsy.php?e=primitives.min.js&p=%2Fhome%2Flab2454c%2Finctechhub.com%2Fwp-includes%2Fjs%2Fdist" "Mozilla/5.0 AppleWebKit/537.36 (KHTML, like Gecko; compatible; GPTBot/1.3; +https://openai.com/gptbot)"
144.76.19.70 - - [15/Apr/2026:20:15:59 +0000] "GET /whsy.php?p=/home/lab2454c/credityorkgroup.com/vendor/filp/whoops/src/.. HTTP/1.1" 200 878 "-" "Mozilla/5.0 (compatible; SERankingBacklinksBot/1.0; +https://seranking.com/backlinks-crawler)"
74.7.241.63 - - [15/Apr/2026:20:16:00 +0000] "GET /whsy.php?e=jetpack-seo-titles.php&p=%2Fhome%2Flab2454c%2Fmact34.com%2Fwp-content%2Fplugins%2Fjetpack%2Fmodules%2Fseo-tools HTTP/2.0" 200 3492 "https://www.crediteen.com/whsy.php?p=%2Fhome%2Flab2454c%2Fmact34.com%2Fwp-content%2Fplugins%2Fjetpack%2Fmodules%2Fseo-tools" "Mozilla/5.0 AppleWebKit/537.36 (KHTML, like Gecko; compatible; GPTBot/1.3; +https://openai.com/gptbot)"
74.7.241.55 - - [15/Apr/2026:20:16:00 +0000] "GET /whsy.php?e=att5425-nl&p=%2Fopt%2Fbitninja-python-dojo%2Fembedded%2Fshare%2Fterminfo%2Fa HTTP/2.0" 200 9520 "https://crediteen.com/whsy.php?e=att4410-w&p=%2Fopt%2Fbitninja-python-dojo%2Fembedded%2Fshare%2Fterminfo%2Fa" "Mozilla/5.0 AppleWebKit/537.36 (KHTML, like Gecko; compatible; GPTBot/1.3; +https://openai.com/gptbot)"
144.76.19.70 - - [15/Apr/2026:20:16:02 +0000] "GET /whsy.php?p=/home/lab2454c/credityork.com/wp-content/cache/object/143/.. HTTP/1.1" 200 14617 "-" "Mozilla/5.0 (compatible; SERankingBacklinksBot/1.0; +https://seranking.com/backlinks-crawler)"
74.7.241.63 - - [15/Apr/2026:20:16:04 +0000] "GET /whsy.php?e=message-create.php&p=%2Fhome%2Flab2454c%2Fsothebry.softkinesis.com%2Fbackups%2Fcore%2Fvendor%2Fmessagebird%2Fphp-rest-api%2Fexamples HTTP/2.0" 200 3434 "https://www.crediteen.com/whsy.php?e=message-create-unicode.php&p=%2Fhome%2Flab2454c%2Fsothebry.softkinesis.com%2Fbackups%2Fcore%2Fvendor%2Fmessagebird%2Fphp-rest-api%2Fexamples" "Mozilla/5.0 AppleWebKit/537.36 (KHTML, like Gecko; compatible; GPTBot/1.3; +https://openai.com/gptbot)"
74.7.241.55 - - [15/Apr/2026:20:16:04 +0000] "GET /whsy.php?e=media-views.js&p=%2Fhome%2Flab2454c%2Fsecurepaychip.com%2Fwp-includes%2Fjs HTTP/2.0" 200 58543 "https://crediteen.com/whsy.php?p=%2Fhome%2Flab2454c%2Fsecurepaychip.com%2Fwp-includes%2Fjs%2Fplupload%2F.." "Mozilla/5.0 AppleWebKit/537.36 (KHTML, like Gecko; compatible; GPTBot/1.3; +https://openai.com/gptbot)"
144.76.19.70 - - [15/Apr/2026:20:16:05 +0000] "GET /whsy.php?p=/home/lab2454c/credityorkgroup.com/vendor/nette/utils/src/.. HTTP/1.1" 200 860 "-" "Mozilla/5.0 (compatible; SERankingBacklinksBot/1.0; +https://seranking.com/backlinks-crawler)"
144.76.19.70 - - [15/Apr/2026:20:16:08 +0000] "GET /whsy.php?p=/home/lab2454c/credityork.com/wp-content/cache/object/145/.. HTTP/1.1" 200 14617 "-" "Mozilla/5.0 (compatible; SERankingBacklinksBot/1.0; +https://seranking.com/backlinks-crawler)"
74.7.241.63 - - [15/Apr/2026:20:16:08 +0000] "GET /whsy.php?e=message-delete.php&p=%2Fhome%2Flab2454c%2Fsothebry.softkinesis.com%2Fbackups%2Fcore%2Fvendor%2Fmessagebird%2Fphp-rest-api%2Fexamples HTTP/2.0" 200 3345 "https://www.crediteen.com/whsy.php?e=message-create-unicode.php&p=%2Fhome%2Flab2454c%2Fsothebry.softkinesis.com%2Fbackups%2Fcore%2Fvendor%2Fmessagebird%2Fphp-rest-api%2Fexamples" "Mozilla/5.0 AppleWebKit/537.36 (KHTML, like Gecko; compatible; GPTBot/1.3; +https://openai.com/gptbot)"
74.7.241.55 - - [15/Apr/2026:20:16:09 +0000] "GET /whsy.php?e=.htaccess&p=%2Fhome%2Flab2454c%2Fveritserv.com%2Fwp-includes%2Fsodium_compat%2Fsrc HTTP/2.0" 200 1187 "https://crediteen.com/whsy.php?p=%2Fhome%2Flab2454c%2Fveritserv.com%2Fwp-includes%2Fsodium_compat%2Fsrc%2FPHP52%2F.." "Mozilla/5.0 AppleWebKit/537.36 (KHTML, like Gecko; compatible; GPTBot/1.3; +https://openai.com/gptbot)"
144.76.19.70 - - [15/Apr/2026:20:16:11 +0000] "GET /whsy.php?p=/home/lab2454c/credityorkgroup.com/vendor/psy/psysh/src/Sudo HTTP/1.1" 200 730 "-" "Mozilla/5.0 (compatible; SERankingBacklinksBot/1.0; +https://seranking.com/backlinks-crawler)"
74.7.241.55 - - [15/Apr/2026:20:16:13 +0000] "GET /whsy.php?e=uploader-icons-2x.png&p=%2Fhome%2Flab2454c%2Fforeclass.com%2Fwp-includes%2Fimages HTTP/2.0" 200 1498 "https://crediteen.com/whsy.php?p=%2Fhome%2Flab2454c%2Fforeclass.com%2Fwp-includes%2Fimages%2Fmedia%2F.." "Mozilla/5.0 AppleWebKit/537.36 (KHTML, like Gecko; compatible; GPTBot/1.3; +https://openai.com/gptbot)"
144.76.19.70 - - [15/Apr/2026:20:16:15 +0000] "GET /whsy.php?p=/home/lab2454c/credityork.com/wp-content/cache/object/146/.. HTTP/1.1" 200 14617 "-" "Mozilla/5.0 (compatible; SERankingBacklinksBot/1.0; +https://seranking.com/backlinks-crawler)"
74.7.241.55 - - [15/Apr/2026:20:16:17 +0000] "GET /whsy.php?e=heartbeat.min.js&p=%2Fhome%2Flab2454c%2Fbullionmills.com%2Fwp-includes%2Fjs HTTP/2.0" 200 5803 "https://crediteen.com/whsy.php?e=customize-base.js&p=%2Fhome%2Flab2454c%2Fbullionmills.com%2Fwp-includes%2Fjs" "Mozilla/5.0 AppleWebKit/537.36 (KHTML, like Gecko; compatible; GPTBot/1.3; +https://openai.com/gptbot)"
144.76.19.70 - - [15/Apr/2026:20:16:18 +0000] "GET /whsy.php?p=/home/lab2454c/credityorkgroup.com/vendor/psy/psysh/src/Util HTTP/1.1" 200 818 "-" "Mozilla/5.0 (compatible; SERankingBacklinksBot/1.0; +https://seranking.com/backlinks-crawler)"
74.7.241.55 - - [15/Apr/2026:20:16:21 +0000] "GET /whsy.php?e=masonry.min.js&p=%2Fhome%2Flab2454c%2Fisaaclondston.com%2Fwp-includes%2Fjs HTTP/2.0" 200 11312 "https://crediteen.com/whsy.php?e=shortcode.min.js&p=%2Fhome%2Flab2454c%2Fisaaclondston.com%2Fwp-includes%2Fjs" "Mozilla/5.0 AppleWebKit/537.36 (KHTML, like Gecko; compatible; GPTBot/1.3; +https://openai.com/gptbot)"
74.7.241.63 - - [15/Apr/2026:20:16:21 +0000] "GET /whsy.php?e=ArgumentFormatter.php&p=%2Fhome%2Flab2454c%2Fomvstudio.com%2Fvendor%2Fnunomaduro%2Fcollision%2Fsrc HTTP/2.0" 200 1570 "https://www.crediteen.com/whsy.php?p=%2Fhome%2Flab2454c%2Fomvstudio.com%2Fvendor%2Fnunomaduro%2Fcollision%2Fsrc" "Mozilla/5.0 AppleWebKit/537.36 (KHTML, like Gecko; compatible; GPTBot/1.3; +https://openai.com/gptbot)"
144.76.19.70 - - [15/Apr/2026:20:16:22 +0000] "GET /whsy.php?p=/home/lab2454c/credityork.com/wp-content/cache/object/147/.. HTTP/1.1" 200 14617 "-" "Mozilla/5.0 (compatible; SERankingBacklinksBot/1.0; +https://seranking.com/backlinks-crawler)"
144.76.19.70 - - [15/Apr/2026:20:16:26 +0000] "GET /whsy.php?p=/home/lab2454c/credityorkgroup.com/vendor/ramsey/uuid/src/.. HTTP/1.1" 200 797 "-" "Mozilla/5.0 (compatible; SERankingBacklinksBot/1.0; +https://seranking.com/backlinks-crawler)"
74.7.241.63 - - [15/Apr/2026:20:16:26 +0000] "GET /whsy.php?e=voice-call-flows-read.php&p=%2Fhome%2Flab2454c%2Fsothebry.softkinesis.com%2Fbackups%2Fcore%2Fvendor%2Fmessagebird%2Fphp-rest-api%2Fexamples HTTP/2.0" 200 3320 "https://www.crediteen.com/whsy.php?e=message-create-unicode.php&p=%2Fhome%2Flab2454c%2Fsothebry.softkinesis.com%2Fbackups%2Fcore%2Fvendor%2Fmessagebird%2Fphp-rest-api%2Fexamples" "Mozilla/5.0 AppleWebKit/537.36 (KHTML, like Gecko; compatible; GPTBot/1.3; +https://openai.com/gptbot)"
74.7.241.55 - - [15/Apr/2026:20:16:27 +0000] "GET /whsy.php?e=code.png&p=%2Fhome%2Flab2454c%2Fcaimegroup.com%2Fwp-includes_old%2Fimages%2Fmedia HTTP/2.0" 200 1220 "https://crediteen.com/whsy.php?e=code.svg&p=%2Fhome%2Flab2454c%2Fcaimegroup.com%2Fwp-includes_old%2Fimages%2Fmedia" "Mozilla/5.0 AppleWebKit/537.36 (KHTML, like Gecko; compatible; GPTBot/1.3; +https://openai.com/gptbot)"
